Results for 4.4.0 20081209 (experimental) [trunk revision 142610] (GCC) testsuite on h8300-unknown-rtems4.10

joel@gcc12.fsffrance.org joel@gcc12.fsffrance.org
Wed Dec 10 07:04:00 GMT 2008


LAST_UPDATED: Tue Dec  9 21:45:11 UTC 2008 (revision 142610)

Target is h8300-unknown-rtems4.10
Host   is x86_64-unknown-linux-gnu

		=== gcc tests ===


Running target rtems-h8300-h8sim
XPASS: gcc.c-torture/compile/20000804-1.c  -O0  (test for excess errors)
XPASS: gcc.c-torture/compile/20000804-1.c  -O1  (test for excess errors)
XPASS: gcc.c-torture/compile/20000804-1.c  -O2  (test for excess errors)
XPASS: gcc.c-torture/compile/20000804-1.c  -O3 -fomit-frame-pointer  (test for excess errors)
XPASS: gcc.c-torture/compile/20000804-1.c  -O3 -fomit-frame-pointer -funroll-loops  (test for excess errors)
XPASS: gcc.c-torture/compile/20000804-1.c  -O3 -fomit-frame-pointer -funroll-all-loops -finline-functions  (test for excess errors)
XPASS: gcc.c-torture/compile/20000804-1.c  -O3 -g  (test for excess errors)
XPASS: gcc.c-torture/compile/20000804-1.c  -Os  (test for excess errors)
FAIL: gcc.c-torture/compile/20050622-1.c  -O0  (internal compiler error)
FAIL: gcc.c-torture/compile/20050622-1.c  -O0  (test for excess errors)
FAIL: gcc.c-torture/compile/20050622-1.c  -O1  (internal compiler error)
FAIL: gcc.c-torture/compile/20050622-1.c  -O1  (test for excess errors)
FAIL: gcc.c-torture/compile/20050622-1.c  -O2  (internal compiler error)
FAIL: gcc.c-torture/compile/20050622-1.c  -O2  (test for excess errors)
FAIL: gcc.c-torture/compile/20050622-1.c  -O3 -fomit-frame-pointer  (internal compiler error)
FAIL: gcc.c-torture/compile/20050622-1.c  -O3 -fomit-frame-pointer  (test for excess errors)
FAIL: gcc.c-torture/compile/20050622-1.c  -O3 -g  (internal compiler error)
FAIL: gcc.c-torture/compile/20050622-1.c  -O3 -g  (test for excess errors)
FAIL: gcc.c-torture/compile/20050622-1.c  -Os  (internal compiler error)
FAIL: gcc.c-torture/compile/20050622-1.c  -Os  (test for excess errors)
FAIL: gcc.c-torture/compile/limits-fnargs.c  -O0  (internal compiler error)
FAIL: gcc.c-torture/compile/limits-fnargs.c  -O0  (test for excess errors)
FAIL: gcc.c-torture/compile/limits-fnargs.c  -O1  (internal compiler error)
FAIL: gcc.c-torture/compile/limits-fnargs.c  -O1  (test for excess errors)
FAIL: gcc.c-torture/compile/limits-fnargs.c  -O2  (internal compiler error)
FAIL: gcc.c-torture/compile/limits-fnargs.c  -O2  (test for excess errors)
FAIL: gcc.c-torture/compile/limits-fnargs.c  -O3 -fomit-frame-pointer  (internal compiler error)
FAIL: gcc.c-torture/compile/limits-fnargs.c  -O3 -fomit-frame-pointer  (test for excess errors)
FAIL: gcc.c-torture/compile/limits-fnargs.c  -O3 -g  (internal compiler error)
FAIL: gcc.c-torture/compile/limits-fnargs.c  -O3 -g  (test for excess errors)
FAIL: gcc.c-torture/compile/limits-fnargs.c  -Os  (internal compiler error)
FAIL: gcc.c-torture/compile/limits-fnargs.c  -Os  (test for excess errors)
FAIL: gcc.c-torture/execute/20030913-1.c compilation,  -O0 
UNRESOLVED: gcc.c-torture/execute/20030913-1.c execution,  -O0 
FAIL: gcc.c-torture/execute/20030913-1.c compilation,  -O1 
UNRESOLVED: gcc.c-torture/execute/20030913-1.c execution,  -O1 
FAIL: gcc.c-torture/execute/20030913-1.c compilation,  -O2 
UNRESOLVED: gcc.c-torture/execute/20030913-1.c execution,  -O2 
FAIL: gcc.c-torture/execute/20030913-1.c compilation,  -O3 -fomit-frame-pointer 
UNRESOLVED: gcc.c-torture/execute/20030913-1.c execution,  -O3 -fomit-frame-pointer 
FAIL: gcc.c-torture/execute/20030913-1.c compilation,  -O3 -g 
UNRESOLVED: gcc.c-torture/execute/20030913-1.c execution,  -O3 -g 
FAIL: gcc.c-torture/execute/20030913-1.c compilation,  -Os 
UNRESOLVED: gcc.c-torture/execute/20030913-1.c execution,  -Os 
FAIL: gcc.c-torture/execute/960218-1.c compilation,  -O0 
UNRESOLVED: gcc.c-torture/execute/960218-1.c execution,  -O0 
FAIL: gcc.c-torture/execute/960218-1.c compilation,  -O1 
UNRESOLVED: gcc.c-torture/execute/960218-1.c execution,  -O1 
FAIL: gcc.c-torture/execute/960218-1.c compilation,  -O2 
UNRESOLVED: gcc.c-torture/execute/960218-1.c execution,  -O2 
FAIL: gcc.c-torture/execute/960218-1.c compilation,  -O3 -fomit-frame-pointer 
UNRESOLVED: gcc.c-torture/execute/960218-1.c execution,  -O3 -fomit-frame-pointer 
FAIL: gcc.c-torture/execute/960218-1.c compilation,  -O3 -fomit-frame-pointer -funroll-loops 
UNRESOLVED: gcc.c-torture/execute/960218-1.c execution,  -O3 -fomit-frame-pointer -funroll-loops 
FAIL: gcc.c-torture/execute/960218-1.c compilation,  -O3 -fomit-frame-pointer -funroll-all-loops -finline-functions 
UNRESOLVED: gcc.c-torture/execute/960218-1.c execution,  -O3 -fomit-frame-pointer -funroll-all-loops -finline-functions 
FAIL: gcc.c-torture/execute/960218-1.c compilation,  -O3 -g 
UNRESOLVED: gcc.c-torture/execute/960218-1.c execution,  -O3 -g 
FAIL: gcc.c-torture/execute/960218-1.c compilation,  -Os 
UNRESOLVED: gcc.c-torture/execute/960218-1.c execution,  -Os 
FAIL: gcc.c-torture/execute/alloca-1.c execution,  -O1 
FAIL: gcc.c-torture/execute/arith-rand-ll.c execution,  -O0 
FAIL: gcc.c-torture/execute/arith-rand-ll.c execution,  -O1 
FAIL: gcc.c-torture/execute/arith-rand-ll.c execution,  -O2 
FAIL: gcc.c-torture/execute/arith-rand-ll.c execution,  -O3 -fomit-frame-pointer 
FAIL: gcc.c-torture/execute/arith-rand-ll.c execution,  -O3 -fomit-frame-pointer -funroll-loops 
FAIL: gcc.c-torture/execute/arith-rand-ll.c execution,  -O3 -fomit-frame-pointer -funroll-all-loops -finline-functions 
FAIL: gcc.c-torture/execute/arith-rand-ll.c execution,  -O3 -g 
FAIL: gcc.c-torture/execute/arith-rand-ll.c execution,  -Os 
FAIL: gcc.c-torture/execute/conversion.c execution,  -O0 
FAIL: gcc.c-torture/execute/conversion.c execution,  -O1 
FAIL: gcc.c-torture/execute/nest-align-1.c execution,  -O0 
FAIL: gcc.c-torture/execute/nest-align-1.c execution,  -O1 
FAIL: gcc.c-torture/execute/nest-align-1.c execution,  -O2 
FAIL: gcc.c-torture/execute/nest-align-1.c execution,  -Os 
FAIL: gcc.c-torture/execute/pr20621-1.c compilation,  -O0  (internal compiler error)
UNRESOLVED: gcc.c-torture/execute/pr20621-1.c execution,  -O0 
FAIL: gcc.c-torture/execute/pr20621-1.c compilation,  -O1  (internal compiler error)
UNRESOLVED: gcc.c-torture/execute/pr20621-1.c execution,  -O1 
FAIL: gcc.c-torture/execute/ieee/rbug.c execution,  -O0 
FAIL: gcc.c-torture/execute/ieee/rbug.c execution,  -O1 
FAIL: gcc.c-torture/execute/ieee/unsafe-fp-assoc-1.c execution,  -O0 
FAIL: gcc.c-torture/execute/ieee/unsafe-fp-assoc-1.c execution,  -O1 
FAIL: gcc.c-torture/execute/ieee/unsafe-fp-assoc-1.c execution,  -O2 
FAIL: gcc.c-torture/execute/ieee/unsafe-fp-assoc-1.c execution,  -O3 -fomit-frame-pointer 
FAIL: gcc.c-torture/execute/ieee/unsafe-fp-assoc-1.c execution,  -O3 -g 
FAIL: gcc.c-torture/execute/ieee/unsafe-fp-assoc-1.c execution,  -Os 
FAIL: gcc.dg/compat/scalar-by-value-2 c_compat_y_tst.o compile
FAIL: gcc.dg/compat/scalar-return-2 c_compat_y_tst.o compile
FAIL: tmpdir-gcc.dg-struct-layout-1/t028 c_compat_x_tst.o compile,  (internal compiler error)
UNRESOLVED: tmpdir-gcc.dg-struct-layout-1/t028 c_compat_x_tst.o-c_compat_y_tst.o link 
UNRESOLVED: tmpdir-gcc.dg-struct-layout-1/t028 c_compat_x_tst.o-c_compat_y_tst.o execute 
FAIL: gcc.dg/cpp/_Pragma6.c -fno-show-column (test for excess errors)
FAIL: gcc.dg/cpp/assert4.c -fno-show-column (test for excess errors)
FAIL: gcc.dg/20030225-1.c (test for excess errors)
FAIL: gcc.dg/Wconversion-real-integer.c (test for excess errors)
FAIL: gcc.dg/Wconversion-real.c  (test for warnings, line 21)
FAIL: gcc.dg/Wconversion-real.c  (test for warnings, line 22)
FAIL: gcc.dg/Wconversion-real.c  (test for warnings, line 23)
FAIL: gcc.dg/Wconversion-real.c  (test for warnings, line 24)
FAIL: gcc.dg/Wconversion-real.c  (test for warnings, line 27)
FAIL: gcc.dg/Wconversion-real.c  (test for warnings, line 28)
FAIL: gcc.dg/Wconversion-real.c  (test for warnings, line 29)
FAIL: gcc.dg/Wconversion-real.c  (test for warnings, line 30)
FAIL: gcc.dg/builtin-apply2.c execution test
FAIL: gcc.dg/cdce1.c execution test
FAIL: gcc.dg/div-double-1.c (test for excess errors)
FAIL: gcc.dg/fshort-wchar.c (test for excess errors)
FAIL: gcc.dg/initpri1.c (test for excess errors)
UNRESOLVED: gcc.dg/initpri1.c compilation failed to produce executable
FAIL: gcc.dg/large-size-array-2.c (internal compiler error)
FAIL: gcc.dg/large-size-array-2.c  (test for errors, line 6)
FAIL: gcc.dg/large-size-array-2.c (test for excess errors)
FAIL: gcc.dg/large-size-array-4.c (internal compiler error)
FAIL: gcc.dg/large-size-array-4.c  (test for errors, line 6)
FAIL: gcc.dg/large-size-array-4.c (test for excess errors)
FAIL: gcc.dg/pr19340.c (test for excess errors)
FAIL: gcc.dg/pr26729-1.c (test for excess errors)
FAIL: gcc.dg/short-compare-1.c (test for excess errors)
FAIL: gcc.dg/short-compare-2.c (test for excess errors)
FAIL: gcc.dg/utf16-1.c (test for excess errors)
FAIL: gcc.dg/utf16-2.c (test for excess errors)
FAIL: gcc.dg/utf16-3.c (test for excess errors)
FAIL: gcc.dg/utf32-4.c  (test for warnings, line 18)
FAIL: gcc.dg/wtr-conversion-1.c (test for excess errors)
FAIL: ./common-1.h -O0 -g (test for excess errors)
FAIL: gcc.dg/pch/common-1.c -O0 -g
FAIL: gcc.dg/pch/common-1.c -O0 -g assembly comparison
FAIL: ./common-1.h  -O0  (test for excess errors)
FAIL: gcc.dg/pch/common-1.c  -O0 
FAIL: gcc.dg/pch/common-1.c  -O0  assembly comparison
FAIL: ./common-1.h  -O1  (test for excess errors)
FAIL: gcc.dg/pch/common-1.c  -O1 
FAIL: gcc.dg/pch/common-1.c  -O1  assembly comparison
FAIL: ./common-1.h  -O2  (test for excess errors)
FAIL: gcc.dg/pch/common-1.c  -O2 
FAIL: gcc.dg/pch/common-1.c  -O2  assembly comparison
FAIL: ./common-1.h  -O3 -fomit-frame-pointer  (test for excess errors)
FAIL: gcc.dg/pch/common-1.c  -O3 -fomit-frame-pointer 
FAIL: gcc.dg/pch/common-1.c  -O3 -fomit-frame-pointer  assembly comparison
FAIL: ./common-1.h  -O3 -g  (test for excess errors)
FAIL: gcc.dg/pch/common-1.c  -O3 -g 
FAIL: gcc.dg/pch/common-1.c  -O3 -g  assembly comparison
FAIL: ./common-1.h  -Os  (test for excess errors)
FAIL: gcc.dg/pch/common-1.c  -Os 
FAIL: gcc.dg/pch/common-1.c  -Os  assembly comparison
FAIL: ./counter-1.h -O0 -g (test for excess errors)
FAIL: gcc.dg/pch/counter-1.c -O0 -g
FAIL: gcc.dg/pch/counter-1.c -O0 -g assembly comparison
FAIL: ./counter-1.h  -O0  (test for excess errors)
FAIL: gcc.dg/pch/counter-1.c  -O0 
FAIL: gcc.dg/pch/counter-1.c  -O0  assembly comparison
FAIL: ./counter-1.h  -O1  (test for excess errors)
FAIL: gcc.dg/pch/counter-1.c  -O1 
FAIL: gcc.dg/pch/counter-1.c  -O1  assembly comparison
FAIL: ./counter-1.h  -O2  (test for excess errors)
FAIL: gcc.dg/pch/counter-1.c  -O2 
FAIL: gcc.dg/pch/counter-1.c  -O2  assembly comparison
FAIL: ./counter-1.h  -O3 -fomit-frame-pointer  (test for excess errors)
FAIL: gcc.dg/pch/counter-1.c  -O3 -fomit-frame-pointer 
FAIL: gcc.dg/pch/counter-1.c  -O3 -fomit-frame-pointer  assembly comparison
FAIL: ./counter-1.h  -O3 -g  (test for excess errors)
FAIL: gcc.dg/pch/counter-1.c  -O3 -g 
FAIL: gcc.dg/pch/counter-1.c  -O3 -g  assembly comparison
FAIL: ./counter-1.h  -Os  (test for excess errors)
FAIL: gcc.dg/pch/counter-1.c  -Os 
FAIL: gcc.dg/pch/counter-1.c  -Os  assembly comparison
FAIL: ./counter-2.h -O0 -g (test for excess errors)
FAIL: gcc.dg/pch/counter-2.c -O0 -g
FAIL: ./counter-2.h  -O0  (test for excess errors)
FAIL: gcc.dg/pch/counter-2.c  -O0 
FAIL: ./counter-2.h  -O1  (test for excess errors)
FAIL: gcc.dg/pch/counter-2.c  -O1 
FAIL: ./counter-2.h  -O2  (test for excess errors)
FAIL: gcc.dg/pch/counter-2.c  -O2 
FAIL: ./counter-2.h  -O3 -fomit-frame-pointer  (test for excess errors)
FAIL: gcc.dg/pch/counter-2.c  -O3 -fomit-frame-pointer 
FAIL: ./counter-2.h  -O3 -g  (test for excess errors)
FAIL: gcc.dg/pch/counter-2.c  -O3 -g 
FAIL: ./counter-2.h  -Os  (test for excess errors)
FAIL: gcc.dg/pch/counter-2.c  -Os 
FAIL: ./counter-3.h -O0 -g (test for excess errors)
FAIL: gcc.dg/pch/counter-3.c -O0 -g
FAIL: gcc.dg/pch/counter-3.c -O0 -g assembly comparison
FAIL: ./counter-3.h  -O0  (test for excess errors)
FAIL: gcc.dg/pch/counter-3.c  -O0 
FAIL: gcc.dg/pch/counter-3.c  -O0  assembly comparison
FAIL: ./counter-3.h  -O1  (test for excess errors)
FAIL: gcc.dg/pch/counter-3.c  -O1 
FAIL: gcc.dg/pch/counter-3.c  -O1  assembly comparison
FAIL: ./counter-3.h  -O2  (test for excess errors)
FAIL: gcc.dg/pch/counter-3.c  -O2 
FAIL: gcc.dg/pch/counter-3.c  -O2  assembly comparison
FAIL: ./counter-3.h  -O3 -fomit-frame-pointer  (test for excess errors)
FAIL: gcc.dg/pch/counter-3.c  -O3 -fomit-frame-pointer 
FAIL: gcc.dg/pch/counter-3.c  -O3 -fomit-frame-pointer  assembly comparison
FAIL: ./counter-3.h  -O3 -g  (test for excess errors)
FAIL: gcc.dg/pch/counter-3.c  -O3 -g 
FAIL: gcc.dg/pch/counter-3.c  -O3 -g  assembly comparison
FAIL: ./counter-3.h  -Os  (test for excess errors)
FAIL: gcc.dg/pch/counter-3.c  -Os 
FAIL: gcc.dg/pch/counter-3.c  -Os  assembly comparison
FAIL: ./cpp-1.h -O0 -g (test for excess errors)
FAIL: gcc.dg/pch/cpp-1.c -O0 -g
FAIL: gcc.dg/pch/cpp-1.c -O0 -g assembly comparison
FAIL: ./cpp-1.h  -O0  (test for excess errors)
FAIL: gcc.dg/pch/cpp-1.c  -O0 
FAIL: gcc.dg/pch/cpp-1.c  -O0  assembly comparison
FAIL: ./cpp-1.h  -O1  (test for excess errors)
FAIL: gcc.dg/pch/cpp-1.c  -O1 
FAIL: gcc.dg/pch/cpp-1.c  -O1  assembly comparison
FAIL: ./cpp-1.h  -O2  (test for excess errors)
FAIL: gcc.dg/pch/cpp-1.c  -O2 
FAIL: gcc.dg/pch/cpp-1.c  -O2  assembly comparison
FAIL: ./cpp-1.h  -O3 -fomit-frame-pointer  (test for excess errors)
FAIL: gcc.dg/pch/cpp-1.c  -O3 -fomit-frame-pointer 
FAIL: gcc.dg/pch/cpp-1.c  -O3 -fomit-frame-pointer  assembly comparison
FAIL: ./cpp-1.h  -O3 -g  (test for excess errors)
FAIL: gcc.dg/pch/cpp-1.c  -O3 -g 
FAIL: gcc.dg/pch/cpp-1.c  -O3 -g  assembly comparison
FAIL: ./cpp-1.h  -Os  (test for excess errors)
FAIL: gcc.dg/pch/cpp-1.c  -Os 
FAIL: gcc.dg/pch/cpp-1.c  -Os  assembly comparison
FAIL: ./cpp-2.h -O0 -g (test for excess errors)
FAIL: gcc.dg/pch/cpp-2.c -O0 -g
FAIL: gcc.dg/pch/cpp-2.c -O0 -g assembly comparison
FAIL: ./cpp-2.h  -O0  (test for excess errors)
FAIL: gcc.dg/pch/cpp-2.c  -O0 
FAIL: gcc.dg/pch/cpp-2.c  -O0  assembly comparison
FAIL: ./cpp-2.h  -O1  (test for excess errors)
FAIL: gcc.dg/pch/cpp-2.c  -O1 
FAIL: gcc.dg/pch/cpp-2.c  -O1  assembly comparison
FAIL: ./cpp-2.h  -O2  (test for excess errors)
FAIL: gcc.dg/pch/cpp-2.c  -O2 
FAIL: gcc.dg/pch/cpp-2.c  -O2  assembly comparison
FAIL: ./cpp-2.h  -O3 -fomit-frame-pointer  (test for excess errors)
FAIL: gcc.dg/pch/cpp-2.c  -O3 -fomit-frame-pointer 
FAIL: gcc.dg/pch/cpp-2.c  -O3 -fomit-frame-pointer  assembly comparison
FAIL: ./cpp-2.h  -O3 -g  (test for excess errors)
FAIL: gcc.dg/pch/cpp-2.c  -O3 -g 
FAIL: gcc.dg/pch/cpp-2.c  -O3 -g  assembly comparison
FAIL: ./cpp-2.h  -Os  (test for excess errors)
FAIL: gcc.dg/pch/cpp-2.c  -Os 
FAIL: gcc.dg/pch/cpp-2.c  -Os  assembly comparison
FAIL: ./cpp-3.h -O0 -g (test for excess errors)
FAIL: gcc.dg/pch/cpp-3.c -O0 -g
FAIL: gcc.dg/pch/cpp-3.c -O0 -g assembly comparison
FAIL: ./cpp-3.h  -O0  (test for excess errors)
FAIL: gcc.dg/pch/cpp-3.c  -O0 
FAIL: gcc.dg/pch/cpp-3.c  -O0  assembly comparison
FAIL: ./cpp-3.h  -O1  (test for excess errors)
FAIL: gcc.dg/pch/cpp-3.c  -O1 
FAIL: gcc.dg/pch/cpp-3.c  -O1  assembly comparison
FAIL: ./cpp-3.h  -O2  (test for excess errors)
FAIL: gcc.dg/pch/cpp-3.c  -O2 
FAIL: gcc.dg/pch/cpp-3.c  -O2  assembly comparison
FAIL: ./cpp-3.h  -O3 -fomit-frame-pointer  (test for excess errors)
FAIL: gcc.dg/pch/cpp-3.c  -O3 -fomit-frame-pointer 
FAIL: gcc.dg/pch/cpp-3.c  -O3 -fomit-frame-pointer  assembly comparison
FAIL: ./cpp-3.h  -O3 -g  (test for excess errors)
FAIL: gcc.dg/pch/cpp-3.c  -O3 -g 
FAIL: gcc.dg/pch/cpp-3.c  -O3 -g  assembly comparison
FAIL: ./cpp-3.h  -Os  (test for excess errors)
FAIL: gcc.dg/pch/cpp-3.c  -Os 
FAIL: gcc.dg/pch/cpp-3.c  -Os  assembly comparison
FAIL: ./decl-1.h -O0 -g (test for excess errors)
FAIL: gcc.dg/pch/decl-1.c -O0 -g
FAIL: gcc.dg/pch/decl-1.c -O0 -g assembly comparison
FAIL: ./decl-1.h  -O0  (test for excess errors)
FAIL: gcc.dg/pch/decl-1.c  -O0 
FAIL: gcc.dg/pch/decl-1.c  -O0  assembly comparison
FAIL: ./decl-1.h  -O1  (test for excess errors)
FAIL: gcc.dg/pch/decl-1.c  -O1 
FAIL: gcc.dg/pch/decl-1.c  -O1  assembly comparison
FAIL: ./decl-1.h  -O2  (test for excess errors)
FAIL: gcc.dg/pch/decl-1.c  -O2 
FAIL: gcc.dg/pch/decl-1.c  -O2  assembly comparison
FAIL: ./decl-1.h  -O3 -fomit-frame-pointer  (test for excess errors)
FAIL: gcc.dg/pch/decl-1.c  -O3 -fomit-frame-pointer 
FAIL: gcc.dg/pch/decl-1.c  -O3 -fomit-frame-pointer  assembly comparison
FAIL: ./decl-1.h  -O3 -g  (test for excess errors)
FAIL: gcc.dg/pch/decl-1.c  -O3 -g 
FAIL: gcc.dg/pch/decl-1.c  -O3 -g  assembly comparison
FAIL: ./decl-1.h  -Os  (test for excess errors)
FAIL: gcc.dg/pch/decl-1.c  -Os 
FAIL: gcc.dg/pch/decl-1.c  -Os  assembly comparison
FAIL: ./decl-2.h -O0 -g (test for excess errors)
FAIL: gcc.dg/pch/decl-2.c -O0 -g
FAIL: gcc.dg/pch/decl-2.c -O0 -g assembly comparison
FAIL: ./decl-2.h  -O0  (test for excess errors)
FAIL: gcc.dg/pch/decl-2.c  -O0 
FAIL: gcc.dg/pch/decl-2.c  -O0  assembly comparison
FAIL: ./decl-2.h  -O1  (test for excess errors)
FAIL: gcc.dg/pch/decl-2.c  -O1 
FAIL: gcc.dg/pch/decl-2.c  -O1  assembly comparison
FAIL: ./decl-2.h  -O2  (test for excess errors)
FAIL: gcc.dg/pch/decl-2.c  -O2 
FAIL: gcc.dg/pch/decl-2.c  -O2  assembly comparison
FAIL: ./decl-2.h  -O3 -fomit-frame-pointer  (test for excess errors)
FAIL: gcc.dg/pch/decl-2.c  -O3 -fomit-frame-pointer 
FAIL: gcc.dg/pch/decl-2.c  -O3 -fomit-frame-pointer  assembly comparison
FAIL: ./decl-2.h  -O3 -g  (test for excess errors)
FAIL: gcc.dg/pch/decl-2.c  -O3 -g 
FAIL: gcc.dg/pch/decl-2.c  -O3 -g  assembly comparison
FAIL: ./decl-2.h  -Os  (test for excess errors)
FAIL: gcc.dg/pch/decl-2.c  -Os 
FAIL: gcc.dg/pch/decl-2.c  -Os  assembly comparison
FAIL: ./decl-3.h -O0 -g (test for excess errors)
FAIL: gcc.dg/pch/decl-3.c -O0 -g
FAIL: gcc.dg/pch/decl-3.c -O0 -g assembly comparison
FAIL: ./decl-3.h  -O0  (test for excess errors)
FAIL: gcc.dg/pch/decl-3.c  -O0 
FAIL: gcc.dg/pch/decl-3.c  -O0  assembly comparison
FAIL: ./decl-3.h  -O1  (test for excess errors)
FAIL: gcc.dg/pch/decl-3.c  -O1 
FAIL: gcc.dg/pch/decl-3.c  -O1  assembly comparison
FAIL: ./decl-3.h  -O2  (test for excess errors)
FAIL: gcc.dg/pch/decl-3.c  -O2 
FAIL: gcc.dg/pch/decl-3.c  -O2  assembly comparison
FAIL: ./decl-3.h  -O3 -fomit-frame-pointer  (test for excess errors)
FAIL: gcc.dg/pch/decl-3.c  -O3 -fomit-frame-pointer 
FAIL: gcc.dg/pch/decl-3.c  -O3 -fomit-frame-pointer  assembly comparison
FAIL: ./decl-3.h  -O3 -g  (test for excess errors)
FAIL: gcc.dg/pch/decl-3.c  -O3 -g 
FAIL: gcc.dg/pch/decl-3.c  -O3 -g  assembly comparison
FAIL: ./decl-3.h  -Os  (test for excess errors)
FAIL: gcc.dg/pch/decl-3.c  -Os 
FAIL: gcc.dg/pch/decl-3.c  -Os  assembly comparison
FAIL: ./decl-4.h -O0 -g (test for excess errors)
FAIL: gcc.dg/pch/decl-4.c -O0 -g
FAIL: gcc.dg/pch/decl-4.c -O0 -g assembly comparison
FAIL: ./decl-4.h  -O0  (test for excess errors)
FAIL: gcc.dg/pch/decl-4.c  -O0 
FAIL: gcc.dg/pch/decl-4.c  -O0  assembly comparison
FAIL: ./decl-4.h  -O1  (test for excess errors)
FAIL: gcc.dg/pch/decl-4.c  -O1 
FAIL: gcc.dg/pch/decl-4.c  -O1  assembly comparison
FAIL: ./decl-4.h  -O2  (test for excess errors)
FAIL: gcc.dg/pch/decl-4.c  -O2 
FAIL: gcc.dg/pch/decl-4.c  -O2  assembly comparison
FAIL: ./decl-4.h  -O3 -fomit-frame-pointer  (test for excess errors)
FAIL: gcc.dg/pch/decl-4.c  -O3 -fomit-frame-pointer 
FAIL: gcc.dg/pch/decl-4.c  -O3 -fomit-frame-pointer  assembly comparison
FAIL: ./decl-4.h  -O3 -g  (test for excess errors)
FAIL: gcc.dg/pch/decl-4.c  -O3 -g 
FAIL: gcc.dg/pch/decl-4.c  -O3 -g  assembly comparison
FAIL: ./decl-4.h  -Os  (test for excess errors)
FAIL: gcc.dg/pch/decl-4.c  -Os 
FAIL: gcc.dg/pch/decl-4.c  -Os  assembly comparison
FAIL: ./decl-5.h -O0 -g (test for excess errors)
FAIL: gcc.dg/pch/decl-5.c -O0 -g
FAIL: gcc.dg/pch/decl-5.c -O0 -g assembly comparison
FAIL: ./decl-5.h  -O0  (test for excess errors)
FAIL: gcc.dg/pch/decl-5.c  -O0 
FAIL: gcc.dg/pch/decl-5.c  -O0  assembly comparison
FAIL: ./decl-5.h  -O1  (test for excess errors)
FAIL: gcc.dg/pch/decl-5.c  -O1 
FAIL: gcc.dg/pch/decl-5.c  -O1  assembly comparison
FAIL: ./decl-5.h  -O2  (test for excess errors)
FAIL: gcc.dg/pch/decl-5.c  -O2 
FAIL: gcc.dg/pch/decl-5.c  -O2  assembly comparison
FAIL: ./decl-5.h  -O3 -fomit-frame-pointer  (test for excess errors)
FAIL: gcc.dg/pch/decl-5.c  -O3 -fomit-frame-pointer 
FAIL: gcc.dg/pch/decl-5.c  -O3 -fomit-frame-pointer  assembly comparison
FAIL: ./decl-5.h  -O3 -g  (test for excess errors)
FAIL: gcc.dg/pch/decl-5.c  -O3 -g 
FAIL: gcc.dg/pch/decl-5.c  -O3 -g  assembly comparison
FAIL: ./decl-5.h  -Os  (test for excess errors)
FAIL: gcc.dg/pch/decl-5.c  -Os 
FAIL: gcc.dg/pch/decl-5.c  -Os  assembly comparison
FAIL: ./empty.h -O0 -g (test for excess errors)
FAIL: gcc.dg/pch/empty.c -O0 -g
FAIL: gcc.dg/pch/empty.c -O0 -g assembly comparison
FAIL: ./empty.h  -O0  (test for excess errors)
FAIL: gcc.dg/pch/empty.c  -O0 
FAIL: gcc.dg/pch/empty.c  -O0  assembly comparison
FAIL: ./empty.h  -O1  (test for excess errors)
FAIL: gcc.dg/pch/empty.c  -O1 
FAIL: gcc.dg/pch/empty.c  -O1  assembly comparison
FAIL: ./empty.h  -O2  (test for excess errors)
FAIL: gcc.dg/pch/empty.c  -O2 
FAIL: gcc.dg/pch/empty.c  -O2  assembly comparison
FAIL: ./empty.h  -O3 -fomit-frame-pointer  (test for excess errors)
FAIL: gcc.dg/pch/empty.c  -O3 -fomit-frame-pointer 
FAIL: gcc.dg/pch/empty.c  -O3 -fomit-frame-pointer  assembly comparison
FAIL: ./empty.h  -O3 -g  (test for excess errors)
FAIL: gcc.dg/pch/empty.c  -O3 -g 
FAIL: gcc.dg/pch/empty.c  -O3 -g  assembly comparison
FAIL: ./empty.h  -Os  (test for excess errors)
FAIL: gcc.dg/pch/empty.c  -Os 
FAIL: gcc.dg/pch/empty.c  -Os  assembly comparison
FAIL: ./except-1.h -O0 -g (test for excess errors)
FAIL: gcc.dg/pch/except-1.c -O0 -g
FAIL: gcc.dg/pch/except-1.c -O0 -g assembly comparison
FAIL: ./except-1.h  -O0  (test for excess errors)
FAIL: gcc.dg/pch/except-1.c  -O0 
FAIL: gcc.dg/pch/except-1.c  -O0  assembly comparison
FAIL: ./except-1.h  -O1  (test for excess errors)
FAIL: gcc.dg/pch/except-1.c  -O1 
FAIL: gcc.dg/pch/except-1.c  -O1  assembly comparison
FAIL: ./except-1.h  -O2  (test for excess errors)
FAIL: gcc.dg/pch/except-1.c  -O2 
FAIL: gcc.dg/pch/except-1.c  -O2  assembly comparison
FAIL: ./except-1.h  -O3 -fomit-frame-pointer  (test for excess errors)
FAIL: gcc.dg/pch/except-1.c  -O3 -fomit-frame-pointer 
FAIL: gcc.dg/pch/except-1.c  -O3 -fomit-frame-pointer  assembly comparison
FAIL: ./except-1.h  -O3 -g  (test for excess errors)
FAIL: gcc.dg/pch/except-1.c  -O3 -g 
FAIL: gcc.dg/pch/except-1.c  -O3 -g  assembly comparison
FAIL: ./except-1.h  -Os  (test for excess errors)
FAIL: gcc.dg/pch/except-1.c  -Os 
FAIL: gcc.dg/pch/except-1.c  -Os  assembly comparison
FAIL: ./global-1.h -O0 -g (test for excess errors)
FAIL: gcc.dg/pch/global-1.c -O0 -g
FAIL: gcc.dg/pch/global-1.c -O0 -g assembly comparison
FAIL: ./global-1.h  -O0  (test for excess errors)
FAIL: gcc.dg/pch/global-1.c  -O0 
FAIL: gcc.dg/pch/global-1.c  -O0  assembly comparison
FAIL: ./global-1.h  -O1  (test for excess errors)
FAIL: gcc.dg/pch/global-1.c  -O1 
FAIL: gcc.dg/pch/global-1.c  -O1  assembly comparison
FAIL: ./global-1.h  -O2  (test for excess errors)
FAIL: gcc.dg/pch/global-1.c  -O2 
FAIL: gcc.dg/pch/global-1.c  -O2  assembly comparison
FAIL: ./global-1.h  -O3 -fomit-frame-pointer  (test for excess errors)
FAIL: gcc.dg/pch/global-1.c  -O3 -fomit-frame-pointer 
FAIL: gcc.dg/pch/global-1.c  -O3 -fomit-frame-pointer  assembly comparison
FAIL: ./global-1.h  -O3 -g  (test for excess errors)
FAIL: gcc.dg/pch/global-1.c  -O3 -g 
FAIL: gcc.dg/pch/global-1.c  -O3 -g  assembly comparison
FAIL: ./global-1.h  -Os  (test for excess errors)
FAIL: gcc.dg/pch/global-1.c  -Os 
FAIL: gcc.dg/pch/global-1.c  -Os  assembly comparison
FAIL: ./import-1.h -O0 -g (test for excess errors)
FAIL: gcc.dg/pch/import-1.c -O0 -g
FAIL: gcc.dg/pch/import-1.c -O0 -g assembly comparison
FAIL: ./import-1.h  -O0  (test for excess errors)
FAIL: gcc.dg/pch/import-1.c  -O0 
FAIL: gcc.dg/pch/import-1.c  -O0  assembly comparison
FAIL: ./import-1.h  -O1  (test for excess errors)
FAIL: gcc.dg/pch/import-1.c  -O1 
FAIL: gcc.dg/pch/import-1.c  -O1  assembly comparison
FAIL: ./import-1.h  -O2  (test for excess errors)
FAIL: gcc.dg/pch/import-1.c  -O2 
FAIL: gcc.dg/pch/import-1.c  -O2  assembly comparison
FAIL: ./import-1.h  -O3 -fomit-frame-pointer  (test for excess errors)
FAIL: gcc.dg/pch/import-1.c  -O3 -fomit-frame-pointer 
FAIL: gcc.dg/pch/import-1.c  -O3 -fomit-frame-pointer  assembly comparison
FAIL: ./import-1.h  -O3 -g  (test for excess errors)
FAIL: gcc.dg/pch/import-1.c  -O3 -g 
FAIL: gcc.dg/pch/import-1.c  -O3 -g  assembly comparison
FAIL: ./import-1.h  -Os  (test for excess errors)
FAIL: gcc.dg/pch/import-1.c  -Os 
FAIL: gcc.dg/pch/import-1.c  -Os  assembly comparison
FAIL: ./import-2.h -O0 -g (test for excess errors)
FAIL: gcc.dg/pch/import-2.c -O0 -g
FAIL: gcc.dg/pch/import-2.c -O0 -g assembly comparison
FAIL: ./import-2.h  -O0  (test for excess errors)
FAIL: gcc.dg/pch/import-2.c  -O0 
FAIL: gcc.dg/pch/import-2.c  -O0  assembly comparison
FAIL: ./import-2.h  -O1  (test for excess errors)
FAIL: gcc.dg/pch/import-2.c  -O1 
FAIL: gcc.dg/pch/import-2.c  -O1  assembly comparison
FAIL: ./import-2.h  -O2  (test for excess errors)
FAIL: gcc.dg/pch/import-2.c  -O2 
FAIL: gcc.dg/pch/import-2.c  -O2  assembly comparison
FAIL: ./import-2.h  -O3 -fomit-frame-pointer  (test for excess errors)
FAIL: gcc.dg/pch/import-2.c  -O3 -fomit-frame-pointer 
FAIL: gcc.dg/pch/import-2.c  -O3 -fomit-frame-pointer  assembly comparison
FAIL: ./import-2.h  -O3 -g  (test for excess errors)
FAIL: gcc.dg/pch/import-2.c  -O3 -g 
FAIL: gcc.dg/pch/import-2.c  -O3 -g  assembly comparison
FAIL: ./import-2.h  -Os  (test for excess errors)
FAIL: gcc.dg/pch/import-2.c  -Os 
FAIL: gcc.dg/pch/import-2.c  -Os  assembly comparison
FAIL: ./inline-1.h -O0 -g (test for excess errors)
FAIL: gcc.dg/pch/inline-1.c -O0 -g
FAIL: gcc.dg/pch/inline-1.c -O0 -g assembly comparison
FAIL: ./inline-1.h  -O0  (test for excess errors)
FAIL: gcc.dg/pch/inline-1.c  -O0 
FAIL: gcc.dg/pch/inline-1.c  -O0  assembly comparison
FAIL: ./inline-1.h  -O1  (test for excess errors)
FAIL: gcc.dg/pch/inline-1.c  -O1 
FAIL: gcc.dg/pch/inline-1.c  -O1  assembly comparison
FAIL: ./inline-1.h  -O2  (test for excess errors)
FAIL: gcc.dg/pch/inline-1.c  -O2 
FAIL: gcc.dg/pch/inline-1.c  -O2  assembly comparison
FAIL: ./inline-1.h  -O3 -fomit-frame-pointer  (test for excess errors)
FAIL: gcc.dg/pch/inline-1.c  -O3 -fomit-frame-pointer 
FAIL: gcc.dg/pch/inline-1.c  -O3 -fomit-frame-pointer  assembly comparison
FAIL: ./inline-1.h  -O3 -g  (test for excess errors)
FAIL: gcc.dg/pch/inline-1.c  -O3 -g 
FAIL: gcc.dg/pch/inline-1.c  -O3 -g  assembly comparison
FAIL: ./inline-1.h  -Os  (test for excess errors)
FAIL: gcc.dg/pch/inline-1.c  -Os 
FAIL: gcc.dg/pch/inline-1.c  -Os  assembly comparison
FAIL: ./inline-2.h -O0 -g (test for excess errors)
FAIL: gcc.dg/pch/inline-2.c -O0 -g
FAIL: gcc.dg/pch/inline-2.c -O0 -g assembly comparison
FAIL: ./inline-2.h  -O0  (test for excess errors)
FAIL: gcc.dg/pch/inline-2.c  -O0 
FAIL: gcc.dg/pch/inline-2.c  -O0  assembly comparison
FAIL: ./inline-2.h  -O1  (test for excess errors)
FAIL: gcc.dg/pch/inline-2.c  -O1 
FAIL: gcc.dg/pch/inline-2.c  -O1  assembly comparison
FAIL: ./inline-2.h  -O2  (test for excess errors)
FAIL: gcc.dg/pch/inline-2.c  -O2 
FAIL: gcc.dg/pch/inline-2.c  -O2  assembly comparison
FAIL: ./inline-2.h  -O3 -fomit-frame-pointer  (test for excess errors)
FAIL: gcc.dg/pch/inline-2.c  -O3 -fomit-frame-pointer 
FAIL: gcc.dg/pch/inline-2.c  -O3 -fomit-frame-pointer  assembly comparison
FAIL: ./inline-2.h  -O3 -g  (test for excess errors)
FAIL: gcc.dg/pch/inline-2.c  -O3 -g 
FAIL: gcc.dg/pch/inline-2.c  -O3 -g  assembly comparison
FAIL: ./inline-2.h  -Os  (test for excess errors)
FAIL: gcc.dg/pch/inline-2.c  -Os 
FAIL: gcc.dg/pch/inline-2.c  -Os  assembly comparison
FAIL: ./inline-3.h -O0 -g (test for excess errors)
FAIL: gcc.dg/pch/inline-3.c -O0 -g
FAIL: gcc.dg/pch/inline-3.c -O0 -g assembly comparison
FAIL: ./inline-3.h  -O0  (test for excess errors)
FAIL: gcc.dg/pch/inline-3.c  -O0 
FAIL: gcc.dg/pch/inline-3.c  -O0  assembly comparison
FAIL: ./inline-3.h  -O1  (test for excess errors)
FAIL: gcc.dg/pch/inline-3.c  -O1 
FAIL: gcc.dg/pch/inline-3.c  -O1  assembly comparison
FAIL: ./inline-3.h  -O2  (test for excess errors)
FAIL: gcc.dg/pch/inline-3.c  -O2 
FAIL: gcc.dg/pch/inline-3.c  -O2  assembly comparison
FAIL: ./inline-3.h  -O3 -fomit-frame-pointer  (test for excess errors)
FAIL: gcc.dg/pch/inline-3.c  -O3 -fomit-frame-pointer 
FAIL: gcc.dg/pch/inline-3.c  -O3 -fomit-frame-pointer  assembly comparison
FAIL: ./inline-3.h  -O3 -g  (test for excess errors)
FAIL: gcc.dg/pch/inline-3.c  -O3 -g 
FAIL: gcc.dg/pch/inline-3.c  -O3 -g  assembly comparison
FAIL: ./inline-3.h  -Os  (test for excess errors)
FAIL: gcc.dg/pch/inline-3.c  -Os 
FAIL: gcc.dg/pch/inline-3.c  -Os  assembly comparison
FAIL: ./inline-4.h -O0 -g (test for excess errors)
FAIL: gcc.dg/pch/inline-4.c -O0 -g
FAIL: gcc.dg/pch/inline-4.c -O0 -g assembly comparison
FAIL: ./inline-4.h  -O0  (test for excess errors)
FAIL: gcc.dg/pch/inline-4.c  -O0 
FAIL: gcc.dg/pch/inline-4.c  -O0  assembly comparison
FAIL: ./inline-4.h  -O1  (test for excess errors)
FAIL: gcc.dg/pch/inline-4.c  -O1 
FAIL: gcc.dg/pch/inline-4.c  -O1  assembly comparison
FAIL: ./inline-4.h  -O2  (test for excess errors)
FAIL: gcc.dg/pch/inline-4.c  -O2 
FAIL: gcc.dg/pch/inline-4.c  -O2  assembly comparison
FAIL: ./inline-4.h  -O3 -fomit-frame-pointer  (test for excess errors)
FAIL: gcc.dg/pch/inline-4.c  -O3 -fomit-frame-pointer 
FAIL: gcc.dg/pch/inline-4.c  -O3 -fomit-frame-pointer  assembly comparison
FAIL: ./inline-4.h  -O3 -g  (test for excess errors)
FAIL: gcc.dg/pch/inline-4.c  -O3 -g 
FAIL: gcc.dg/pch/inline-4.c  -O3 -g  assembly comparison
FAIL: ./inline-4.h  -Os  (test for excess errors)
FAIL: gcc.dg/pch/inline-4.c  -Os 
FAIL: gcc.dg/pch/inline-4.c  -Os  assembly comparison
FAIL: ./macro-1.h -O0 -g (test for excess errors)
FAIL: gcc.dg/pch/macro-1.c -O0 -g
FAIL: gcc.dg/pch/macro-1.c -O0 -g assembly comparison
FAIL: ./macro-1.h  -O0  (test for excess errors)
FAIL: gcc.dg/pch/macro-1.c  -O0 
FAIL: gcc.dg/pch/macro-1.c  -O0  assembly comparison
FAIL: ./macro-1.h  -O1  (test for excess errors)
FAIL: gcc.dg/pch/macro-1.c  -O1 
FAIL: gcc.dg/pch/macro-1.c  -O1  assembly comparison
FAIL: ./macro-1.h  -O2  (test for excess errors)
FAIL: gcc.dg/pch/macro-1.c  -O2 
FAIL: gcc.dg/pch/macro-1.c  -O2  assembly comparison
FAIL: ./macro-1.h  -O3 -fomit-frame-pointer  (test for excess errors)
FAIL: gcc.dg/pch/macro-1.c  -O3 -fomit-frame-pointer 
FAIL: gcc.dg/pch/macro-1.c  -O3 -fomit-frame-pointer  assembly comparison
FAIL: ./macro-1.h  -O3 -g  (test for excess errors)
FAIL: gcc.dg/pch/macro-1.c  -O3 -g 
FAIL: gcc.dg/pch/macro-1.c  -O3 -g  assembly comparison
FAIL: ./macro-1.h  -Os  (test for excess errors)
FAIL: gcc.dg/pch/macro-1.c  -Os 
FAIL: gcc.dg/pch/macro-1.c  -Os  assembly comparison
FAIL: ./macro-2.h -O0 -g (test for excess errors)
FAIL: gcc.dg/pch/macro-2.c -O0 -g
FAIL: gcc.dg/pch/macro-2.c -O0 -g assembly comparison
FAIL: ./macro-2.h  -O0  (test for excess errors)
FAIL: gcc.dg/pch/macro-2.c  -O0 
FAIL: gcc.dg/pch/macro-2.c  -O0  assembly comparison
FAIL: ./macro-2.h  -O1  (test for excess errors)
FAIL: gcc.dg/pch/macro-2.c  -O1 
FAIL: gcc.dg/pch/macro-2.c  -O1  assembly comparison
FAIL: ./macro-2.h  -O2  (test for excess errors)
FAIL: gcc.dg/pch/macro-2.c  -O2 
FAIL: gcc.dg/pch/macro-2.c  -O2  assembly comparison
FAIL: ./macro-2.h  -O3 -fomit-frame-pointer  (test for excess errors)
FAIL: gcc.dg/pch/macro-2.c  -O3 -fomit-frame-pointer 
FAIL: gcc.dg/pch/macro-2.c  -O3 -fomit-frame-pointer  assembly comparison
FAIL: ./macro-2.h  -O3 -g  (test for excess errors)
FAIL: gcc.dg/pch/macro-2.c  -O3 -g 
FAIL: gcc.dg/pch/macro-2.c  -O3 -g  assembly comparison
FAIL: ./macro-2.h  -Os  (test for excess errors)
FAIL: gcc.dg/pch/macro-2.c  -Os 
FAIL: gcc.dg/pch/macro-2.c  -Os  assembly comparison
FAIL: ./macro-3.h -O0 -g (test for excess errors)
FAIL: gcc.dg/pch/macro-3.c -O0 -g
FAIL: gcc.dg/pch/macro-3.c -O0 -g assembly comparison
FAIL: ./macro-3.h  -O0  (test for excess errors)
FAIL: gcc.dg/pch/macro-3.c  -O0 
FAIL: gcc.dg/pch/macro-3.c  -O0  assembly comparison
FAIL: ./macro-3.h  -O1  (test for excess errors)
FAIL: gcc.dg/pch/macro-3.c  -O1 
FAIL: gcc.dg/pch/macro-3.c  -O1  assembly comparison
FAIL: ./macro-3.h  -O2  (test for excess errors)
FAIL: gcc.dg/pch/macro-3.c  -O2 
FAIL: gcc.dg/pch/macro-3.c  -O2  assembly comparison
FAIL: ./macro-3.h  -O3 -fomit-frame-pointer  (test for excess errors)
FAIL: gcc.dg/pch/macro-3.c  -O3 -fomit-frame-pointer 
FAIL: gcc.dg/pch/macro-3.c  -O3 -fomit-frame-pointer  assembly comparison
FAIL: ./macro-3.h  -O3 -g  (test for excess errors)
FAIL: gcc.dg/pch/macro-3.c  -O3 -g 
FAIL: gcc.dg/pch/macro-3.c  -O3 -g  assembly comparison
FAIL: ./macro-3.h  -Os  (test for excess errors)
FAIL: gcc.dg/pch/macro-3.c  -Os 
FAIL: gcc.dg/pch/macro-3.c  -Os  assembly comparison
FAIL: ./macro-4.h -O0 -g (test for excess errors)
FAIL: gcc.dg/pch/macro-4.c -O0 -g
FAIL: gcc.dg/pch/macro-4.c -O0 -g assembly comparison
FAIL: ./macro-4.h  -O0  (test for excess errors)
FAIL: gcc.dg/pch/macro-4.c  -O0 
FAIL: gcc.dg/pch/macro-4.c  -O0  assembly comparison
FAIL: ./macro-4.h  -O1  (test for excess errors)
FAIL: gcc.dg/pch/macro-4.c  -O1 
FAIL: gcc.dg/pch/macro-4.c  -O1  assembly comparison
FAIL: ./macro-4.h  -O2  (test for excess errors)
FAIL: gcc.dg/pch/macro-4.c  -O2 
FAIL: gcc.dg/pch/macro-4.c  -O2  assembly comparison
FAIL: ./macro-4.h  -O3 -fomit-frame-pointer  (test for excess errors)
FAIL: gcc.dg/pch/macro-4.c  -O3 -fomit-frame-pointer 
FAIL: gcc.dg/pch/macro-4.c  -O3 -fomit-frame-pointer  assembly comparison
FAIL: ./macro-4.h  -O3 -g  (test for excess errors)
FAIL: gcc.dg/pch/macro-4.c  -O3 -g 
FAIL: gcc.dg/pch/macro-4.c  -O3 -g  assembly comparison
FAIL: ./macro-4.h  -Os  (test for excess errors)
FAIL: gcc.dg/pch/macro-4.c  -Os 
FAIL: gcc.dg/pch/macro-4.c  -Os  assembly comparison
FAIL: ./save-temps-1.h -O0 -g (test for excess errors)
FAIL: gcc.dg/pch/save-temps-1.c -O0 -g
FAIL: gcc.dg/pch/save-temps-1.c -O0 -g assembly comparison
FAIL: ./save-temps-1.h  -O0  (test for excess errors)
FAIL: gcc.dg/pch/save-temps-1.c  -O0 
FAIL: gcc.dg/pch/save-temps-1.c  -O0  assembly comparison
FAIL: ./save-temps-1.h  -O1  (test for excess errors)
FAIL: gcc.dg/pch/save-temps-1.c  -O1 
FAIL: gcc.dg/pch/save-temps-1.c  -O1  assembly comparison
FAIL: ./save-temps-1.h  -O2  (test for excess errors)
FAIL: gcc.dg/pch/save-temps-1.c  -O2 
FAIL: gcc.dg/pch/save-temps-1.c  -O2  assembly comparison
FAIL: ./save-temps-1.h  -O3 -fomit-frame-pointer  (test for excess errors)
FAIL: gcc.dg/pch/save-temps-1.c  -O3 -fomit-frame-pointer 
FAIL: gcc.dg/pch/save-temps-1.c  -O3 -fomit-frame-pointer  assembly comparison
FAIL: ./save-temps-1.h  -O3 -g  (test for excess errors)
FAIL: gcc.dg/pch/save-temps-1.c  -O3 -g 
FAIL: gcc.dg/pch/save-temps-1.c  -O3 -g  assembly comparison
FAIL: ./save-temps-1.h  -Os  (test for excess errors)
FAIL: gcc.dg/pch/save-temps-1.c  -Os 
FAIL: gcc.dg/pch/save-temps-1.c  -Os  assembly comparison
FAIL: ./static-1.h -O0 -g (test for excess errors)
FAIL: gcc.dg/pch/static-1.c -O0 -g
FAIL: gcc.dg/pch/static-1.c -O0 -g assembly comparison
FAIL: ./static-1.h  -O0  (test for excess errors)
FAIL: gcc.dg/pch/static-1.c  -O0 
FAIL: gcc.dg/pch/static-1.c  -O0  assembly comparison
FAIL: ./static-1.h  -O1  (test for excess errors)
FAIL: gcc.dg/pch/static-1.c  -O1 
FAIL: gcc.dg/pch/static-1.c  -O1  assembly comparison
FAIL: ./static-1.h  -O2  (test for excess errors)
FAIL: gcc.dg/pch/static-1.c  -O2 
FAIL: gcc.dg/pch/static-1.c  -O2  assembly comparison
FAIL: ./static-1.h  -O3 -fomit-frame-pointer  (test for excess errors)
FAIL: gcc.dg/pch/static-1.c  -O3 -fomit-frame-pointer 
FAIL: gcc.dg/pch/static-1.c  -O3 -fomit-frame-pointer  assembly comparison
FAIL: ./static-1.h  -O3 -g  (test for excess errors)
FAIL: gcc.dg/pch/static-1.c  -O3 -g 
FAIL: gcc.dg/pch/static-1.c  -O3 -g  assembly comparison
FAIL: ./static-1.h  -Os  (test for excess errors)
FAIL: gcc.dg/pch/static-1.c  -Os 
FAIL: gcc.dg/pch/static-1.c  -Os  assembly comparison
FAIL: ./static-2.h -O0 -g (test for excess errors)
FAIL: gcc.dg/pch/static-2.c -O0 -g
FAIL: gcc.dg/pch/static-2.c -O0 -g assembly comparison
FAIL: ./static-2.h  -O0  (test for excess errors)
FAIL: gcc.dg/pch/static-2.c  -O0 
FAIL: gcc.dg/pch/static-2.c  -O0  assembly comparison
FAIL: ./static-2.h  -O1  (test for excess errors)
FAIL: gcc.dg/pch/static-2.c  -O1 
FAIL: gcc.dg/pch/static-2.c  -O1  assembly comparison
FAIL: ./static-2.h  -O2  (test for excess errors)
FAIL: gcc.dg/pch/static-2.c  -O2 
FAIL: gcc.dg/pch/static-2.c  -O2  assembly comparison
FAIL: ./static-2.h  -O3 -fomit-frame-pointer  (test for excess errors)
FAIL: gcc.dg/pch/static-2.c  -O3 -fomit-frame-pointer 
FAIL: gcc.dg/pch/static-2.c  -O3 -fomit-frame-pointer  assembly comparison
FAIL: ./static-2.h  -O3 -g  (test for excess errors)
FAIL: gcc.dg/pch/static-2.c  -O3 -g 
FAIL: gcc.dg/pch/static-2.c  -O3 -g  assembly comparison
FAIL: ./static-2.h  -Os  (test for excess errors)
FAIL: gcc.dg/pch/static-2.c  -Os 
FAIL: gcc.dg/pch/static-2.c  -Os  assembly comparison
FAIL: ./static-3.h -O0 -g (test for excess errors)
FAIL: gcc.dg/pch/static-3.c -O0 -g
FAIL: gcc.dg/pch/static-3.c -O0 -g assembly comparison
FAIL: ./static-3.h  -O0  (test for excess errors)
FAIL: gcc.dg/pch/static-3.c  -O0 
FAIL: gcc.dg/pch/static-3.c  -O0  assembly comparison
FAIL: ./static-3.h  -O1  (test for excess errors)
FAIL: gcc.dg/pch/static-3.c  -O1 
FAIL: gcc.dg/pch/static-3.c  -O1  assembly comparison
FAIL: ./static-3.h  -O2  (test for excess errors)
FAIL: gcc.dg/pch/static-3.c  -O2 
FAIL: gcc.dg/pch/static-3.c  -O2  assembly comparison
FAIL: ./static-3.h  -O3 -fomit-frame-pointer  (test for excess errors)
FAIL: gcc.dg/pch/static-3.c  -O3 -fomit-frame-pointer 
FAIL: gcc.dg/pch/static-3.c  -O3 -fomit-frame-pointer  assembly comparison
FAIL: ./static-3.h  -O3 -g  (test for excess errors)
FAIL: gcc.dg/pch/static-3.c  -O3 -g 
FAIL: gcc.dg/pch/static-3.c  -O3 -g  assembly comparison
FAIL: ./static-3.h  -Os  (test for excess errors)
FAIL: gcc.dg/pch/static-3.c  -Os 
FAIL: gcc.dg/pch/static-3.c  -Os  assembly comparison
FAIL: ./struct-1.h -O0 -g (test for excess errors)
FAIL: gcc.dg/pch/struct-1.c -O0 -g
FAIL: gcc.dg/pch/struct-1.c -O0 -g assembly comparison
FAIL: ./struct-1.h  -O0  (test for excess errors)
FAIL: gcc.dg/pch/struct-1.c  -O0 
FAIL: gcc.dg/pch/struct-1.c  -O0  assembly comparison
FAIL: ./struct-1.h  -O1  (test for excess errors)
FAIL: gcc.dg/pch/struct-1.c  -O1 
FAIL: gcc.dg/pch/struct-1.c  -O1  assembly comparison
FAIL: ./struct-1.h  -O2  (test for excess errors)
FAIL: gcc.dg/pch/struct-1.c  -O2 
FAIL: gcc.dg/pch/struct-1.c  -O2  assembly comparison
FAIL: ./struct-1.h  -O3 -fomit-frame-pointer  (test for excess errors)
FAIL: gcc.dg/pch/struct-1.c  -O3 -fomit-frame-pointer 
FAIL: gcc.dg/pch/struct-1.c  -O3 -fomit-frame-pointer  assembly comparison
FAIL: ./struct-1.h  -O3 -g  (test for excess errors)
FAIL: gcc.dg/pch/struct-1.c  -O3 -g 
FAIL: gcc.dg/pch/struct-1.c  -O3 -g  assembly comparison
FAIL: ./struct-1.h  -Os  (test for excess errors)
FAIL: gcc.dg/pch/struct-1.c  -Os 
FAIL: gcc.dg/pch/struct-1.c  -Os  assembly comparison
FAIL: ./system-1.h -O0 -g (test for excess errors)
FAIL: gcc.dg/pch/system-1.c -O0 -g
FAIL: gcc.dg/pch/system-1.c -O0 -g assembly comparison
FAIL: ./system-1.h  -O0  (test for excess errors)
FAIL: gcc.dg/pch/system-1.c  -O0 
FAIL: gcc.dg/pch/system-1.c  -O0  assembly comparison
FAIL: ./system-1.h  -O1  (test for excess errors)
FAIL: gcc.dg/pch/system-1.c  -O1 
FAIL: gcc.dg/pch/system-1.c  -O1  assembly comparison
FAIL: ./system-1.h  -O2  (test for excess errors)
FAIL: gcc.dg/pch/system-1.c  -O2 
FAIL: gcc.dg/pch/system-1.c  -O2  assembly comparison
FAIL: ./system-1.h  -O3 -fomit-frame-pointer  (test for excess errors)
FAIL: gcc.dg/pch/system-1.c  -O3 -fomit-frame-pointer 
FAIL: gcc.dg/pch/system-1.c  -O3 -fomit-frame-pointer  assembly comparison
FAIL: ./system-1.h  -O3 -g  (test for excess errors)
FAIL: gcc.dg/pch/system-1.c  -O3 -g 
FAIL: gcc.dg/pch/system-1.c  -O3 -g  assembly comparison
FAIL: ./system-1.h  -Os  (test for excess errors)
FAIL: gcc.dg/pch/system-1.c  -Os 
FAIL: gcc.dg/pch/system-1.c  -Os  assembly comparison
FAIL: ./valid-1.h -O0 -g (test for excess errors)
FAIL: gcc.dg/pch/valid-1.c -O0 -g
FAIL: ./valid-1.h  -O0  (test for excess errors)
FAIL: gcc.dg/pch/valid-1.c  -O0 
FAIL: ./valid-1.h  -O1  (test for excess errors)
FAIL: gcc.dg/pch/valid-1.c  -O1 
FAIL: ./valid-1.h  -O2  (test for excess errors)
FAIL: gcc.dg/pch/valid-1.c  -O2 
FAIL: ./valid-1.h  -O3 -fomit-frame-pointer  (test for excess errors)
FAIL: gcc.dg/pch/valid-1.c  -O3 -fomit-frame-pointer 
FAIL: ./valid-1.h  -O3 -g  (test for excess errors)
FAIL: gcc.dg/pch/valid-1.c  -O3 -g 
FAIL: ./valid-1.h  -Os  (test for excess errors)
FAIL: gcc.dg/pch/valid-1.c  -Os 
FAIL: ./valid-1b.h -O0 -g (test for excess errors)
FAIL: gcc.dg/pch/valid-1b.c -O0 -g
FAIL: gcc.dg/pch/valid-1b.c -O0 -g assembly comparison
FAIL: ./valid-1b.h  -O0  (test for excess errors)
FAIL: gcc.dg/pch/valid-1b.c  -O0 
FAIL: gcc.dg/pch/valid-1b.c  -O0  assembly comparison
FAIL: ./valid-1b.h  -O1  (test for excess errors)
FAIL: gcc.dg/pch/valid-1b.c  -O1 
FAIL: gcc.dg/pch/valid-1b.c  -O1  assembly comparison
FAIL: ./valid-1b.h  -O2  (test for excess errors)
FAIL: gcc.dg/pch/valid-1b.c  -O2 
FAIL: gcc.dg/pch/valid-1b.c  -O2  assembly comparison
FAIL: ./valid-1b.h  -O3 -fomit-frame-pointer  (test for excess errors)
FAIL: gcc.dg/pch/valid-1b.c  -O3 -fomit-frame-pointer 
FAIL: gcc.dg/pch/valid-1b.c  -O3 -fomit-frame-pointer  assembly comparison
FAIL: ./valid-1b.h  -O3 -g  (test for excess errors)
FAIL: gcc.dg/pch/valid-1b.c  -O3 -g 
FAIL: gcc.dg/pch/valid-1b.c  -O3 -g  assembly comparison
FAIL: ./valid-1b.h  -Os  (test for excess errors)
FAIL: gcc.dg/pch/valid-1b.c  -Os 
FAIL: gcc.dg/pch/valid-1b.c  -Os  assembly comparison
FAIL: ./valid-2.h -O0 -g (test for excess errors)
FAIL: gcc.dg/pch/valid-2.c -O0 -g
FAIL: ./valid-2.h  -O0  (test for excess errors)
FAIL: gcc.dg/pch/valid-2.c  -O0 
FAIL: ./valid-2.h  -O1  (test for excess errors)
FAIL: gcc.dg/pch/valid-2.c  -O1 
FAIL: ./valid-2.h  -O2  (test for excess errors)
FAIL: gcc.dg/pch/valid-2.c  -O2 
FAIL: ./valid-2.h  -O3 -fomit-frame-pointer  (test for excess errors)
FAIL: gcc.dg/pch/valid-2.c  -O3 -fomit-frame-pointer 
FAIL: ./valid-2.h  -O3 -g  (test for excess errors)
FAIL: gcc.dg/pch/valid-2.c  -O3 -g 
FAIL: ./valid-2.h  -Os  (test for excess errors)
FAIL: gcc.dg/pch/valid-2.c  -Os 
FAIL: ./valid-4.h -O0 -g (test for excess errors)
FAIL: gcc.dg/pch/valid-4.c -O0 -g
FAIL: gcc.dg/pch/valid-4.c -O0 -g assembly comparison
FAIL: ./valid-4.h  -O0  (test for excess errors)
FAIL: gcc.dg/pch/valid-4.c  -O0 
FAIL: gcc.dg/pch/valid-4.c  -O0  assembly comparison
FAIL: ./valid-4.h  -O1  (test for excess errors)
FAIL: gcc.dg/pch/valid-4.c  -O1 
FAIL: gcc.dg/pch/valid-4.c  -O1  assembly comparison
FAIL: ./valid-4.h  -O2  (test for excess errors)
FAIL: gcc.dg/pch/valid-4.c  -O2 
FAIL: gcc.dg/pch/valid-4.c  -O2  assembly comparison
FAIL: ./valid-4.h  -O3 -fomit-frame-pointer  (test for excess errors)
FAIL: gcc.dg/pch/valid-4.c  -O3 -fomit-frame-pointer 
FAIL: gcc.dg/pch/valid-4.c  -O3 -fomit-frame-pointer  assembly comparison
FAIL: ./valid-4.h  -O3 -g  (test for excess errors)
FAIL: gcc.dg/pch/valid-4.c  -O3 -g 
FAIL: gcc.dg/pch/valid-4.c  -O3 -g  assembly comparison
FAIL: ./valid-4.h  -Os  (test for excess errors)
FAIL: gcc.dg/pch/valid-4.c  -Os 
FAIL: gcc.dg/pch/valid-4.c  -Os  assembly comparison
FAIL: ./valid-5.h -O0 -g (test for excess errors)
FAIL: gcc.dg/pch/valid-5.c -O0 -g
FAIL: gcc.dg/pch/valid-5.c -O0 -g assembly comparison
FAIL: ./valid-5.h  -O0  (test for excess errors)
FAIL: gcc.dg/pch/valid-5.c  -O0 
FAIL: gcc.dg/pch/valid-5.c  -O0  assembly comparison
FAIL: ./valid-5.h  -O1  (test for excess errors)
FAIL: gcc.dg/pch/valid-5.c  -O1 
FAIL: gcc.dg/pch/valid-5.c  -O1  assembly comparison
FAIL: ./valid-5.h  -O2  (test for excess errors)
FAIL: gcc.dg/pch/valid-5.c  -O2 
FAIL: gcc.dg/pch/valid-5.c  -O2  assembly comparison
FAIL: ./valid-5.h  -O3 -fomit-frame-pointer  (test for excess errors)
FAIL: gcc.dg/pch/valid-5.c  -O3 -fomit-frame-pointer 
FAIL: gcc.dg/pch/valid-5.c  -O3 -fomit-frame-pointer  assembly comparison
FAIL: ./valid-5.h  -O3 -g  (test for excess errors)
FAIL: gcc.dg/pch/valid-5.c  -O3 -g 
FAIL: gcc.dg/pch/valid-5.c  -O3 -g  assembly comparison
FAIL: ./valid-5.h  -Os  (test for excess errors)
FAIL: gcc.dg/pch/valid-5.c  -Os 
FAIL: gcc.dg/pch/valid-5.c  -Os  assembly comparison
FAIL: ./valid-6.h -O0 -g (test for excess errors)
FAIL: gcc.dg/pch/valid-6.c -O0 -g
FAIL: gcc.dg/pch/valid-6.c -O0 -g assembly comparison
FAIL: ./valid-6.h  -O0  (test for excess errors)
FAIL: gcc.dg/pch/valid-6.c  -O0 
FAIL: gcc.dg/pch/valid-6.c  -O0  assembly comparison
FAIL: ./valid-6.h  -O1  (test for excess errors)
FAIL: gcc.dg/pch/valid-6.c  -O1 
FAIL: gcc.dg/pch/valid-6.c  -O1  assembly comparison
FAIL: ./valid-6.h  -O2  (test for excess errors)
FAIL: gcc.dg/pch/valid-6.c  -O2 
FAIL: gcc.dg/pch/valid-6.c  -O2  assembly comparison
FAIL: ./valid-6.h  -O3 -fomit-frame-pointer  (test for excess errors)
FAIL: gcc.dg/pch/valid-6.c  -O3 -fomit-frame-pointer 
FAIL: gcc.dg/pch/valid-6.c  -O3 -fomit-frame-pointer  assembly comparison
FAIL: ./valid-6.h  -O3 -g  (test for excess errors)
FAIL: gcc.dg/pch/valid-6.c  -O3 -g 
FAIL: gcc.dg/pch/valid-6.c  -O3 -g  assembly comparison
FAIL: ./valid-6.h  -Os  (test for excess errors)
FAIL: gcc.dg/pch/valid-6.c  -Os 
FAIL: gcc.dg/pch/valid-6.c  -Os  assembly comparison
FAIL: ./warn-1.h -O0 -g (test for excess errors)
FAIL: gcc.dg/pch/warn-1.c -O0 -g
FAIL: ./warn-1.h  -O0  (test for excess errors)
FAIL: gcc.dg/pch/warn-1.c  -O0 
FAIL: ./warn-1.h  -O1  (test for excess errors)
FAIL: gcc.dg/pch/warn-1.c  -O1 
FAIL: ./warn-1.h  -O2  (test for excess errors)
FAIL: gcc.dg/pch/warn-1.c  -O2 
FAIL: ./warn-1.h  -O3 -fomit-frame-pointer  (test for excess errors)
FAIL: gcc.dg/pch/warn-1.c  -O3 -fomit-frame-pointer 
FAIL: ./warn-1.h  -O3 -g  (test for excess errors)
FAIL: gcc.dg/pch/warn-1.c  -O3 -g 
FAIL: ./warn-1.h  -Os  (test for excess errors)
FAIL: gcc.dg/pch/warn-1.c  -Os 
FAIL: ./largefile.h -O0 -g (test for excess errors)
FAIL: gcc.dg/pch/largefile.c -O0 -g
FAIL: gcc.dg/pch/largefile.c -O0 -g assembly comparison
FAIL: ./largefile.h  -O0  (test for excess errors)
FAIL: gcc.dg/pch/largefile.c  -O0 
FAIL: gcc.dg/pch/largefile.c  -O0  assembly comparison
FAIL: ./largefile.h  -O1  (test for excess errors)
FAIL: gcc.dg/pch/largefile.c  -O1 
FAIL: gcc.dg/pch/largefile.c  -O1  assembly comparison
FAIL: ./largefile.h  -O2  (test for excess errors)
FAIL: gcc.dg/pch/largefile.c  -O2 
FAIL: gcc.dg/pch/largefile.c  -O2  assembly comparison
FAIL: ./largefile.h  -O3 -fomit-frame-pointer  (test for excess errors)
FAIL: gcc.dg/pch/largefile.c  -O3 -fomit-frame-pointer 
FAIL: gcc.dg/pch/largefile.c  -O3 -fomit-frame-pointer  assembly comparison
FAIL: ./largefile.h  -O3 -g  (test for excess errors)
FAIL: gcc.dg/pch/largefile.c  -O3 -g 
FAIL: gcc.dg/pch/largefile.c  -O3 -g  assembly comparison
FAIL: ./largefile.h  -Os  (test for excess errors)
FAIL: gcc.dg/pch/largefile.c  -Os 
FAIL: gcc.dg/pch/largefile.c  -Os  assembly comparison
FAIL: gcc.dg/struct/wo_prof_single_str_global.c execution test
FAIL: gcc.dg/struct/wo_prof_single_str_local.c execution test
FAIL: gcc.dg/struct/wo_prof_single_str_pointer.c execution test
FAIL: gcc.dg/torture/fp-int-convert-double.c  -O0  (test for excess errors)
FAIL: gcc.dg/torture/fp-int-convert-double.c  -O0  execution test
FAIL: gcc.dg/torture/fp-int-convert-double.c  -O1  (test for excess errors)
FAIL: gcc.dg/torture/fp-int-convert-double.c  -O1  execution test
FAIL: gcc.dg/torture/fp-int-convert-double.c  -O2  (test for excess errors)
FAIL: gcc.dg/torture/fp-int-convert-double.c  -O2  execution test
FAIL: gcc.dg/torture/fp-int-convert-double.c  -O3 -fomit-frame-pointer  (test for excess errors)
FAIL: gcc.dg/torture/fp-int-convert-double.c  -O3 -fomit-frame-pointer  execution test
FAIL: gcc.dg/torture/fp-int-convert-double.c  -O3 -g  (test for excess errors)
FAIL: gcc.dg/torture/fp-int-convert-double.c  -O3 -g  execution test
FAIL: gcc.dg/torture/fp-int-convert-double.c  -Os  (test for excess errors)
FAIL: gcc.dg/torture/fp-int-convert-double.c  -Os  execution test
FAIL: gcc.dg/torture/fp-int-convert-float.c  -O0  (test for excess errors)
FAIL: gcc.dg/torture/fp-int-convert-float.c  -O0  execution test
FAIL: gcc.dg/torture/fp-int-convert-float.c  -O1  (test for excess errors)
FAIL: gcc.dg/torture/fp-int-convert-float.c  -O1  execution test
FAIL: gcc.dg/torture/fp-int-convert-float.c  -O2  (test for excess errors)
FAIL: gcc.dg/torture/fp-int-convert-float.c  -O2  execution test
FAIL: gcc.dg/torture/fp-int-convert-float.c  -O3 -fomit-frame-pointer  (test for excess errors)
FAIL: gcc.dg/torture/fp-int-convert-float.c  -O3 -fomit-frame-pointer  execution test
FAIL: gcc.dg/torture/fp-int-convert-float.c  -O3 -g  (test for excess errors)
FAIL: gcc.dg/torture/fp-int-convert-float.c  -O3 -g  execution test
FAIL: gcc.dg/torture/fp-int-convert-float.c  -Os  (test for excess errors)
FAIL: gcc.dg/torture/fp-int-convert-float.c  -Os  execution test
FAIL: gcc.dg/torture/fp-int-convert-long-double.c  -O0  (test for excess errors)
FAIL: gcc.dg/torture/fp-int-convert-long-double.c  -O0  execution test
FAIL: gcc.dg/torture/fp-int-convert-long-double.c  -O1  (test for excess errors)
FAIL: gcc.dg/torture/fp-int-convert-long-double.c  -O1  execution test
FAIL: gcc.dg/torture/fp-int-convert-long-double.c  -O2  (test for excess errors)
FAIL: gcc.dg/torture/fp-int-convert-long-double.c  -O2  execution test
FAIL: gcc.dg/torture/fp-int-convert-long-double.c  -O3 -fomit-frame-pointer  (test for excess errors)
FAIL: gcc.dg/torture/fp-int-convert-long-double.c  -O3 -fomit-frame-pointer  execution test
FAIL: gcc.dg/torture/fp-int-convert-long-double.c  -O3 -g  (test for excess errors)
FAIL: gcc.dg/torture/fp-int-convert-long-double.c  -O3 -g  execution test
FAIL: gcc.dg/torture/fp-int-convert-long-double.c  -Os  (test for excess errors)
FAIL: gcc.dg/torture/fp-int-convert-long-double.c  -Os  execution test
FAIL: gcc.dg/torture/pr25718-1.c  -O1  (test for excess errors)
FAIL: gcc.dg/torture/pr25718-1.c  -O2  (test for excess errors)
FAIL: gcc.dg/torture/pr25718-1.c  -O3 -fomit-frame-pointer  (test for excess errors)
FAIL: gcc.dg/torture/pr25718-1.c  -O3 -g  (test for excess errors)
FAIL: gcc.dg/torture/pr25718-1.c  -Os  (test for excess errors)
FAIL: gcc.dg/torture/pr26630.c  -O0  (test for excess errors)
XPASS: gcc.dg/tree-ssa/20040204-1.c scan-tree-dump-times optimized "link_error" 0
FAIL: gcc.dg/tree-ssa/alias-19.c scan-tree-dump alias "q_., name memory tag: NMT..., is dereferenced, points-to vars: { a b }"
FAIL: gcc.dg/tree-ssa/pr21029.c (test for excess errors)
FAIL: gcc.dg/tree-ssa/vrp47.c scan-tree-dump-times vrp1 "[xy][^ ]* !=" 0
FAIL: gcc.dg/tree-ssa/vrp47.c scan-tree-dump-times dom1 "x[^ ]* & y" 1
FAIL: gcc.dg/tree-ssa/vrp47.c scan-tree-dump-times vrp1 "x[^ ]* [|] y" 1

		=== gcc Summary ===

# of expected passes		46429
# of unexpected failures	939
# of unexpected successes	9
# of expected failures		103
# of unresolved testcases	19
# of unsupported tests		580
/home/joel/test-gcc/b-gcc1-h8300/gcc/xgcc  version 4.4.0 20081209 (experimental) [trunk revision 142610] (GCC) 

Host   is x86_64-unknown-linux-gnu

		=== g++ tests ===


Running target rtems-h8300-h8sim
FAIL: tmpdir-g++.dg-struct-layout-1/t028 cp_compat_x_tst.o compile,  (internal compiler error)
UNRESOLVED: tmpdir-g++.dg-struct-layout-1/t028 cp_compat_x_tst.o-cp_compat_y_tst.o link 
UNRESOLVED: tmpdir-g++.dg-struct-layout-1/t028 cp_compat_x_tst.o-cp_compat_y_tst.o execute 
FAIL: g++.dg/abi/bitfield12.C  (test for warnings, line 3)
FAIL: g++.dg/abi/covariant3.C execution test
FAIL: g++.dg/cpp/_Pragma1.C (test for excess errors)
FAIL: g++.dg/cpp0x/initlist5.C  (test for errors, line 25)
FAIL: g++.dg/cpp0x/variadic-tuple.C execution test
FAIL: g++.dg/eh/crossjump1.C execution test
FAIL: g++.dg/eh/simd-2.C (test for excess errors)
UNRESOLVED: g++.dg/eh/simd-2.C compilation failed to produce executable
FAIL: g++.dg/expr/cast4.C execution test
FAIL: g++.dg/ext/attribute-test-2.C execution test
FAIL: g++.dg/ext/complit4.C execution test
FAIL: g++.dg/ext/utf16-2.C (test for excess errors)
FAIL: g++.dg/ext/utf16-3.C (test for excess errors)
FAIL: g++.dg/inherit/thunk7.C execution test
FAIL: g++.dg/init/attrib1.C execution test
FAIL: g++.dg/init/cleanup3.C scan-assembler-not _tcf
FAIL: g++.dg/init/copy3.C execution test
FAIL: g++.dg/init/ref15.C execution test
FAIL: g++.dg/opt/pr15551.C execution test
FAIL: g++.dg/opt/pr18084-1.C (test for excess errors)
FAIL: g++.dg/opt/static5.C execution test
FAIL: g++.dg/other/vthunk1.C execution test
FAIL: g++.dg/rtti/dyncast2.C execution test
FAIL: g++.dg/template/arg6.C execution test
FAIL: g++.dg/template/ctor2.C execution test
FAIL: g++.dg/tree-ssa/pr20458.C execution test
FAIL: g++.dg/tree-ssa/pr28003.C execution test
FAIL: g++.dg/warn/Wconversion-real-integer.C (test for excess errors)
FAIL: g++.dg/warn/Wconversion-real.C  (test for warnings, line 21)
FAIL: g++.dg/warn/Wconversion-real.C  (test for warnings, line 22)
FAIL: g++.dg/warn/Wconversion-real.C  (test for warnings, line 23)
FAIL: g++.dg/warn/Wconversion-real.C  (test for warnings, line 24)
FAIL: g++.dg/warn/Wconversion-real.C  (test for warnings, line 27)
FAIL: g++.dg/warn/Wconversion-real.C  (test for warnings, line 28)
FAIL: g++.dg/warn/Wconversion-real.C  (test for warnings, line 29)
FAIL: g++.dg/warn/Wconversion-real.C  (test for warnings, line 30)
FAIL: ./array-1.H -g (test for excess errors)
FAIL: g++.dg/pch/array-1.C -g
FAIL: g++.dg/pch/array-1.C -g assembly comparison
FAIL: ./array-1.H -O2 -g (test for excess errors)
FAIL: g++.dg/pch/array-1.C -O2 -g
FAIL: g++.dg/pch/array-1.C -O2 -g assembly comparison
FAIL: ./array-1.H -O2 (test for excess errors)
FAIL: g++.dg/pch/array-1.C -O2
FAIL: g++.dg/pch/array-1.C -O2 assembly comparison
FAIL: ./empty.H -g (test for excess errors)
FAIL: g++.dg/pch/empty.C -g
FAIL: g++.dg/pch/empty.C -g assembly comparison
FAIL: ./empty.H -O2 -g (test for excess errors)
FAIL: g++.dg/pch/empty.C -O2 -g
FAIL: g++.dg/pch/empty.C -O2 -g assembly comparison
FAIL: ./empty.H -O2 (test for excess errors)
FAIL: g++.dg/pch/empty.C -O2
FAIL: g++.dg/pch/empty.C -O2 assembly comparison
FAIL: ./externc-1.H -g (test for excess errors)
FAIL: g++.dg/pch/externc-1.C -g
FAIL: g++.dg/pch/externc-1.C -g assembly comparison
FAIL: ./externc-1.H -O2 -g (test for excess errors)
FAIL: g++.dg/pch/externc-1.C -O2 -g
FAIL: g++.dg/pch/externc-1.C -O2 -g assembly comparison
FAIL: ./externc-1.H -O2 (test for excess errors)
FAIL: g++.dg/pch/externc-1.C -O2
FAIL: g++.dg/pch/externc-1.C -O2 assembly comparison
FAIL: ./local-1.H -g (test for excess errors)
FAIL: g++.dg/pch/local-1.C -g
FAIL: g++.dg/pch/local-1.C -g assembly comparison
FAIL: ./local-1.H -O2 -g (test for excess errors)
FAIL: g++.dg/pch/local-1.C -O2 -g
FAIL: g++.dg/pch/local-1.C -O2 -g assembly comparison
FAIL: ./local-1.H -O2 (test for excess errors)
FAIL: g++.dg/pch/local-1.C -O2
FAIL: g++.dg/pch/local-1.C -O2 assembly comparison
FAIL: ./pch.H -g (test for excess errors)
FAIL: g++.dg/pch/pch.C -g
FAIL: g++.dg/pch/pch.C -g assembly comparison
FAIL: ./pch.H -O2 -g (test for excess errors)
FAIL: g++.dg/pch/pch.C -O2 -g
FAIL: g++.dg/pch/pch.C -O2 -g assembly comparison
FAIL: ./pch.H -O2 (test for excess errors)
FAIL: g++.dg/pch/pch.C -O2
FAIL: g++.dg/pch/pch.C -O2 assembly comparison
FAIL: ./static-1.H -g (test for excess errors)
FAIL: g++.dg/pch/static-1.C -g
FAIL: g++.dg/pch/static-1.C -g assembly comparison
FAIL: ./static-1.H -O2 -g (test for excess errors)
FAIL: g++.dg/pch/static-1.C -O2 -g
FAIL: g++.dg/pch/static-1.C -O2 -g assembly comparison
FAIL: ./static-1.H -O2 (test for excess errors)
FAIL: g++.dg/pch/static-1.C -O2
FAIL: g++.dg/pch/static-1.C -O2 assembly comparison
FAIL: ./system-1.H -g (test for excess errors)
FAIL: g++.dg/pch/system-1.C -g
FAIL: g++.dg/pch/system-1.C -g assembly comparison
FAIL: ./system-1.H -O2 -g (test for excess errors)
FAIL: g++.dg/pch/system-1.C -O2 -g
FAIL: g++.dg/pch/system-1.C -O2 -g assembly comparison
FAIL: ./system-1.H -O2 (test for excess errors)
FAIL: g++.dg/pch/system-1.C -O2
FAIL: g++.dg/pch/system-1.C -O2 assembly comparison
FAIL: ./system-2.H -g (test for excess errors)
FAIL: g++.dg/pch/system-2.C -g
FAIL: g++.dg/pch/system-2.C -g assembly comparison
FAIL: ./system-2.H -O2 -g (test for excess errors)
FAIL: g++.dg/pch/system-2.C -O2 -g
FAIL: g++.dg/pch/system-2.C -O2 -g assembly comparison
FAIL: ./system-2.H -O2 (test for excess errors)
FAIL: g++.dg/pch/system-2.C -O2
FAIL: g++.dg/pch/system-2.C -O2 assembly comparison
FAIL: ./template-1.H -g (test for excess errors)
FAIL: g++.dg/pch/template-1.C -g
FAIL: g++.dg/pch/template-1.C -g assembly comparison
FAIL: ./template-1.H -O2 -g (test for excess errors)
FAIL: g++.dg/pch/template-1.C -O2 -g
FAIL: g++.dg/pch/template-1.C -O2 -g assembly comparison
FAIL: ./template-1.H -O2 (test for excess errors)
FAIL: g++.dg/pch/template-1.C -O2
FAIL: g++.dg/pch/template-1.C -O2 assembly comparison
FAIL: ./uninst.H -g (test for excess errors)
FAIL: g++.dg/pch/uninst.C -g
FAIL: g++.dg/pch/uninst.C -g assembly comparison
FAIL: ./uninst.H -O2 -g (test for excess errors)
FAIL: g++.dg/pch/uninst.C -O2 -g
FAIL: g++.dg/pch/uninst.C -O2 -g assembly comparison
FAIL: ./uninst.H -O2 (test for excess errors)
FAIL: g++.dg/pch/uninst.C -O2
FAIL: g++.dg/pch/uninst.C -O2 assembly comparison
FAIL: ./wchar-1.H -g (test for excess errors)
FAIL: g++.dg/pch/wchar-1.C -g
FAIL: g++.dg/pch/wchar-1.C -g assembly comparison
FAIL: ./wchar-1.H -O2 -g (test for excess errors)
FAIL: g++.dg/pch/wchar-1.C -O2 -g
FAIL: g++.dg/pch/wchar-1.C -O2 -g assembly comparison
FAIL: ./wchar-1.H -O2 (test for excess errors)
FAIL: g++.dg/pch/wchar-1.C -O2
FAIL: g++.dg/pch/wchar-1.C -O2 assembly comparison
FAIL: g++.dg/special/conpr-1.C (test for excess errors)
UNRESOLVED: g++.dg/special/conpr-1.C compilation failed to produce executable
FAIL: g++.dg/special/conpr-2.C (test for excess errors)
UNRESOLVED: g++.dg/special/conpr-2.C compilation failed to produce executable
FAIL: g++.dg/special/conpr-3.C (test for excess errors)
UNRESOLVED: g++.dg/special/conpr-3.C compilation failed to produce executable
FAIL: g++.dg/special/conpr-4.C (test for excess errors)
UNRESOLVED: g++.dg/special/conpr-4.C compilation failed to produce executable
FAIL: g++.dg/special/initp1.C (test for excess errors)
UNRESOLVED: g++.dg/special/initp1.C compilation failed to produce executable
FAIL: g++.dg/special/initpri1.C (test for excess errors)
UNRESOLVED: g++.dg/special/initpri1.C compilation failed to produce executable
FAIL: g++.dg/torture/pr34235.C  -O0  (test for excess errors)
FAIL: g++.dg/torture/pr37146-1.C  -O0  (test for excess errors)
FAIL: g++.dg/torture/pr37146-1.C  -O1  (test for excess errors)
FAIL: g++.old-deja/g++.brendan/ctors1.C execution test
FAIL: g++.old-deja/g++.brendan/ctors2.C execution test
XPASS: g++.old-deja/g++.bugs/900227_01.C addr (test for errors, line 36)
XPASS: g++.old-deja/g++.bugs/900227_01.C lose (test for errors, line 36)
FAIL: g++.old-deja/g++.eh/badalloc1.C execution test
FAIL: g++.old-deja/g++.jason/const3.C execution test
FAIL: g++.old-deja/g++.jason/init2.C execution test
FAIL: g++.old-deja/g++.jason/init3.C execution test
FAIL: g++.old-deja/g++.jason/new4.C execution test
FAIL: g++.old-deja/g++.jason/return3.C execution test
FAIL: g++.old-deja/g++.jason/template11.C execution test
FAIL: g++.old-deja/g++.jason/template24.C execution test
FAIL: g++.old-deja/g++.jason/thunk3.C (test for excess errors)
UNRESOLVED: g++.old-deja/g++.jason/thunk3.C compilation failed to produce executable
FAIL: g++.old-deja/g++.law/arg8.C execution test
FAIL: g++.old-deja/g++.law/array1.C execution test
FAIL: g++.old-deja/g++.law/ctors2.C execution test
FAIL: g++.old-deja/g++.law/ctors8.C execution test
FAIL: g++.old-deja/g++.law/cvt2.C execution test
FAIL: g++.old-deja/g++.law/init11.C execution test
FAIL: g++.old-deja/g++.law/init14.C execution test
FAIL: g++.old-deja/g++.law/virtual3.C execution test
FAIL: g++.old-deja/g++.mike/dyncast3.C execution test
FAIL: g++.old-deja/g++.mike/dyncast9.C execution test
FAIL: g++.old-deja/g++.mike/eh36.C execution test
FAIL: g++.old-deja/g++.mike/eh37.C execution test
FAIL: g++.old-deja/g++.mike/eh38.C execution test
FAIL: g++.old-deja/g++.mike/eh46.C (test for excess errors)
FAIL: g++.old-deja/g++.mike/leak1.C execution test
FAIL: g++.old-deja/g++.mike/misc13.C execution test
FAIL: g++.old-deja/g++.mike/net17.C execution test
FAIL: g++.old-deja/g++.mike/net26.C execution test
FAIL: g++.old-deja/g++.mike/ns15.C (test for excess errors)
FAIL: g++.old-deja/g++.mike/offset1.C execution test
FAIL: g++.old-deja/g++.mike/p10849a.C execution test
FAIL: g++.old-deja/g++.mike/p2394.C execution test
FAIL: g++.old-deja/g++.mike/p4736a.C execution test
FAIL: g++.old-deja/g++.mike/p6927.C execution test
FAIL: g++.old-deja/g++.mike/p789.C execution test
FAIL: g++.old-deja/g++.mike/pmf2.C execution test
FAIL: g++.old-deja/g++.mike/pmf8.C execution test
FAIL: g++.old-deja/g++.mike/ref1.C execution test
FAIL: g++.old-deja/g++.mike/temp.C execution test
FAIL: g++.old-deja/g++.mike/virt2.C execution test
FAIL: g++.old-deja/g++.other/enum4.C (test for excess errors)
FAIL: g++.old-deja/g++.other/init1.C execution test
FAIL: g++.old-deja/g++.other/init11.C execution test
FAIL: g++.old-deja/g++.other/init16.C execution test
FAIL: g++.old-deja/g++.other/inline8.C execution test
FAIL: g++.old-deja/g++.other/rtti3.C execution test
FAIL: g++.old-deja/g++.other/rtti4.C execution test
FAIL: g++.old-deja/g++.other/rttid2.C execution test
FAIL: g++.old-deja/g++.other/rttid3.C execution test
FAIL: g++.old-deja/g++.other/rttid4.C execution test
FAIL: g++.old-deja/g++.other/unchanging1.C execution test
FAIL: g++.old-deja/g++.other/virtual9.C execution test
FAIL: g++.old-deja/g++.pt/crash16.C (test for excess errors)
FAIL: g++.old-deja/g++.pt/instantiate12.C execution test
FAIL: g++.old-deja/g++.pt/static8.C execution test
FAIL: g++.old-deja/g++.pt/virtual4.C execution test
FAIL: g++.old-deja/g++.robertl/eb115.C execution test
FAIL: g++.old-deja/g++.robertl/eb21.C execution test
FAIL: g++.old-deja/g++.robertl/eb54.C execution test
FAIL: g++.old-deja/g++.robertl/eb77.C execution test
FAIL: g++.old-deja/g++.robertl/eh990323-2.C execution test

		=== g++ Summary ===

# of expected passes		17802
# of unexpected failures	206
# of unexpected successes	2
# of expected failures		134
# of unresolved testcases	10
# of unsupported tests		191
/home/joel/test-gcc/b-gcc1-h8300/gcc/testsuite/g++/../../g++  version 4.4.0 20081209 (experimental) [trunk revision 142610] (GCC) 


Compiler version: 4.4.0 20081209 (experimental) [trunk revision 142610] (GCC) 
Platform: h8300-unknown-rtems4.10
configure flags: --with-mpfr=/opt/cfarm/mpfr-2.3.1/ --enable-threads=rtems --with-gnu-as --enable-multilib --enable-newlib-mb --enable-newlib-iconv --with-gnu-ld --with-newlib --verbose --with-system-zlib --disable-nls --enable-version-specific-runtime-libs --enable-languages=c,c++ --target=h8300-rtems4.10 --prefix=/n/12/joel/test-gcc/install



More information about the Gcc-testresults mailing list