Results for 4.4.0 20081207 (experimental) (GCC) testsuite on powerpc-unknown-linux-gnu

Edmar Wienskoski-RA8797 ra8797@freescale.com
Tue Dec 9 10:13:00 GMT 2008


LAST_UPDATED: 
Target is powerpc-unknown-linux-gnu
Host   is x86_64-unknown-linux-gnu

		=== g++ tests ===


Running target REG_geriatrix
WARNING: program timed out.
FAIL: g++.dg/cdce3.C execution test
FAIL: g++.dg/eh/crossjump1.C (internal compiler error)
FAIL: g++.dg/eh/crossjump1.C (test for excess errors)
UNRESOLVED: g++.dg/eh/crossjump1.C compilation failed to produce executable
WARNING: program timed out.
FAIL: g++.dg/eh/omit-frame-pointer.C execution test
FAIL: g++.dg/inherit/covariant1.C (internal compiler error)
FAIL: g++.dg/inherit/covariant1.C (test for excess errors)
UNRESOLVED: g++.dg/inherit/covariant1.C compilation failed to produce executable
FAIL: g++.dg/inherit/ptrmem2.C (internal compiler error)
FAIL: g++.dg/inherit/ptrmem2.C (test for excess errors)
WARNING: program timed out.
FAIL: g++.dg/init/array15.C execution test
WARNING: program timed out.
FAIL: g++.dg/init/array16.C execution test
FAIL: g++.dg/init/array25.C (internal compiler error)
FAIL: g++.dg/init/array25.C (test for excess errors)
UNRESOLVED: g++.dg/init/array25.C compilation failed to produce executable
FAIL: g++.dg/init/value1.C (internal compiler error)
FAIL: g++.dg/init/value1.C (test for excess errors)
UNRESOLVED: g++.dg/init/value1.C compilation failed to produce executable
FAIL: g++.dg/ipa/iinline-1.C scan-ipa-dump inline "String::funcOne[^\\n]*inline copy in int main"
FAIL: g++.old-deja/g++.abi/empty2.C (internal compiler error)
FAIL: g++.old-deja/g++.abi/empty2.C (test for excess errors)
FAIL: g++.old-deja/g++.mike/virt2.C (internal compiler error)
FAIL: g++.old-deja/g++.mike/virt2.C (test for excess errors)
UNRESOLVED: g++.old-deja/g++.mike/virt2.C compilation failed to produce executable

		=== g++ Summary ===

# of expected passes		18627
# of unexpected failures	19
# of expected failures		135
# of unresolved testcases	5
# of unsupported tests		173
/tmp/edmar/build_cde/job_29/obj_gcc/gcc/testsuite/g++/../../g++  version 4.4.0 20081207 (experimental) (GCC) 

Host   is x86_64-unknown-linux-gnu

		=== gcc tests ===


Running target REG_geriatrix
FAIL: gcc.c-torture/execute/991112-1.c execution,  -O0 
FAIL: gcc.c-torture/execute/991112-1.c execution,  -O1 
FAIL: gcc.c-torture/execute/991112-1.c execution,  -O2 
FAIL: gcc.c-torture/execute/991112-1.c execution,  -O3 -fomit-frame-pointer 
FAIL: gcc.c-torture/execute/991112-1.c execution,  -O3 -g 
FAIL: gcc.c-torture/execute/991112-1.c execution,  -Os 
XPASS: gcc.dg/20020103-1.c scan-assembler-not LC[0-9]
FAIL: gcc.dg/and-1.c scan-assembler-not nand
FAIL: gcc.dg/memcpy-1.c scan-tree-dump-times optimized "nasty_local" 0
FAIL: gcc.dg/pr35729.c scan-rtl-dump-times loop2_invariant "Decided to move invariant" 0
FAIL: gcc.dg/tree-prof/ic-misattribution-1.c compilation,  -fprofile-use -D_PROFILE_USE
UNRESOLVED: gcc.dg/tree-prof/ic-misattribution-1.c execution,    -fprofile-use -D_PROFILE_USE
FAIL: gcc.dg/tree-ssa/vrp47.c scan-tree-dump-times vrp1 "[xy][^ ]* !=" 0
FAIL: gcc.dg/tree-ssa/vrp47.c scan-tree-dump-times dom1 "x[^ ]* & y" 1
FAIL: gcc.target/powerpc/altivec-macros.c __vector redefined (test for warnings, line 44)
FAIL: gcc.target/powerpc/altivec-macros.c __pixel redefined (test for warnings, line 45)
FAIL: gcc.target/powerpc/altivec-macros.c __bool redefined (test for warnings, line 46)
FAIL: gcc.target/powerpc/altivec-macros.c vector redefined (test for warnings, line 47)
FAIL: gcc.target/powerpc/altivec-macros.c pixel redefined (test for warnings, line 48)
FAIL: gcc.target/powerpc/altivec-macros.c bool redefined (test for warnings, line 49)
FAIL: gcc.target/powerpc/altivec-macros.c prev __vector defn (test for warnings, line 24)
FAIL: gcc.target/powerpc/altivec-macros.c prev __pixel defn (test for warnings, line 27)
FAIL: gcc.target/powerpc/altivec-macros.c prev __bool defn (test for warnings, line 30)
FAIL: gcc.target/powerpc/altivec-macros.c prev vector defn (test for warnings, line 33)
FAIL: gcc.target/powerpc/altivec-macros.c prev pixel defn (test for warnings, line 36)
FAIL: gcc.target/powerpc/altivec-macros.c prev bool defn (test for warnings, line 39)
FAIL: gcc.target/powerpc/altivec-macros.c (test for excess errors)
FAIL: gcc.target/powerpc/darwin-longlong.c (test for excess errors)

		=== gcc Summary ===

# of expected passes		48799
# of unexpected failures	26
# of unexpected successes	1
# of expected failures		123
# of unresolved testcases	1
# of unsupported tests		623
/tmp/edmar/build_cde/job_29/obj_gcc/gcc/xgcc  version 4.4.0 20081207 (experimental) (GCC) 

Host   is x86_64-unknown-linux-gnu

		=== gfortran tests ===


Running target REG_geriatrix
WARNING: program timed out.
FAIL: gfortran.dg/actual_array_constructor_3.f90  -O0  execution test
WARNING: program timed out.
FAIL: gfortran.dg/actual_array_constructor_3.f90  -O1  execution test
WARNING: program timed out.
FAIL: gfortran.dg/actual_array_constructor_3.f90  -O2  execution test
WARNING: program timed out.
FAIL: gfortran.dg/actual_array_constructor_3.f90  -O3 -fomit-frame-pointer  execution test
WARNING: program timed out.
FAIL: gfortran.dg/actual_array_constructor_3.f90  -O3 -fomit-frame-pointer -funroll-loops  execution test
WARNING: program timed out.
FAIL: gfortran.dg/actual_array_constructor_3.f90  -O3 -fomit-frame-pointer -funroll-all-loops -finline-functions  execution test
WARNING: program timed out.
FAIL: gfortran.dg/actual_array_constructor_3.f90  -O3 -g  execution test
WARNING: program timed out.
FAIL: gfortran.dg/actual_array_constructor_3.f90  -Os  execution test
WARNING: program timed out.
FAIL: gfortran.dg/bounds_check_1.f90  -Os  execution test
WARNING: program timed out.
FAIL: gfortran.dg/bounds_check_10.f90  -O0  output pattern test, is /_TOOLS_/dist/gnu_toolchain/build_support-x86_64-unknown-linux-gnu/sshp/ssh_filter_w_bridge.sh to REG_geriatrix failed for /tmp/bounds_check_10.exe.25764, , should match Different CHARACTER lengths .1/2. in array constructor
WARNING: program timed out.
FAIL: gfortran.dg/bounds_check_10.f90  -O1  output pattern test, is /_TOOLS_/dist/gnu_toolchain/build_support-x86_64-unknown-linux-gnu/sshp/ssh_filter_w_bridge.sh to REG_geriatrix failed for /tmp/bounds_check_10.exe.25764, , should match Different CHARACTER lengths .1/2. in array constructor
WARNING: program timed out.
FAIL: gfortran.dg/bounds_check_10.f90  -O2  output pattern test, is /_TOOLS_/dist/gnu_toolchain/build_support-x86_64-unknown-linux-gnu/sshp/ssh_filter_w_bridge.sh to REG_geriatrix failed for /tmp/bounds_check_10.exe.25764, , should match Different CHARACTER lengths .1/2. in array constructor
WARNING: program timed out.
FAIL: gfortran.dg/bounds_check_10.f90  -O3 -fomit-frame-pointer -funroll-loops  output pattern test, is /_TOOLS_/dist/gnu_toolchain/build_support-x86_64-unknown-linux-gnu/sshp/ssh_filter_w_bridge.sh to REG_geriatrix failed for /tmp/bounds_check_10.exe.25764, , should match Different CHARACTER lengths .1/2. in array constructor
WARNING: program timed out.
FAIL: gfortran.dg/bounds_check_10.f90  -O3 -fomit-frame-pointer -funroll-all-loops -finline-functions  output pattern test, is /_TOOLS_/dist/gnu_toolchain/build_support-x86_64-unknown-linux-gnu/sshp/ssh_filter_w_bridge.sh to REG_geriatrix failed for /tmp/bounds_check_10.exe.25764, , should match Different CHARACTER lengths .1/2. in array constructor
WARNING: program timed out.
FAIL: gfortran.dg/bounds_check_10.f90  -O3 -g  output pattern test, is /_TOOLS_/dist/gnu_toolchain/build_support-x86_64-unknown-linux-gnu/sshp/ssh_filter_w_bridge.sh to REG_geriatrix failed for /tmp/bounds_check_10.exe.25764, , should match Different CHARACTER lengths .1/2. in array constructor
WARNING: program timed out.
FAIL: gfortran.dg/bounds_check_2.f  -Os  execution test
WARNING: program timed out.
FAIL: gfortran.dg/bounds_check_5.f90  -O0  execution test
WARNING: program timed out.
FAIL: gfortran.dg/default_format_1.f90  -O0  execution test
WARNING: program timed out.
FAIL: gfortran.dg/default_format_1.f90  -O1  execution test
WARNING: program timed out.
FAIL: gfortran.dg/default_format_1.f90  -O2  execution test
WARNING: program timed out.
FAIL: gfortran.dg/default_format_1.f90  -O3 -fomit-frame-pointer  execution test
WARNING: program timed out.
FAIL: gfortran.dg/default_format_1.f90  -O3 -fomit-frame-pointer -funroll-loops  execution test
WARNING: program timed out.
FAIL: gfortran.dg/default_format_1.f90  -O3 -fomit-frame-pointer -funroll-all-loops -finline-functions  execution test
WARNING: program timed out.
FAIL: gfortran.dg/default_format_1.f90  -O3 -g  execution test
WARNING: program timed out.
FAIL: gfortran.dg/default_format_1.f90  -Os  execution test
WARNING: program timed out.
WARNING: program timed out.
WARNING: program timed out.
WARNING: program timed out.
WARNING: program timed out.
WARNING: program timed out.
WARNING: program timed out.
WARNING: program timed out.
WARNING: program timed out.
FAIL: gfortran.dg/default_format_denormal_1.f90  -O0  execution test
WARNING: program timed out.
FAIL: gfortran.dg/default_format_denormal_1.f90  -O1  execution test
FAIL: gfortran.dg/fmt_float.f90  -O0  output pattern test, is             0.10E+01            0.10E+00            0.10E-01
FAIL: gfortran.dg/fmt_float.f90  -O1  output pattern test, is             0.10E+01            0.10E+00            0.10E-01
FAIL: gfortran.dg/fmt_float.f90  -O2  output pattern test, is             0.10E+01            0.10E+00            0.10E-01
FAIL: gfortran.dg/fmt_float.f90  -O3 -fomit-frame-pointer  output pattern test, is             0.10E+01            0.10E+00            0.10E-01
FAIL: gfortran.dg/fmt_float.f90  -O3 -fomit-frame-pointer -funroll-loops  output pattern test, is             0.10E+01            0.10E+00            0.10E-01
FAIL: gfortran.dg/fmt_float.f90  -O3 -fomit-frame-pointer -funroll-all-loops -finline-functions  output pattern test, is             0.10E+01            0.10E+00            0.10E-01
FAIL: gfortran.dg/fmt_float.f90  -O3 -g  output pattern test, is             0.10E+01            0.10E+00            0.10E-01
FAIL: gfortran.dg/fmt_float.f90  -Os  output pattern test, is             0.10E+01            0.10E+00            0.10E-01
FAIL: gfortran.dg/fmt_l.f90  -O0  output pattern test, is At line 14 of file /tmp/edmar/build_cde/job_29/gcc/gcc/testsuite/gfortran.dg/fmt_l.f90
FAIL: gfortran.dg/fmt_l.f90  -O1  output pattern test, is At line 14 of file /tmp/edmar/build_cde/job_29/gcc/gcc/testsuite/gfortran.dg/fmt_l.f90
FAIL: gfortran.dg/fmt_l.f90  -O2  output pattern test, is At line 14 of file /tmp/edmar/build_cde/job_29/gcc/gcc/testsuite/gfortran.dg/fmt_l.f90
FAIL: gfortran.dg/fmt_l.f90  -O3 -fomit-frame-pointer  output pattern test, is At line 14 of file /tmp/edmar/build_cde/job_29/gcc/gcc/testsuite/gfortran.dg/fmt_l.f90
FAIL: gfortran.dg/fmt_l.f90  -O3 -fomit-frame-pointer -funroll-loops  output pattern test, is At line 14 of file /tmp/edmar/build_cde/job_29/gcc/gcc/testsuite/gfortran.dg/fmt_l.f90
FAIL: gfortran.dg/fmt_l.f90  -O3 -fomit-frame-pointer -funroll-all-loops -finline-functions  output pattern test, is At line 14 of file /tmp/edmar/build_cde/job_29/gcc/gcc/testsuite/gfortran.dg/fmt_l.f90
FAIL: gfortran.dg/fmt_l.f90  -O3 -g  output pattern test, is At line 14 of file /tmp/edmar/build_cde/job_29/gcc/gcc/testsuite/gfortran.dg/fmt_l.f90
FAIL: gfortran.dg/fmt_l.f90  -Os  output pattern test, is At line 14 of file /tmp/edmar/build_cde/job_29/gcc/gcc/testsuite/gfortran.dg/fmt_l.f90
FAIL: gfortran.dg/fmt_zero_precision.f90  -O0  output pattern test, is  1.<
FAIL: gfortran.dg/fmt_zero_precision.f90  -O1  output pattern test, is  1.<
FAIL: gfortran.dg/fmt_zero_precision.f90  -O2  output pattern test, is  1.<
FAIL: gfortran.dg/fmt_zero_precision.f90  -O3 -fomit-frame-pointer  output pattern test, is  1.<
FAIL: gfortran.dg/fmt_zero_precision.f90  -O3 -fomit-frame-pointer -funroll-loops  output pattern test, is  1.<
FAIL: gfortran.dg/fmt_zero_precision.f90  -O3 -fomit-frame-pointer -funroll-all-loops -finline-functions  output pattern test, is  1.<
FAIL: gfortran.dg/fmt_zero_precision.f90  -O3 -g  output pattern test, is  1.<
FAIL: gfortran.dg/fmt_zero_precision.f90  -Os  output pattern test, is  1.<
WARNING: program timed out.
FAIL: gfortran.dg/int_1.f90  -O0  execution test
WARNING: program timed out.
FAIL: gfortran.dg/intrinsic_std_4.f90  -O3 -g  execution test
FAIL: gfortran.dg/itime_idate_1.f  -O0  execution test
FAIL: gfortran.dg/itime_idate_1.f  -O1  execution test
FAIL: gfortran.dg/itime_idate_1.f  -O2  execution test
FAIL: gfortran.dg/itime_idate_1.f  -O3 -fomit-frame-pointer  execution test
FAIL: gfortran.dg/itime_idate_1.f  -O3 -fomit-frame-pointer -funroll-loops  execution test
FAIL: gfortran.dg/itime_idate_1.f  -O3 -fomit-frame-pointer -funroll-all-loops -finline-functions  execution test
FAIL: gfortran.dg/itime_idate_1.f  -O3 -g  execution test
FAIL: gfortran.dg/itime_idate_1.f  -Os  execution test
FAIL: gfortran.dg/itime_idate_2.f  -O0  execution test
FAIL: gfortran.dg/itime_idate_2.f  -O1  execution test
FAIL: gfortran.dg/itime_idate_2.f  -O2  execution test
FAIL: gfortran.dg/itime_idate_2.f  -O3 -fomit-frame-pointer  execution test
FAIL: gfortran.dg/itime_idate_2.f  -O3 -fomit-frame-pointer -funroll-loops  execution test
FAIL: gfortran.dg/itime_idate_2.f  -O3 -fomit-frame-pointer -funroll-all-loops -finline-functions  execution test
FAIL: gfortran.dg/itime_idate_2.f  -O3 -g  execution test
FAIL: gfortran.dg/itime_idate_2.f  -Os  execution test
WARNING: program timed out.
WARNING: program timed out.
FAIL: gfortran.dg/matmul_6.f90  -O0  execution test
WARNING: program timed out.
FAIL: gfortran.dg/matmul_6.f90  -O1  execution test
WARNING: program timed out.
FAIL: gfortran.dg/matmul_6.f90  -O2  execution test
WARNING: program timed out.
FAIL: gfortran.dg/matmul_6.f90  -O3 -fomit-frame-pointer  execution test
WARNING: program timed out.
FAIL: gfortran.dg/matmul_6.f90  -O3 -fomit-frame-pointer -funroll-loops  execution test
WARNING: program timed out.
FAIL: gfortran.dg/matmul_6.f90  -O3 -fomit-frame-pointer -funroll-all-loops -finline-functions  execution test
WARNING: program timed out.
FAIL: gfortran.dg/matmul_6.f90  -O3 -g  execution test
WARNING: program timed out.
FAIL: gfortran.dg/matmul_6.f90  -Os  execution test
FAIL: gfortran.dg/namelist_40.f90  -O0  output pattern test, is Multiple sub-objects with non-zero rank in namelist object x
FAIL: gfortran.dg/namelist_40.f90  -O1  output pattern test, is Multiple sub-objects with non-zero rank in namelist object x
FAIL: gfortran.dg/namelist_40.f90  -O2  output pattern test, is Multiple sub-objects with non-zero rank in namelist object x
FAIL: gfortran.dg/namelist_40.f90  -O3 -fomit-frame-pointer  output pattern test, is Multiple sub-objects with non-zero rank in namelist object x
FAIL: gfortran.dg/namelist_40.f90  -O3 -fomit-frame-pointer -funroll-loops  output pattern test, is Multiple sub-objects with non-zero rank in namelist object x
FAIL: gfortran.dg/namelist_40.f90  -O3 -fomit-frame-pointer -funroll-all-loops -finline-functions  output pattern test, is Multiple sub-objects with non-zero rank in namelist object x
FAIL: gfortran.dg/namelist_40.f90  -O3 -g  output pattern test, is Multiple sub-objects with non-zero rank in namelist object x
FAIL: gfortran.dg/namelist_40.f90  -Os  output pattern test, is Multiple sub-objects with non-zero rank in namelist object x
FAIL: gfortran.dg/namelist_47.f90  -O0  output pattern test, is Multiple sub-objects with non-zero rank in namelist object x
FAIL: gfortran.dg/namelist_47.f90  -O1  output pattern test, is Multiple sub-objects with non-zero rank in namelist object x
FAIL: gfortran.dg/namelist_47.f90  -O2  output pattern test, is Multiple sub-objects with non-zero rank in namelist object x
FAIL: gfortran.dg/namelist_47.f90  -O3 -fomit-frame-pointer  output pattern test, is Multiple sub-objects with non-zero rank in namelist object x
FAIL: gfortran.dg/namelist_47.f90  -O3 -fomit-frame-pointer -funroll-loops  output pattern test, is Multiple sub-objects with non-zero rank in namelist object x
FAIL: gfortran.dg/namelist_47.f90  -O3 -fomit-frame-pointer -funroll-all-loops -finline-functions  output pattern test, is Multiple sub-objects with non-zero rank in namelist object x
FAIL: gfortran.dg/namelist_47.f90  -O3 -g  output pattern test, is Multiple sub-objects with non-zero rank in namelist object x
FAIL: gfortran.dg/namelist_47.f90  -Os  output pattern test, is Multiple sub-objects with non-zero rank in namelist object x
FAIL: gfortran.dg/namelist_print_1.f  -O0  output pattern test, is &MYNML
FAIL: gfortran.dg/namelist_print_1.f  -O1  output pattern test, is &MYNML
FAIL: gfortran.dg/namelist_print_1.f  -O2  output pattern test, is &MYNML
FAIL: gfortran.dg/namelist_print_1.f  -O3 -fomit-frame-pointer  output pattern test, is &MYNML
FAIL: gfortran.dg/namelist_print_1.f  -O3 -fomit-frame-pointer -funroll-loops  output pattern test, is &MYNML
FAIL: gfortran.dg/namelist_print_1.f  -O3 -fomit-frame-pointer -funroll-all-loops -finline-functions  output pattern test, is &MYNML
FAIL: gfortran.dg/namelist_print_1.f  -O3 -g  output pattern test, is &MYNML
FAIL: gfortran.dg/namelist_print_1.f  -Os  output pattern test, is &MYNML
XPASS: gfortran.dg/nint_2.f90  -O0  execution test
FAIL: gfortran.dg/parameter_array_dummy.f90  -O0  output pattern test, is            1 aa
FAIL: gfortran.dg/parameter_array_dummy.f90  -O1  output pattern test, is            1 aa
FAIL: gfortran.dg/parameter_array_dummy.f90  -O2  output pattern test, is            1 aa
FAIL: gfortran.dg/parameter_array_dummy.f90  -O3 -fomit-frame-pointer  output pattern test, is            1 aa
FAIL: gfortran.dg/parameter_array_dummy.f90  -O3 -fomit-frame-pointer -funroll-loops  output pattern test, is            1 aa
FAIL: gfortran.dg/parameter_array_dummy.f90  -O3 -fomit-frame-pointer -funroll-all-loops -finline-functions  output pattern test, is            1 aa
FAIL: gfortran.dg/parameter_array_dummy.f90  -O3 -g  output pattern test, is            1 aa
FAIL: gfortran.dg/parameter_array_dummy.f90  -Os  output pattern test, is            1 aa
WARNING: program timed out.
FAIL: gfortran.dg/pr20257.f90  -O0  execution test
WARNING: program timed out.
FAIL: gfortran.dg/pr20257.f90  -O1  execution test
WARNING: program timed out.
FAIL: gfortran.dg/pr20257.f90  -O2  execution test
WARNING: program timed out.
FAIL: gfortran.dg/pr20257.f90  -O3 -fomit-frame-pointer  execution test
WARNING: program timed out.
FAIL: gfortran.dg/pr20257.f90  -O3 -fomit-frame-pointer -funroll-loops  execution test
WARNING: program timed out.
FAIL: gfortran.dg/pr20257.f90  -O3 -fomit-frame-pointer -funroll-all-loops -finline-functions  execution test
WARNING: program timed out.
FAIL: gfortran.dg/pr20257.f90  -O3 -g  execution test
WARNING: program timed out.
FAIL: gfortran.dg/pr20257.f90  -Os  execution test
WARNING: program timed out.
FAIL: gfortran.dg/pr20480.f90  -O0  execution test
WARNING: program timed out.
FAIL: gfortran.dg/proc_ptr_10.f90  -O2  execution test
WARNING: program timed out.
FAIL: gfortran.dg/secnds.f  -O0  execution test
WARNING: program timed out.
FAIL: gfortran.dg/secnds.f  -O1  execution test
WARNING: program timed out.
FAIL: gfortran.dg/secnds.f  -O2  execution test
WARNING: program timed out.
FAIL: gfortran.dg/secnds.f  -O3 -fomit-frame-pointer  execution test
WARNING: program timed out.
FAIL: gfortran.dg/secnds.f  -O3 -fomit-frame-pointer -funroll-loops  execution test
WARNING: program timed out.
FAIL: gfortran.dg/secnds.f  -O3 -fomit-frame-pointer -funroll-all-loops -finline-functions  execution test
WARNING: program timed out.
FAIL: gfortran.dg/secnds.f  -O3 -g  execution test
WARNING: program timed out.
FAIL: gfortran.dg/secnds.f  -Os  execution test
WARNING: program timed out.
FAIL: gfortran.dg/select_1.f90  -O0  execution test
WARNING: program timed out.
FAIL: gfortran.dg/select_1.f90  -O1  execution test
WARNING: program timed out.
FAIL: gfortran.dg/select_1.f90  -O2  execution test
WARNING: program timed out.
FAIL: gfortran.dg/select_1.f90  -O3 -fomit-frame-pointer  execution test
WARNING: program timed out.
FAIL: gfortran.dg/select_1.f90  -O3 -fomit-frame-pointer -funroll-loops  execution test
WARNING: program timed out.
FAIL: gfortran.dg/select_1.f90  -O3 -fomit-frame-pointer -funroll-all-loops -finline-functions  execution test
WARNING: program timed out.
FAIL: gfortran.dg/select_1.f90  -O3 -g  execution test
WARNING: program timed out.
FAIL: gfortran.dg/select_1.f90  -Os  execution test
WARNING: program timed out.
FAIL: gfortran.dg/streamio_4.f90  -O0  execution test
WARNING: program timed out.
FAIL: gfortran.dg/streamio_4.f90  -O1  execution test
WARNING: program timed out.
FAIL: gfortran.dg/streamio_4.f90  -O2  execution test
WARNING: program timed out.
FAIL: gfortran.dg/streamio_4.f90  -O3 -fomit-frame-pointer  execution test
WARNING: program timed out.
FAIL: gfortran.dg/streamio_4.f90  -O3 -fomit-frame-pointer -funroll-loops  execution test
WARNING: program timed out.
FAIL: gfortran.dg/streamio_4.f90  -O3 -fomit-frame-pointer -funroll-all-loops -finline-functions  execution test
WARNING: program timed out.
FAIL: gfortran.dg/streamio_4.f90  -O3 -g  execution test
WARNING: program timed out.
FAIL: gfortran.dg/streamio_4.f90  -Os  execution test
WARNING: program timed out.
FAIL: gfortran.dg/streamio_5.f90  -O0  execution test
WARNING: program timed out.
FAIL: gfortran.dg/streamio_5.f90  -O1  execution test
WARNING: program timed out.
FAIL: gfortran.dg/streamio_5.f90  -O2  execution test
WARNING: program timed out.
FAIL: gfortran.dg/streamio_5.f90  -O3 -fomit-frame-pointer  execution test
WARNING: program timed out.
FAIL: gfortran.dg/streamio_5.f90  -O3 -fomit-frame-pointer -funroll-loops  execution test
WARNING: program timed out.
FAIL: gfortran.dg/streamio_5.f90  -O3 -fomit-frame-pointer -funroll-all-loops -finline-functions  execution test
WARNING: program timed out.
FAIL: gfortran.dg/streamio_5.f90  -O3 -g  execution test
WARNING: program timed out.
FAIL: gfortran.dg/streamio_5.f90  -Os  execution test
WARNING: program timed out.
FAIL: gfortran.dg/transpose_reshape_r10.f90  -O1  execution test
WARNING: program timed out.
FAIL: gfortran.dg/widechar_2.f90  -O3 -fomit-frame-pointer  execution test
WARNING: program timed out.
FAIL: gfortran.dg/widechar_5.f90  -O3 -fomit-frame-pointer -funroll-all-loops -finline-functions  execution test
WARNING: program timed out.
FAIL: gfortran.dg/g77/20010430.f  -O0  execution test
FAIL: gfortran.dg/g77/f77-edit-apostrophe-out.f  -O0  output pattern test, is abcde
FAIL: gfortran.dg/g77/f77-edit-apostrophe-out.f  -O1  output pattern test, is abcde
FAIL: gfortran.dg/g77/f77-edit-apostrophe-out.f  -O2  output pattern test, is abcde
FAIL: gfortran.dg/g77/f77-edit-apostrophe-out.f  -O3 -fomit-frame-pointer  output pattern test, is abcde
FAIL: gfortran.dg/g77/f77-edit-apostrophe-out.f  -O3 -fomit-frame-pointer -funroll-loops  output pattern test, is abcde
FAIL: gfortran.dg/g77/f77-edit-apostrophe-out.f  -O3 -fomit-frame-pointer -funroll-all-loops -finline-functions  output pattern test, is abcde
FAIL: gfortran.dg/g77/f77-edit-apostrophe-out.f  -O3 -g  output pattern test, is abcde
FAIL: gfortran.dg/g77/f77-edit-apostrophe-out.f  -Os  output pattern test, is abcde
FAIL: gfortran.dg/g77/f77-edit-colon-out.f  -O0  output pattern test, is 123
FAIL: gfortran.dg/g77/f77-edit-colon-out.f  -O1  output pattern test, is 123
FAIL: gfortran.dg/g77/f77-edit-colon-out.f  -O2  output pattern test, is 123
FAIL: gfortran.dg/g77/f77-edit-colon-out.f  -O3 -fomit-frame-pointer  output pattern test, is 123
FAIL: gfortran.dg/g77/f77-edit-colon-out.f  -O3 -fomit-frame-pointer -funroll-loops  output pattern test, is 123
FAIL: gfortran.dg/g77/f77-edit-colon-out.f  -O3 -fomit-frame-pointer -funroll-all-loops -finline-functions  output pattern test, is 123
FAIL: gfortran.dg/g77/f77-edit-colon-out.f  -O3 -g  output pattern test, is 123
FAIL: gfortran.dg/g77/f77-edit-colon-out.f  -Os  output pattern test, is 123
FAIL: gfortran.dg/g77/f77-edit-h-out.f  -O0  output pattern test, is 1
FAIL: gfortran.dg/g77/f77-edit-h-out.f  -O1  output pattern test, is 1
FAIL: gfortran.dg/g77/f77-edit-h-out.f  -O2  output pattern test, is 1
FAIL: gfortran.dg/g77/f77-edit-h-out.f  -O3 -fomit-frame-pointer  output pattern test, is 1
FAIL: gfortran.dg/g77/f77-edit-h-out.f  -O3 -fomit-frame-pointer -funroll-loops  output pattern test, is 1
FAIL: gfortran.dg/g77/f77-edit-h-out.f  -O3 -fomit-frame-pointer -funroll-all-loops -finline-functions  output pattern test, is 1
FAIL: gfortran.dg/g77/f77-edit-h-out.f  -O3 -g  output pattern test, is 1
FAIL: gfortran.dg/g77/f77-edit-h-out.f  -Os  output pattern test, is 1
FAIL: gfortran.dg/g77/f77-edit-i-out.f  -O0  output pattern test, is 1
FAIL: gfortran.dg/g77/f77-edit-i-out.f  -O1  output pattern test, is 1
FAIL: gfortran.dg/g77/f77-edit-i-out.f  -O2  output pattern test, is 1
FAIL: gfortran.dg/g77/f77-edit-i-out.f  -O3 -fomit-frame-pointer  output pattern test, is 1
FAIL: gfortran.dg/g77/f77-edit-i-out.f  -O3 -fomit-frame-pointer -funroll-loops  output pattern test, is 1
FAIL: gfortran.dg/g77/f77-edit-i-out.f  -O3 -fomit-frame-pointer -funroll-all-loops -finline-functions  output pattern test, is 1
FAIL: gfortran.dg/g77/f77-edit-i-out.f  -O3 -g  output pattern test, is 1
FAIL: gfortran.dg/g77/f77-edit-i-out.f  -Os  output pattern test, is 1
FAIL: gfortran.dg/g77/f77-edit-s-out.f  -O0  output pattern test, is +10  20
FAIL: gfortran.dg/g77/f77-edit-s-out.f  -O1  output pattern test, is +10  20
FAIL: gfortran.dg/g77/f77-edit-s-out.f  -O2  output pattern test, is +10  20
FAIL: gfortran.dg/g77/f77-edit-s-out.f  -O3 -fomit-frame-pointer  output pattern test, is +10  20
FAIL: gfortran.dg/g77/f77-edit-s-out.f  -O3 -fomit-frame-pointer -funroll-loops  output pattern test, is +10  20
FAIL: gfortran.dg/g77/f77-edit-s-out.f  -O3 -fomit-frame-pointer -funroll-all-loops -finline-functions  output pattern test, is +10  20
FAIL: gfortran.dg/g77/f77-edit-s-out.f  -O3 -g  output pattern test, is +10  20
FAIL: gfortran.dg/g77/f77-edit-s-out.f  -Os  output pattern test, is +10  20
FAIL: gfortran.dg/g77/f77-edit-slash-out.f  -O0  output pattern test, is 123
FAIL: gfortran.dg/g77/f77-edit-slash-out.f  -O1  output pattern test, is 123
FAIL: gfortran.dg/g77/f77-edit-slash-out.f  -O2  output pattern test, is 123
FAIL: gfortran.dg/g77/f77-edit-slash-out.f  -O3 -fomit-frame-pointer  output pattern test, is 123
FAIL: gfortran.dg/g77/f77-edit-slash-out.f  -O3 -fomit-frame-pointer -funroll-loops  output pattern test, is 123
FAIL: gfortran.dg/g77/f77-edit-slash-out.f  -O3 -fomit-frame-pointer -funroll-all-loops -finline-functions  output pattern test, is 123
FAIL: gfortran.dg/g77/f77-edit-slash-out.f  -O3 -g  output pattern test, is 123
FAIL: gfortran.dg/g77/f77-edit-slash-out.f  -Os  output pattern test, is 123
FAIL: gfortran.dg/g77/f77-edit-t-out.f  -O0  output pattern test, is 1234   8
FAIL: gfortran.dg/g77/f77-edit-t-out.f  -O1  output pattern test, is 1234   8
FAIL: gfortran.dg/g77/f77-edit-t-out.f  -O2  output pattern test, is 1234   8
FAIL: gfortran.dg/g77/f77-edit-t-out.f  -O3 -fomit-frame-pointer  output pattern test, is 1234   8
FAIL: gfortran.dg/g77/f77-edit-t-out.f  -O3 -fomit-frame-pointer -funroll-loops  output pattern test, is 1234   8
FAIL: gfortran.dg/g77/f77-edit-t-out.f  -O3 -fomit-frame-pointer -funroll-all-loops -finline-functions  output pattern test, is 1234   8
FAIL: gfortran.dg/g77/f77-edit-t-out.f  -O3 -g  output pattern test, is 1234   8
FAIL: gfortran.dg/g77/f77-edit-t-out.f  -Os  output pattern test, is 1234   8
FAIL: gfortran.dg/g77/f77-edit-x-out.f  -O0  output pattern test, is 1 2  3
FAIL: gfortran.dg/g77/f77-edit-x-out.f  -O1  output pattern test, is 1 2  3
FAIL: gfortran.dg/g77/f77-edit-x-out.f  -O2  output pattern test, is 1 2  3
FAIL: gfortran.dg/g77/f77-edit-x-out.f  -O3 -fomit-frame-pointer  output pattern test, is 1 2  3
FAIL: gfortran.dg/g77/f77-edit-x-out.f  -O3 -fomit-frame-pointer -funroll-loops  output pattern test, is 1 2  3
FAIL: gfortran.dg/g77/f77-edit-x-out.f  -O3 -fomit-frame-pointer -funroll-all-loops -finline-functions  output pattern test, is 1 2  3
FAIL: gfortran.dg/g77/f77-edit-x-out.f  -O3 -g  output pattern test, is 1 2  3
FAIL: gfortran.dg/g77/f77-edit-x-out.f  -Os  output pattern test, is 1 2  3
WARNING: program timed out.
FAIL: gfortran.fortran-torture/execute/stack_varsize.f90 execution,  -O0 
WARNING: program timed out.
FAIL: gfortran.fortran-torture/execute/where_2.f90 execution,  -O2 
WARNING: program timed out.
FAIL: gfortran.fortran-torture/execute/where_2.f90 execution,  -O2 -fbounds-check 

		=== gfortran Summary ===

# of expected passes		27998
# of unexpected failures	222
# of unexpected successes	1
# of expected failures		34
# of unsupported tests		120
/tmp/edmar/build_cde/job_29/obj_gcc/gcc/testsuite/gfortran/../../gfortran  version 4.4.0 20081207 (experimental) (GCC) 


Compiler version: 4.4.0 20081207 (experimental) (GCC) 
Platform: powerpc-unknown-linux-gnu
configure flags: --target=powerpc-unknown-linux-gnu --prefix=/_TOOLS_/dist/local-/ppc-/regression-gcc-trunk-e300c2/i686-pc-linux2.4 --with-sysroot=/_TOOLS_/dist/local-/ppc-/regression-gcc-trunk-e300c2/i686-pc-linux2.4/sysroot --disable-libssp --disable-libmudflap --enable-languages=c,c++ --with-gmp=/_TOOLS_/dist/gnu_toolchain/build_support-x86_64-unknown-linux-gnu/install_gmp-4.1.4 --with-mpfr=/_TOOLS_/dist/gnu_toolchain/build_support-x86_64-unknown-linux-gnu/install_mpfr-2.3.0 --with-cpu=e300c2 --disable-decimal-float --enable-languages=c,c++,fortran



More information about the Gcc-testresults mailing list