Results for 4.3.3 20081207 (prerelease) [gcc-4_3-branch revision 142538] (GCC) testsuite on hppa2.0w-hp-hpux11.11

John David Anglin dave@hiauly3.hia.nrc.ca
Mon Dec 8 23:32:00 GMT 2008


LAST_UPDATED: Sun Dec  7 20:33:53 UTC 2008 (revision 142538)

		=== acats tests ===
FAIL:	c954a01
FAIL:	cxf3a01

		=== acats Summary ===
# of expected passes		2313
# of unexpected failures	2
Native configuration is hppa2.0w-hp-hpux11.11

		=== g++ tests ===


Running target unix
XPASS: g++.old-deja/g++.pt/static6.C (test for excess errors)

		=== g++ Summary ===

# of expected passes		16518
# of unexpected successes	1
# of expected failures		84
# of unsupported tests		226
/mnt/gnu/gcc/objdir/gcc/testsuite/g++/../../g++  version 4.3.3 20081207 (prerelease) [gcc-4_3-branch revision 142538] (GCC) 

		=== gcc tests ===


Running target unix
XPASS: gcc.dg/cpp/cmdlne-dI-M.c scan-file (^|\\\\n)cmdlne-dI-M.*:[^\\\\n]*cmdlne-dI-M.c
XPASS: gcc.dg/cpp/cmdlne-dM-M.c scan-file (^|\\\\n)cmdlne-dM-M[^\\\\n]*:[^\\\\n]*cmdlne-dM-M.c

		=== gcc Summary ===

# of expected passes		45227
# of unexpected successes	2
# of expected failures		91
# of untested testcases		35
# of unsupported tests		471
/mnt/gnu/gcc/objdir/gcc/xgcc  version 4.3.3 20081207 (prerelease) [gcc-4_3-branch revision 142538] (GCC) 

		=== gfortran tests ===


Running target unix
FAIL: gfortran.dg/nint_2.f90  -O0  execution test

		=== gfortran Summary ===

# of expected passes		24325
# of unexpected failures	1
# of expected failures		3
# of unsupported tests		162
/mnt/gnu/gcc/objdir/gcc/testsuite/gfortran/../../gfortran  version 4.3.3 20081207 (prerelease) [gcc-4_3-branch revision 142538] (GCC) 

		=== gnat tests ===


Running target unix

		=== gnat Summary ===

# of expected passes		375
# of expected failures		1
		=== obj-c++ tests ===


Running target unix
WARNING: obj-c++.dg/lookup-2.mm compilation failed to produce executable
WARNING: obj-c++.dg/try-catch-2.mm compilation failed to produce executable
WARNING: obj-c++.dg/try-catch-9.mm compilation failed to produce executable

		=== obj-c++ Summary ===

# of expected passes		435
# of expected failures		9
# of unsupported tests		14
/mnt/gnu/gcc/objdir/gcc/testsuite/obj-c++/../../g++  version 4.3.3 20081207 (prerelease) [gcc-4_3-branch revision 142538] (GCC) 

		=== objc tests ===


Running target unix

		=== objc Summary ===

# of expected passes		1806
# of expected failures		7
# of unsupported tests		27
/mnt/gnu/gcc/objdir/gcc/xgcc  version 4.3.3 20081207 (prerelease) [gcc-4_3-branch revision 142538] (GCC) 

		=== libffi tests ===


Running target unix

		=== libffi Summary ===

# of expected passes		1389
# of unsupported tests		10
		=== libgomp tests ===


Running target unix
FAIL: libgomp.c++/ctor-8.C  -O1  execution test

		=== libgomp Summary ===

# of expected passes		1748
# of unexpected failures	1
# of unsupported tests		7
		=== libjava tests ===


Running target unix
FAIL: getallthreads run
FAIL: LargeFile execution - source compiled test
FAIL: LargeFile -findirect-dispatch execution - source compiled test
FAIL: LargeFile -O3 execution - source compiled test
FAIL: LargeFile -O3 -findirect-dispatch execution - source compiled test
FAIL: PR27908 -findirect-dispatch execution - source compiled test
FAIL: PR27908 -O3 -findirect-dispatch execution - source compiled test
FAIL: Thread_Monitor execution - source compiled test
FAIL: Thread_Monitor -O3 -findirect-dispatch execution - source compiled test
FAIL: Thread_Wait_2 execution - source compiled test
FAIL: Thread_Wait_2 -findirect-dispatch execution - source compiled test
FAIL: Thread_Wait_Interrupt execution - source compiled test

		=== libjava Summary ===

# of expected passes		2539
# of unexpected failures	12
# of untested testcases		12
		=== libstdc++ tests ===


Running target unix

		=== libstdc++ Summary ===

# of expected passes		4897
# of expected failures		59
# of unsupported tests		345

Compiler version: 4.3.3 20081207 (prerelease) [gcc-4_3-branch revision 142538] (GCC) 
Platform: hppa2.0w-hp-hpux11.11
configure flags: --with-gnu-as --with-as=/opt/gnu/bin/as --enable-shared --with-local-prefix=/opt/gnu --prefix=/opt/gnu/gcc/gcc-4.3.3 --with-gmp=/opt/gnu/gcc/gcc-4.3.3 --enable-threads=posix --enable-debug=no --disable-nls --enable-languages=c,c++,objc,fortran,java,ada,obj-c++



More information about the Gcc-testresults mailing list