Results for 4.4.0 20081207 (experimental) [trunk revision 142539] (GCC) testsuite on hppa64-hp-hpux11.11

John David Anglin dave@hiauly3.hia.nrc.ca
Mon Dec 8 23:24:00 GMT 2008


LAST_UPDATED: Sun Dec  7 20:52:10 UTC 2008 (revision 142539)

Native configuration is hppa64-hp-hpux11.11

		=== g++ tests ===


Running target unix

		=== g++ Summary ===

# of expected passes		17707
# of expected failures		137
# of unsupported tests		197
/test/gnu/gcc/objdir/gcc/testsuite/g++/../../g++  version 4.4.0 20081207 (experimental) [trunk revision 142539] (GCC) 

		=== gcc tests ===


Running target unix
WARNING: program timed out.
FAIL: gcc.dg/20020425-1.c (test for excess errors)
XPASS: gcc.dg/funcorder.c scan-assembler-not link_error,%r
FAIL: gcc.dg/pr35729.c scan-rtl-dump-times loop2_invariant "Decided to move invariant" 0
FAIL: gcc.dg/pch/valid-1b.c -O0 -g -I. (test for excess errors)
FAIL: gcc.dg/pch/valid-1b.c -O0 -g assembly comparison
FAIL: gcc.dg/pch/valid-1b.c  -O0  -I. (test for excess errors)
FAIL: gcc.dg/pch/valid-1b.c  -O0  assembly comparison
FAIL: gcc.dg/pch/valid-1b.c  -O1  -I. (test for excess errors)
FAIL: gcc.dg/pch/valid-1b.c  -O1  assembly comparison
FAIL: gcc.dg/pch/valid-1b.c  -O2  -I. (test for excess errors)
FAIL: gcc.dg/pch/valid-1b.c  -O2  assembly comparison
FAIL: gcc.dg/pch/valid-1b.c  -O3 -fomit-frame-pointer  -I. (test for excess errors)
FAIL: gcc.dg/pch/valid-1b.c  -O3 -fomit-frame-pointer  assembly comparison
FAIL: gcc.dg/pch/valid-1b.c  -O3 -g  -I. (test for excess errors)
FAIL: gcc.dg/pch/valid-1b.c  -O3 -g  assembly comparison
FAIL: gcc.dg/pch/valid-1b.c  -Os  -I. (test for excess errors)
FAIL: gcc.dg/pch/valid-1b.c  -Os  assembly comparison
FAIL: gcc.dg/tree-ssa/ssa-store-ccp-3.c scan-tree-dump-times optimized "conststaticvariable" 1

		=== gcc Summary ===

# of expected passes		47368
# of unexpected failures	17
# of unexpected successes	1
# of expected failures		128
# of unsupported tests		566
/test/gnu/gcc/objdir/gcc/xgcc  version 4.4.0 20081207 (experimental) [trunk revision 142539] (GCC) 

		=== gfortran tests ===


Running target unix
FAIL: gfortran.dg/integer_exponentiation_2.f90  -O1  execution test
FAIL: gfortran.dg/integer_exponentiation_2.f90  -O2  execution test
FAIL: gfortran.dg/integer_exponentiation_2.f90  -O3 -fomit-frame-pointer  execution test
FAIL: gfortran.dg/integer_exponentiation_2.f90  -O3 -fomit-frame-pointer -funroll-loops  execution test
FAIL: gfortran.dg/integer_exponentiation_2.f90  -O3 -fomit-frame-pointer -funroll-all-loops -finline-functions  execution test
FAIL: gfortran.dg/integer_exponentiation_2.f90  -O3 -g  execution test
FAIL: gfortran.dg/integer_exponentiation_2.f90  -Os  execution test
FAIL: gfortran.dg/nint_2.f90  -O0  execution test
FAIL: gfortran.dg/parameter_array_init_3.f90  -O  (internal compiler error)
FAIL: gfortran.dg/parameter_array_init_3.f90  -O  (test for excess errors)

		=== gfortran Summary ===

# of expected passes		27879
# of unexpected failures	10
# of expected failures		10
# of unsupported tests		259
/test/gnu/gcc/objdir/gcc/testsuite/gfortran/../../gfortran  version 4.4.0 20081207 (experimental) [trunk revision 142539] (GCC) 

		=== obj-c++ tests ===


Running target unix
WARNING: obj-c++.dg/bitfield-1.mm compilation failed to produce executable
WARNING: obj-c++.dg/lookup-2.mm compilation failed to produce executable
WARNING: obj-c++.dg/try-catch-2.mm compilation failed to produce executable
WARNING: obj-c++.dg/try-catch-9.mm compilation failed to produce executable

		=== obj-c++ Summary ===

# of expected passes		426
# of expected failures		22
# of unsupported tests		13
/test/gnu/gcc/objdir/gcc/testsuite/obj-c++/../../g++  version 4.4.0 20081207 (experimental) [trunk revision 142539] (GCC) 

		=== objc tests ===


Running target unix

		=== objc Summary ===

# of expected passes		1812
# of expected failures		7
# of unsupported tests		25
/test/gnu/gcc/objdir/gcc/xgcc  version 4.4.0 20081207 (experimental) [trunk revision 142539] (GCC) 

		=== libgomp tests ===


Running target unix
FAIL: libgomp.c++/ctor-10.C  -O0  execution test
FAIL: libgomp.c++/ctor-10.C  -O1  execution test
FAIL: libgomp.c++/ctor-10.C  -O3 -fomit-frame-pointer  execution test
FAIL: libgomp.c++/ctor-10.C  -O3 -fomit-frame-pointer -funroll-loops  execution test
FAIL: libgomp.c++/ctor-10.C  -O3 -fomit-frame-pointer -funroll-all-loops -finline-functions  execution test
FAIL: libgomp.c++/ctor-10.C  -O3 -g  execution test
FAIL: libgomp.c++/ctor-8.C  -O1  execution test
FAIL: libgomp.c++/ctor-8.C  -O2  execution test
FAIL: libgomp.c++/ctor-8.C  -O3 -fomit-frame-pointer  execution test
FAIL: libgomp.c++/ctor-8.C  -Os  execution test
FAIL: libgomp.c++/ctor-9.C  -O1  execution test
FAIL: libgomp.c++/ctor-9.C  -O3 -fomit-frame-pointer -funroll-loops  execution test
FAIL: libgomp.c++/ctor-9.C  -O3 -fomit-frame-pointer -funroll-all-loops -finline-functions  execution test
FAIL: libgomp.c++/ctor-9.C  -O3 -g  execution test
FAIL: libgomp.c++/ctor-9.C  -Os  execution test
FAIL: libgomp.fortran/crayptr2.f90  -O2  execution test
FAIL: libgomp.fortran/crayptr2.f90  -O3 -fomit-frame-pointer  execution test
FAIL: libgomp.fortran/crayptr2.f90  -O3 -fomit-frame-pointer -funroll-all-loops -finline-functions  execution test
FAIL: libgomp.fortran/threadprivate1.f90  -O0  execution test
FAIL: libgomp.fortran/threadprivate1.f90  -O1  execution test
FAIL: libgomp.fortran/threadprivate1.f90  -O2  execution test
FAIL: libgomp.fortran/threadprivate1.f90  -O3 -fomit-frame-pointer -funroll-loops  execution test
FAIL: libgomp.fortran/threadprivate1.f90  -O3 -fomit-frame-pointer -funroll-all-loops -finline-functions  execution test
FAIL: libgomp.fortran/threadprivate2.f90  -O0  execution test
FAIL: libgomp.fortran/threadprivate2.f90  -O1  execution test
FAIL: libgomp.fortran/threadprivate2.f90  -O2  execution test
FAIL: libgomp.fortran/threadprivate2.f90  -O3 -fomit-frame-pointer  execution test
FAIL: libgomp.fortran/threadprivate3.f90  -O0  execution test
FAIL: libgomp.fortran/threadprivate3.f90  -O3 -fomit-frame-pointer  execution test
FAIL: libgomp.fortran/threadprivate3.f90  -O3 -fomit-frame-pointer -funroll-all-loops -finline-functions  execution test
FAIL: libgomp.fortran/threadprivate3.f90  -Os  execution test

		=== libgomp Summary ===

# of expected passes		2272
# of unexpected failures	31
# of unsupported tests		9
		=== libstdc++ tests ===


Running target unix

		=== libstdc++ Summary ===

# of expected passes		5397
# of expected failures		67
# of unsupported tests		499

Compiler version: 4.4.0 20081207 (experimental) [trunk revision 142539] (GCC) 
Platform: hppa64-hp-hpux11.11
configure flags: --with-gnu-as --with-as=/opt/gnu64/bin/as --with-ld=/usr/ccs/bin/ld --enable-shared --disable-nls --with-local-prefix=/opt/gnu64 --prefix=/opt/gnu64/gcc/gcc-4.4.0 --build=hppa64-hp-hpux11.11 --enable-threads=posix --disable-libmudflap --with-gmp=/opt/gnu64/gcc/gcc-4.4.0 --enable-languages=c,c++,fortran,objc,obj-c++



More information about the Gcc-testresults mailing list