Results for 4.4.0 20081207 (experimental) (GCC) testsuite on powerpc-unknown-linux-gnu

Edmar Wienskoski-RA8797 ra8797@freescale.com
Mon Dec 8 20:43:00 GMT 2008


LAST_UPDATED: 
Target is powerpc-unknown-linux-gnu
Host   is x86_64-unknown-linux-gnu

		=== g++ tests ===


Running target REG_perf3farm0
FAIL: g++.dg/eh/crossjump1.C (internal compiler error)
FAIL: g++.dg/eh/crossjump1.C (test for excess errors)
UNRESOLVED: g++.dg/eh/crossjump1.C compilation failed to produce executable
FAIL: g++.dg/inherit/covariant1.C (internal compiler error)
FAIL: g++.dg/inherit/covariant1.C (test for excess errors)
UNRESOLVED: g++.dg/inherit/covariant1.C compilation failed to produce executable
FAIL: g++.dg/inherit/ptrmem2.C (internal compiler error)
FAIL: g++.dg/inherit/ptrmem2.C (test for excess errors)
FAIL: g++.dg/init/array25.C (internal compiler error)
FAIL: g++.dg/init/array25.C (test for excess errors)
UNRESOLVED: g++.dg/init/array25.C compilation failed to produce executable
FAIL: g++.dg/init/value1.C (internal compiler error)
FAIL: g++.dg/init/value1.C (test for excess errors)
UNRESOLVED: g++.dg/init/value1.C compilation failed to produce executable
FAIL: g++.dg/ipa/iinline-1.C scan-ipa-dump inline "String::funcOne[^\\n]*inline copy in int main"
FAIL: g++.old-deja/g++.abi/empty2.C (internal compiler error)
FAIL: g++.old-deja/g++.abi/empty2.C (test for excess errors)
FAIL: g++.old-deja/g++.mike/virt2.C (internal compiler error)
FAIL: g++.old-deja/g++.mike/virt2.C (test for excess errors)
UNRESOLVED: g++.old-deja/g++.mike/virt2.C compilation failed to produce executable

		=== g++ Summary ===

# of expected passes		18653
# of unexpected failures	15
# of expected failures		135
# of unresolved testcases	5
# of unsupported tests		162
/tmp/edmar/build_cde/job_30/obj_gcc/gcc/testsuite/g++/../../g++  version 4.4.0 20081207 (experimental) (GCC) 

Host   is x86_64-unknown-linux-gnu

		=== gcc tests ===


Running target REG_perf3farm0
FAIL: gcc.c-torture/execute/991112-1.c execution,  -O0 
FAIL: gcc.c-torture/execute/991112-1.c execution,  -O1 
FAIL: gcc.c-torture/execute/991112-1.c execution,  -O2 
FAIL: gcc.c-torture/execute/991112-1.c execution,  -O3 -fomit-frame-pointer 
FAIL: gcc.c-torture/execute/991112-1.c execution,  -O3 -g 
FAIL: gcc.c-torture/execute/991112-1.c execution,  -Os 
XPASS: gcc.dg/20020103-1.c scan-assembler-not LC[0-9]
FAIL: gcc.dg/and-1.c scan-assembler-not nand
FAIL: gcc.dg/memcpy-1.c scan-tree-dump-times optimized "nasty_local" 0
FAIL: gcc.dg/pr35729.c scan-rtl-dump-times loop2_invariant "Decided to move invariant" 0
FAIL: gcc.dg/var-expand3.c (test for excess errors)
UNRESOLVED: gcc.dg/var-expand3.c compilation failed to produce executable
FAIL: gcc.dg/var-expand3.c scan-rtl-dump loop2_unroll "Expanding Accumulator": dump file does not exist
FAIL: gcc.dg/tree-prof/ic-misattribution-1.c compilation,  -fprofile-use -D_PROFILE_USE
UNRESOLVED: gcc.dg/tree-prof/ic-misattribution-1.c execution,    -fprofile-use -D_PROFILE_USE
FAIL: gcc.dg/tree-ssa/vrp47.c scan-tree-dump-times vrp1 "[xy][^ ]* !=" 0
FAIL: gcc.dg/tree-ssa/vrp47.c scan-tree-dump-times dom1 "x[^ ]* & y" 1
FAIL: gcc.target/powerpc/altivec-macros.c __vector redefined (test for warnings, line 44)
FAIL: gcc.target/powerpc/altivec-macros.c __pixel redefined (test for warnings, line 45)
FAIL: gcc.target/powerpc/altivec-macros.c __bool redefined (test for warnings, line 46)
FAIL: gcc.target/powerpc/altivec-macros.c vector redefined (test for warnings, line 47)
FAIL: gcc.target/powerpc/altivec-macros.c pixel redefined (test for warnings, line 48)
FAIL: gcc.target/powerpc/altivec-macros.c bool redefined (test for warnings, line 49)
FAIL: gcc.target/powerpc/altivec-macros.c prev __vector defn (test for warnings, line 24)
FAIL: gcc.target/powerpc/altivec-macros.c prev __pixel defn (test for warnings, line 27)
FAIL: gcc.target/powerpc/altivec-macros.c prev __bool defn (test for warnings, line 30)
FAIL: gcc.target/powerpc/altivec-macros.c prev vector defn (test for warnings, line 33)
FAIL: gcc.target/powerpc/altivec-macros.c prev pixel defn (test for warnings, line 36)
FAIL: gcc.target/powerpc/altivec-macros.c prev bool defn (test for warnings, line 39)
FAIL: gcc.target/powerpc/altivec-macros.c (test for excess errors)
FAIL: gcc.target/powerpc/dfp-dd.c (test for excess errors)
ERROR: gcc.target/powerpc/dfp-dd.c: error executing dg-final: couldn't open "dfp-dd.s": no such file or directory
UNRESOLVED: gcc.target/powerpc/dfp-dd.c: error executing dg-final: couldn't open "dfp-dd.s": no such file or directory
FAIL: gcc.target/powerpc/dfp-td.c (test for excess errors)
ERROR: gcc.target/powerpc/dfp-td.c: error executing dg-final: couldn't open "dfp-td.s": no such file or directory
UNRESOLVED: gcc.target/powerpc/dfp-td.c: error executing dg-final: couldn't open "dfp-td.s": no such file or directory
FAIL: gcc.target/powerpc/ppc64-double-1.c scan-assembler-not stfd

		=== gcc Summary ===

# of expected passes		48853
# of unexpected failures	30
# of unexpected successes	1
# of expected failures		124
# of unresolved testcases	4
# of unsupported tests		600
/tmp/edmar/build_cde/job_30/obj_gcc/gcc/xgcc  version 4.4.0 20081207 (experimental) (GCC) 

Host   is x86_64-unknown-linux-gnu

		=== gfortran tests ===


Running target REG_perf3farm0
FAIL: gfortran.dg/fmt_float.f90  -O0  output pattern test, is             0.10E+01            0.10E+00            0.10E-01
FAIL: gfortran.dg/fmt_float.f90  -O1  output pattern test, is             0.10E+01            0.10E+00            0.10E-01
FAIL: gfortran.dg/fmt_float.f90  -O2  output pattern test, is             0.10E+01            0.10E+00            0.10E-01
FAIL: gfortran.dg/fmt_float.f90  -O3 -fomit-frame-pointer  output pattern test, is             0.10E+01            0.10E+00            0.10E-01
FAIL: gfortran.dg/fmt_float.f90  -O3 -fomit-frame-pointer -funroll-loops  output pattern test, is             0.10E+01            0.10E+00            0.10E-01
FAIL: gfortran.dg/fmt_float.f90  -O3 -fomit-frame-pointer -funroll-all-loops -finline-functions  output pattern test, is             0.10E+01            0.10E+00            0.10E-01
FAIL: gfortran.dg/fmt_float.f90  -O3 -g  output pattern test, is             0.10E+01            0.10E+00            0.10E-01
FAIL: gfortran.dg/fmt_float.f90  -Os  output pattern test, is             0.10E+01            0.10E+00            0.10E-01
FAIL: gfortran.dg/fmt_l.f90  -O0  output pattern test, is At line 14 of file /tmp/edmar/build_cde/job_30/gcc/gcc/testsuite/gfortran.dg/fmt_l.f90
FAIL: gfortran.dg/fmt_l.f90  -O1  output pattern test, is At line 14 of file /tmp/edmar/build_cde/job_30/gcc/gcc/testsuite/gfortran.dg/fmt_l.f90
FAIL: gfortran.dg/fmt_l.f90  -O2  output pattern test, is At line 14 of file /tmp/edmar/build_cde/job_30/gcc/gcc/testsuite/gfortran.dg/fmt_l.f90
FAIL: gfortran.dg/fmt_l.f90  -O3 -fomit-frame-pointer  output pattern test, is At line 14 of file /tmp/edmar/build_cde/job_30/gcc/gcc/testsuite/gfortran.dg/fmt_l.f90
FAIL: gfortran.dg/fmt_l.f90  -O3 -fomit-frame-pointer -funroll-loops  output pattern test, is At line 14 of file /tmp/edmar/build_cde/job_30/gcc/gcc/testsuite/gfortran.dg/fmt_l.f90
FAIL: gfortran.dg/fmt_l.f90  -O3 -fomit-frame-pointer -funroll-all-loops -finline-functions  output pattern test, is At line 14 of file /tmp/edmar/build_cde/job_30/gcc/gcc/testsuite/gfortran.dg/fmt_l.f90
FAIL: gfortran.dg/fmt_l.f90  -O3 -g  output pattern test, is At line 14 of file /tmp/edmar/build_cde/job_30/gcc/gcc/testsuite/gfortran.dg/fmt_l.f90
FAIL: gfortran.dg/fmt_l.f90  -Os  output pattern test, is At line 14 of file /tmp/edmar/build_cde/job_30/gcc/gcc/testsuite/gfortran.dg/fmt_l.f90
FAIL: gfortran.dg/fmt_zero_precision.f90  -O0  output pattern test, is  1.<
FAIL: gfortran.dg/fmt_zero_precision.f90  -O1  output pattern test, is  1.<
FAIL: gfortran.dg/fmt_zero_precision.f90  -O2  output pattern test, is  1.<
FAIL: gfortran.dg/fmt_zero_precision.f90  -O3 -fomit-frame-pointer  output pattern test, is  1.<
FAIL: gfortran.dg/fmt_zero_precision.f90  -O3 -fomit-frame-pointer -funroll-loops  output pattern test, is  1.<
FAIL: gfortran.dg/fmt_zero_precision.f90  -O3 -fomit-frame-pointer -funroll-all-loops -finline-functions  output pattern test, is  1.<
FAIL: gfortran.dg/fmt_zero_precision.f90  -O3 -g  output pattern test, is  1.<
FAIL: gfortran.dg/fmt_zero_precision.f90  -Os  output pattern test, is  1.<
FAIL: gfortran.dg/namelist_40.f90  -O0  output pattern test, is Multiple sub-objects with non-zero rank in namelist object x
FAIL: gfortran.dg/namelist_40.f90  -O1  output pattern test, is Multiple sub-objects with non-zero rank in namelist object x
FAIL: gfortran.dg/namelist_40.f90  -O2  output pattern test, is Multiple sub-objects with non-zero rank in namelist object x
FAIL: gfortran.dg/namelist_40.f90  -O3 -fomit-frame-pointer  output pattern test, is Multiple sub-objects with non-zero rank in namelist object x
FAIL: gfortran.dg/namelist_40.f90  -O3 -fomit-frame-pointer -funroll-loops  output pattern test, is Multiple sub-objects with non-zero rank in namelist object x
FAIL: gfortran.dg/namelist_40.f90  -O3 -fomit-frame-pointer -funroll-all-loops -finline-functions  output pattern test, is Multiple sub-objects with non-zero rank in namelist object x
FAIL: gfortran.dg/namelist_40.f90  -O3 -g  output pattern test, is Multiple sub-objects with non-zero rank in namelist object x
FAIL: gfortran.dg/namelist_40.f90  -Os  output pattern test, is Multiple sub-objects with non-zero rank in namelist object x
FAIL: gfortran.dg/namelist_47.f90  -O0  output pattern test, is Multiple sub-objects with non-zero rank in namelist object x
FAIL: gfortran.dg/namelist_47.f90  -O1  output pattern test, is Multiple sub-objects with non-zero rank in namelist object x
FAIL: gfortran.dg/namelist_47.f90  -O2  output pattern test, is Multiple sub-objects with non-zero rank in namelist object x
FAIL: gfortran.dg/namelist_47.f90  -O3 -fomit-frame-pointer  output pattern test, is Multiple sub-objects with non-zero rank in namelist object x
FAIL: gfortran.dg/namelist_47.f90  -O3 -fomit-frame-pointer -funroll-loops  output pattern test, is Multiple sub-objects with non-zero rank in namelist object x
FAIL: gfortran.dg/namelist_47.f90  -O3 -fomit-frame-pointer -funroll-all-loops -finline-functions  output pattern test, is Multiple sub-objects with non-zero rank in namelist object x
FAIL: gfortran.dg/namelist_47.f90  -O3 -g  output pattern test, is Multiple sub-objects with non-zero rank in namelist object x
FAIL: gfortran.dg/namelist_47.f90  -Os  output pattern test, is Multiple sub-objects with non-zero rank in namelist object x
FAIL: gfortran.dg/namelist_print_1.f  -O0  output pattern test, is &MYNML
FAIL: gfortran.dg/namelist_print_1.f  -O1  output pattern test, is &MYNML
FAIL: gfortran.dg/namelist_print_1.f  -O2  output pattern test, is &MYNML
FAIL: gfortran.dg/namelist_print_1.f  -O3 -fomit-frame-pointer  output pattern test, is &MYNML
FAIL: gfortran.dg/namelist_print_1.f  -O3 -fomit-frame-pointer -funroll-loops  output pattern test, is &MYNML
FAIL: gfortran.dg/namelist_print_1.f  -O3 -fomit-frame-pointer -funroll-all-loops -finline-functions  output pattern test, is &MYNML
FAIL: gfortran.dg/namelist_print_1.f  -O3 -g  output pattern test, is &MYNML
FAIL: gfortran.dg/namelist_print_1.f  -Os  output pattern test, is &MYNML
FAIL: gfortran.dg/parameter_array_dummy.f90  -O0  output pattern test, is            1 aa
FAIL: gfortran.dg/parameter_array_dummy.f90  -O1  output pattern test, is            1 aa
FAIL: gfortran.dg/parameter_array_dummy.f90  -O2  output pattern test, is            1 aa
FAIL: gfortran.dg/parameter_array_dummy.f90  -O3 -fomit-frame-pointer  output pattern test, is            1 aa
FAIL: gfortran.dg/parameter_array_dummy.f90  -O3 -fomit-frame-pointer -funroll-loops  output pattern test, is            1 aa
FAIL: gfortran.dg/parameter_array_dummy.f90  -O3 -fomit-frame-pointer -funroll-all-loops -finline-functions  output pattern test, is            1 aa
FAIL: gfortran.dg/parameter_array_dummy.f90  -O3 -g  output pattern test, is            1 aa
FAIL: gfortran.dg/parameter_array_dummy.f90  -Os  output pattern test, is            1 aa
FAIL: gfortran.dg/g77/f77-edit-apostrophe-out.f  -O0  output pattern test, is abcde
FAIL: gfortran.dg/g77/f77-edit-apostrophe-out.f  -O1  output pattern test, is abcde
FAIL: gfortran.dg/g77/f77-edit-apostrophe-out.f  -O2  output pattern test, is abcde
FAIL: gfortran.dg/g77/f77-edit-apostrophe-out.f  -O3 -fomit-frame-pointer  output pattern test, is abcde
FAIL: gfortran.dg/g77/f77-edit-apostrophe-out.f  -O3 -fomit-frame-pointer -funroll-loops  output pattern test, is abcde
FAIL: gfortran.dg/g77/f77-edit-apostrophe-out.f  -O3 -fomit-frame-pointer -funroll-all-loops -finline-functions  output pattern test, is abcde
FAIL: gfortran.dg/g77/f77-edit-apostrophe-out.f  -O3 -g  output pattern test, is abcde
FAIL: gfortran.dg/g77/f77-edit-apostrophe-out.f  -Os  output pattern test, is abcde
FAIL: gfortran.dg/g77/f77-edit-colon-out.f  -O0  output pattern test, is 123
FAIL: gfortran.dg/g77/f77-edit-colon-out.f  -O1  output pattern test, is 123
FAIL: gfortran.dg/g77/f77-edit-colon-out.f  -O2  output pattern test, is 123
FAIL: gfortran.dg/g77/f77-edit-colon-out.f  -O3 -fomit-frame-pointer  output pattern test, is 123
FAIL: gfortran.dg/g77/f77-edit-colon-out.f  -O3 -fomit-frame-pointer -funroll-loops  output pattern test, is 123
FAIL: gfortran.dg/g77/f77-edit-colon-out.f  -O3 -fomit-frame-pointer -funroll-all-loops -finline-functions  output pattern test, is 123
FAIL: gfortran.dg/g77/f77-edit-colon-out.f  -O3 -g  output pattern test, is 123
FAIL: gfortran.dg/g77/f77-edit-colon-out.f  -Os  output pattern test, is 123
FAIL: gfortran.dg/g77/f77-edit-h-out.f  -O0  output pattern test, is 1
FAIL: gfortran.dg/g77/f77-edit-h-out.f  -O1  output pattern test, is 1
FAIL: gfortran.dg/g77/f77-edit-h-out.f  -O2  output pattern test, is 1
FAIL: gfortran.dg/g77/f77-edit-h-out.f  -O3 -fomit-frame-pointer  output pattern test, is 1
FAIL: gfortran.dg/g77/f77-edit-h-out.f  -O3 -fomit-frame-pointer -funroll-loops  output pattern test, is 1
FAIL: gfortran.dg/g77/f77-edit-h-out.f  -O3 -fomit-frame-pointer -funroll-all-loops -finline-functions  output pattern test, is 1
FAIL: gfortran.dg/g77/f77-edit-h-out.f  -O3 -g  output pattern test, is 1
FAIL: gfortran.dg/g77/f77-edit-h-out.f  -Os  output pattern test, is 1
FAIL: gfortran.dg/g77/f77-edit-i-out.f  -O0  output pattern test, is 1
FAIL: gfortran.dg/g77/f77-edit-i-out.f  -O1  output pattern test, is 1
FAIL: gfortran.dg/g77/f77-edit-i-out.f  -O2  output pattern test, is 1
FAIL: gfortran.dg/g77/f77-edit-i-out.f  -O3 -fomit-frame-pointer  output pattern test, is 1
FAIL: gfortran.dg/g77/f77-edit-i-out.f  -O3 -fomit-frame-pointer -funroll-loops  output pattern test, is 1
FAIL: gfortran.dg/g77/f77-edit-i-out.f  -O3 -fomit-frame-pointer -funroll-all-loops -finline-functions  output pattern test, is 1
FAIL: gfortran.dg/g77/f77-edit-i-out.f  -O3 -g  output pattern test, is 1
FAIL: gfortran.dg/g77/f77-edit-i-out.f  -Os  output pattern test, is 1
FAIL: gfortran.dg/g77/f77-edit-s-out.f  -O0  output pattern test, is +10  20
FAIL: gfortran.dg/g77/f77-edit-s-out.f  -O1  output pattern test, is +10  20
FAIL: gfortran.dg/g77/f77-edit-s-out.f  -O2  output pattern test, is +10  20
FAIL: gfortran.dg/g77/f77-edit-s-out.f  -O3 -fomit-frame-pointer  output pattern test, is +10  20
FAIL: gfortran.dg/g77/f77-edit-s-out.f  -O3 -fomit-frame-pointer -funroll-loops  output pattern test, is +10  20
FAIL: gfortran.dg/g77/f77-edit-s-out.f  -O3 -fomit-frame-pointer -funroll-all-loops -finline-functions  output pattern test, is +10  20
FAIL: gfortran.dg/g77/f77-edit-s-out.f  -O3 -g  output pattern test, is +10  20
FAIL: gfortran.dg/g77/f77-edit-s-out.f  -Os  output pattern test, is +10  20
FAIL: gfortran.dg/g77/f77-edit-slash-out.f  -O0  output pattern test, is 123
FAIL: gfortran.dg/g77/f77-edit-slash-out.f  -O1  output pattern test, is 123
FAIL: gfortran.dg/g77/f77-edit-slash-out.f  -O2  output pattern test, is 123
FAIL: gfortran.dg/g77/f77-edit-slash-out.f  -O3 -fomit-frame-pointer  output pattern test, is 123
FAIL: gfortran.dg/g77/f77-edit-slash-out.f  -O3 -fomit-frame-pointer -funroll-loops  output pattern test, is 123
FAIL: gfortran.dg/g77/f77-edit-slash-out.f  -O3 -fomit-frame-pointer -funroll-all-loops -finline-functions  output pattern test, is 123
FAIL: gfortran.dg/g77/f77-edit-slash-out.f  -O3 -g  output pattern test, is 123
FAIL: gfortran.dg/g77/f77-edit-slash-out.f  -Os  output pattern test, is 123
FAIL: gfortran.dg/g77/f77-edit-t-out.f  -O0  output pattern test, is 1234   8
FAIL: gfortran.dg/g77/f77-edit-t-out.f  -O1  output pattern test, is 1234   8
FAIL: gfortran.dg/g77/f77-edit-t-out.f  -O2  output pattern test, is 1234   8
FAIL: gfortran.dg/g77/f77-edit-t-out.f  -O3 -fomit-frame-pointer  output pattern test, is 1234   8
FAIL: gfortran.dg/g77/f77-edit-t-out.f  -O3 -fomit-frame-pointer -funroll-loops  output pattern test, is 1234   8
FAIL: gfortran.dg/g77/f77-edit-t-out.f  -O3 -fomit-frame-pointer -funroll-all-loops -finline-functions  output pattern test, is 1234   8
FAIL: gfortran.dg/g77/f77-edit-t-out.f  -O3 -g  output pattern test, is 1234   8
FAIL: gfortran.dg/g77/f77-edit-t-out.f  -Os  output pattern test, is 1234   8
FAIL: gfortran.dg/g77/f77-edit-x-out.f  -O0  output pattern test, is 1 2  3
FAIL: gfortran.dg/g77/f77-edit-x-out.f  -O1  output pattern test, is 1 2  3
FAIL: gfortran.dg/g77/f77-edit-x-out.f  -O2  output pattern test, is 1 2  3
FAIL: gfortran.dg/g77/f77-edit-x-out.f  -O3 -fomit-frame-pointer  output pattern test, is 1 2  3
FAIL: gfortran.dg/g77/f77-edit-x-out.f  -O3 -fomit-frame-pointer -funroll-loops  output pattern test, is 1 2  3
FAIL: gfortran.dg/g77/f77-edit-x-out.f  -O3 -fomit-frame-pointer -funroll-all-loops -finline-functions  output pattern test, is 1 2  3
FAIL: gfortran.dg/g77/f77-edit-x-out.f  -O3 -g  output pattern test, is 1 2  3
FAIL: gfortran.dg/g77/f77-edit-x-out.f  -Os  output pattern test, is 1 2  3

		=== gfortran Summary ===

# of expected passes		28101
# of unexpected failures	120
# of expected failures		35
# of unsupported tests		120
/tmp/edmar/build_cde/job_30/obj_gcc/gcc/testsuite/gfortran/../../gfortran  version 4.4.0 20081207 (experimental) (GCC) 


Compiler version: 4.4.0 20081207 (experimental) (GCC) 
Platform: powerpc-unknown-linux-gnu
configure flags: --target=powerpc-unknown-linux-gnu --prefix=/_TOOLS_/dist/local-/ppc-/regression-gcc-trunk-e300c3/i686-pc-linux2.4 --with-sysroot=/_TOOLS_/dist/local-/ppc-/regression-gcc-trunk-e300c3/i686-pc-linux2.4/sysroot --disable-libssp --disable-libmudflap --enable-languages=c,c++ --with-gmp=/_TOOLS_/dist/gnu_toolchain/build_support-x86_64-unknown-linux-gnu/install_gmp-4.1.4 --with-mpfr=/_TOOLS_/dist/gnu_toolchain/build_support-x86_64-unknown-linux-gnu/install_mpfr-2.3.0 --with-cpu=e300c3 --disable-decimal-float --enable-languages=c,c++,fortran



More information about the Gcc-testresults mailing list