Results for 4.3.3 20081206 (prerelease) (GCC) testsuite on arm-none-linux-gnueabi

CodeSourcery Automatic Testing System gcc@codesourcery.com
Sun Dec 7 09:17:00 GMT 2008


LAST_UPDATED: Sat Dec  6 23:22:03 UTC 2008 (/branches/gcc-4_3-branch revision 142516)

Target is arm-none-linux-gnueabi
Host   is i686-pc-linux-gnu

		=== g++ tests ===


Running target qemu-default
FAIL: g++.dg/abi/forced.C execution test
FAIL: g++.dg/ext/java-1.C (test for excess errors)
FAIL: g++.dg/ext/java-2.C (test for excess errors)
FAIL: g++.dg/ext/visibility/arm3.C scan-not-hidden hidden[ \\t_]*_ZTI1A
FAIL: g++.dg/ext/visibility/arm3.C scan-not-hidden hidden[ \\t_]*_ZTS1A
FAIL: g++.dg/ext/visibility/arm3.C scan-not-hidden hidden[ \\t_]*_ZTI1B
FAIL: g++.dg/ext/visibility/arm3.C scan-not-hidden hidden[ \\t_]*_ZTS1B
XPASS: g++.dg/other/packed1.C execution test
FAIL: g++.old-deja/g++.jason/enum6.C (test for excess errors)
FAIL: g++.old-deja/g++.law/enum9.C (test for excess errors)
FAIL: g++.old-deja/g++.other/enum4.C (test for excess errors)

		=== g++ Summary ===

# of expected passes		17592
# of unexpected failures	10
# of unexpected successes	1
# of expected failures		82
# of unsupported tests		143
/scratch/gcc/nightly-2008-12-04-4.3/arm-none-linux-gnueabi/obj/test-4.3-0-arm-none-linux-gnueabi/host-i686-pc-linux-gnu/fsf-4.3/bin/arm-none-linux-gnueabi-g++  version 4.3.3 20081206 (prerelease) (GCC) 

Host   is i686-pc-linux-gnu

		=== gcc tests ===


Running target qemu-default
FAIL: gcc.dg/fshort-wchar.c (test for excess errors)
FAIL: gcc.dg/memcpy-1.c scan-tree-dump-times optimized "nasty_local" 0
FAIL: gcc.dg/uninit-13.c unconditional (test for warnings, line 8)
FAIL: gcc.dg/uninit-13.c (test for excess errors)
FAIL: gcc.dg/tree-prof/bb-reorg.c compilation,  -fprofile-use -D_PROFILE_USE
UNRESOLVED: gcc.dg/tree-prof/bb-reorg.c execution,    -fprofile-use -D_PROFILE_USE
FAIL: gcc.target/arm/neon/vget_lowf32.c scan-assembler vmov[ \\t]+[dD][0-9]+, [dD][0-9]+!?([ \\t]+@[a-zA-Z0-9 ]+)?\\n
FAIL: gcc.target/arm/neon/vget_lowp16.c scan-assembler vmov[ \\t]+[dD][0-9]+, [dD][0-9]+!?([ \\t]+@[a-zA-Z0-9 ]+)?\\n
FAIL: gcc.target/arm/neon/vget_lowp8.c scan-assembler vmov[ \\t]+[dD][0-9]+, [dD][0-9]+!?([ \\t]+@[a-zA-Z0-9 ]+)?\\n
FAIL: gcc.target/arm/neon/vget_lows16.c scan-assembler vmov[ \\t]+[dD][0-9]+, [dD][0-9]+!?([ \\t]+@[a-zA-Z0-9 ]+)?\\n
FAIL: gcc.target/arm/neon/vget_lows32.c scan-assembler vmov[ \\t]+[dD][0-9]+, [dD][0-9]+!?([ \\t]+@[a-zA-Z0-9 ]+)?\\n
FAIL: gcc.target/arm/neon/vget_lows64.c scan-assembler vmov[ \\t]+[dD][0-9]+, [dD][0-9]+!?([ \\t]+@[a-zA-Z0-9 ]+)?\\n
FAIL: gcc.target/arm/neon/vget_lows8.c scan-assembler vmov[ \\t]+[dD][0-9]+, [dD][0-9]+!?([ \\t]+@[a-zA-Z0-9 ]+)?\\n
FAIL: gcc.target/arm/neon/vget_lowu16.c scan-assembler vmov[ \\t]+[dD][0-9]+, [dD][0-9]+!?([ \\t]+@[a-zA-Z0-9 ]+)?\\n
FAIL: gcc.target/arm/neon/vget_lowu32.c scan-assembler vmov[ \\t]+[dD][0-9]+, [dD][0-9]+!?([ \\t]+@[a-zA-Z0-9 ]+)?\\n
FAIL: gcc.target/arm/neon/vget_lowu64.c scan-assembler vmov[ \\t]+[dD][0-9]+, [dD][0-9]+!?([ \\t]+@[a-zA-Z0-9 ]+)?\\n
FAIL: gcc.target/arm/neon/vget_lowu8.c scan-assembler vmov[ \\t]+[dD][0-9]+, [dD][0-9]+!?([ \\t]+@[a-zA-Z0-9 ]+)?\\n

		=== gcc Summary ===

# of expected passes		50083
# of unexpected failures	16
# of expected failures		102
# of unresolved testcases	1
# of untested testcases		35
# of unsupported tests		742
/scratch/gcc/nightly-2008-12-04-4.3/arm-none-linux-gnueabi/obj/test-4.3-0-arm-none-linux-gnueabi/host-i686-pc-linux-gnu/fsf-4.3/bin/arm-none-linux-gnueabi-gcc  version 4.3.3 20081206 (prerelease) (GCC) 

Host   is i686-pc-linux-gnu

		=== libstdc++ tests ===


Running target qemu-default
FAIL: 20_util/make_signed/requirements/typedefs-2.cc (test for excess errors)
FAIL: 20_util/make_unsigned/requirements/typedefs-2.cc (test for excess errors)

		=== libstdc++ Summary ===

# of expected passes		4936
# of unexpected failures	2
# of expected failures		60
# of unsupported tests		328
Host   is i686-pc-linux-gnu

		=== g++ tests ===


Running target qemu-default/-mthumb
FAIL: g++.dg/abi/forced.C execution test
FAIL: g++.dg/ext/java-1.C (test for excess errors)
FAIL: g++.dg/ext/java-2.C (test for excess errors)
FAIL: g++.dg/ext/visibility/arm3.C scan-not-hidden hidden[ \\t_]*_ZTI1A
FAIL: g++.dg/ext/visibility/arm3.C scan-not-hidden hidden[ \\t_]*_ZTS1A
FAIL: g++.dg/ext/visibility/arm3.C scan-not-hidden hidden[ \\t_]*_ZTI1B
FAIL: g++.dg/ext/visibility/arm3.C scan-not-hidden hidden[ \\t_]*_ZTS1B
XPASS: g++.dg/other/packed1.C execution test
FAIL: g++.dg/torture/pr35526.C  -O1  (internal compiler error)
FAIL: g++.dg/torture/pr35526.C  -O1  (test for excess errors)
FAIL: g++.dg/torture/pr35526.C  -O2  (internal compiler error)
FAIL: g++.dg/torture/pr35526.C  -O2  (test for excess errors)
FAIL: g++.dg/torture/pr35526.C  -O3 -fomit-frame-pointer  (internal compiler error)
FAIL: g++.dg/torture/pr35526.C  -O3 -fomit-frame-pointer  (test for excess errors)
FAIL: g++.dg/torture/pr35526.C  -O3 -g  (internal compiler error)
FAIL: g++.dg/torture/pr35526.C  -O3 -g  (test for excess errors)
FAIL: g++.dg/torture/pr35526.C  -Os  (internal compiler error)
FAIL: g++.dg/torture/pr35526.C  -Os  (test for excess errors)
FAIL: g++.old-deja/g++.jason/enum6.C (test for excess errors)
FAIL: g++.old-deja/g++.law/enum9.C (test for excess errors)
FAIL: g++.old-deja/g++.other/enum4.C (test for excess errors)

		=== g++ Summary ===

# of expected passes		17553
# of unexpected failures	20
# of unexpected successes	1
# of expected failures		82
# of unsupported tests		145
/scratch/gcc/nightly-2008-12-04-4.3/arm-none-linux-gnueabi/obj/test-4.3-0-arm-none-linux-gnueabi/host-i686-pc-linux-gnu/fsf-4.3/bin/arm-none-linux-gnueabi-g++  version 4.3.3 20081206 (prerelease) (GCC) 

Host   is i686-pc-linux-gnu

		=== gcc tests ===


Running target qemu-default/-mthumb
FAIL: gcc.dg/fshort-wchar.c (test for excess errors)
FAIL: gcc.dg/memcpy-1.c scan-tree-dump-times optimized "nasty_local" 0
FAIL: gcc.dg/nested-func-4.c (test for excess errors)
UNRESOLVED: gcc.dg/nested-func-4.c compilation failed to produce executable
FAIL: gcc.dg/sibcall-3.c execution test
FAIL: gcc.dg/sibcall-4.c execution test
FAIL: gcc.dg/uninit-13.c unconditional (test for warnings, line 8)
FAIL: gcc.dg/uninit-13.c (test for excess errors)
FAIL: gcc.dg/tree-prof/bb-reorg.c compilation,  -fprofile-use -D_PROFILE_USE
UNRESOLVED: gcc.dg/tree-prof/bb-reorg.c execution,    -fprofile-use -D_PROFILE_USE

		=== gcc Summary ===

# of expected passes		46219
# of unexpected failures	8
# of expected failures		92
# of unresolved testcases	2
# of untested testcases		35
# of unsupported tests		2238
/scratch/gcc/nightly-2008-12-04-4.3/arm-none-linux-gnueabi/obj/test-4.3-0-arm-none-linux-gnueabi/host-i686-pc-linux-gnu/fsf-4.3/bin/arm-none-linux-gnueabi-gcc  version 4.3.3 20081206 (prerelease) (GCC) 

Host   is i686-pc-linux-gnu

		=== libstdc++ tests ===


Running target qemu-default/-mthumb
FAIL: 20_util/make_signed/requirements/typedefs-2.cc (test for excess errors)
FAIL: 20_util/make_unsigned/requirements/typedefs-2.cc (test for excess errors)

		=== libstdc++ Summary ===

# of expected passes		4936
# of unexpected failures	2
# of expected failures		60
# of unsupported tests		328

Compiler version: 4.3.3 20081206 (prerelease) (GCC) 
Platform: arm-none-linux-gnueabi
configure flags: --build=i686-pc-linux-gnu --host=i686-pc-linux-gnu --target=arm-none-linux-gnueabi --enable-threads --disable-libmudflap --disable-libssp --disable-libstdcxx-pch --with-gnu-as --with-gnu-ld --enable-languages=c,c++ --enable-shared --enable-symvers=gnu --enable-__cxa_atexit --disable-nls --prefix=/opt/codesourcery --with-sysroot=/opt/codesourcery/arm-none-linux-gnueabi/libc --with-build-sysroot=/scratch/gcc/nightly-2008-12-04-4.3/arm-none-linux-gnueabi/install/arm-none-linux-gnueabi/libc --with-gmp=/scratch/gcc/nightly-2008-12-04-4.3/arm-none-linux-gnueabi/obj/host-libs-4.3-0-arm-none-linux-gnueabi-i686-pc-linux-gnu/usr --with-mpfr=/scratch/gcc/nightly-2008-12-04-4.3/arm-none-linux-gnueabi/obj/host-libs-4.3-0-arm-none-linux-gnueabi-i686-pc-linux-gnu/usr --disable-libgomp --enable-poison-system-directories --with-build-time-tools=/scratch/gcc/nightly-2008-12-04-4.3/arm-none-linux-gnueabi/install/arm-none-linux-gnueabi/bin --with-build-time-tools=/scratch/gcc/ni
 ghtly-2008-12-04-4.3/arm-none-linux-gnueabi/install/arm-none-linux-gnueabi/bin



More information about the Gcc-testresults mailing list