Results for 4.4.0 20081206 (experimental) [trunk revision 142526] (GCC) testsuite on x86_64-unknown-linux-gnu

guerby@gcc13.fsffrance.org guerby@gcc13.fsffrance.org
Sun Dec 7 00:03:00 GMT 2008


LAST_UPDATED: Sat Dec  6 20:26:38 UTC 2008 (revision 142526)

		=== acats tests ===
FAIL:	la14006

		=== acats Summary ===
# of expected passes		2313
# of unexpected failures	1
Native configuration is x86_64-unknown-linux-gnu

		=== gcc tests ===


Running target unix
FAIL: gcc.dg/tree-prof/bb-reorg.c compilation,  -fprofile-use -D_PROFILE_USE
UNRESOLVED: gcc.dg/tree-prof/bb-reorg.c execution,    -fprofile-use -D_PROFILE_USE
FAIL: gcc.dg/tree-prof/pr34999.c compilation,  -fprofile-use -D_PROFILE_USE
UNRESOLVED: gcc.dg/tree-prof/pr34999.c execution,    -fprofile-use -D_PROFILE_USE
FAIL: gcc.dg/vect/vect-67.c scan-tree-dump-times vect "vectorized 1 loops" 1
FAIL: gcc.dg/vect/no-scevccp-outer-13.c scan-tree-dump-times vect "OUTER LOOP VECTORIZED." 1
FAIL: gcc.dg/vect/no-scevccp-outer-7.c scan-tree-dump-times vect "OUTER LOOP VECTORIZED." 1
FAIL: gcc.target/i386/pr34256.c scan-assembler-times mov 2

		=== gcc Summary ===

# of expected passes		54357
# of unexpected failures	6
# of expected failures		184
# of unresolved testcases	2
# of unsupported tests		1267
/home/guerby/build/gcc/xgcc  version 4.4.0 20081206 (experimental) [trunk revision 142526] (GCC) 

		=== gnat tests ===


Running target unix

		=== gnat Summary ===

# of expected passes		599
# of expected failures		6
		=== libgomp tests ===


Running target unix

		=== libgomp Summary ===

# of expected passes		241
		=== libmudflap tests ===


Running target unix

		=== libmudflap Summary ===

# of expected passes		1740
# of unsupported tests		2

Compiler version: 4.4.0 20081206 (experimental) [trunk revision 142526] (GCC) 
Platform: x86_64-unknown-linux-gnu
configure flags: --prefix=/n/13/guerby/install-trunk --enable-languages=c,ada --enable-__cxa_atexit --disable-nls --enable-threads=posix --with-mpfr=/opt/cfarm/mpfr-2.3.1



More information about the Gcc-testresults mailing list