Results for 4.4.0 20081204 (experimental) (GCC) testsuite on m68k-unknown-elf

CodeSourcery Automatic Testing System gcc@codesourcery.com
Sat Dec 6 15:13:00 GMT 2008


LAST_UPDATED: Thu Dec  4 08:14:38 UTC 2008 (/trunk revision 142429)

Target is m68k-unknown-elf
Host   is i686-pc-linux-gnu

		=== g++ tests ===


Running target qemu-coldfire-elf-prebuilt-fsf/-mcpu=51qe
FAIL: g++.dg/eh/gcsec1.C execution test
FAIL: g++.dg/ext/stmtexpr1.C execution test
FAIL: g++.dg/ext/stmtexpr2.C execution test
FAIL: g++.dg/init/copy5.C (internal compiler error)
FAIL: g++.dg/init/copy5.C (test for excess errors)
FAIL: g++.dg/init/ref15.C execution test
FAIL: g++.dg/opt/tmp1.C execution test
FAIL: g++.dg/torture/type-generic-1.C  -O0  execution test
FAIL: g++.dg/torture/type-generic-1.C  -O1  execution test
FAIL: g++.dg/torture/type-generic-1.C  -O2  execution test
FAIL: g++.dg/torture/type-generic-1.C  -O3 -fomit-frame-pointer  execution test
FAIL: g++.dg/torture/type-generic-1.C  -O3 -g  execution test
FAIL: g++.dg/torture/type-generic-1.C  -Os  execution test
FAIL: g++.old-deja/g++.jason/groff1.C execution test
FAIL: g++.old-deja/g++.jason/typeid2.C execution test
FAIL: g++.old-deja/g++.mike/p11667.C execution test
FAIL: g++.old-deja/g++.mike/p3139.C execution test
FAIL: g++.old-deja/g++.mike/pmf2.C execution test
FAIL: g++.old-deja/g++.other/init11.C execution test
FAIL: g++.old-deja/g++.other/vbase5.C execution test
FAIL: g++.old-deja/g++.pt/t16.C execution test

		=== g++ Summary ===

# of expected passes		18023
# of unexpected failures	21
# of expected failures		134
# of unsupported tests		192
/scratch/gcc/nightly-2008-12-04-mainline/coldfire-elf/obj/test-mainline-0-m68k-elf/host-i686-pc-linux-gnu/fsf-mainline/bin/m68k-elf-g++  version 4.4.0 20081204 (experimental) (GCC) 

Host   is i686-pc-linux-gnu

		=== gcc tests ===


Running target qemu-coldfire-elf-prebuilt-fsf/-mcpu=51qe
FAIL: gcc.c-torture/execute/builtins/pr23484-chk.c execution,  -O1 
FAIL: gcc.c-torture/execute/builtins/pr23484-chk.c execution,  -O2 
FAIL: gcc.c-torture/execute/builtins/pr23484-chk.c execution,  -O3 -fomit-frame-pointer 
FAIL: gcc.c-torture/execute/builtins/pr23484-chk.c execution,  -O3 -g 
FAIL: gcc.c-torture/execute/builtins/pr23484-chk.c execution,  -Os 
FAIL: gcc.c-torture/execute/builtins/snprintf-chk.c execution,  -O1 
FAIL: gcc.c-torture/execute/builtins/snprintf-chk.c execution,  -O2 
FAIL: gcc.c-torture/execute/builtins/snprintf-chk.c execution,  -O3 -fomit-frame-pointer 
FAIL: gcc.c-torture/execute/builtins/snprintf-chk.c execution,  -O3 -fomit-frame-pointer -funroll-loops 
FAIL: gcc.c-torture/execute/builtins/snprintf-chk.c execution,  -O3 -fomit-frame-pointer -funroll-all-loops -finline-functions 
FAIL: gcc.c-torture/execute/builtins/snprintf-chk.c execution,  -O3 -g 
FAIL: gcc.c-torture/execute/builtins/snprintf-chk.c execution,  -Os 
FAIL: gcc.c-torture/execute/builtins/sprintf-chk.c execution,  -O1 
FAIL: gcc.c-torture/execute/builtins/sprintf-chk.c execution,  -O2 
FAIL: gcc.c-torture/execute/builtins/sprintf-chk.c execution,  -O3 -fomit-frame-pointer 
FAIL: gcc.c-torture/execute/builtins/sprintf-chk.c execution,  -O3 -fomit-frame-pointer -funroll-loops 
FAIL: gcc.c-torture/execute/builtins/sprintf-chk.c execution,  -O3 -fomit-frame-pointer -funroll-all-loops -finline-functions 
FAIL: gcc.c-torture/execute/builtins/sprintf-chk.c execution,  -O3 -g 
FAIL: gcc.c-torture/execute/builtins/sprintf-chk.c execution,  -Os 
FAIL: gcc.c-torture/execute/builtins/vsnprintf-chk.c execution,  -O1 
FAIL: gcc.c-torture/execute/builtins/vsnprintf-chk.c execution,  -O2 
FAIL: gcc.c-torture/execute/builtins/vsnprintf-chk.c execution,  -O3 -fomit-frame-pointer 
FAIL: gcc.c-torture/execute/builtins/vsnprintf-chk.c execution,  -O3 -fomit-frame-pointer -funroll-loops 
FAIL: gcc.c-torture/execute/builtins/vsnprintf-chk.c execution,  -O3 -fomit-frame-pointer -funroll-all-loops -finline-functions 
FAIL: gcc.c-torture/execute/builtins/vsnprintf-chk.c execution,  -O3 -g 
FAIL: gcc.c-torture/execute/builtins/vsnprintf-chk.c execution,  -Os 
FAIL: gcc.c-torture/execute/builtins/vsprintf-chk.c execution,  -O1 
FAIL: gcc.c-torture/execute/builtins/vsprintf-chk.c execution,  -O2 
FAIL: gcc.c-torture/execute/builtins/vsprintf-chk.c execution,  -O3 -fomit-frame-pointer 
FAIL: gcc.c-torture/execute/builtins/vsprintf-chk.c execution,  -O3 -fomit-frame-pointer -funroll-loops 
FAIL: gcc.c-torture/execute/builtins/vsprintf-chk.c execution,  -O3 -fomit-frame-pointer -funroll-all-loops -finline-functions 
FAIL: gcc.c-torture/execute/builtins/vsprintf-chk.c execution,  -O3 -g 
FAIL: gcc.c-torture/execute/builtins/vsprintf-chk.c execution,  -Os 
FAIL: gcc.c-torture/execute/20000402-1.c execution,  -O0 
FAIL: gcc.c-torture/execute/20000523-1.c execution,  -O0 
FAIL: gcc.c-torture/execute/20020201-1.c execution,  -O0 
FAIL: gcc.c-torture/execute/20020201-1.c execution,  -O1 
FAIL: gcc.c-torture/execute/20020201-1.c execution,  -O2 
FAIL: gcc.c-torture/execute/20020201-1.c execution,  -O3 -fomit-frame-pointer 
FAIL: gcc.c-torture/execute/20020201-1.c execution,  -O3 -g 
FAIL: gcc.c-torture/execute/20020201-1.c execution,  -Os 
FAIL: gcc.c-torture/execute/20021120-3.c execution,  -O0 
FAIL: gcc.c-torture/execute/20021120-3.c execution,  -O1 
FAIL: gcc.c-torture/execute/20021120-3.c execution,  -O2 
FAIL: gcc.c-torture/execute/20021120-3.c execution,  -O3 -fomit-frame-pointer 
FAIL: gcc.c-torture/execute/20021120-3.c execution,  -O3 -g 
FAIL: gcc.c-torture/execute/20021120-3.c execution,  -Os 
FAIL: gcc.c-torture/execute/20060420-1.c compilation,  -O2  (internal compiler error)
UNRESOLVED: gcc.c-torture/execute/20060420-1.c execution,  -O2 
FAIL: gcc.c-torture/execute/20060420-1.c compilation,  -O3 -fomit-frame-pointer  (internal compiler error)
UNRESOLVED: gcc.c-torture/execute/20060420-1.c execution,  -O3 -fomit-frame-pointer 
FAIL: gcc.c-torture/execute/20060420-1.c compilation,  -O3 -fomit-frame-pointer -funroll-loops  (internal compiler error)
UNRESOLVED: gcc.c-torture/execute/20060420-1.c execution,  -O3 -fomit-frame-pointer -funroll-loops 
FAIL: gcc.c-torture/execute/20060420-1.c compilation,  -O3 -fomit-frame-pointer -funroll-all-loops -finline-functions  (internal compiler error)
UNRESOLVED: gcc.c-torture/execute/20060420-1.c execution,  -O3 -fomit-frame-pointer -funroll-all-loops -finline-functions 
FAIL: gcc.c-torture/execute/20060420-1.c compilation,  -O3 -g  (internal compiler error)
UNRESOLVED: gcc.c-torture/execute/20060420-1.c execution,  -O3 -g 
FAIL: gcc.c-torture/execute/920501-2.c execution,  -O0 
FAIL: gcc.c-torture/execute/920501-2.c execution,  -O1 
FAIL: gcc.c-torture/execute/920501-2.c execution,  -O2 
FAIL: gcc.c-torture/execute/920501-2.c execution,  -O3 -fomit-frame-pointer 
FAIL: gcc.c-torture/execute/920501-2.c execution,  -O3 -fomit-frame-pointer -funroll-loops 
FAIL: gcc.c-torture/execute/920501-2.c execution,  -O3 -fomit-frame-pointer -funroll-all-loops -finline-functions 
FAIL: gcc.c-torture/execute/920501-2.c execution,  -O3 -g 
FAIL: gcc.c-torture/execute/920501-2.c execution,  -Os 
FAIL: gcc.c-torture/execute/920501-6.c execution,  -O0 
FAIL: gcc.c-torture/execute/920501-6.c execution,  -O1 
FAIL: gcc.c-torture/execute/920501-6.c execution,  -O2 
FAIL: gcc.c-torture/execute/920501-6.c execution,  -O3 -fomit-frame-pointer 
FAIL: gcc.c-torture/execute/920501-6.c execution,  -O3 -fomit-frame-pointer -funroll-loops 
FAIL: gcc.c-torture/execute/920501-6.c execution,  -O3 -fomit-frame-pointer -funroll-all-loops -finline-functions 
FAIL: gcc.c-torture/execute/920501-6.c execution,  -O3 -g 
FAIL: gcc.c-torture/execute/920501-6.c execution,  -Os 
FAIL: gcc.c-torture/execute/920501-8.c execution,  -O0 
FAIL: gcc.c-torture/execute/920501-8.c execution,  -O1 
FAIL: gcc.c-torture/execute/920501-8.c execution,  -O2 
FAIL: gcc.c-torture/execute/920501-8.c execution,  -O3 -fomit-frame-pointer 
FAIL: gcc.c-torture/execute/920501-8.c execution,  -O3 -g 
FAIL: gcc.c-torture/execute/920501-8.c execution,  -Os 
FAIL: gcc.c-torture/execute/920604-1.c execution,  -O0 
FAIL: gcc.c-torture/execute/920726-1.c execution,  -O0 
FAIL: gcc.c-torture/execute/920726-1.c execution,  -O1 
FAIL: gcc.c-torture/execute/920726-1.c execution,  -O2 
FAIL: gcc.c-torture/execute/920726-1.c execution,  -O3 -fomit-frame-pointer 
FAIL: gcc.c-torture/execute/920726-1.c execution,  -O3 -fomit-frame-pointer -funroll-loops 
FAIL: gcc.c-torture/execute/920726-1.c execution,  -O3 -fomit-frame-pointer -funroll-all-loops -finline-functions 
FAIL: gcc.c-torture/execute/920726-1.c execution,  -O3 -g 
FAIL: gcc.c-torture/execute/920726-1.c execution,  -Os 
FAIL: gcc.c-torture/execute/930718-1.c compilation,  -O1  (internal compiler error)
UNRESOLVED: gcc.c-torture/execute/930718-1.c execution,  -O1 
FAIL: gcc.c-torture/execute/930718-1.c compilation,  -O2  (internal compiler error)
UNRESOLVED: gcc.c-torture/execute/930718-1.c execution,  -O2 
FAIL: gcc.c-torture/execute/930718-1.c compilation,  -O3 -fomit-frame-pointer  (internal compiler error)
UNRESOLVED: gcc.c-torture/execute/930718-1.c execution,  -O3 -fomit-frame-pointer 
FAIL: gcc.c-torture/execute/930718-1.c compilation,  -O3 -g  (internal compiler error)
UNRESOLVED: gcc.c-torture/execute/930718-1.c execution,  -O3 -g 
FAIL: gcc.c-torture/execute/930718-1.c compilation,  -Os  (internal compiler error)
UNRESOLVED: gcc.c-torture/execute/930718-1.c execution,  -Os 
FAIL: gcc.c-torture/execute/980605-1.c execution,  -O0 
FAIL: gcc.c-torture/execute/980605-1.c execution,  -O1 
FAIL: gcc.c-torture/execute/980605-1.c execution,  -O2 
FAIL: gcc.c-torture/execute/980605-1.c execution,  -O3 -fomit-frame-pointer 
FAIL: gcc.c-torture/execute/980605-1.c execution,  -O3 -g 
FAIL: gcc.c-torture/execute/980605-1.c execution,  -Os 
FAIL: gcc.c-torture/execute/arith-rand-ll.c execution,  -O0 
FAIL: gcc.c-torture/execute/arith-rand-ll.c execution,  -O1 
FAIL: gcc.c-torture/execute/arith-rand-ll.c execution,  -O2 
FAIL: gcc.c-torture/execute/arith-rand-ll.c execution,  -O3 -fomit-frame-pointer 
FAIL: gcc.c-torture/execute/arith-rand-ll.c execution,  -O3 -fomit-frame-pointer -funroll-loops 
FAIL: gcc.c-torture/execute/arith-rand-ll.c execution,  -O3 -fomit-frame-pointer -funroll-all-loops -finline-functions 
FAIL: gcc.c-torture/execute/arith-rand-ll.c execution,  -O3 -g 
FAIL: gcc.c-torture/execute/arith-rand-ll.c execution,  -Os 
FAIL: gcc.c-torture/execute/builtin-bitops-1.c execution,  -O0 
FAIL: gcc.c-torture/execute/builtin-bitops-1.c execution,  -O1 
FAIL: gcc.c-torture/execute/builtin-bitops-1.c execution,  -O2 
FAIL: gcc.c-torture/execute/builtin-bitops-1.c execution,  -O3 -fomit-frame-pointer 
FAIL: gcc.c-torture/execute/builtin-bitops-1.c execution,  -O3 -fomit-frame-pointer -funroll-loops 
FAIL: gcc.c-torture/execute/builtin-bitops-1.c execution,  -O3 -fomit-frame-pointer -funroll-all-loops -finline-functions 
FAIL: gcc.c-torture/execute/builtin-bitops-1.c execution,  -O3 -g 
FAIL: gcc.c-torture/execute/builtin-bitops-1.c execution,  -Os 
FAIL: gcc.c-torture/execute/divconst-3.c execution,  -O0 
FAIL: gcc.c-torture/execute/divconst-3.c execution,  -O1 
FAIL: gcc.c-torture/execute/ffs-1.c execution,  -O0 
FAIL: gcc.c-torture/execute/ffs-1.c execution,  -O1 
FAIL: gcc.c-torture/execute/ffs-1.c execution,  -O2 
FAIL: gcc.c-torture/execute/ffs-1.c execution,  -O3 -fomit-frame-pointer 
FAIL: gcc.c-torture/execute/ffs-1.c execution,  -O3 -g 
FAIL: gcc.c-torture/execute/ffs-1.c execution,  -Os 
FAIL: gcc.c-torture/execute/ffs-2.c execution,  -O0 
FAIL: gcc.c-torture/execute/ffs-2.c execution,  -O1 
FAIL: gcc.c-torture/execute/ffs-2.c execution,  -O2 
FAIL: gcc.c-torture/execute/ffs-2.c execution,  -O3 -fomit-frame-pointer 
FAIL: gcc.c-torture/execute/ffs-2.c execution,  -O3 -fomit-frame-pointer -funroll-loops 
FAIL: gcc.c-torture/execute/ffs-2.c execution,  -O3 -fomit-frame-pointer -funroll-all-loops -finline-functions 
FAIL: gcc.c-torture/execute/ffs-2.c execution,  -O3 -g 
FAIL: gcc.c-torture/execute/ffs-2.c execution,  -Os 
FAIL: gcc.c-torture/execute/loop-3b.c compilation,  -O3 -fomit-frame-pointer -funroll-loops  (internal compiler error)
UNRESOLVED: gcc.c-torture/execute/loop-3b.c execution,  -O3 -fomit-frame-pointer -funroll-loops 
FAIL: gcc.c-torture/execute/loop-3b.c compilation,  -O3 -fomit-frame-pointer -funroll-all-loops -finline-functions  (internal compiler error)
UNRESOLVED: gcc.c-torture/execute/loop-3b.c execution,  -O3 -fomit-frame-pointer -funroll-all-loops -finline-functions 
FAIL: gcc.c-torture/execute/pr30185.c execution,  -O0 
FAIL: gcc.c-torture/execute/pr30185.c execution,  -O1 
FAIL: gcc.c-torture/execute/pr33669.c execution,  -O0 
FAIL: gcc.c-torture/execute/pr33669.c execution,  -O1 
FAIL: gcc.c-torture/execute/pr33669.c execution,  -O2 
FAIL: gcc.c-torture/execute/pr33669.c execution,  -Os 
FAIL: gcc.dg/packed-vla.c execution test
FAIL: gcc.dg/pr28796-2.c execution test
FAIL: gcc.dg/matrix/matrix-1.c execution test
FAIL: gcc.dg/matrix/matrix-5.c execution test
FAIL: gcc.dg/pch/valid-1b.c -O0 -g -I. (test for excess errors)
FAIL: gcc.dg/pch/valid-1b.c -O0 -g assembly comparison
FAIL: gcc.dg/pch/valid-1b.c  -O0  -I. (test for excess errors)
FAIL: gcc.dg/pch/valid-1b.c  -O0  assembly comparison
FAIL: gcc.dg/pch/valid-1b.c  -O1  -I. (test for excess errors)
FAIL: gcc.dg/pch/valid-1b.c  -O1  assembly comparison
FAIL: gcc.dg/pch/valid-1b.c  -O2  -I. (test for excess errors)
FAIL: gcc.dg/pch/valid-1b.c  -O2  assembly comparison
FAIL: gcc.dg/pch/valid-1b.c  -O3 -fomit-frame-pointer  -I. (test for excess errors)
FAIL: gcc.dg/pch/valid-1b.c  -O3 -fomit-frame-pointer  assembly comparison
FAIL: gcc.dg/pch/valid-1b.c  -O3 -g  -I. (test for excess errors)
FAIL: gcc.dg/pch/valid-1b.c  -O3 -g  assembly comparison
FAIL: gcc.dg/pch/valid-1b.c  -Os  -I. (test for excess errors)
FAIL: gcc.dg/pch/valid-1b.c  -Os  assembly comparison
FAIL: gcc.dg/struct/wo_prof_single_str_global.c execution test
FAIL: gcc.dg/struct/wo_prof_single_str_local.c execution test
FAIL: gcc.dg/struct/wo_prof_single_str_pointer.c execution test
FAIL: gcc.dg/torture/type-generic-1.c  -O0  execution test
FAIL: gcc.dg/torture/type-generic-1.c  -O1  execution test
FAIL: gcc.dg/torture/type-generic-1.c  -O2  execution test
FAIL: gcc.dg/torture/type-generic-1.c  -O3 -fomit-frame-pointer  execution test
FAIL: gcc.dg/torture/type-generic-1.c  -O3 -g  execution test
FAIL: gcc.dg/torture/type-generic-1.c  -Os  execution test
FAIL: gcc.dg/tree-ssa/vrp47.c scan-tree-dump-times vrp1 "[xy][^ ]* !=" 0
FAIL: gcc.dg/tree-ssa/vrp47.c scan-tree-dump-times dom1 "x[^ ]* & y" 1
FAIL: gcc.dg/tree-ssa/vrp47.c scan-tree-dump-times vrp1 "x[^ ]* [|] y" 1
FAIL: gcc.dg/weak/weak-16.c scan-assembler weak[^ \\t]*[ \\t]_?kallsyms_token_index

		=== gcc Summary ===

# of expected passes		47533
# of unexpected failures	165
# of expected failures		104
# of unresolved testcases	12
# of unsupported tests		585
/scratch/gcc/nightly-2008-12-04-mainline/coldfire-elf/obj/test-mainline-0-m68k-elf/host-i686-pc-linux-gnu/fsf-mainline/bin/m68k-elf-gcc  version 4.4.0 20081204 (experimental) (GCC) 

Host   is i686-pc-linux-gnu

		=== libstdc++ tests ===


Running target qemu-coldfire-elf-prebuilt-fsf/-mcpu=51qe
FAIL: 22_locale/num_get/get/char/16.cc execution test
FAIL: 22_locale/num_put/put/char/10.cc execution test
FAIL: 22_locale/num_put/put/char/15565.cc execution test
FAIL: 22_locale/time_put/put/char/1.cc execution test
FAIL: 22_locale/time_put/put/char/5.cc execution test
FAIL: 22_locale/time_put/put/char/9.cc execution test
FAIL: 23_containers/bitset/ext/15361.cc execution test
FAIL: 25_algorithms/nth_element/2.cc execution test
FAIL: 25_algorithms/sort/34095.cc execution test
FAIL: 25_algorithms/sort/34636.cc execution test
FAIL: 25_algorithms/sort/vectorbool.cc execution test
FAIL: 27_io/basic_filebuf/sgetn/char/1-in.cc execution test
FAIL: 27_io/basic_filebuf/sgetn/char/1-io.cc execution test
FAIL: 27_io/basic_filebuf/sgetn/char/2-in.cc execution test
FAIL: 27_io/basic_filebuf/sgetn/char/2-io.cc execution test
FAIL: 27_io/basic_istream/extractors_arithmetic/char/01.cc execution test
FAIL: 27_io/basic_istream/extractors_arithmetic/char/12.cc execution test
FAIL: 27_io/basic_istream/readsome/char/6746-2.cc execution test
FAIL: 27_io/basic_ostream/inserters_arithmetic/char/7.cc execution test
FAIL: 27_io/basic_ostream/inserters_other/char/error_code.cc execution test
FAIL: 27_io/fpos/14320-5.cc execution test
XPASS: 27_io/ios_base/sync_with_stdio/1.cc execution test
FAIL: 27_io/objects/char/6.cc execution test
FAIL: ext/bitmap_allocator/variadic_construct.cc execution test
FAIL: ext/pool_allocator/allocate_chunk.cc execution test
WARNING: program timed out.
FAIL: tr1/5_numerical_facilities/special_functions/20_riemann_zeta/check_value_pos.cc execution test

		=== libstdc++ Summary ===

# of expected passes		4433
# of unexpected failures	25
# of unexpected successes	1
# of expected failures		64
# of unsupported tests		253
Host   is i686-pc-linux-gnu

		=== g++ tests ===


Running target qemu-coldfire-elf-prebuilt-fsf
FAIL: g++.dg/eh/gcsec1.C execution test
FAIL: g++.dg/init/copy5.C (internal compiler error)
FAIL: g++.dg/init/copy5.C (test for excess errors)
FAIL: g++.dg/init/ref15.C execution test
FAIL: g++.dg/torture/type-generic-1.C  -O0  execution test
FAIL: g++.dg/torture/type-generic-1.C  -O1  execution test
FAIL: g++.dg/torture/type-generic-1.C  -O2  execution test
FAIL: g++.dg/torture/type-generic-1.C  -O3 -fomit-frame-pointer  execution test
FAIL: g++.dg/torture/type-generic-1.C  -O3 -g  execution test
FAIL: g++.dg/torture/type-generic-1.C  -Os  execution test

		=== g++ Summary ===

# of expected passes		18034
# of unexpected failures	10
# of expected failures		134
# of unsupported tests		192
/scratch/gcc/nightly-2008-12-04-mainline/coldfire-elf/obj/test-mainline-0-m68k-elf/host-i686-pc-linux-gnu/fsf-mainline/bin/m68k-elf-g++  version 4.4.0 20081204 (experimental) (GCC) 

Host   is i686-pc-linux-gnu

		=== gcc tests ===


Running target qemu-coldfire-elf-prebuilt-fsf
FAIL: gcc.c-torture/execute/20060420-1.c compilation,  -O2  (internal compiler error)
UNRESOLVED: gcc.c-torture/execute/20060420-1.c execution,  -O2 
FAIL: gcc.c-torture/execute/20060420-1.c compilation,  -O3 -fomit-frame-pointer  (internal compiler error)
UNRESOLVED: gcc.c-torture/execute/20060420-1.c execution,  -O3 -fomit-frame-pointer 
FAIL: gcc.c-torture/execute/20060420-1.c compilation,  -O3 -fomit-frame-pointer -funroll-loops  (internal compiler error)
UNRESOLVED: gcc.c-torture/execute/20060420-1.c execution,  -O3 -fomit-frame-pointer -funroll-loops 
FAIL: gcc.c-torture/execute/20060420-1.c compilation,  -O3 -fomit-frame-pointer -funroll-all-loops -finline-functions  (internal compiler error)
UNRESOLVED: gcc.c-torture/execute/20060420-1.c execution,  -O3 -fomit-frame-pointer -funroll-all-loops -finline-functions 
FAIL: gcc.c-torture/execute/20060420-1.c compilation,  -O3 -g  (internal compiler error)
UNRESOLVED: gcc.c-torture/execute/20060420-1.c execution,  -O3 -g 
FAIL: gcc.c-torture/execute/930718-1.c compilation,  -O1  (internal compiler error)
UNRESOLVED: gcc.c-torture/execute/930718-1.c execution,  -O1 
FAIL: gcc.c-torture/execute/930718-1.c compilation,  -O2  (internal compiler error)
UNRESOLVED: gcc.c-torture/execute/930718-1.c execution,  -O2 
FAIL: gcc.c-torture/execute/930718-1.c compilation,  -O3 -fomit-frame-pointer  (internal compiler error)
UNRESOLVED: gcc.c-torture/execute/930718-1.c execution,  -O3 -fomit-frame-pointer 
FAIL: gcc.c-torture/execute/930718-1.c compilation,  -O3 -g  (internal compiler error)
UNRESOLVED: gcc.c-torture/execute/930718-1.c execution,  -O3 -g 
FAIL: gcc.c-torture/execute/930718-1.c compilation,  -Os  (internal compiler error)
UNRESOLVED: gcc.c-torture/execute/930718-1.c execution,  -Os 
FAIL: gcc.c-torture/execute/loop-3b.c compilation,  -O3 -fomit-frame-pointer -funroll-loops  (internal compiler error)
UNRESOLVED: gcc.c-torture/execute/loop-3b.c execution,  -O3 -fomit-frame-pointer -funroll-loops 
FAIL: gcc.c-torture/execute/loop-3b.c compilation,  -O3 -fomit-frame-pointer -funroll-all-loops -finline-functions  (internal compiler error)
UNRESOLVED: gcc.c-torture/execute/loop-3b.c execution,  -O3 -fomit-frame-pointer -funroll-all-loops -finline-functions 
FAIL: gcc.dg/pr28796-2.c execution test
FAIL: gcc.dg/pch/valid-1b.c -O0 -g -I. (test for excess errors)
FAIL: gcc.dg/pch/valid-1b.c -O0 -g assembly comparison
FAIL: gcc.dg/pch/valid-1b.c  -O0  -I. (test for excess errors)
FAIL: gcc.dg/pch/valid-1b.c  -O0  assembly comparison
FAIL: gcc.dg/pch/valid-1b.c  -O1  -I. (test for excess errors)
FAIL: gcc.dg/pch/valid-1b.c  -O1  assembly comparison
FAIL: gcc.dg/pch/valid-1b.c  -O2  -I. (test for excess errors)
FAIL: gcc.dg/pch/valid-1b.c  -O2  assembly comparison
FAIL: gcc.dg/pch/valid-1b.c  -O3 -fomit-frame-pointer  -I. (test for excess errors)
FAIL: gcc.dg/pch/valid-1b.c  -O3 -fomit-frame-pointer  assembly comparison
FAIL: gcc.dg/pch/valid-1b.c  -O3 -g  -I. (test for excess errors)
FAIL: gcc.dg/pch/valid-1b.c  -O3 -g  assembly comparison
FAIL: gcc.dg/pch/valid-1b.c  -Os  -I. (test for excess errors)
FAIL: gcc.dg/pch/valid-1b.c  -Os  assembly comparison
FAIL: gcc.dg/struct/wo_prof_single_str_global.c execution test
FAIL: gcc.dg/struct/wo_prof_single_str_local.c execution test
FAIL: gcc.dg/struct/wo_prof_single_str_pointer.c execution test
FAIL: gcc.dg/torture/type-generic-1.c  -O0  execution test
FAIL: gcc.dg/torture/type-generic-1.c  -O1  execution test
FAIL: gcc.dg/torture/type-generic-1.c  -O2  execution test
FAIL: gcc.dg/torture/type-generic-1.c  -O3 -fomit-frame-pointer  execution test
FAIL: gcc.dg/torture/type-generic-1.c  -O3 -g  execution test
FAIL: gcc.dg/torture/type-generic-1.c  -Os  execution test
FAIL: gcc.dg/tree-ssa/vrp47.c scan-tree-dump-times vrp1 "[xy][^ ]* !=" 0
FAIL: gcc.dg/tree-ssa/vrp47.c scan-tree-dump-times dom1 "x[^ ]* & y" 1
FAIL: gcc.dg/tree-ssa/vrp47.c scan-tree-dump-times vrp1 "x[^ ]* [|] y" 1
FAIL: gcc.dg/weak/weak-16.c scan-assembler weak[^ \\t]*[ \\t]_?kallsyms_token_index

		=== gcc Summary ===

# of expected passes		47658
# of unexpected failures	40
# of expected failures		104
# of unresolved testcases	12
# of unsupported tests		585
/scratch/gcc/nightly-2008-12-04-mainline/coldfire-elf/obj/test-mainline-0-m68k-elf/host-i686-pc-linux-gnu/fsf-mainline/bin/m68k-elf-gcc  version 4.4.0 20081204 (experimental) (GCC) 

Host   is i686-pc-linux-gnu

		=== libstdc++ tests ===


Running target qemu-coldfire-elf-prebuilt-fsf
FAIL: 27_io/basic_filebuf/sgetn/char/1-in.cc execution test
FAIL: 27_io/basic_filebuf/sgetn/char/1-io.cc execution test
FAIL: 27_io/basic_filebuf/sgetn/char/2-in.cc execution test
FAIL: 27_io/basic_filebuf/sgetn/char/2-io.cc execution test
FAIL: 27_io/basic_istream/extractors_arithmetic/char/12.cc execution test
FAIL: 27_io/basic_istream/readsome/char/6746-2.cc execution test
XPASS: 27_io/ios_base/sync_with_stdio/1.cc execution test
FAIL: 27_io/objects/char/6.cc execution test
FAIL: ext/pool_allocator/allocate_chunk.cc execution test
WARNING: program timed out.
FAIL: tr1/5_numerical_facilities/special_functions/20_riemann_zeta/check_value_pos.cc execution test

		=== libstdc++ Summary ===

# of expected passes		4449
# of unexpected failures	9
# of unexpected successes	1
# of expected failures		64
# of unsupported tests		253
Host   is i686-pc-linux-gnu

		=== g++ tests ===


Running target qemu-coldfire-elf-prebuilt-fsf/-mcpu=5206e
FAIL: g++.dg/eh/gcsec1.C execution test
FAIL: g++.dg/init/copy5.C (internal compiler error)
FAIL: g++.dg/init/copy5.C (test for excess errors)
FAIL: g++.dg/init/ref15.C execution test
FAIL: g++.dg/torture/type-generic-1.C  -O0  execution test
FAIL: g++.dg/torture/type-generic-1.C  -O1  execution test
FAIL: g++.dg/torture/type-generic-1.C  -O2  execution test
FAIL: g++.dg/torture/type-generic-1.C  -O3 -fomit-frame-pointer  execution test
FAIL: g++.dg/torture/type-generic-1.C  -O3 -g  execution test
FAIL: g++.dg/torture/type-generic-1.C  -Os  execution test

		=== g++ Summary ===

# of expected passes		18034
# of unexpected failures	10
# of expected failures		134
# of unsupported tests		192
/scratch/gcc/nightly-2008-12-04-mainline/coldfire-elf/obj/test-mainline-0-m68k-elf/host-i686-pc-linux-gnu/fsf-mainline/bin/m68k-elf-g++  version 4.4.0 20081204 (experimental) (GCC) 

Host   is i686-pc-linux-gnu

		=== gcc tests ===


Running target qemu-coldfire-elf-prebuilt-fsf/-mcpu=5206e
FAIL: gcc.c-torture/execute/20060420-1.c compilation,  -O2  (internal compiler error)
UNRESOLVED: gcc.c-torture/execute/20060420-1.c execution,  -O2 
FAIL: gcc.c-torture/execute/20060420-1.c compilation,  -O3 -fomit-frame-pointer  (internal compiler error)
UNRESOLVED: gcc.c-torture/execute/20060420-1.c execution,  -O3 -fomit-frame-pointer 
FAIL: gcc.c-torture/execute/20060420-1.c compilation,  -O3 -fomit-frame-pointer -funroll-loops  (internal compiler error)
UNRESOLVED: gcc.c-torture/execute/20060420-1.c execution,  -O3 -fomit-frame-pointer -funroll-loops 
FAIL: gcc.c-torture/execute/20060420-1.c compilation,  -O3 -fomit-frame-pointer -funroll-all-loops -finline-functions  (internal compiler error)
UNRESOLVED: gcc.c-torture/execute/20060420-1.c execution,  -O3 -fomit-frame-pointer -funroll-all-loops -finline-functions 
FAIL: gcc.c-torture/execute/20060420-1.c compilation,  -O3 -g  (internal compiler error)
UNRESOLVED: gcc.c-torture/execute/20060420-1.c execution,  -O3 -g 
FAIL: gcc.c-torture/execute/930718-1.c compilation,  -O1  (internal compiler error)
UNRESOLVED: gcc.c-torture/execute/930718-1.c execution,  -O1 
FAIL: gcc.c-torture/execute/930718-1.c compilation,  -O2  (internal compiler error)
UNRESOLVED: gcc.c-torture/execute/930718-1.c execution,  -O2 
FAIL: gcc.c-torture/execute/930718-1.c compilation,  -O3 -fomit-frame-pointer  (internal compiler error)
UNRESOLVED: gcc.c-torture/execute/930718-1.c execution,  -O3 -fomit-frame-pointer 
FAIL: gcc.c-torture/execute/930718-1.c compilation,  -O3 -g  (internal compiler error)
UNRESOLVED: gcc.c-torture/execute/930718-1.c execution,  -O3 -g 
FAIL: gcc.c-torture/execute/930718-1.c compilation,  -Os  (internal compiler error)
UNRESOLVED: gcc.c-torture/execute/930718-1.c execution,  -Os 
FAIL: gcc.dg/pr28796-2.c execution test
FAIL: gcc.dg/pch/valid-1b.c -O0 -g -I. (test for excess errors)
FAIL: gcc.dg/pch/valid-1b.c -O0 -g assembly comparison
FAIL: gcc.dg/pch/valid-1b.c  -O0  -I. (test for excess errors)
FAIL: gcc.dg/pch/valid-1b.c  -O0  assembly comparison
FAIL: gcc.dg/pch/valid-1b.c  -O1  -I. (test for excess errors)
FAIL: gcc.dg/pch/valid-1b.c  -O1  assembly comparison
FAIL: gcc.dg/pch/valid-1b.c  -O2  -I. (test for excess errors)
FAIL: gcc.dg/pch/valid-1b.c  -O2  assembly comparison
FAIL: gcc.dg/pch/valid-1b.c  -O3 -fomit-frame-pointer  -I. (test for excess errors)
FAIL: gcc.dg/pch/valid-1b.c  -O3 -fomit-frame-pointer  assembly comparison
FAIL: gcc.dg/pch/valid-1b.c  -O3 -g  -I. (test for excess errors)
FAIL: gcc.dg/pch/valid-1b.c  -O3 -g  assembly comparison
FAIL: gcc.dg/pch/valid-1b.c  -Os  -I. (test for excess errors)
FAIL: gcc.dg/pch/valid-1b.c  -Os  assembly comparison
FAIL: gcc.dg/struct/wo_prof_single_str_global.c execution test
FAIL: gcc.dg/struct/wo_prof_single_str_local.c execution test
FAIL: gcc.dg/struct/wo_prof_single_str_pointer.c execution test
FAIL: gcc.dg/torture/type-generic-1.c  -O0  execution test
FAIL: gcc.dg/torture/type-generic-1.c  -O1  execution test
FAIL: gcc.dg/torture/type-generic-1.c  -O2  execution test
FAIL: gcc.dg/torture/type-generic-1.c  -O3 -fomit-frame-pointer  execution test
FAIL: gcc.dg/torture/type-generic-1.c  -O3 -g  execution test
FAIL: gcc.dg/torture/type-generic-1.c  -Os  execution test
FAIL: gcc.dg/tree-ssa/vrp47.c scan-tree-dump-times vrp1 "[xy][^ ]* !=" 0
FAIL: gcc.dg/tree-ssa/vrp47.c scan-tree-dump-times dom1 "x[^ ]* & y" 1
FAIL: gcc.dg/tree-ssa/vrp47.c scan-tree-dump-times vrp1 "x[^ ]* [|] y" 1
FAIL: gcc.dg/weak/weak-16.c scan-assembler weak[^ \\t]*[ \\t]_?kallsyms_token_index

		=== gcc Summary ===

# of expected passes		47662
# of unexpected failures	38
# of expected failures		104
# of unresolved testcases	10
# of unsupported tests		585
/scratch/gcc/nightly-2008-12-04-mainline/coldfire-elf/obj/test-mainline-0-m68k-elf/host-i686-pc-linux-gnu/fsf-mainline/bin/m68k-elf-gcc  version 4.4.0 20081204 (experimental) (GCC) 

Host   is i686-pc-linux-gnu

		=== libstdc++ tests ===


Running target qemu-coldfire-elf-prebuilt-fsf/-mcpu=5206e
FAIL: 27_io/basic_filebuf/sgetn/char/1-in.cc execution test
FAIL: 27_io/basic_filebuf/sgetn/char/1-io.cc execution test
FAIL: 27_io/basic_filebuf/sgetn/char/2-in.cc execution test
FAIL: 27_io/basic_filebuf/sgetn/char/2-io.cc execution test
FAIL: 27_io/basic_istream/extractors_arithmetic/char/12.cc execution test
FAIL: 27_io/basic_istream/readsome/char/6746-2.cc execution test
XPASS: 27_io/ios_base/sync_with_stdio/1.cc execution test
FAIL: 27_io/objects/char/6.cc execution test
FAIL: ext/pool_allocator/allocate_chunk.cc execution test
WARNING: program timed out.
FAIL: tr1/5_numerical_facilities/special_functions/20_riemann_zeta/check_value_neg.cc execution test
WARNING: program timed out.
FAIL: tr1/5_numerical_facilities/special_functions/20_riemann_zeta/check_value_pos.cc execution test

		=== libstdc++ Summary ===

# of expected passes		4448
# of unexpected failures	10
# of unexpected successes	1
# of expected failures		64
# of unsupported tests		253
Host   is i686-pc-linux-gnu

		=== g++ tests ===


Running target qemu-coldfire-elf-prebuilt-fsf/-mcpu=5208
FAIL: g++.dg/eh/gcsec1.C execution test
FAIL: g++.dg/ext/stmtexpr1.C execution test
FAIL: g++.dg/ext/stmtexpr2.C execution test
FAIL: g++.dg/init/copy5.C (internal compiler error)
FAIL: g++.dg/init/copy5.C (test for excess errors)
FAIL: g++.dg/init/ref15.C execution test
FAIL: g++.dg/opt/tmp1.C execution test
FAIL: g++.dg/torture/type-generic-1.C  -O0  execution test
FAIL: g++.dg/torture/type-generic-1.C  -O1  execution test
FAIL: g++.dg/torture/type-generic-1.C  -O2  execution test
FAIL: g++.dg/torture/type-generic-1.C  -O3 -fomit-frame-pointer  execution test
FAIL: g++.dg/torture/type-generic-1.C  -O3 -g  execution test
FAIL: g++.dg/torture/type-generic-1.C  -Os  execution test
FAIL: g++.old-deja/g++.jason/groff1.C execution test
FAIL: g++.old-deja/g++.jason/typeid2.C execution test
FAIL: g++.old-deja/g++.mike/p11667.C execution test
FAIL: g++.old-deja/g++.mike/p3139.C execution test
FAIL: g++.old-deja/g++.mike/pmf2.C execution test
FAIL: g++.old-deja/g++.other/init11.C execution test
FAIL: g++.old-deja/g++.other/vbase5.C execution test
FAIL: g++.old-deja/g++.pt/t16.C execution test

		=== g++ Summary ===

# of expected passes		18023
# of unexpected failures	21
# of expected failures		134
# of unsupported tests		192
/scratch/gcc/nightly-2008-12-04-mainline/coldfire-elf/obj/test-mainline-0-m68k-elf/host-i686-pc-linux-gnu/fsf-mainline/bin/m68k-elf-g++  version 4.4.0 20081204 (experimental) (GCC) 

Host   is i686-pc-linux-gnu

		=== gcc tests ===


Running target qemu-coldfire-elf-prebuilt-fsf/-mcpu=5208
FAIL: gcc.c-torture/execute/builtins/pr23484-chk.c execution,  -O1 
FAIL: gcc.c-torture/execute/builtins/pr23484-chk.c execution,  -O2 
FAIL: gcc.c-torture/execute/builtins/pr23484-chk.c execution,  -O3 -fomit-frame-pointer 
FAIL: gcc.c-torture/execute/builtins/pr23484-chk.c execution,  -O3 -g 
FAIL: gcc.c-torture/execute/builtins/pr23484-chk.c execution,  -Os 
FAIL: gcc.c-torture/execute/builtins/snprintf-chk.c execution,  -O1 
FAIL: gcc.c-torture/execute/builtins/snprintf-chk.c execution,  -O2 
FAIL: gcc.c-torture/execute/builtins/snprintf-chk.c execution,  -O3 -fomit-frame-pointer 
FAIL: gcc.c-torture/execute/builtins/snprintf-chk.c execution,  -O3 -fomit-frame-pointer -funroll-loops 
FAIL: gcc.c-torture/execute/builtins/snprintf-chk.c execution,  -O3 -fomit-frame-pointer -funroll-all-loops -finline-functions 
FAIL: gcc.c-torture/execute/builtins/snprintf-chk.c execution,  -O3 -g 
FAIL: gcc.c-torture/execute/builtins/snprintf-chk.c execution,  -Os 
FAIL: gcc.c-torture/execute/builtins/sprintf-chk.c execution,  -O1 
FAIL: gcc.c-torture/execute/builtins/sprintf-chk.c execution,  -O2 
FAIL: gcc.c-torture/execute/builtins/sprintf-chk.c execution,  -O3 -fomit-frame-pointer 
FAIL: gcc.c-torture/execute/builtins/sprintf-chk.c execution,  -O3 -fomit-frame-pointer -funroll-loops 
FAIL: gcc.c-torture/execute/builtins/sprintf-chk.c execution,  -O3 -fomit-frame-pointer -funroll-all-loops -finline-functions 
FAIL: gcc.c-torture/execute/builtins/sprintf-chk.c execution,  -O3 -g 
FAIL: gcc.c-torture/execute/builtins/sprintf-chk.c execution,  -Os 
FAIL: gcc.c-torture/execute/builtins/vsnprintf-chk.c execution,  -O1 
FAIL: gcc.c-torture/execute/builtins/vsnprintf-chk.c execution,  -O2 
FAIL: gcc.c-torture/execute/builtins/vsnprintf-chk.c execution,  -O3 -fomit-frame-pointer 
FAIL: gcc.c-torture/execute/builtins/vsnprintf-chk.c execution,  -O3 -fomit-frame-pointer -funroll-loops 
FAIL: gcc.c-torture/execute/builtins/vsnprintf-chk.c execution,  -O3 -fomit-frame-pointer -funroll-all-loops -finline-functions 
FAIL: gcc.c-torture/execute/builtins/vsnprintf-chk.c execution,  -O3 -g 
FAIL: gcc.c-torture/execute/builtins/vsnprintf-chk.c execution,  -Os 
FAIL: gcc.c-torture/execute/builtins/vsprintf-chk.c execution,  -O1 
FAIL: gcc.c-torture/execute/builtins/vsprintf-chk.c execution,  -O2 
FAIL: gcc.c-torture/execute/builtins/vsprintf-chk.c execution,  -O3 -fomit-frame-pointer 
FAIL: gcc.c-torture/execute/builtins/vsprintf-chk.c execution,  -O3 -fomit-frame-pointer -funroll-loops 
FAIL: gcc.c-torture/execute/builtins/vsprintf-chk.c execution,  -O3 -fomit-frame-pointer -funroll-all-loops -finline-functions 
FAIL: gcc.c-torture/execute/builtins/vsprintf-chk.c execution,  -O3 -g 
FAIL: gcc.c-torture/execute/builtins/vsprintf-chk.c execution,  -Os 
FAIL: gcc.c-torture/execute/20000402-1.c execution,  -O0 
FAIL: gcc.c-torture/execute/20000523-1.c execution,  -O0 
FAIL: gcc.c-torture/execute/20020201-1.c execution,  -O0 
FAIL: gcc.c-torture/execute/20020201-1.c execution,  -O1 
FAIL: gcc.c-torture/execute/20020201-1.c execution,  -O2 
FAIL: gcc.c-torture/execute/20020201-1.c execution,  -O3 -fomit-frame-pointer 
FAIL: gcc.c-torture/execute/20020201-1.c execution,  -O3 -g 
FAIL: gcc.c-torture/execute/20020201-1.c execution,  -Os 
FAIL: gcc.c-torture/execute/20021120-3.c execution,  -O0 
FAIL: gcc.c-torture/execute/20021120-3.c execution,  -O1 
FAIL: gcc.c-torture/execute/20021120-3.c execution,  -O2 
FAIL: gcc.c-torture/execute/20021120-3.c execution,  -O3 -fomit-frame-pointer 
FAIL: gcc.c-torture/execute/20021120-3.c execution,  -O3 -g 
FAIL: gcc.c-torture/execute/20021120-3.c execution,  -Os 
FAIL: gcc.c-torture/execute/20060420-1.c compilation,  -O2  (internal compiler error)
UNRESOLVED: gcc.c-torture/execute/20060420-1.c execution,  -O2 
FAIL: gcc.c-torture/execute/20060420-1.c compilation,  -O3 -fomit-frame-pointer  (internal compiler error)
UNRESOLVED: gcc.c-torture/execute/20060420-1.c execution,  -O3 -fomit-frame-pointer 
FAIL: gcc.c-torture/execute/20060420-1.c compilation,  -O3 -fomit-frame-pointer -funroll-loops  (internal compiler error)
UNRESOLVED: gcc.c-torture/execute/20060420-1.c execution,  -O3 -fomit-frame-pointer -funroll-loops 
FAIL: gcc.c-torture/execute/20060420-1.c compilation,  -O3 -fomit-frame-pointer -funroll-all-loops -finline-functions  (internal compiler error)
UNRESOLVED: gcc.c-torture/execute/20060420-1.c execution,  -O3 -fomit-frame-pointer -funroll-all-loops -finline-functions 
FAIL: gcc.c-torture/execute/20060420-1.c compilation,  -O3 -g  (internal compiler error)
UNRESOLVED: gcc.c-torture/execute/20060420-1.c execution,  -O3 -g 
FAIL: gcc.c-torture/execute/920501-2.c execution,  -O0 
FAIL: gcc.c-torture/execute/920501-2.c execution,  -O1 
FAIL: gcc.c-torture/execute/920501-2.c execution,  -O2 
FAIL: gcc.c-torture/execute/920501-2.c execution,  -O3 -fomit-frame-pointer 
FAIL: gcc.c-torture/execute/920501-2.c execution,  -O3 -fomit-frame-pointer -funroll-loops 
FAIL: gcc.c-torture/execute/920501-2.c execution,  -O3 -fomit-frame-pointer -funroll-all-loops -finline-functions 
FAIL: gcc.c-torture/execute/920501-2.c execution,  -O3 -g 
FAIL: gcc.c-torture/execute/920501-2.c execution,  -Os 
FAIL: gcc.c-torture/execute/920501-6.c execution,  -O0 
FAIL: gcc.c-torture/execute/920501-6.c execution,  -O1 
FAIL: gcc.c-torture/execute/920501-6.c execution,  -O2 
FAIL: gcc.c-torture/execute/920501-6.c execution,  -O3 -fomit-frame-pointer 
FAIL: gcc.c-torture/execute/920501-6.c execution,  -O3 -fomit-frame-pointer -funroll-loops 
FAIL: gcc.c-torture/execute/920501-6.c execution,  -O3 -fomit-frame-pointer -funroll-all-loops -finline-functions 
FAIL: gcc.c-torture/execute/920501-6.c execution,  -O3 -g 
FAIL: gcc.c-torture/execute/920501-6.c execution,  -Os 
FAIL: gcc.c-torture/execute/920501-8.c execution,  -O0 
FAIL: gcc.c-torture/execute/920501-8.c execution,  -O1 
FAIL: gcc.c-torture/execute/920501-8.c execution,  -O2 
FAIL: gcc.c-torture/execute/920501-8.c execution,  -O3 -fomit-frame-pointer 
FAIL: gcc.c-torture/execute/920501-8.c execution,  -O3 -g 
FAIL: gcc.c-torture/execute/920501-8.c execution,  -Os 
FAIL: gcc.c-torture/execute/920604-1.c execution,  -O0 
FAIL: gcc.c-torture/execute/920726-1.c execution,  -O0 
FAIL: gcc.c-torture/execute/920726-1.c execution,  -O1 
FAIL: gcc.c-torture/execute/920726-1.c execution,  -O2 
FAIL: gcc.c-torture/execute/920726-1.c execution,  -O3 -fomit-frame-pointer 
FAIL: gcc.c-torture/execute/920726-1.c execution,  -O3 -fomit-frame-pointer -funroll-loops 
FAIL: gcc.c-torture/execute/920726-1.c execution,  -O3 -fomit-frame-pointer -funroll-all-loops -finline-functions 
FAIL: gcc.c-torture/execute/920726-1.c execution,  -O3 -g 
FAIL: gcc.c-torture/execute/920726-1.c execution,  -Os 
FAIL: gcc.c-torture/execute/930718-1.c compilation,  -O1  (internal compiler error)
UNRESOLVED: gcc.c-torture/execute/930718-1.c execution,  -O1 
FAIL: gcc.c-torture/execute/930718-1.c compilation,  -O2  (internal compiler error)
UNRESOLVED: gcc.c-torture/execute/930718-1.c execution,  -O2 
FAIL: gcc.c-torture/execute/930718-1.c compilation,  -O3 -fomit-frame-pointer  (internal compiler error)
UNRESOLVED: gcc.c-torture/execute/930718-1.c execution,  -O3 -fomit-frame-pointer 
FAIL: gcc.c-torture/execute/930718-1.c compilation,  -O3 -g  (internal compiler error)
UNRESOLVED: gcc.c-torture/execute/930718-1.c execution,  -O3 -g 
FAIL: gcc.c-torture/execute/930718-1.c compilation,  -Os  (internal compiler error)
UNRESOLVED: gcc.c-torture/execute/930718-1.c execution,  -Os 
FAIL: gcc.c-torture/execute/980605-1.c execution,  -O0 
FAIL: gcc.c-torture/execute/980605-1.c execution,  -O1 
FAIL: gcc.c-torture/execute/980605-1.c execution,  -O2 
FAIL: gcc.c-torture/execute/980605-1.c execution,  -O3 -fomit-frame-pointer 
FAIL: gcc.c-torture/execute/980605-1.c execution,  -O3 -g 
FAIL: gcc.c-torture/execute/980605-1.c execution,  -Os 
FAIL: gcc.c-torture/execute/arith-rand-ll.c execution,  -O0 
FAIL: gcc.c-torture/execute/arith-rand-ll.c execution,  -O1 
FAIL: gcc.c-torture/execute/arith-rand-ll.c execution,  -O2 
FAIL: gcc.c-torture/execute/arith-rand-ll.c execution,  -O3 -fomit-frame-pointer 
FAIL: gcc.c-torture/execute/arith-rand-ll.c execution,  -O3 -fomit-frame-pointer -funroll-loops 
FAIL: gcc.c-torture/execute/arith-rand-ll.c execution,  -O3 -fomit-frame-pointer -funroll-all-loops -finline-functions 
FAIL: gcc.c-torture/execute/arith-rand-ll.c execution,  -O3 -g 
FAIL: gcc.c-torture/execute/arith-rand-ll.c execution,  -Os 
FAIL: gcc.c-torture/execute/builtin-bitops-1.c execution,  -O0 
FAIL: gcc.c-torture/execute/builtin-bitops-1.c execution,  -O1 
FAIL: gcc.c-torture/execute/builtin-bitops-1.c execution,  -O2 
FAIL: gcc.c-torture/execute/builtin-bitops-1.c execution,  -O3 -fomit-frame-pointer 
FAIL: gcc.c-torture/execute/builtin-bitops-1.c execution,  -O3 -fomit-frame-pointer -funroll-loops 
FAIL: gcc.c-torture/execute/builtin-bitops-1.c execution,  -O3 -fomit-frame-pointer -funroll-all-loops -finline-functions 
FAIL: gcc.c-torture/execute/builtin-bitops-1.c execution,  -O3 -g 
FAIL: gcc.c-torture/execute/builtin-bitops-1.c execution,  -Os 
FAIL: gcc.c-torture/execute/divconst-3.c execution,  -O0 
FAIL: gcc.c-torture/execute/divconst-3.c execution,  -O1 
FAIL: gcc.c-torture/execute/ffs-1.c execution,  -O0 
FAIL: gcc.c-torture/execute/ffs-1.c execution,  -O1 
FAIL: gcc.c-torture/execute/ffs-1.c execution,  -O2 
FAIL: gcc.c-torture/execute/ffs-1.c execution,  -O3 -fomit-frame-pointer 
FAIL: gcc.c-torture/execute/ffs-1.c execution,  -O3 -g 
FAIL: gcc.c-torture/execute/ffs-1.c execution,  -Os 
FAIL: gcc.c-torture/execute/ffs-2.c execution,  -O0 
FAIL: gcc.c-torture/execute/ffs-2.c execution,  -O1 
FAIL: gcc.c-torture/execute/ffs-2.c execution,  -O2 
FAIL: gcc.c-torture/execute/ffs-2.c execution,  -O3 -fomit-frame-pointer 
FAIL: gcc.c-torture/execute/ffs-2.c execution,  -O3 -fomit-frame-pointer -funroll-loops 
FAIL: gcc.c-torture/execute/ffs-2.c execution,  -O3 -fomit-frame-pointer -funroll-all-loops -finline-functions 
FAIL: gcc.c-torture/execute/ffs-2.c execution,  -O3 -g 
FAIL: gcc.c-torture/execute/ffs-2.c execution,  -Os 
FAIL: gcc.c-torture/execute/pr30185.c execution,  -O0 
FAIL: gcc.c-torture/execute/pr30185.c execution,  -O1 
FAIL: gcc.c-torture/execute/pr33669.c execution,  -O0 
FAIL: gcc.c-torture/execute/pr33669.c execution,  -O1 
FAIL: gcc.c-torture/execute/pr33669.c execution,  -O2 
FAIL: gcc.c-torture/execute/pr33669.c execution,  -Os 
FAIL: gcc.dg/packed-vla.c execution test
FAIL: gcc.dg/pr28796-2.c execution test
FAIL: gcc.dg/matrix/matrix-1.c execution test
FAIL: gcc.dg/matrix/matrix-5.c execution test
FAIL: gcc.dg/pch/valid-1b.c -O0 -g -I. (test for excess errors)
FAIL: gcc.dg/pch/valid-1b.c -O0 -g assembly comparison
FAIL: gcc.dg/pch/valid-1b.c  -O0  -I. (test for excess errors)
FAIL: gcc.dg/pch/valid-1b.c  -O0  assembly comparison
FAIL: gcc.dg/pch/valid-1b.c  -O1  -I. (test for excess errors)
FAIL: gcc.dg/pch/valid-1b.c  -O1  assembly comparison
FAIL: gcc.dg/pch/valid-1b.c  -O2  -I. (test for excess errors)
FAIL: gcc.dg/pch/valid-1b.c  -O2  assembly comparison
FAIL: gcc.dg/pch/valid-1b.c  -O3 -fomit-frame-pointer  -I. (test for excess errors)
FAIL: gcc.dg/pch/valid-1b.c  -O3 -fomit-frame-pointer  assembly comparison
FAIL: gcc.dg/pch/valid-1b.c  -O3 -g  -I. (test for excess errors)
FAIL: gcc.dg/pch/valid-1b.c  -O3 -g  assembly comparison
FAIL: gcc.dg/pch/valid-1b.c  -Os  -I. (test for excess errors)
FAIL: gcc.dg/pch/valid-1b.c  -Os  assembly comparison
FAIL: gcc.dg/struct/wo_prof_single_str_global.c execution test
FAIL: gcc.dg/struct/wo_prof_single_str_local.c execution test
FAIL: gcc.dg/struct/wo_prof_single_str_pointer.c execution test
FAIL: gcc.dg/torture/type-generic-1.c  -O0  execution test
FAIL: gcc.dg/torture/type-generic-1.c  -O1  execution test
FAIL: gcc.dg/torture/type-generic-1.c  -O2  execution test
FAIL: gcc.dg/torture/type-generic-1.c  -O3 -fomit-frame-pointer  execution test
FAIL: gcc.dg/torture/type-generic-1.c  -O3 -g  execution test
FAIL: gcc.dg/torture/type-generic-1.c  -Os  execution test
FAIL: gcc.dg/tree-ssa/vrp47.c scan-tree-dump-times vrp1 "[xy][^ ]* !=" 0
FAIL: gcc.dg/tree-ssa/vrp47.c scan-tree-dump-times dom1 "x[^ ]* & y" 1
FAIL: gcc.dg/tree-ssa/vrp47.c scan-tree-dump-times vrp1 "x[^ ]* [|] y" 1
FAIL: gcc.dg/weak/weak-16.c scan-assembler weak[^ \\t]*[ \\t]_?kallsyms_token_index

		=== gcc Summary ===

# of expected passes		47537
# of unexpected failures	163
# of expected failures		104
# of unresolved testcases	10
# of unsupported tests		585
/scratch/gcc/nightly-2008-12-04-mainline/coldfire-elf/obj/test-mainline-0-m68k-elf/host-i686-pc-linux-gnu/fsf-mainline/bin/m68k-elf-gcc  version 4.4.0 20081204 (experimental) (GCC) 

Host   is i686-pc-linux-gnu

		=== libstdc++ tests ===


Running target qemu-coldfire-elf-prebuilt-fsf/-mcpu=5208
FAIL: 22_locale/num_get/get/char/16.cc execution test
FAIL: 22_locale/num_put/put/char/10.cc execution test
FAIL: 22_locale/num_put/put/char/15565.cc execution test
FAIL: 22_locale/time_put/put/char/1.cc execution test
FAIL: 22_locale/time_put/put/char/5.cc execution test
FAIL: 22_locale/time_put/put/char/9.cc execution test
FAIL: 23_containers/bitset/ext/15361.cc execution test
FAIL: 25_algorithms/nth_element/2.cc execution test
FAIL: 25_algorithms/sort/34095.cc execution test
FAIL: 25_algorithms/sort/34636.cc execution test
FAIL: 25_algorithms/sort/vectorbool.cc execution test
FAIL: 27_io/basic_filebuf/sgetn/char/1-in.cc execution test
FAIL: 27_io/basic_filebuf/sgetn/char/1-io.cc execution test
FAIL: 27_io/basic_filebuf/sgetn/char/2-in.cc execution test
FAIL: 27_io/basic_filebuf/sgetn/char/2-io.cc execution test
FAIL: 27_io/basic_istream/extractors_arithmetic/char/01.cc execution test
FAIL: 27_io/basic_istream/extractors_arithmetic/char/12.cc execution test
FAIL: 27_io/basic_istream/readsome/char/6746-2.cc execution test
FAIL: 27_io/basic_ostream/inserters_arithmetic/char/7.cc execution test
FAIL: 27_io/basic_ostream/inserters_other/char/error_code.cc execution test
FAIL: 27_io/fpos/14320-5.cc execution test
XPASS: 27_io/ios_base/sync_with_stdio/1.cc execution test
FAIL: 27_io/objects/char/6.cc execution test
FAIL: ext/bitmap_allocator/variadic_construct.cc execution test
FAIL: ext/pool_allocator/allocate_chunk.cc execution test
WARNING: program timed out.
FAIL: tr1/5_numerical_facilities/special_functions/20_riemann_zeta/check_value_neg.cc execution test
WARNING: program timed out.
FAIL: tr1/5_numerical_facilities/special_functions/20_riemann_zeta/check_value_pos.cc execution test

		=== libstdc++ Summary ===

# of expected passes		4432
# of unexpected failures	26
# of unexpected successes	1
# of expected failures		64
# of unsupported tests		253
Host   is i686-pc-linux-gnu

		=== g++ tests ===


Running target qemu-coldfire-elf-prebuilt-fsf/-mcpu=5307
FAIL: g++.dg/eh/gcsec1.C execution test
FAIL: g++.dg/init/copy5.C (internal compiler error)
FAIL: g++.dg/init/copy5.C (test for excess errors)
FAIL: g++.dg/init/ref15.C execution test
FAIL: g++.dg/torture/type-generic-1.C  -O0  execution test
FAIL: g++.dg/torture/type-generic-1.C  -O1  execution test
FAIL: g++.dg/torture/type-generic-1.C  -O2  execution test
FAIL: g++.dg/torture/type-generic-1.C  -O3 -fomit-frame-pointer  execution test
FAIL: g++.dg/torture/type-generic-1.C  -O3 -g  execution test
FAIL: g++.dg/torture/type-generic-1.C  -Os  execution test

		=== g++ Summary ===

# of expected passes		18034
# of unexpected failures	10
# of expected failures		134
# of unsupported tests		192
/scratch/gcc/nightly-2008-12-04-mainline/coldfire-elf/obj/test-mainline-0-m68k-elf/host-i686-pc-linux-gnu/fsf-mainline/bin/m68k-elf-g++  version 4.4.0 20081204 (experimental) (GCC) 

Host   is i686-pc-linux-gnu

		=== gcc tests ===


Running target qemu-coldfire-elf-prebuilt-fsf/-mcpu=5307
FAIL: gcc.c-torture/execute/20060420-1.c compilation,  -O2  (internal compiler error)
UNRESOLVED: gcc.c-torture/execute/20060420-1.c execution,  -O2 
FAIL: gcc.c-torture/execute/20060420-1.c compilation,  -O3 -fomit-frame-pointer  (internal compiler error)
UNRESOLVED: gcc.c-torture/execute/20060420-1.c execution,  -O3 -fomit-frame-pointer 
FAIL: gcc.c-torture/execute/20060420-1.c compilation,  -O3 -fomit-frame-pointer -funroll-loops  (internal compiler error)
UNRESOLVED: gcc.c-torture/execute/20060420-1.c execution,  -O3 -fomit-frame-pointer -funroll-loops 
FAIL: gcc.c-torture/execute/20060420-1.c compilation,  -O3 -fomit-frame-pointer -funroll-all-loops -finline-functions  (internal compiler error)
UNRESOLVED: gcc.c-torture/execute/20060420-1.c execution,  -O3 -fomit-frame-pointer -funroll-all-loops -finline-functions 
FAIL: gcc.c-torture/execute/20060420-1.c compilation,  -O3 -g  (internal compiler error)
UNRESOLVED: gcc.c-torture/execute/20060420-1.c execution,  -O3 -g 
FAIL: gcc.c-torture/execute/930718-1.c compilation,  -O1  (internal compiler error)
UNRESOLVED: gcc.c-torture/execute/930718-1.c execution,  -O1 
FAIL: gcc.c-torture/execute/930718-1.c compilation,  -O2  (internal compiler error)
UNRESOLVED: gcc.c-torture/execute/930718-1.c execution,  -O2 
FAIL: gcc.c-torture/execute/930718-1.c compilation,  -O3 -fomit-frame-pointer  (internal compiler error)
UNRESOLVED: gcc.c-torture/execute/930718-1.c execution,  -O3 -fomit-frame-pointer 
FAIL: gcc.c-torture/execute/930718-1.c compilation,  -O3 -g  (internal compiler error)
UNRESOLVED: gcc.c-torture/execute/930718-1.c execution,  -O3 -g 
FAIL: gcc.c-torture/execute/930718-1.c compilation,  -Os  (internal compiler error)
UNRESOLVED: gcc.c-torture/execute/930718-1.c execution,  -Os 
FAIL: gcc.dg/pr28796-2.c execution test
FAIL: gcc.dg/pch/valid-1b.c -O0 -g -I. (test for excess errors)
FAIL: gcc.dg/pch/valid-1b.c -O0 -g assembly comparison
FAIL: gcc.dg/pch/valid-1b.c  -O0  -I. (test for excess errors)
FAIL: gcc.dg/pch/valid-1b.c  -O0  assembly comparison
FAIL: gcc.dg/pch/valid-1b.c  -O1  -I. (test for excess errors)
FAIL: gcc.dg/pch/valid-1b.c  -O1  assembly comparison
FAIL: gcc.dg/pch/valid-1b.c  -O2  -I. (test for excess errors)
FAIL: gcc.dg/pch/valid-1b.c  -O2  assembly comparison
FAIL: gcc.dg/pch/valid-1b.c  -O3 -fomit-frame-pointer  -I. (test for excess errors)
FAIL: gcc.dg/pch/valid-1b.c  -O3 -fomit-frame-pointer  assembly comparison
FAIL: gcc.dg/pch/valid-1b.c  -O3 -g  -I. (test for excess errors)
FAIL: gcc.dg/pch/valid-1b.c  -O3 -g  assembly comparison
FAIL: gcc.dg/pch/valid-1b.c  -Os  -I. (test for excess errors)
FAIL: gcc.dg/pch/valid-1b.c  -Os  assembly comparison
FAIL: gcc.dg/struct/wo_prof_single_str_global.c execution test
FAIL: gcc.dg/struct/wo_prof_single_str_local.c execution test
FAIL: gcc.dg/struct/wo_prof_single_str_pointer.c execution test
FAIL: gcc.dg/torture/type-generic-1.c  -O0  execution test
FAIL: gcc.dg/torture/type-generic-1.c  -O1  execution test
FAIL: gcc.dg/torture/type-generic-1.c  -O2  execution test
FAIL: gcc.dg/torture/type-generic-1.c  -O3 -fomit-frame-pointer  execution test
FAIL: gcc.dg/torture/type-generic-1.c  -O3 -g  execution test
FAIL: gcc.dg/torture/type-generic-1.c  -Os  execution test
FAIL: gcc.dg/tree-ssa/vrp47.c scan-tree-dump-times vrp1 "[xy][^ ]* !=" 0
FAIL: gcc.dg/tree-ssa/vrp47.c scan-tree-dump-times dom1 "x[^ ]* & y" 1
FAIL: gcc.dg/tree-ssa/vrp47.c scan-tree-dump-times vrp1 "x[^ ]* [|] y" 1
FAIL: gcc.dg/weak/weak-16.c scan-assembler weak[^ \\t]*[ \\t]_?kallsyms_token_index

		=== gcc Summary ===

# of expected passes		47662
# of unexpected failures	38
# of expected failures		104
# of unresolved testcases	10
# of unsupported tests		585
/scratch/gcc/nightly-2008-12-04-mainline/coldfire-elf/obj/test-mainline-0-m68k-elf/host-i686-pc-linux-gnu/fsf-mainline/bin/m68k-elf-gcc  version 4.4.0 20081204 (experimental) (GCC) 

Host   is i686-pc-linux-gnu

		=== libstdc++ tests ===


Running target qemu-coldfire-elf-prebuilt-fsf/-mcpu=5307
FAIL: 27_io/basic_filebuf/sgetn/char/1-in.cc execution test
FAIL: 27_io/basic_filebuf/sgetn/char/1-io.cc execution test
FAIL: 27_io/basic_filebuf/sgetn/char/2-in.cc execution test
FAIL: 27_io/basic_filebuf/sgetn/char/2-io.cc execution test
FAIL: 27_io/basic_istream/extractors_arithmetic/char/12.cc execution test
FAIL: 27_io/basic_istream/readsome/char/6746-2.cc execution test
XPASS: 27_io/ios_base/sync_with_stdio/1.cc execution test
FAIL: 27_io/objects/char/6.cc execution test
FAIL: ext/pool_allocator/allocate_chunk.cc execution test
WARNING: program timed out.
FAIL: tr1/5_numerical_facilities/special_functions/20_riemann_zeta/check_value_neg.cc execution test
WARNING: program timed out.
FAIL: tr1/5_numerical_facilities/special_functions/20_riemann_zeta/check_value_pos.cc execution test

		=== libstdc++ Summary ===

# of expected passes		4448
# of unexpected failures	10
# of unexpected successes	1
# of expected failures		64
# of unsupported tests		253
Host   is i686-pc-linux-gnu

		=== g++ tests ===


Running target qemu-coldfire-elf-prebuilt-fsf/-mcpu=5329
FAIL: g++.dg/eh/gcsec1.C execution test
FAIL: g++.dg/ext/stmtexpr1.C execution test
FAIL: g++.dg/ext/stmtexpr2.C execution test
FAIL: g++.dg/init/copy5.C (internal compiler error)
FAIL: g++.dg/init/copy5.C (test for excess errors)
FAIL: g++.dg/init/ref15.C execution test
FAIL: g++.dg/opt/tmp1.C execution test
FAIL: g++.dg/torture/type-generic-1.C  -O0  execution test
FAIL: g++.dg/torture/type-generic-1.C  -O1  execution test
FAIL: g++.dg/torture/type-generic-1.C  -O2  execution test
FAIL: g++.dg/torture/type-generic-1.C  -O3 -fomit-frame-pointer  execution test
FAIL: g++.dg/torture/type-generic-1.C  -O3 -g  execution test
FAIL: g++.dg/torture/type-generic-1.C  -Os  execution test
FAIL: g++.old-deja/g++.jason/groff1.C execution test
FAIL: g++.old-deja/g++.jason/typeid2.C execution test
FAIL: g++.old-deja/g++.mike/p11667.C execution test
FAIL: g++.old-deja/g++.mike/p3139.C execution test
FAIL: g++.old-deja/g++.mike/pmf2.C execution test
FAIL: g++.old-deja/g++.other/init11.C execution test
FAIL: g++.old-deja/g++.other/vbase5.C execution test
FAIL: g++.old-deja/g++.pt/t16.C execution test

		=== g++ Summary ===

# of expected passes		18023
# of unexpected failures	21
# of expected failures		134
# of unsupported tests		192
/scratch/gcc/nightly-2008-12-04-mainline/coldfire-elf/obj/test-mainline-0-m68k-elf/host-i686-pc-linux-gnu/fsf-mainline/bin/m68k-elf-g++  version 4.4.0 20081204 (experimental) (GCC) 

Host   is i686-pc-linux-gnu

		=== gcc tests ===


Running target qemu-coldfire-elf-prebuilt-fsf/-mcpu=5329
FAIL: gcc.c-torture/execute/builtins/pr23484-chk.c execution,  -O1 
FAIL: gcc.c-torture/execute/builtins/pr23484-chk.c execution,  -O2 
FAIL: gcc.c-torture/execute/builtins/pr23484-chk.c execution,  -O3 -fomit-frame-pointer 
FAIL: gcc.c-torture/execute/builtins/pr23484-chk.c execution,  -O3 -g 
FAIL: gcc.c-torture/execute/builtins/pr23484-chk.c execution,  -Os 
FAIL: gcc.c-torture/execute/builtins/snprintf-chk.c execution,  -O1 
FAIL: gcc.c-torture/execute/builtins/snprintf-chk.c execution,  -O2 
FAIL: gcc.c-torture/execute/builtins/snprintf-chk.c execution,  -O3 -fomit-frame-pointer 
FAIL: gcc.c-torture/execute/builtins/snprintf-chk.c execution,  -O3 -fomit-frame-pointer -funroll-loops 
FAIL: gcc.c-torture/execute/builtins/snprintf-chk.c execution,  -O3 -fomit-frame-pointer -funroll-all-loops -finline-functions 
FAIL: gcc.c-torture/execute/builtins/snprintf-chk.c execution,  -O3 -g 
FAIL: gcc.c-torture/execute/builtins/snprintf-chk.c execution,  -Os 
FAIL: gcc.c-torture/execute/builtins/sprintf-chk.c execution,  -O1 
FAIL: gcc.c-torture/execute/builtins/sprintf-chk.c execution,  -O2 
FAIL: gcc.c-torture/execute/builtins/sprintf-chk.c execution,  -O3 -fomit-frame-pointer 
FAIL: gcc.c-torture/execute/builtins/sprintf-chk.c execution,  -O3 -fomit-frame-pointer -funroll-loops 
FAIL: gcc.c-torture/execute/builtins/sprintf-chk.c execution,  -O3 -fomit-frame-pointer -funroll-all-loops -finline-functions 
FAIL: gcc.c-torture/execute/builtins/sprintf-chk.c execution,  -O3 -g 
FAIL: gcc.c-torture/execute/builtins/sprintf-chk.c execution,  -Os 
FAIL: gcc.c-torture/execute/builtins/vsnprintf-chk.c execution,  -O1 
FAIL: gcc.c-torture/execute/builtins/vsnprintf-chk.c execution,  -O2 
FAIL: gcc.c-torture/execute/builtins/vsnprintf-chk.c execution,  -O3 -fomit-frame-pointer 
FAIL: gcc.c-torture/execute/builtins/vsnprintf-chk.c execution,  -O3 -fomit-frame-pointer -funroll-loops 
FAIL: gcc.c-torture/execute/builtins/vsnprintf-chk.c execution,  -O3 -fomit-frame-pointer -funroll-all-loops -finline-functions 
FAIL: gcc.c-torture/execute/builtins/vsnprintf-chk.c execution,  -O3 -g 
FAIL: gcc.c-torture/execute/builtins/vsnprintf-chk.c execution,  -Os 
FAIL: gcc.c-torture/execute/builtins/vsprintf-chk.c execution,  -O1 
FAIL: gcc.c-torture/execute/builtins/vsprintf-chk.c execution,  -O2 
FAIL: gcc.c-torture/execute/builtins/vsprintf-chk.c execution,  -O3 -fomit-frame-pointer 
FAIL: gcc.c-torture/execute/builtins/vsprintf-chk.c execution,  -O3 -fomit-frame-pointer -funroll-loops 
FAIL: gcc.c-torture/execute/builtins/vsprintf-chk.c execution,  -O3 -fomit-frame-pointer -funroll-all-loops -finline-functions 
FAIL: gcc.c-torture/execute/builtins/vsprintf-chk.c execution,  -O3 -g 
FAIL: gcc.c-torture/execute/builtins/vsprintf-chk.c execution,  -Os 
FAIL: gcc.c-torture/execute/20000402-1.c execution,  -O0 
FAIL: gcc.c-torture/execute/20000523-1.c execution,  -O0 
FAIL: gcc.c-torture/execute/20020201-1.c execution,  -O0 
FAIL: gcc.c-torture/execute/20020201-1.c execution,  -O1 
FAIL: gcc.c-torture/execute/20020201-1.c execution,  -O2 
FAIL: gcc.c-torture/execute/20020201-1.c execution,  -O3 -fomit-frame-pointer 
FAIL: gcc.c-torture/execute/20020201-1.c execution,  -O3 -g 
FAIL: gcc.c-torture/execute/20020201-1.c execution,  -Os 
FAIL: gcc.c-torture/execute/20021120-3.c execution,  -O0 
FAIL: gcc.c-torture/execute/20021120-3.c execution,  -O1 
FAIL: gcc.c-torture/execute/20021120-3.c execution,  -O2 
FAIL: gcc.c-torture/execute/20021120-3.c execution,  -O3 -fomit-frame-pointer 
FAIL: gcc.c-torture/execute/20021120-3.c execution,  -O3 -g 
FAIL: gcc.c-torture/execute/20021120-3.c execution,  -Os 
FAIL: gcc.c-torture/execute/20060420-1.c compilation,  -O2  (internal compiler error)
UNRESOLVED: gcc.c-torture/execute/20060420-1.c execution,  -O2 
FAIL: gcc.c-torture/execute/20060420-1.c compilation,  -O3 -fomit-frame-pointer  (internal compiler error)
UNRESOLVED: gcc.c-torture/execute/20060420-1.c execution,  -O3 -fomit-frame-pointer 
FAIL: gcc.c-torture/execute/20060420-1.c compilation,  -O3 -fomit-frame-pointer -funroll-loops  (internal compiler error)
UNRESOLVED: gcc.c-torture/execute/20060420-1.c execution,  -O3 -fomit-frame-pointer -funroll-loops 
FAIL: gcc.c-torture/execute/20060420-1.c compilation,  -O3 -fomit-frame-pointer -funroll-all-loops -finline-functions  (internal compiler error)
UNRESOLVED: gcc.c-torture/execute/20060420-1.c execution,  -O3 -fomit-frame-pointer -funroll-all-loops -finline-functions 
FAIL: gcc.c-torture/execute/20060420-1.c compilation,  -O3 -g  (internal compiler error)
UNRESOLVED: gcc.c-torture/execute/20060420-1.c execution,  -O3 -g 
FAIL: gcc.c-torture/execute/920501-2.c execution,  -O0 
FAIL: gcc.c-torture/execute/920501-2.c execution,  -O1 
FAIL: gcc.c-torture/execute/920501-2.c execution,  -O2 
FAIL: gcc.c-torture/execute/920501-2.c execution,  -O3 -fomit-frame-pointer 
FAIL: gcc.c-torture/execute/920501-2.c execution,  -O3 -fomit-frame-pointer -funroll-loops 
FAIL: gcc.c-torture/execute/920501-2.c execution,  -O3 -fomit-frame-pointer -funroll-all-loops -finline-functions 
FAIL: gcc.c-torture/execute/920501-2.c execution,  -O3 -g 
FAIL: gcc.c-torture/execute/920501-2.c execution,  -Os 
FAIL: gcc.c-torture/execute/920501-6.c execution,  -O0 
FAIL: gcc.c-torture/execute/920501-6.c execution,  -O1 
FAIL: gcc.c-torture/execute/920501-6.c execution,  -O2 
FAIL: gcc.c-torture/execute/920501-6.c execution,  -O3 -fomit-frame-pointer 
FAIL: gcc.c-torture/execute/920501-6.c execution,  -O3 -fomit-frame-pointer -funroll-loops 
FAIL: gcc.c-torture/execute/920501-6.c execution,  -O3 -fomit-frame-pointer -funroll-all-loops -finline-functions 
FAIL: gcc.c-torture/execute/920501-6.c execution,  -O3 -g 
FAIL: gcc.c-torture/execute/920501-6.c execution,  -Os 
FAIL: gcc.c-torture/execute/920501-8.c execution,  -O0 
FAIL: gcc.c-torture/execute/920501-8.c execution,  -O1 
FAIL: gcc.c-torture/execute/920501-8.c execution,  -O2 
FAIL: gcc.c-torture/execute/920501-8.c execution,  -O3 -fomit-frame-pointer 
FAIL: gcc.c-torture/execute/920501-8.c execution,  -O3 -g 
FAIL: gcc.c-torture/execute/920501-8.c execution,  -Os 
FAIL: gcc.c-torture/execute/920604-1.c execution,  -O0 
FAIL: gcc.c-torture/execute/920726-1.c execution,  -O0 
FAIL: gcc.c-torture/execute/920726-1.c execution,  -O1 
FAIL: gcc.c-torture/execute/920726-1.c execution,  -O2 
FAIL: gcc.c-torture/execute/920726-1.c execution,  -O3 -fomit-frame-pointer 
FAIL: gcc.c-torture/execute/920726-1.c execution,  -O3 -fomit-frame-pointer -funroll-loops 
FAIL: gcc.c-torture/execute/920726-1.c execution,  -O3 -fomit-frame-pointer -funroll-all-loops -finline-functions 
FAIL: gcc.c-torture/execute/920726-1.c execution,  -O3 -g 
FAIL: gcc.c-torture/execute/920726-1.c execution,  -Os 
FAIL: gcc.c-torture/execute/930718-1.c compilation,  -O1  (internal compiler error)
UNRESOLVED: gcc.c-torture/execute/930718-1.c execution,  -O1 
FAIL: gcc.c-torture/execute/930718-1.c compilation,  -O2  (internal compiler error)
UNRESOLVED: gcc.c-torture/execute/930718-1.c execution,  -O2 
FAIL: gcc.c-torture/execute/930718-1.c compilation,  -O3 -fomit-frame-pointer  (internal compiler error)
UNRESOLVED: gcc.c-torture/execute/930718-1.c execution,  -O3 -fomit-frame-pointer 
FAIL: gcc.c-torture/execute/930718-1.c compilation,  -O3 -g  (internal compiler error)
UNRESOLVED: gcc.c-torture/execute/930718-1.c execution,  -O3 -g 
FAIL: gcc.c-torture/execute/930718-1.c compilation,  -Os  (internal compiler error)
UNRESOLVED: gcc.c-torture/execute/930718-1.c execution,  -Os 
FAIL: gcc.c-torture/execute/980605-1.c execution,  -O0 
FAIL: gcc.c-torture/execute/980605-1.c execution,  -O1 
FAIL: gcc.c-torture/execute/980605-1.c execution,  -O2 
FAIL: gcc.c-torture/execute/980605-1.c execution,  -O3 -fomit-frame-pointer 
FAIL: gcc.c-torture/execute/980605-1.c execution,  -O3 -g 
FAIL: gcc.c-torture/execute/980605-1.c execution,  -Os 
FAIL: gcc.c-torture/execute/arith-rand-ll.c execution,  -O0 
FAIL: gcc.c-torture/execute/arith-rand-ll.c execution,  -O1 
FAIL: gcc.c-torture/execute/arith-rand-ll.c execution,  -O2 
FAIL: gcc.c-torture/execute/arith-rand-ll.c execution,  -O3 -fomit-frame-pointer 
FAIL: gcc.c-torture/execute/arith-rand-ll.c execution,  -O3 -fomit-frame-pointer -funroll-loops 
FAIL: gcc.c-torture/execute/arith-rand-ll.c execution,  -O3 -fomit-frame-pointer -funroll-all-loops -finline-functions 
FAIL: gcc.c-torture/execute/arith-rand-ll.c execution,  -O3 -g 
FAIL: gcc.c-torture/execute/arith-rand-ll.c execution,  -Os 
FAIL: gcc.c-torture/execute/builtin-bitops-1.c execution,  -O0 
FAIL: gcc.c-torture/execute/builtin-bitops-1.c execution,  -O1 
FAIL: gcc.c-torture/execute/builtin-bitops-1.c execution,  -O2 
FAIL: gcc.c-torture/execute/builtin-bitops-1.c execution,  -O3 -fomit-frame-pointer 
FAIL: gcc.c-torture/execute/builtin-bitops-1.c execution,  -O3 -fomit-frame-pointer -funroll-loops 
FAIL: gcc.c-torture/execute/builtin-bitops-1.c execution,  -O3 -fomit-frame-pointer -funroll-all-loops -finline-functions 
FAIL: gcc.c-torture/execute/builtin-bitops-1.c execution,  -O3 -g 
FAIL: gcc.c-torture/execute/builtin-bitops-1.c execution,  -Os 
FAIL: gcc.c-torture/execute/divconst-3.c execution,  -O0 
FAIL: gcc.c-torture/execute/divconst-3.c execution,  -O1 
FAIL: gcc.c-torture/execute/ffs-1.c execution,  -O0 
FAIL: gcc.c-torture/execute/ffs-1.c execution,  -O1 
FAIL: gcc.c-torture/execute/ffs-1.c execution,  -O2 
FAIL: gcc.c-torture/execute/ffs-1.c execution,  -O3 -fomit-frame-pointer 
FAIL: gcc.c-torture/execute/ffs-1.c execution,  -O3 -g 
FAIL: gcc.c-torture/execute/ffs-1.c execution,  -Os 
FAIL: gcc.c-torture/execute/ffs-2.c execution,  -O0 
FAIL: gcc.c-torture/execute/ffs-2.c execution,  -O1 
FAIL: gcc.c-torture/execute/ffs-2.c execution,  -O2 
FAIL: gcc.c-torture/execute/ffs-2.c execution,  -O3 -fomit-frame-pointer 
FAIL: gcc.c-torture/execute/ffs-2.c execution,  -O3 -fomit-frame-pointer -funroll-loops 
FAIL: gcc.c-torture/execute/ffs-2.c execution,  -O3 -fomit-frame-pointer -funroll-all-loops -finline-functions 
FAIL: gcc.c-torture/execute/ffs-2.c execution,  -O3 -g 
FAIL: gcc.c-torture/execute/ffs-2.c execution,  -Os 
FAIL: gcc.c-torture/execute/pr30185.c execution,  -O0 
FAIL: gcc.c-torture/execute/pr30185.c execution,  -O1 
FAIL: gcc.c-torture/execute/pr33669.c execution,  -O0 
FAIL: gcc.c-torture/execute/pr33669.c execution,  -O1 
FAIL: gcc.c-torture/execute/pr33669.c execution,  -O2 
FAIL: gcc.c-torture/execute/pr33669.c execution,  -Os 
FAIL: gcc.dg/packed-vla.c execution test
FAIL: gcc.dg/pr28796-2.c execution test
FAIL: gcc.dg/matrix/matrix-1.c execution test
FAIL: gcc.dg/matrix/matrix-5.c execution test
FAIL: gcc.dg/pch/valid-1b.c -O0 -g -I. (test for excess errors)
FAIL: gcc.dg/pch/valid-1b.c -O0 -g assembly comparison
FAIL: gcc.dg/pch/valid-1b.c  -O0  -I. (test for excess errors)
FAIL: gcc.dg/pch/valid-1b.c  -O0  assembly comparison
FAIL: gcc.dg/pch/valid-1b.c  -O1  -I. (test for excess errors)
FAIL: gcc.dg/pch/valid-1b.c  -O1  assembly comparison
FAIL: gcc.dg/pch/valid-1b.c  -O2  -I. (test for excess errors)
FAIL: gcc.dg/pch/valid-1b.c  -O2  assembly comparison
FAIL: gcc.dg/pch/valid-1b.c  -O3 -fomit-frame-pointer  -I. (test for excess errors)
FAIL: gcc.dg/pch/valid-1b.c  -O3 -fomit-frame-pointer  assembly comparison
FAIL: gcc.dg/pch/valid-1b.c  -O3 -g  -I. (test for excess errors)
FAIL: gcc.dg/pch/valid-1b.c  -O3 -g  assembly comparison
FAIL: gcc.dg/pch/valid-1b.c  -Os  -I. (test for excess errors)
FAIL: gcc.dg/pch/valid-1b.c  -Os  assembly comparison
FAIL: gcc.dg/struct/wo_prof_single_str_global.c execution test
FAIL: gcc.dg/struct/wo_prof_single_str_local.c execution test
FAIL: gcc.dg/struct/wo_prof_single_str_pointer.c execution test
FAIL: gcc.dg/torture/type-generic-1.c  -O0  execution test
FAIL: gcc.dg/torture/type-generic-1.c  -O1  execution test
FAIL: gcc.dg/torture/type-generic-1.c  -O2  execution test
FAIL: gcc.dg/torture/type-generic-1.c  -O3 -fomit-frame-pointer  execution test
FAIL: gcc.dg/torture/type-generic-1.c  -O3 -g  execution test
FAIL: gcc.dg/torture/type-generic-1.c  -Os  execution test
FAIL: gcc.dg/tree-ssa/vrp47.c scan-tree-dump-times vrp1 "[xy][^ ]* !=" 0
FAIL: gcc.dg/tree-ssa/vrp47.c scan-tree-dump-times dom1 "x[^ ]* & y" 1
FAIL: gcc.dg/tree-ssa/vrp47.c scan-tree-dump-times vrp1 "x[^ ]* [|] y" 1
FAIL: gcc.dg/weak/weak-16.c scan-assembler weak[^ \\t]*[ \\t]_?kallsyms_token_index

		=== gcc Summary ===

# of expected passes		47537
# of unexpected failures	163
# of expected failures		104
# of unresolved testcases	10
# of unsupported tests		585
/scratch/gcc/nightly-2008-12-04-mainline/coldfire-elf/obj/test-mainline-0-m68k-elf/host-i686-pc-linux-gnu/fsf-mainline/bin/m68k-elf-gcc  version 4.4.0 20081204 (experimental) (GCC) 

Host   is i686-pc-linux-gnu

		=== libstdc++ tests ===


Running target qemu-coldfire-elf-prebuilt-fsf/-mcpu=5329
FAIL: 22_locale/num_get/get/char/16.cc execution test
FAIL: 22_locale/num_put/put/char/10.cc execution test
FAIL: 22_locale/num_put/put/char/15565.cc execution test
FAIL: 22_locale/time_put/put/char/1.cc execution test
FAIL: 22_locale/time_put/put/char/5.cc execution test
FAIL: 22_locale/time_put/put/char/9.cc execution test
FAIL: 23_containers/bitset/ext/15361.cc execution test
FAIL: 25_algorithms/nth_element/2.cc execution test
FAIL: 25_algorithms/sort/34095.cc execution test
FAIL: 25_algorithms/sort/34636.cc execution test
FAIL: 25_algorithms/sort/vectorbool.cc execution test
FAIL: 27_io/basic_filebuf/sgetn/char/1-in.cc execution test
FAIL: 27_io/basic_filebuf/sgetn/char/1-io.cc execution test
FAIL: 27_io/basic_filebuf/sgetn/char/2-in.cc execution test
FAIL: 27_io/basic_filebuf/sgetn/char/2-io.cc execution test
FAIL: 27_io/basic_istream/extractors_arithmetic/char/01.cc execution test
FAIL: 27_io/basic_istream/extractors_arithmetic/char/12.cc execution test
FAIL: 27_io/basic_istream/readsome/char/6746-2.cc execution test
FAIL: 27_io/basic_ostream/inserters_arithmetic/char/7.cc execution test
FAIL: 27_io/basic_ostream/inserters_other/char/error_code.cc execution test
FAIL: 27_io/fpos/14320-5.cc execution test
XPASS: 27_io/ios_base/sync_with_stdio/1.cc execution test
FAIL: 27_io/objects/char/6.cc execution test
FAIL: ext/bitmap_allocator/variadic_construct.cc execution test
FAIL: ext/pool_allocator/allocate_chunk.cc execution test
WARNING: program timed out.
FAIL: tr1/5_numerical_facilities/special_functions/20_riemann_zeta/check_value_neg.cc execution test
WARNING: program timed out.
FAIL: tr1/5_numerical_facilities/special_functions/20_riemann_zeta/check_value_pos.cc execution test

		=== libstdc++ Summary ===

# of expected passes		4432
# of unexpected failures	26
# of unexpected successes	1
# of expected failures		64
# of unsupported tests		253
Host   is i686-pc-linux-gnu

		=== g++ tests ===


Running target qemu-coldfire-elf-prebuilt-fsf/-mcpu=5407
FAIL: g++.dg/eh/gcsec1.C execution test
FAIL: g++.dg/init/copy5.C (internal compiler error)
FAIL: g++.dg/init/copy5.C (test for excess errors)
FAIL: g++.dg/init/ref15.C execution test
FAIL: g++.dg/torture/type-generic-1.C  -O0  execution test
FAIL: g++.dg/torture/type-generic-1.C  -O1  execution test
FAIL: g++.dg/torture/type-generic-1.C  -O2  execution test
FAIL: g++.dg/torture/type-generic-1.C  -O3 -fomit-frame-pointer  execution test
FAIL: g++.dg/torture/type-generic-1.C  -O3 -g  execution test
FAIL: g++.dg/torture/type-generic-1.C  -Os  execution test

		=== g++ Summary ===

# of expected passes		18034
# of unexpected failures	10
# of expected failures		134
# of unsupported tests		192
/scratch/gcc/nightly-2008-12-04-mainline/coldfire-elf/obj/test-mainline-0-m68k-elf/host-i686-pc-linux-gnu/fsf-mainline/bin/m68k-elf-g++  version 4.4.0 20081204 (experimental) (GCC) 

Host   is i686-pc-linux-gnu

		=== gcc tests ===


Running target qemu-coldfire-elf-prebuilt-fsf/-mcpu=5407
FAIL: gcc.c-torture/execute/20060420-1.c compilation,  -O2  (internal compiler error)
UNRESOLVED: gcc.c-torture/execute/20060420-1.c execution,  -O2 
FAIL: gcc.c-torture/execute/20060420-1.c compilation,  -O3 -fomit-frame-pointer  (internal compiler error)
UNRESOLVED: gcc.c-torture/execute/20060420-1.c execution,  -O3 -fomit-frame-pointer 
FAIL: gcc.c-torture/execute/20060420-1.c compilation,  -O3 -fomit-frame-pointer -funroll-loops  (internal compiler error)
UNRESOLVED: gcc.c-torture/execute/20060420-1.c execution,  -O3 -fomit-frame-pointer -funroll-loops 
FAIL: gcc.c-torture/execute/20060420-1.c compilation,  -O3 -fomit-frame-pointer -funroll-all-loops -finline-functions  (internal compiler error)
UNRESOLVED: gcc.c-torture/execute/20060420-1.c execution,  -O3 -fomit-frame-pointer -funroll-all-loops -finline-functions 
FAIL: gcc.c-torture/execute/20060420-1.c compilation,  -O3 -g  (internal compiler error)
UNRESOLVED: gcc.c-torture/execute/20060420-1.c execution,  -O3 -g 
FAIL: gcc.c-torture/execute/930718-1.c compilation,  -O1  (internal compiler error)
UNRESOLVED: gcc.c-torture/execute/930718-1.c execution,  -O1 
FAIL: gcc.c-torture/execute/930718-1.c compilation,  -O2  (internal compiler error)
UNRESOLVED: gcc.c-torture/execute/930718-1.c execution,  -O2 
FAIL: gcc.c-torture/execute/930718-1.c compilation,  -O3 -fomit-frame-pointer  (internal compiler error)
UNRESOLVED: gcc.c-torture/execute/930718-1.c execution,  -O3 -fomit-frame-pointer 
FAIL: gcc.c-torture/execute/930718-1.c compilation,  -O3 -g  (internal compiler error)
UNRESOLVED: gcc.c-torture/execute/930718-1.c execution,  -O3 -g 
FAIL: gcc.c-torture/execute/930718-1.c compilation,  -Os  (internal compiler error)
UNRESOLVED: gcc.c-torture/execute/930718-1.c execution,  -Os 
FAIL: gcc.dg/pr28796-2.c execution test
FAIL: gcc.dg/pch/valid-1b.c -O0 -g -I. (test for excess errors)
FAIL: gcc.dg/pch/valid-1b.c -O0 -g assembly comparison
FAIL: gcc.dg/pch/valid-1b.c  -O0  -I. (test for excess errors)
FAIL: gcc.dg/pch/valid-1b.c  -O0  assembly comparison
FAIL: gcc.dg/pch/valid-1b.c  -O1  -I. (test for excess errors)
FAIL: gcc.dg/pch/valid-1b.c  -O1  assembly comparison
FAIL: gcc.dg/pch/valid-1b.c  -O2  -I. (test for excess errors)
FAIL: gcc.dg/pch/valid-1b.c  -O2  assembly comparison
FAIL: gcc.dg/pch/valid-1b.c  -O3 -fomit-frame-pointer  -I. (test for excess errors)
FAIL: gcc.dg/pch/valid-1b.c  -O3 -fomit-frame-pointer  assembly comparison
FAIL: gcc.dg/pch/valid-1b.c  -O3 -g  -I. (test for excess errors)
FAIL: gcc.dg/pch/valid-1b.c  -O3 -g  assembly comparison
FAIL: gcc.dg/pch/valid-1b.c  -Os  -I. (test for excess errors)
FAIL: gcc.dg/pch/valid-1b.c  -Os  assembly comparison
FAIL: gcc.dg/struct/wo_prof_single_str_global.c execution test
FAIL: gcc.dg/struct/wo_prof_single_str_local.c execution test
FAIL: gcc.dg/struct/wo_prof_single_str_pointer.c execution test
FAIL: gcc.dg/torture/type-generic-1.c  -O0  execution test
FAIL: gcc.dg/torture/type-generic-1.c  -O1  execution test
FAIL: gcc.dg/torture/type-generic-1.c  -O2  execution test
FAIL: gcc.dg/torture/type-generic-1.c  -O3 -fomit-frame-pointer  execution test
FAIL: gcc.dg/torture/type-generic-1.c  -O3 -g  execution test
FAIL: gcc.dg/torture/type-generic-1.c  -Os  execution test
FAIL: gcc.dg/tree-ssa/vrp47.c scan-tree-dump-times vrp1 "[xy][^ ]* !=" 0
FAIL: gcc.dg/tree-ssa/vrp47.c scan-tree-dump-times dom1 "x[^ ]* & y" 1
FAIL: gcc.dg/tree-ssa/vrp47.c scan-tree-dump-times vrp1 "x[^ ]* [|] y" 1
FAIL: gcc.dg/weak/weak-16.c scan-assembler weak[^ \\t]*[ \\t]_?kallsyms_token_index

		=== gcc Summary ===

# of expected passes		47662
# of unexpected failures	38
# of expected failures		104
# of unresolved testcases	10
# of unsupported tests		585
/scratch/gcc/nightly-2008-12-04-mainline/coldfire-elf/obj/test-mainline-0-m68k-elf/host-i686-pc-linux-gnu/fsf-mainline/bin/m68k-elf-gcc  version 4.4.0 20081204 (experimental) (GCC) 

Host   is i686-pc-linux-gnu

		=== libstdc++ tests ===


Running target qemu-coldfire-elf-prebuilt-fsf/-mcpu=5407
FAIL: 27_io/basic_filebuf/sgetn/char/1-in.cc execution test
FAIL: 27_io/basic_filebuf/sgetn/char/1-io.cc execution test
FAIL: 27_io/basic_filebuf/sgetn/char/2-in.cc execution test
FAIL: 27_io/basic_filebuf/sgetn/char/2-io.cc execution test
FAIL: 27_io/basic_istream/extractors_arithmetic/char/12.cc execution test
FAIL: 27_io/basic_istream/readsome/char/6746-2.cc execution test
XPASS: 27_io/ios_base/sync_with_stdio/1.cc execution test
FAIL: 27_io/objects/char/6.cc execution test
FAIL: ext/pool_allocator/allocate_chunk.cc execution test
WARNING: program timed out.
FAIL: tr1/5_numerical_facilities/special_functions/20_riemann_zeta/check_value_neg.cc execution test
WARNING: program timed out.
FAIL: tr1/5_numerical_facilities/special_functions/20_riemann_zeta/check_value_pos.cc execution test

		=== libstdc++ Summary ===

# of expected passes		4448
# of unexpected failures	10
# of unexpected successes	1
# of expected failures		64
# of unsupported tests		253
Host   is i686-pc-linux-gnu

		=== g++ tests ===


Running target qemu-coldfire-elf-prebuilt-fsf/-mcpu=54455
FAIL: g++.dg/eh/gcsec1.C execution test
FAIL: g++.dg/ext/stmtexpr1.C execution test
FAIL: g++.dg/ext/stmtexpr2.C execution test
FAIL: g++.dg/init/copy5.C (internal compiler error)
FAIL: g++.dg/init/copy5.C (test for excess errors)
FAIL: g++.dg/init/ref15.C execution test
FAIL: g++.dg/opt/tmp1.C execution test
FAIL: g++.dg/torture/type-generic-1.C  -O0  execution test
FAIL: g++.dg/torture/type-generic-1.C  -O1  execution test
FAIL: g++.dg/torture/type-generic-1.C  -O2  execution test
FAIL: g++.dg/torture/type-generic-1.C  -O3 -fomit-frame-pointer  execution test
FAIL: g++.dg/torture/type-generic-1.C  -O3 -g  execution test
FAIL: g++.dg/torture/type-generic-1.C  -Os  execution test
FAIL: g++.old-deja/g++.jason/groff1.C execution test
FAIL: g++.old-deja/g++.jason/typeid2.C execution test
FAIL: g++.old-deja/g++.mike/p11667.C execution test
FAIL: g++.old-deja/g++.mike/p3139.C execution test
FAIL: g++.old-deja/g++.mike/pmf2.C execution test
FAIL: g++.old-deja/g++.other/init11.C execution test
FAIL: g++.old-deja/g++.other/vbase5.C execution test
FAIL: g++.old-deja/g++.pt/t16.C execution test

		=== g++ Summary ===

# of expected passes		18023
# of unexpected failures	21
# of expected failures		134
# of unsupported tests		192
/scratch/gcc/nightly-2008-12-04-mainline/coldfire-elf/obj/test-mainline-0-m68k-elf/host-i686-pc-linux-gnu/fsf-mainline/bin/m68k-elf-g++  version 4.4.0 20081204 (experimental) (GCC) 

Host   is i686-pc-linux-gnu

		=== gcc tests ===


Running target qemu-coldfire-elf-prebuilt-fsf/-mcpu=54455
FAIL: gcc.c-torture/execute/builtins/pr23484-chk.c execution,  -O1 
FAIL: gcc.c-torture/execute/builtins/pr23484-chk.c execution,  -O2 
FAIL: gcc.c-torture/execute/builtins/pr23484-chk.c execution,  -O3 -fomit-frame-pointer 
FAIL: gcc.c-torture/execute/builtins/pr23484-chk.c execution,  -O3 -g 
FAIL: gcc.c-torture/execute/builtins/pr23484-chk.c execution,  -Os 
FAIL: gcc.c-torture/execute/builtins/snprintf-chk.c execution,  -O1 
FAIL: gcc.c-torture/execute/builtins/snprintf-chk.c execution,  -O2 
FAIL: gcc.c-torture/execute/builtins/snprintf-chk.c execution,  -O3 -fomit-frame-pointer 
FAIL: gcc.c-torture/execute/builtins/snprintf-chk.c execution,  -O3 -fomit-frame-pointer -funroll-loops 
FAIL: gcc.c-torture/execute/builtins/snprintf-chk.c execution,  -O3 -fomit-frame-pointer -funroll-all-loops -finline-functions 
FAIL: gcc.c-torture/execute/builtins/snprintf-chk.c execution,  -O3 -g 
FAIL: gcc.c-torture/execute/builtins/snprintf-chk.c execution,  -Os 
FAIL: gcc.c-torture/execute/builtins/sprintf-chk.c execution,  -O1 
FAIL: gcc.c-torture/execute/builtins/sprintf-chk.c execution,  -O2 
FAIL: gcc.c-torture/execute/builtins/sprintf-chk.c execution,  -O3 -fomit-frame-pointer 
FAIL: gcc.c-torture/execute/builtins/sprintf-chk.c execution,  -O3 -fomit-frame-pointer -funroll-loops 
FAIL: gcc.c-torture/execute/builtins/sprintf-chk.c execution,  -O3 -fomit-frame-pointer -funroll-all-loops -finline-functions 
FAIL: gcc.c-torture/execute/builtins/sprintf-chk.c execution,  -O3 -g 
FAIL: gcc.c-torture/execute/builtins/sprintf-chk.c execution,  -Os 
FAIL: gcc.c-torture/execute/builtins/vsnprintf-chk.c execution,  -O1 
FAIL: gcc.c-torture/execute/builtins/vsnprintf-chk.c execution,  -O2 
FAIL: gcc.c-torture/execute/builtins/vsnprintf-chk.c execution,  -O3 -fomit-frame-pointer 
FAIL: gcc.c-torture/execute/builtins/vsnprintf-chk.c execution,  -O3 -fomit-frame-pointer -funroll-loops 
FAIL: gcc.c-torture/execute/builtins/vsnprintf-chk.c execution,  -O3 -fomit-frame-pointer -funroll-all-loops -finline-functions 
FAIL: gcc.c-torture/execute/builtins/vsnprintf-chk.c execution,  -O3 -g 
FAIL: gcc.c-torture/execute/builtins/vsnprintf-chk.c execution,  -Os 
FAIL: gcc.c-torture/execute/builtins/vsprintf-chk.c execution,  -O1 
FAIL: gcc.c-torture/execute/builtins/vsprintf-chk.c execution,  -O2 
FAIL: gcc.c-torture/execute/builtins/vsprintf-chk.c execution,  -O3 -fomit-frame-pointer 
FAIL: gcc.c-torture/execute/builtins/vsprintf-chk.c execution,  -O3 -fomit-frame-pointer -funroll-loops 
FAIL: gcc.c-torture/execute/builtins/vsprintf-chk.c execution,  -O3 -fomit-frame-pointer -funroll-all-loops -finline-functions 
FAIL: gcc.c-torture/execute/builtins/vsprintf-chk.c execution,  -O3 -g 
FAIL: gcc.c-torture/execute/builtins/vsprintf-chk.c execution,  -Os 
FAIL: gcc.c-torture/execute/20000402-1.c execution,  -O0 
FAIL: gcc.c-torture/execute/20000523-1.c execution,  -O0 
FAIL: gcc.c-torture/execute/20020201-1.c execution,  -O0 
FAIL: gcc.c-torture/execute/20020201-1.c execution,  -O1 
FAIL: gcc.c-torture/execute/20020201-1.c execution,  -O2 
FAIL: gcc.c-torture/execute/20020201-1.c execution,  -O3 -fomit-frame-pointer 
FAIL: gcc.c-torture/execute/20020201-1.c execution,  -O3 -g 
FAIL: gcc.c-torture/execute/20020201-1.c execution,  -Os 
FAIL: gcc.c-torture/execute/20021120-3.c execution,  -O0 
FAIL: gcc.c-torture/execute/20021120-3.c execution,  -O1 
FAIL: gcc.c-torture/execute/20021120-3.c execution,  -O2 
FAIL: gcc.c-torture/execute/20021120-3.c execution,  -O3 -fomit-frame-pointer 
FAIL: gcc.c-torture/execute/20021120-3.c execution,  -O3 -g 
FAIL: gcc.c-torture/execute/20021120-3.c execution,  -Os 
FAIL: gcc.c-torture/execute/20060420-1.c compilation,  -O2  (internal compiler error)
UNRESOLVED: gcc.c-torture/execute/20060420-1.c execution,  -O2 
FAIL: gcc.c-torture/execute/20060420-1.c compilation,  -O3 -fomit-frame-pointer  (internal compiler error)
UNRESOLVED: gcc.c-torture/execute/20060420-1.c execution,  -O3 -fomit-frame-pointer 
FAIL: gcc.c-torture/execute/20060420-1.c compilation,  -O3 -fomit-frame-pointer -funroll-loops  (internal compiler error)
UNRESOLVED: gcc.c-torture/execute/20060420-1.c execution,  -O3 -fomit-frame-pointer -funroll-loops 
FAIL: gcc.c-torture/execute/20060420-1.c compilation,  -O3 -fomit-frame-pointer -funroll-all-loops -finline-functions  (internal compiler error)
UNRESOLVED: gcc.c-torture/execute/20060420-1.c execution,  -O3 -fomit-frame-pointer -funroll-all-loops -finline-functions 
FAIL: gcc.c-torture/execute/20060420-1.c compilation,  -O3 -g  (internal compiler error)
UNRESOLVED: gcc.c-torture/execute/20060420-1.c execution,  -O3 -g 
FAIL: gcc.c-torture/execute/920501-2.c execution,  -O0 
FAIL: gcc.c-torture/execute/920501-2.c execution,  -O1 
FAIL: gcc.c-torture/execute/920501-2.c execution,  -O2 
FAIL: gcc.c-torture/execute/920501-2.c execution,  -O3 -fomit-frame-pointer 
FAIL: gcc.c-torture/execute/920501-2.c execution,  -O3 -fomit-frame-pointer -funroll-loops 
FAIL: gcc.c-torture/execute/920501-2.c execution,  -O3 -fomit-frame-pointer -funroll-all-loops -finline-functions 
FAIL: gcc.c-torture/execute/920501-2.c execution,  -O3 -g 
FAIL: gcc.c-torture/execute/920501-2.c execution,  -Os 
FAIL: gcc.c-torture/execute/920501-6.c execution,  -O0 
FAIL: gcc.c-torture/execute/920501-6.c execution,  -O1 
FAIL: gcc.c-torture/execute/920501-6.c execution,  -O2 
FAIL: gcc.c-torture/execute/920501-6.c execution,  -O3 -fomit-frame-pointer 
FAIL: gcc.c-torture/execute/920501-6.c execution,  -O3 -fomit-frame-pointer -funroll-loops 
FAIL: gcc.c-torture/execute/920501-6.c execution,  -O3 -fomit-frame-pointer -funroll-all-loops -finline-functions 
FAIL: gcc.c-torture/execute/920501-6.c execution,  -O3 -g 
FAIL: gcc.c-torture/execute/920501-6.c execution,  -Os 
FAIL: gcc.c-torture/execute/920501-8.c execution,  -O0 
FAIL: gcc.c-torture/execute/920501-8.c execution,  -O1 
FAIL: gcc.c-torture/execute/920501-8.c execution,  -O2 
FAIL: gcc.c-torture/execute/920501-8.c execution,  -O3 -fomit-frame-pointer 
FAIL: gcc.c-torture/execute/920501-8.c execution,  -O3 -g 
FAIL: gcc.c-torture/execute/920501-8.c execution,  -Os 
FAIL: gcc.c-torture/execute/920604-1.c execution,  -O0 
FAIL: gcc.c-torture/execute/920726-1.c execution,  -O0 
FAIL: gcc.c-torture/execute/920726-1.c execution,  -O1 
FAIL: gcc.c-torture/execute/920726-1.c execution,  -O2 
FAIL: gcc.c-torture/execute/920726-1.c execution,  -O3 -fomit-frame-pointer 
FAIL: gcc.c-torture/execute/920726-1.c execution,  -O3 -fomit-frame-pointer -funroll-loops 
FAIL: gcc.c-torture/execute/920726-1.c execution,  -O3 -fomit-frame-pointer -funroll-all-loops -finline-functions 
FAIL: gcc.c-torture/execute/920726-1.c execution,  -O3 -g 
FAIL: gcc.c-torture/execute/920726-1.c execution,  -Os 
FAIL: gcc.c-torture/execute/930718-1.c compilation,  -O1  (internal compiler error)
UNRESOLVED: gcc.c-torture/execute/930718-1.c execution,  -O1 
FAIL: gcc.c-torture/execute/930718-1.c compilation,  -O2  (internal compiler error)
UNRESOLVED: gcc.c-torture/execute/930718-1.c execution,  -O2 
FAIL: gcc.c-torture/execute/930718-1.c compilation,  -O3 -fomit-frame-pointer  (internal compiler error)
UNRESOLVED: gcc.c-torture/execute/930718-1.c execution,  -O3 -fomit-frame-pointer 
FAIL: gcc.c-torture/execute/930718-1.c compilation,  -O3 -g  (internal compiler error)
UNRESOLVED: gcc.c-torture/execute/930718-1.c execution,  -O3 -g 
FAIL: gcc.c-torture/execute/930718-1.c compilation,  -Os  (internal compiler error)
UNRESOLVED: gcc.c-torture/execute/930718-1.c execution,  -Os 
FAIL: gcc.c-torture/execute/980605-1.c execution,  -O0 
FAIL: gcc.c-torture/execute/980605-1.c execution,  -O1 
FAIL: gcc.c-torture/execute/980605-1.c execution,  -O2 
FAIL: gcc.c-torture/execute/980605-1.c execution,  -O3 -fomit-frame-pointer 
FAIL: gcc.c-torture/execute/980605-1.c execution,  -O3 -g 
FAIL: gcc.c-torture/execute/980605-1.c execution,  -Os 
FAIL: gcc.c-torture/execute/arith-rand-ll.c execution,  -O0 
FAIL: gcc.c-torture/execute/arith-rand-ll.c execution,  -O1 
FAIL: gcc.c-torture/execute/arith-rand-ll.c execution,  -O2 
FAIL: gcc.c-torture/execute/arith-rand-ll.c execution,  -O3 -fomit-frame-pointer 
FAIL: gcc.c-torture/execute/arith-rand-ll.c execution,  -O3 -fomit-frame-pointer -funroll-loops 
FAIL: gcc.c-torture/execute/arith-rand-ll.c execution,  -O3 -fomit-frame-pointer -funroll-all-loops -finline-functions 
FAIL: gcc.c-torture/execute/arith-rand-ll.c execution,  -O3 -g 
FAIL: gcc.c-torture/execute/arith-rand-ll.c execution,  -Os 
FAIL: gcc.c-torture/execute/builtin-bitops-1.c execution,  -O0 
FAIL: gcc.c-torture/execute/builtin-bitops-1.c execution,  -O1 
FAIL: gcc.c-torture/execute/builtin-bitops-1.c execution,  -O2 
FAIL: gcc.c-torture/execute/builtin-bitops-1.c execution,  -O3 -fomit-frame-pointer 
FAIL: gcc.c-torture/execute/builtin-bitops-1.c execution,  -O3 -fomit-frame-pointer -funroll-loops 
FAIL: gcc.c-torture/execute/builtin-bitops-1.c execution,  -O3 -fomit-frame-pointer -funroll-all-loops -finline-functions 
FAIL: gcc.c-torture/execute/builtin-bitops-1.c execution,  -O3 -g 
FAIL: gcc.c-torture/execute/builtin-bitops-1.c execution,  -Os 
FAIL: gcc.c-torture/execute/divconst-3.c execution,  -O0 
FAIL: gcc.c-torture/execute/divconst-3.c execution,  -O1 
FAIL: gcc.c-torture/execute/ffs-1.c execution,  -O0 
FAIL: gcc.c-torture/execute/ffs-1.c execution,  -O1 
FAIL: gcc.c-torture/execute/ffs-1.c execution,  -O2 
FAIL: gcc.c-torture/execute/ffs-1.c execution,  -O3 -fomit-frame-pointer 
FAIL: gcc.c-torture/execute/ffs-1.c execution,  -O3 -g 
FAIL: gcc.c-torture/execute/ffs-1.c execution,  -Os 
FAIL: gcc.c-torture/execute/ffs-2.c execution,  -O0 
FAIL: gcc.c-torture/execute/ffs-2.c execution,  -O1 
FAIL: gcc.c-torture/execute/ffs-2.c execution,  -O2 
FAIL: gcc.c-torture/execute/ffs-2.c execution,  -O3 -fomit-frame-pointer 
FAIL: gcc.c-torture/execute/ffs-2.c execution,  -O3 -fomit-frame-pointer -funroll-loops 
FAIL: gcc.c-torture/execute/ffs-2.c execution,  -O3 -fomit-frame-pointer -funroll-all-loops -finline-functions 
FAIL: gcc.c-torture/execute/ffs-2.c execution,  -O3 -g 
FAIL: gcc.c-torture/execute/ffs-2.c execution,  -Os 
FAIL: gcc.c-torture/execute/pr30185.c execution,  -O0 
FAIL: gcc.c-torture/execute/pr30185.c execution,  -O1 
FAIL: gcc.c-torture/execute/pr33669.c execution,  -O0 
FAIL: gcc.c-torture/execute/pr33669.c execution,  -O1 
FAIL: gcc.c-torture/execute/pr33669.c execution,  -O2 
FAIL: gcc.c-torture/execute/pr33669.c execution,  -Os 
FAIL: gcc.dg/packed-vla.c execution test
FAIL: gcc.dg/pr28796-2.c execution test
FAIL: gcc.dg/matrix/matrix-1.c execution test
FAIL: gcc.dg/matrix/matrix-5.c execution test
FAIL: gcc.dg/pch/valid-1b.c -O0 -g -I. (test for excess errors)
FAIL: gcc.dg/pch/valid-1b.c -O0 -g assembly comparison
FAIL: gcc.dg/pch/valid-1b.c  -O0  -I. (test for excess errors)
FAIL: gcc.dg/pch/valid-1b.c  -O0  assembly comparison
FAIL: gcc.dg/pch/valid-1b.c  -O1  -I. (test for excess errors)
FAIL: gcc.dg/pch/valid-1b.c  -O1  assembly comparison
FAIL: gcc.dg/pch/valid-1b.c  -O2  -I. (test for excess errors)
FAIL: gcc.dg/pch/valid-1b.c  -O2  assembly comparison
FAIL: gcc.dg/pch/valid-1b.c  -O3 -fomit-frame-pointer  -I. (test for excess errors)
FAIL: gcc.dg/pch/valid-1b.c  -O3 -fomit-frame-pointer  assembly comparison
FAIL: gcc.dg/pch/valid-1b.c  -O3 -g  -I. (test for excess errors)
FAIL: gcc.dg/pch/valid-1b.c  -O3 -g  assembly comparison
FAIL: gcc.dg/pch/valid-1b.c  -Os  -I. (test for excess errors)
FAIL: gcc.dg/pch/valid-1b.c  -Os  assembly comparison
FAIL: gcc.dg/struct/wo_prof_single_str_global.c execution test
FAIL: gcc.dg/struct/wo_prof_single_str_local.c execution test
FAIL: gcc.dg/struct/wo_prof_single_str_pointer.c execution test
FAIL: gcc.dg/torture/type-generic-1.c  -O0  execution test
FAIL: gcc.dg/torture/type-generic-1.c  -O1  execution test
FAIL: gcc.dg/torture/type-generic-1.c  -O2  execution test
FAIL: gcc.dg/torture/type-generic-1.c  -O3 -fomit-frame-pointer  execution test
FAIL: gcc.dg/torture/type-generic-1.c  -O3 -g  execution test
FAIL: gcc.dg/torture/type-generic-1.c  -Os  execution test
FAIL: gcc.dg/tree-ssa/vrp47.c scan-tree-dump-times vrp1 "[xy][^ ]* !=" 0
FAIL: gcc.dg/tree-ssa/vrp47.c scan-tree-dump-times dom1 "x[^ ]* & y" 1
FAIL: gcc.dg/tree-ssa/vrp47.c scan-tree-dump-times vrp1 "x[^ ]* [|] y" 1
FAIL: gcc.dg/weak/weak-16.c scan-assembler weak[^ \\t]*[ \\t]_?kallsyms_token_index

		=== gcc Summary ===

# of expected passes		47537
# of unexpected failures	163
# of expected failures		104
# of unresolved testcases	10
# of unsupported tests		585
/scratch/gcc/nightly-2008-12-04-mainline/coldfire-elf/obj/test-mainline-0-m68k-elf/host-i686-pc-linux-gnu/fsf-mainline/bin/m68k-elf-gcc  version 4.4.0 20081204 (experimental) (GCC) 

Host   is i686-pc-linux-gnu

		=== libstdc++ tests ===


Running target qemu-coldfire-elf-prebuilt-fsf/-mcpu=54455
FAIL: 22_locale/num_get/get/char/16.cc execution test
FAIL: 22_locale/num_put/put/char/10.cc execution test
FAIL: 22_locale/num_put/put/char/15565.cc execution test
FAIL: 22_locale/time_put/put/char/1.cc execution test
FAIL: 22_locale/time_put/put/char/5.cc execution test
FAIL: 22_locale/time_put/put/char/9.cc execution test
FAIL: 23_containers/bitset/ext/15361.cc execution test
FAIL: 25_algorithms/nth_element/2.cc execution test
FAIL: 25_algorithms/sort/34095.cc execution test
FAIL: 25_algorithms/sort/34636.cc execution test
FAIL: 25_algorithms/sort/vectorbool.cc execution test
FAIL: 27_io/basic_filebuf/sgetn/char/1-in.cc execution test
FAIL: 27_io/basic_filebuf/sgetn/char/1-io.cc execution test
FAIL: 27_io/basic_filebuf/sgetn/char/2-in.cc execution test
FAIL: 27_io/basic_filebuf/sgetn/char/2-io.cc execution test
FAIL: 27_io/basic_istream/extractors_arithmetic/char/01.cc execution test
FAIL: 27_io/basic_istream/extractors_arithmetic/char/12.cc execution test
FAIL: 27_io/basic_istream/readsome/char/6746-2.cc execution test
FAIL: 27_io/basic_ostream/inserters_arithmetic/char/7.cc execution test
FAIL: 27_io/basic_ostream/inserters_other/char/error_code.cc execution test
FAIL: 27_io/fpos/14320-5.cc execution test
XPASS: 27_io/ios_base/sync_with_stdio/1.cc execution test
FAIL: 27_io/objects/char/6.cc execution test
FAIL: ext/bitmap_allocator/variadic_construct.cc execution test
FAIL: ext/pool_allocator/allocate_chunk.cc execution test
WARNING: program timed out.
FAIL: tr1/5_numerical_facilities/special_functions/20_riemann_zeta/check_value_pos.cc execution test

		=== libstdc++ Summary ===

# of expected passes		4433
# of unexpected failures	25
# of unexpected successes	1
# of expected failures		64
# of unsupported tests		253
Host   is i686-pc-linux-gnu

		=== g++ tests ===


Running target qemu-coldfire-elf-prebuilt-fsf/-mcpu=5475
FAIL: g++.dg/eh/gcsec1.C execution test
FAIL: g++.dg/init/copy5.C (internal compiler error)
FAIL: g++.dg/init/copy5.C (test for excess errors)
FAIL: g++.dg/init/ref15.C execution test
FAIL: g++.dg/torture/type-generic-1.C  -O0  execution test
FAIL: g++.dg/torture/type-generic-1.C  -O1  execution test
FAIL: g++.dg/torture/type-generic-1.C  -O2  execution test
FAIL: g++.dg/torture/type-generic-1.C  -O3 -fomit-frame-pointer  execution test
FAIL: g++.dg/torture/type-generic-1.C  -O3 -g  execution test
FAIL: g++.dg/torture/type-generic-1.C  -Os  execution test

		=== g++ Summary ===

# of expected passes		18034
# of unexpected failures	10
# of expected failures		134
# of unsupported tests		192
/scratch/gcc/nightly-2008-12-04-mainline/coldfire-elf/obj/test-mainline-0-m68k-elf/host-i686-pc-linux-gnu/fsf-mainline/bin/m68k-elf-g++  version 4.4.0 20081204 (experimental) (GCC) 

Host   is i686-pc-linux-gnu

		=== gcc tests ===


Running target qemu-coldfire-elf-prebuilt-fsf/-mcpu=5475
FAIL: gcc.c-torture/execute/20060420-1.c compilation,  -O2  (internal compiler error)
UNRESOLVED: gcc.c-torture/execute/20060420-1.c execution,  -O2 
FAIL: gcc.c-torture/execute/20060420-1.c compilation,  -O3 -fomit-frame-pointer  (internal compiler error)
UNRESOLVED: gcc.c-torture/execute/20060420-1.c execution,  -O3 -fomit-frame-pointer 
FAIL: gcc.c-torture/execute/20060420-1.c compilation,  -O3 -fomit-frame-pointer -funroll-loops  (internal compiler error)
UNRESOLVED: gcc.c-torture/execute/20060420-1.c execution,  -O3 -fomit-frame-pointer -funroll-loops 
FAIL: gcc.c-torture/execute/20060420-1.c compilation,  -O3 -fomit-frame-pointer -funroll-all-loops -finline-functions  (internal compiler error)
UNRESOLVED: gcc.c-torture/execute/20060420-1.c execution,  -O3 -fomit-frame-pointer -funroll-all-loops -finline-functions 
FAIL: gcc.c-torture/execute/20060420-1.c compilation,  -O3 -g  (internal compiler error)
UNRESOLVED: gcc.c-torture/execute/20060420-1.c execution,  -O3 -g 
FAIL: gcc.c-torture/execute/930718-1.c compilation,  -O1  (internal compiler error)
UNRESOLVED: gcc.c-torture/execute/930718-1.c execution,  -O1 
FAIL: gcc.c-torture/execute/930718-1.c compilation,  -O2  (internal compiler error)
UNRESOLVED: gcc.c-torture/execute/930718-1.c execution,  -O2 
FAIL: gcc.c-torture/execute/930718-1.c compilation,  -O3 -fomit-frame-pointer  (internal compiler error)
UNRESOLVED: gcc.c-torture/execute/930718-1.c execution,  -O3 -fomit-frame-pointer 
FAIL: gcc.c-torture/execute/930718-1.c compilation,  -O3 -g  (internal compiler error)
UNRESOLVED: gcc.c-torture/execute/930718-1.c execution,  -O3 -g 
FAIL: gcc.c-torture/execute/930718-1.c compilation,  -Os  (internal compiler error)
UNRESOLVED: gcc.c-torture/execute/930718-1.c execution,  -Os 
FAIL: gcc.c-torture/execute/pr28982b.c compilation,  -O1  (internal compiler error)
UNRESOLVED: gcc.c-torture/execute/pr28982b.c execution,  -O1 
FAIL: gcc.c-torture/execute/pr28982b.c compilation,  -O2  (internal compiler error)
UNRESOLVED: gcc.c-torture/execute/pr28982b.c execution,  -O2 
FAIL: gcc.c-torture/execute/pr28982b.c compilation,  -O3 -g  (internal compiler error)
UNRESOLVED: gcc.c-torture/execute/pr28982b.c execution,  -O3 -g 
FAIL: gcc.c-torture/execute/pr28982b.c compilation,  -Os  (internal compiler error)
UNRESOLVED: gcc.c-torture/execute/pr28982b.c execution,  -Os 
XPASS: gcc.c-torture/execute/ieee/20000320-1.c execution,  -O0 
XPASS: gcc.c-torture/execute/ieee/20000320-1.c execution,  -O1 
XPASS: gcc.c-torture/execute/ieee/20000320-1.c execution,  -O2 
XPASS: gcc.c-torture/execute/ieee/20000320-1.c execution,  -O3 -fomit-frame-pointer 
XPASS: gcc.c-torture/execute/ieee/20000320-1.c execution,  -O3 -g 
XPASS: gcc.c-torture/execute/ieee/20000320-1.c execution,  -Os 
FAIL: gcc.c-torture/execute/ieee/compare-fp-1.c execution,  -O0 
FAIL: gcc.c-torture/execute/ieee/compare-fp-1.c execution,  -O1 
FAIL: gcc.c-torture/execute/ieee/compare-fp-1.c execution,  -O2 
FAIL: gcc.c-torture/execute/ieee/compare-fp-1.c execution,  -O3 -fomit-frame-pointer 
FAIL: gcc.c-torture/execute/ieee/compare-fp-1.c execution,  -O3 -g 
FAIL: gcc.c-torture/execute/ieee/compare-fp-1.c execution,  -Os 
FAIL: gcc.c-torture/execute/ieee/compare-fp-4.c execution,  -O0 
FAIL: gcc.c-torture/execute/ieee/fp-cmp-4.c execution,  -O0 
FAIL: gcc.c-torture/execute/ieee/fp-cmp-4.c execution,  -O1 
FAIL: gcc.c-torture/execute/ieee/fp-cmp-4.c execution,  -O2 
FAIL: gcc.c-torture/execute/ieee/fp-cmp-4.c execution,  -O3 -fomit-frame-pointer 
FAIL: gcc.c-torture/execute/ieee/fp-cmp-4.c execution,  -O3 -fomit-frame-pointer -funroll-loops 
FAIL: gcc.c-torture/execute/ieee/fp-cmp-4.c execution,  -O3 -fomit-frame-pointer -funroll-all-loops -finline-functions 
FAIL: gcc.c-torture/execute/ieee/fp-cmp-4.c execution,  -O3 -g 
FAIL: gcc.c-torture/execute/ieee/fp-cmp-4.c execution,  -Os 
FAIL: gcc.c-torture/execute/ieee/fp-cmp-4f.c execution,  -O0 
FAIL: gcc.c-torture/execute/ieee/fp-cmp-4f.c execution,  -O1 
FAIL: gcc.c-torture/execute/ieee/fp-cmp-4f.c execution,  -O2 
FAIL: gcc.c-torture/execute/ieee/fp-cmp-4f.c execution,  -O3 -fomit-frame-pointer 
FAIL: gcc.c-torture/execute/ieee/fp-cmp-4f.c execution,  -O3 -g 
FAIL: gcc.c-torture/execute/ieee/fp-cmp-4f.c execution,  -Os 
FAIL: gcc.c-torture/execute/ieee/fp-cmp-4l.c execution,  -O0 
FAIL: gcc.c-torture/execute/ieee/fp-cmp-4l.c execution,  -O1 
FAIL: gcc.c-torture/execute/ieee/fp-cmp-4l.c execution,  -O2 
FAIL: gcc.c-torture/execute/ieee/fp-cmp-4l.c execution,  -O3 -fomit-frame-pointer 
FAIL: gcc.c-torture/execute/ieee/fp-cmp-4l.c execution,  -O3 -g 
FAIL: gcc.c-torture/execute/ieee/fp-cmp-4l.c execution,  -Os 
FAIL: gcc.c-torture/execute/ieee/fp-cmp-5.c execution,  -O0 
FAIL: gcc.c-torture/execute/ieee/fp-cmp-5.c execution,  -O1 
FAIL: gcc.c-torture/execute/ieee/fp-cmp-5.c execution,  -O2 
FAIL: gcc.c-torture/execute/ieee/fp-cmp-5.c execution,  -O3 -fomit-frame-pointer 
FAIL: gcc.c-torture/execute/ieee/fp-cmp-5.c execution,  -O3 -fomit-frame-pointer -funroll-loops 
FAIL: gcc.c-torture/execute/ieee/fp-cmp-5.c execution,  -O3 -fomit-frame-pointer -funroll-all-loops -finline-functions 
FAIL: gcc.c-torture/execute/ieee/fp-cmp-5.c execution,  -O3 -g 
FAIL: gcc.c-torture/execute/ieee/fp-cmp-5.c execution,  -Os 
FAIL: gcc.c-torture/execute/ieee/fp-cmp-8.c execution,  -O0 
FAIL: gcc.c-torture/execute/ieee/fp-cmp-8.c execution,  -O1 
FAIL: gcc.c-torture/execute/ieee/fp-cmp-8.c execution,  -O2 
FAIL: gcc.c-torture/execute/ieee/fp-cmp-8.c execution,  -O3 -fomit-frame-pointer 
FAIL: gcc.c-torture/execute/ieee/fp-cmp-8.c execution,  -O3 -fomit-frame-pointer -funroll-loops 
FAIL: gcc.c-torture/execute/ieee/fp-cmp-8.c execution,  -O3 -fomit-frame-pointer -funroll-all-loops -finline-functions 
FAIL: gcc.c-torture/execute/ieee/fp-cmp-8.c execution,  -O3 -g 
FAIL: gcc.c-torture/execute/ieee/fp-cmp-8.c execution,  -Os 
FAIL: gcc.c-torture/execute/ieee/fp-cmp-8f.c execution,  -O0 
FAIL: gcc.c-torture/execute/ieee/fp-cmp-8f.c execution,  -O1 
FAIL: gcc.c-torture/execute/ieee/fp-cmp-8f.c execution,  -O2 
FAIL: gcc.c-torture/execute/ieee/fp-cmp-8f.c execution,  -O3 -fomit-frame-pointer 
FAIL: gcc.c-torture/execute/ieee/fp-cmp-8f.c execution,  -O3 -g 
FAIL: gcc.c-torture/execute/ieee/fp-cmp-8f.c execution,  -Os 
FAIL: gcc.c-torture/execute/ieee/fp-cmp-8l.c execution,  -O0 
FAIL: gcc.c-torture/execute/ieee/fp-cmp-8l.c execution,  -O1 
FAIL: gcc.c-torture/execute/ieee/fp-cmp-8l.c execution,  -O2 
FAIL: gcc.c-torture/execute/ieee/fp-cmp-8l.c execution,  -O3 -fomit-frame-pointer 
FAIL: gcc.c-torture/execute/ieee/fp-cmp-8l.c execution,  -O3 -g 
FAIL: gcc.c-torture/execute/ieee/fp-cmp-8l.c execution,  -Os 
XPASS: gcc.c-torture/execute/ieee/mul-subnormal-single-1.c execution,  -O0 
XPASS: gcc.c-torture/execute/ieee/mul-subnormal-single-1.c execution,  -O1 
XPASS: gcc.c-torture/execute/ieee/mul-subnormal-single-1.c execution,  -O2 
XPASS: gcc.c-torture/execute/ieee/mul-subnormal-single-1.c execution,  -O3 -fomit-frame-pointer 
XPASS: gcc.c-torture/execute/ieee/mul-subnormal-single-1.c execution,  -O3 -fomit-frame-pointer -funroll-loops 
XPASS: gcc.c-torture/execute/ieee/mul-subnormal-single-1.c execution,  -O3 -fomit-frame-pointer -funroll-all-loops -finline-functions 
XPASS: gcc.c-torture/execute/ieee/mul-subnormal-single-1.c execution,  -O3 -g 
XPASS: gcc.c-torture/execute/ieee/mul-subnormal-single-1.c execution,  -Os 
FAIL: gcc.c-torture/execute/ieee/pr38016.c execution,  -O0 
FAIL: gcc.c-torture/execute/ieee/pr38016.c execution,  -O1 
FAIL: gcc.c-torture/execute/ieee/pr38016.c execution,  -O2 
FAIL: gcc.c-torture/execute/ieee/pr38016.c execution,  -O3 -fomit-frame-pointer 
FAIL: gcc.c-torture/execute/ieee/pr38016.c execution,  -O3 -g 
FAIL: gcc.c-torture/execute/ieee/pr38016.c execution,  -Os 
FAIL: gcc.dg/pr28796-2.c execution test
FAIL: gcc.dg/pch/valid-1b.c -O0 -g -I. (test for excess errors)
FAIL: gcc.dg/pch/valid-1b.c -O0 -g assembly comparison
FAIL: gcc.dg/pch/valid-1b.c  -O0  -I. (test for excess errors)
FAIL: gcc.dg/pch/valid-1b.c  -O0  assembly comparison
FAIL: gcc.dg/pch/valid-1b.c  -O1  -I. (test for excess errors)
FAIL: gcc.dg/pch/valid-1b.c  -O1  assembly comparison
FAIL: gcc.dg/pch/valid-1b.c  -O2  -I. (test for excess errors)
FAIL: gcc.dg/pch/valid-1b.c  -O2  assembly comparison
FAIL: gcc.dg/pch/valid-1b.c  -O3 -fomit-frame-pointer  -I. (test for excess errors)
FAIL: gcc.dg/pch/valid-1b.c  -O3 -fomit-frame-pointer  assembly comparison
FAIL: gcc.dg/pch/valid-1b.c  -O3 -g  -I. (test for excess errors)
FAIL: gcc.dg/pch/valid-1b.c  -O3 -g  assembly comparison
FAIL: gcc.dg/pch/valid-1b.c  -Os  -I. (test for excess errors)
FAIL: gcc.dg/pch/valid-1b.c  -Os  assembly comparison
FAIL: gcc.dg/struct/wo_prof_single_str_global.c execution test
FAIL: gcc.dg/struct/wo_prof_single_str_local.c execution test
FAIL: gcc.dg/struct/wo_prof_single_str_pointer.c execution test
FAIL: gcc.dg/torture/type-generic-1.c  -O0  execution test
FAIL: gcc.dg/torture/type-generic-1.c  -O1  execution test
FAIL: gcc.dg/torture/type-generic-1.c  -O2  execution test
FAIL: gcc.dg/torture/type-generic-1.c  -O3 -fomit-frame-pointer  execution test
FAIL: gcc.dg/torture/type-generic-1.c  -O3 -g  execution test
FAIL: gcc.dg/torture/type-generic-1.c  -Os  execution test
FAIL: gcc.dg/tree-ssa/vrp47.c scan-tree-dump-times vrp1 "[xy][^ ]* !=" 0
FAIL: gcc.dg/tree-ssa/vrp47.c scan-tree-dump-times dom1 "x[^ ]* & y" 1
FAIL: gcc.dg/tree-ssa/vrp47.c scan-tree-dump-times vrp1 "x[^ ]* [|] y" 1
FAIL: gcc.dg/weak/weak-16.c scan-assembler weak[^ \\t]*[ \\t]_?kallsyms_token_index

		=== gcc Summary ===

# of expected passes		47583
# of unexpected failures	103
# of unexpected successes	14
# of expected failures		105
# of unresolved testcases	14
# of unsupported tests		583
/scratch/gcc/nightly-2008-12-04-mainline/coldfire-elf/obj/test-mainline-0-m68k-elf/host-i686-pc-linux-gnu/fsf-mainline/bin/m68k-elf-gcc  version 4.4.0 20081204 (experimental) (GCC) 

Host   is i686-pc-linux-gnu

		=== libstdc++ tests ===


Running target qemu-coldfire-elf-prebuilt-fsf/-mcpu=5475
FAIL: 27_io/basic_filebuf/sgetn/char/1-in.cc execution test
FAIL: 27_io/basic_filebuf/sgetn/char/1-io.cc execution test
FAIL: 27_io/basic_filebuf/sgetn/char/2-in.cc execution test
FAIL: 27_io/basic_filebuf/sgetn/char/2-io.cc execution test
FAIL: 27_io/basic_istream/readsome/char/6746-2.cc execution test
XPASS: 27_io/ios_base/sync_with_stdio/1.cc execution test
FAIL: 27_io/objects/char/6.cc execution test
FAIL: ext/pool_allocator/allocate_chunk.cc execution test

		=== libstdc++ Summary ===

# of expected passes		4451
# of unexpected failures	7
# of unexpected successes	1
# of expected failures		64
# of unsupported tests		253
Host   is i686-pc-linux-gnu

		=== g++ tests ===


Running target qemu-coldfire-elf-prebuilt-fsf/-mcpu=5475/-msoft-float
FAIL: g++.dg/eh/gcsec1.C execution test
FAIL: g++.dg/init/copy5.C (internal compiler error)
FAIL: g++.dg/init/copy5.C (test for excess errors)
FAIL: g++.dg/init/ref15.C execution test
FAIL: g++.dg/torture/type-generic-1.C  -O0  execution test
FAIL: g++.dg/torture/type-generic-1.C  -O1  execution test
FAIL: g++.dg/torture/type-generic-1.C  -O2  execution test
FAIL: g++.dg/torture/type-generic-1.C  -O3 -fomit-frame-pointer  execution test
FAIL: g++.dg/torture/type-generic-1.C  -O3 -g  execution test
FAIL: g++.dg/torture/type-generic-1.C  -Os  execution test

		=== g++ Summary ===

# of expected passes		18034
# of unexpected failures	10
# of expected failures		134
# of unsupported tests		192
/scratch/gcc/nightly-2008-12-04-mainline/coldfire-elf/obj/test-mainline-0-m68k-elf/host-i686-pc-linux-gnu/fsf-mainline/bin/m68k-elf-g++  version 4.4.0 20081204 (experimental) (GCC) 

Host   is i686-pc-linux-gnu

		=== gcc tests ===


Running target qemu-coldfire-elf-prebuilt-fsf/-mcpu=5475/-msoft-float
FAIL: gcc.c-torture/execute/20060420-1.c compilation,  -O2  (internal compiler error)
UNRESOLVED: gcc.c-torture/execute/20060420-1.c execution,  -O2 
FAIL: gcc.c-torture/execute/20060420-1.c compilation,  -O3 -fomit-frame-pointer  (internal compiler error)
UNRESOLVED: gcc.c-torture/execute/20060420-1.c execution,  -O3 -fomit-frame-pointer 
FAIL: gcc.c-torture/execute/20060420-1.c compilation,  -O3 -fomit-frame-pointer -funroll-loops  (internal compiler error)
UNRESOLVED: gcc.c-torture/execute/20060420-1.c execution,  -O3 -fomit-frame-pointer -funroll-loops 
FAIL: gcc.c-torture/execute/20060420-1.c compilation,  -O3 -fomit-frame-pointer -funroll-all-loops -finline-functions  (internal compiler error)
UNRESOLVED: gcc.c-torture/execute/20060420-1.c execution,  -O3 -fomit-frame-pointer -funroll-all-loops -finline-functions 
FAIL: gcc.c-torture/execute/20060420-1.c compilation,  -O3 -g  (internal compiler error)
UNRESOLVED: gcc.c-torture/execute/20060420-1.c execution,  -O3 -g 
FAIL: gcc.c-torture/execute/930718-1.c compilation,  -O1  (internal compiler error)
UNRESOLVED: gcc.c-torture/execute/930718-1.c execution,  -O1 
FAIL: gcc.c-torture/execute/930718-1.c compilation,  -O2  (internal compiler error)
UNRESOLVED: gcc.c-torture/execute/930718-1.c execution,  -O2 
FAIL: gcc.c-torture/execute/930718-1.c compilation,  -O3 -fomit-frame-pointer  (internal compiler error)
UNRESOLVED: gcc.c-torture/execute/930718-1.c execution,  -O3 -fomit-frame-pointer 
FAIL: gcc.c-torture/execute/930718-1.c compilation,  -O3 -g  (internal compiler error)
UNRESOLVED: gcc.c-torture/execute/930718-1.c execution,  -O3 -g 
FAIL: gcc.c-torture/execute/930718-1.c compilation,  -Os  (internal compiler error)
UNRESOLVED: gcc.c-torture/execute/930718-1.c execution,  -Os 
FAIL: gcc.dg/pr28796-2.c execution test
FAIL: gcc.dg/pch/valid-1b.c -O0 -g -I. (test for excess errors)
FAIL: gcc.dg/pch/valid-1b.c -O0 -g assembly comparison
FAIL: gcc.dg/pch/valid-1b.c  -O0  -I. (test for excess errors)
FAIL: gcc.dg/pch/valid-1b.c  -O0  assembly comparison
FAIL: gcc.dg/pch/valid-1b.c  -O1  -I. (test for excess errors)
FAIL: gcc.dg/pch/valid-1b.c  -O1  assembly comparison
FAIL: gcc.dg/pch/valid-1b.c  -O2  -I. (test for excess errors)
FAIL: gcc.dg/pch/valid-1b.c  -O2  assembly comparison
FAIL: gcc.dg/pch/valid-1b.c  -O3 -fomit-frame-pointer  -I. (test for excess errors)
FAIL: gcc.dg/pch/valid-1b.c  -O3 -fomit-frame-pointer  assembly comparison
FAIL: gcc.dg/pch/valid-1b.c  -O3 -g  -I. (test for excess errors)
FAIL: gcc.dg/pch/valid-1b.c  -O3 -g  assembly comparison
FAIL: gcc.dg/pch/valid-1b.c  -Os  -I. (test for excess errors)
FAIL: gcc.dg/pch/valid-1b.c  -Os  assembly comparison
FAIL: gcc.dg/struct/wo_prof_single_str_global.c execution test
FAIL: gcc.dg/struct/wo_prof_single_str_local.c execution test
FAIL: gcc.dg/struct/wo_prof_single_str_pointer.c execution test
FAIL: gcc.dg/torture/type-generic-1.c  -O0  execution test
FAIL: gcc.dg/torture/type-generic-1.c  -O1  execution test
FAIL: gcc.dg/torture/type-generic-1.c  -O2  execution test
FAIL: gcc.dg/torture/type-generic-1.c  -O3 -fomit-frame-pointer  execution test
FAIL: gcc.dg/torture/type-generic-1.c  -O3 -g  execution test
FAIL: gcc.dg/torture/type-generic-1.c  -Os  execution test
FAIL: gcc.dg/tree-ssa/vrp47.c scan-tree-dump-times vrp1 "[xy][^ ]* !=" 0
FAIL: gcc.dg/tree-ssa/vrp47.c scan-tree-dump-times dom1 "x[^ ]* & y" 1
FAIL: gcc.dg/tree-ssa/vrp47.c scan-tree-dump-times vrp1 "x[^ ]* [|] y" 1
FAIL: gcc.dg/weak/weak-16.c scan-assembler weak[^ \\t]*[ \\t]_?kallsyms_token_index

		=== gcc Summary ===

# of expected passes		47662
# of unexpected failures	38
# of expected failures		104
# of unresolved testcases	10
# of unsupported tests		585
/scratch/gcc/nightly-2008-12-04-mainline/coldfire-elf/obj/test-mainline-0-m68k-elf/host-i686-pc-linux-gnu/fsf-mainline/bin/m68k-elf-gcc  version 4.4.0 20081204 (experimental) (GCC) 

Host   is i686-pc-linux-gnu

		=== libstdc++ tests ===


Running target qemu-coldfire-elf-prebuilt-fsf/-mcpu=5475/-msoft-float
FAIL: 27_io/basic_filebuf/sgetn/char/1-in.cc execution test
FAIL: 27_io/basic_filebuf/sgetn/char/1-io.cc execution test
FAIL: 27_io/basic_filebuf/sgetn/char/2-in.cc execution test
FAIL: 27_io/basic_filebuf/sgetn/char/2-io.cc execution test
FAIL: 27_io/basic_istream/extractors_arithmetic/char/12.cc execution test
FAIL: 27_io/basic_istream/readsome/char/6746-2.cc execution test
XPASS: 27_io/ios_base/sync_with_stdio/1.cc execution test
FAIL: 27_io/objects/char/6.cc execution test
FAIL: ext/pool_allocator/allocate_chunk.cc execution test
WARNING: program timed out.
FAIL: tr1/5_numerical_facilities/special_functions/20_riemann_zeta/check_value_pos.cc execution test

		=== libstdc++ Summary ===

# of expected passes		4449
# of unexpected failures	9
# of unexpected successes	1
# of expected failures		64
# of unsupported tests		253

Compiler version: 4.4.0 20081204 (experimental) (GCC) 
Platform: m68k-unknown-elf
configure flags: --build=i686-pc-linux-gnu --host=i686-pc-linux-gnu --target=m68k-elf --enable-threads --disable-libmudflap --disable-libssp --disable-libstdcxx-pch --with-arch=cf --disable-threads --with-gnu-as --with-gnu-ld --enable-languages=c,c++ --disable-shared --with-newlib --disable-nls --prefix=/opt/codesourcery --with-headers=yes --with-sysroot=/opt/codesourcery/m68k-elf --with-build-sysroot=/scratch/gcc/nightly-2008-12-04-mainline/coldfire-elf/install/m68k-elf --with-gmp=/scratch/gcc/nightly-2008-12-04-mainline/coldfire-elf/obj/host-libs-mainline-0-m68k-elf-i686-pc-linux-gnu/usr --with-mpfr=/scratch/gcc/nightly-2008-12-04-mainline/coldfire-elf/obj/host-libs-mainline-0-m68k-elf-i686-pc-linux-gnu/usr --disable-libgomp --enable-poison-system-directories --with-build-time-tools=/scratch/gcc/nightly-2008-12-04-mainline/coldfire-elf/install/m68k-elf/bin --with-build-time-tools=/scratch/gcc/nightly-2008-12-04-mainline/coldfire-elf/install/m68k-elf/bin



More information about the Gcc-testresults mailing list