Results for 4.2.5 20081204 (prerelease) gcc testsuite on powerpc-unknown-eabisim

Mike Stein mstein.lists@googlemail.com
Fri Dec 5 22:57:00 GMT 2008


Debian 4 on x86_64
cross tool versions:
GNU assembler (GNU Binutils) 2.19.51.20081129
GNU gdb (GDB) 6.8.50.20081129-cvs
GNU ld (GNU Binutils) 2.19.51.20081129

GNU Make 3.81
expect version 5.43.0
host gcc version: gcc (GCC) 4.4.0 20081204 (experimental) [trunk revision 142449]
LAST_UPDATED: Thu Dec  4 23:05:59 UTC 2008 (revision 142449)

Target is powerpc-unknown-eabisim
Host   is x86_64-unknown-linux-gnu

		=== gcc tests ===


Running target powerpc-sim
FAIL: gcc.c-torture/execute/builtins/fprintf.c execution,  -O0 
FAIL: gcc.c-torture/execute/builtins/fprintf.c execution,  -O1 
FAIL: gcc.c-torture/execute/builtins/fprintf.c execution,  -O2 
FAIL: gcc.c-torture/execute/builtins/fprintf.c execution,  -O3 -fomit-frame-pointer 
FAIL: gcc.c-torture/execute/builtins/fprintf.c execution,  -O3 -g 
FAIL: gcc.c-torture/execute/builtins/fprintf.c execution,  -Os 
FAIL: gcc.c-torture/execute/builtins/fputs.c execution,  -O0 
FAIL: gcc.c-torture/execute/builtins/fputs.c execution,  -O1 
FAIL: gcc.c-torture/execute/builtins/fputs.c execution,  -O2 
FAIL: gcc.c-torture/execute/builtins/fputs.c execution,  -O3 -fomit-frame-pointer 
FAIL: gcc.c-torture/execute/builtins/fputs.c execution,  -O3 -g 
FAIL: gcc.c-torture/execute/builtins/fputs.c execution,  -Os 
FAIL: gcc.c-torture/execute/builtins/printf.c execution,  -O0 
FAIL: gcc.c-torture/execute/builtins/printf.c execution,  -O1 
FAIL: gcc.c-torture/execute/builtins/printf.c execution,  -O2 
FAIL: gcc.c-torture/execute/builtins/printf.c execution,  -O3 -fomit-frame-pointer 
FAIL: gcc.c-torture/execute/builtins/printf.c execution,  -O3 -g 
FAIL: gcc.c-torture/execute/builtins/printf.c execution,  -Os 
FAIL: gcc.c-torture/execute/20000914-1.c execution,  -O0 
FAIL: gcc.c-torture/execute/20000914-1.c execution,  -O1 
FAIL: gcc.c-torture/execute/20000914-1.c execution,  -O2 
FAIL: gcc.c-torture/execute/20000914-1.c execution,  -O3 -fomit-frame-pointer 
FAIL: gcc.c-torture/execute/20000914-1.c execution,  -O3 -g 
FAIL: gcc.c-torture/execute/20000914-1.c execution,  -Os 
FAIL: gcc.c-torture/execute/20020406-1.c execution,  -O0 
FAIL: gcc.c-torture/execute/20020406-1.c execution,  -O1 
FAIL: gcc.c-torture/execute/20020406-1.c execution,  -O2 
FAIL: gcc.c-torture/execute/20020406-1.c execution,  -O3 -fomit-frame-pointer 
FAIL: gcc.c-torture/execute/20020406-1.c execution,  -O3 -fomit-frame-pointer -funroll-loops 
FAIL: gcc.c-torture/execute/20020406-1.c execution,  -O3 -fomit-frame-pointer -funroll-all-loops -finline-functions 
FAIL: gcc.c-torture/execute/20020406-1.c execution,  -O3 -g 
FAIL: gcc.c-torture/execute/20020406-1.c execution,  -Os 
FAIL: gcc.c-torture/execute/20051113-1.c execution,  -O0 
FAIL: gcc.c-torture/execute/20051113-1.c execution,  -O1 
FAIL: gcc.c-torture/execute/20051113-1.c execution,  -O2 
FAIL: gcc.c-torture/execute/20051113-1.c execution,  -O3 -fomit-frame-pointer 
FAIL: gcc.c-torture/execute/20051113-1.c execution,  -O3 -fomit-frame-pointer -funroll-loops 
FAIL: gcc.c-torture/execute/20051113-1.c execution,  -O3 -fomit-frame-pointer -funroll-all-loops -finline-functions 
FAIL: gcc.c-torture/execute/20051113-1.c execution,  -O3 -g 
FAIL: gcc.c-torture/execute/20051113-1.c execution,  -Os 
FAIL: gcc.c-torture/execute/920501-8.c execution,  -O0 
FAIL: gcc.c-torture/execute/920501-8.c execution,  -O1 
FAIL: gcc.c-torture/execute/920501-8.c execution,  -O2 
FAIL: gcc.c-torture/execute/920501-8.c execution,  -O3 -fomit-frame-pointer 
FAIL: gcc.c-torture/execute/920501-8.c execution,  -O3 -g 
FAIL: gcc.c-torture/execute/920501-8.c execution,  -Os 
FAIL: gcc.c-torture/execute/920810-1.c execution,  -O0 
FAIL: gcc.c-torture/execute/920810-1.c execution,  -O1 
FAIL: gcc.c-torture/execute/920810-1.c execution,  -O2 
FAIL: gcc.c-torture/execute/920810-1.c execution,  -O3 -fomit-frame-pointer 
FAIL: gcc.c-torture/execute/920810-1.c execution,  -O3 -g 
FAIL: gcc.c-torture/execute/920810-1.c execution,  -Os 
FAIL: gcc.c-torture/execute/930513-1.c execution,  -O0 
FAIL: gcc.c-torture/execute/930513-1.c execution,  -O1 
FAIL: gcc.c-torture/execute/930513-1.c execution,  -O2 
FAIL: gcc.c-torture/execute/930513-1.c execution,  -O3 -fomit-frame-pointer 
FAIL: gcc.c-torture/execute/930513-1.c execution,  -O3 -g 
FAIL: gcc.c-torture/execute/930513-1.c execution,  -Os 
FAIL: gcc.c-torture/execute/941014-2.c execution,  -O0 
FAIL: gcc.c-torture/execute/941014-2.c execution,  -O1 
FAIL: gcc.c-torture/execute/941014-2.c execution,  -O2 
FAIL: gcc.c-torture/execute/941014-2.c execution,  -O3 -fomit-frame-pointer 
FAIL: gcc.c-torture/execute/941014-2.c execution,  -O3 -g 
FAIL: gcc.c-torture/execute/941014-2.c execution,  -Os 
FAIL: gcc.c-torture/execute/960521-1.c execution,  -O0 
FAIL: gcc.c-torture/execute/960521-1.c execution,  -O1 
FAIL: gcc.c-torture/execute/960521-1.c execution,  -O2 
FAIL: gcc.c-torture/execute/960521-1.c execution,  -O3 -fomit-frame-pointer 
FAIL: gcc.c-torture/execute/960521-1.c execution,  -O3 -fomit-frame-pointer -funroll-loops 
FAIL: gcc.c-torture/execute/960521-1.c execution,  -O3 -fomit-frame-pointer -funroll-all-loops -finline-functions 
FAIL: gcc.c-torture/execute/960521-1.c execution,  -O3 -g 
FAIL: gcc.c-torture/execute/960521-1.c execution,  -Os 
FAIL: gcc.c-torture/execute/990628-1.c execution,  -O0 
FAIL: gcc.c-torture/execute/990628-1.c execution,  -O1 
FAIL: gcc.c-torture/execute/990628-1.c execution,  -O2 
FAIL: gcc.c-torture/execute/990628-1.c execution,  -O3 -fomit-frame-pointer 
FAIL: gcc.c-torture/execute/990628-1.c execution,  -O3 -fomit-frame-pointer -funroll-loops 
FAIL: gcc.c-torture/execute/990628-1.c execution,  -O3 -fomit-frame-pointer -funroll-all-loops -finline-functions 
FAIL: gcc.c-torture/execute/990628-1.c execution,  -O3 -g 
FAIL: gcc.c-torture/execute/990628-1.c execution,  -Os 
FAIL: gcc.c-torture/execute/comp-goto-1.c execution,  -O0 
FAIL: gcc.c-torture/execute/comp-goto-1.c execution,  -O1 
FAIL: gcc.c-torture/execute/comp-goto-1.c execution,  -O2 
FAIL: gcc.c-torture/execute/comp-goto-1.c execution,  -O3 -fomit-frame-pointer 
FAIL: gcc.c-torture/execute/comp-goto-1.c execution,  -O3 -fomit-frame-pointer -funroll-loops 
FAIL: gcc.c-torture/execute/comp-goto-1.c execution,  -O3 -fomit-frame-pointer -funroll-all-loops -finline-functions 
FAIL: gcc.c-torture/execute/comp-goto-1.c execution,  -O3 -g 
FAIL: gcc.c-torture/execute/comp-goto-1.c execution,  -Os 
FAIL: gcc.c-torture/execute/fprintf-1.c execution,  -O0 
FAIL: gcc.c-torture/execute/fprintf-1.c execution,  -O1 
FAIL: gcc.c-torture/execute/fprintf-1.c execution,  -O2 
FAIL: gcc.c-torture/execute/fprintf-1.c execution,  -O3 -fomit-frame-pointer 
FAIL: gcc.c-torture/execute/fprintf-1.c execution,  -O3 -g 
FAIL: gcc.c-torture/execute/fprintf-1.c execution,  -Os 
FAIL: gcc.c-torture/execute/fprintf-chk-1.c execution,  -O0 
FAIL: gcc.c-torture/execute/fprintf-chk-1.c execution,  -O1 
FAIL: gcc.c-torture/execute/fprintf-chk-1.c execution,  -O2 
FAIL: gcc.c-torture/execute/fprintf-chk-1.c execution,  -O3 -fomit-frame-pointer 
FAIL: gcc.c-torture/execute/fprintf-chk-1.c execution,  -O3 -g 
FAIL: gcc.c-torture/execute/fprintf-chk-1.c execution,  -Os 
UNRESOLVED: gcc.c-torture/execute/mayalias-2.c execution,  -O3 -g 
FAIL: gcc.c-torture/execute/pr15262-1.c execution,  -O0 
FAIL: gcc.c-torture/execute/pr15262-1.c execution,  -O1 
FAIL: gcc.c-torture/execute/pr15262-1.c execution,  -O2 
FAIL: gcc.c-torture/execute/pr15262-1.c execution,  -O3 -fomit-frame-pointer 
FAIL: gcc.c-torture/execute/pr15262-1.c execution,  -O3 -g 
FAIL: gcc.c-torture/execute/pr15262-1.c execution,  -Os 
FAIL: gcc.c-torture/execute/printf-1.c execution,  -O0 
FAIL: gcc.c-torture/execute/printf-1.c execution,  -O1 
FAIL: gcc.c-torture/execute/printf-1.c execution,  -O2 
FAIL: gcc.c-torture/execute/printf-1.c execution,  -O3 -fomit-frame-pointer 
FAIL: gcc.c-torture/execute/printf-1.c execution,  -O3 -g 
FAIL: gcc.c-torture/execute/printf-1.c execution,  -Os 
FAIL: gcc.c-torture/execute/printf-chk-1.c execution,  -O0 
FAIL: gcc.c-torture/execute/printf-chk-1.c execution,  -O1 
FAIL: gcc.c-torture/execute/printf-chk-1.c execution,  -O2 
FAIL: gcc.c-torture/execute/printf-chk-1.c execution,  -O3 -fomit-frame-pointer 
FAIL: gcc.c-torture/execute/printf-chk-1.c execution,  -O3 -g 
FAIL: gcc.c-torture/execute/printf-chk-1.c execution,  -Os 
FAIL: gcc.c-torture/execute/struct-ret-1.c execution,  -O0 
FAIL: gcc.c-torture/execute/struct-ret-1.c execution,  -O1 
FAIL: gcc.c-torture/execute/struct-ret-1.c execution,  -O2 
FAIL: gcc.c-torture/execute/struct-ret-1.c execution,  -O3 -fomit-frame-pointer 
FAIL: gcc.c-torture/execute/struct-ret-1.c execution,  -O3 -g 
FAIL: gcc.c-torture/execute/struct-ret-1.c execution,  -Os 
FAIL: gcc.c-torture/execute/va-arg-21.c execution,  -O0 
FAIL: gcc.c-torture/execute/va-arg-21.c execution,  -O1 
FAIL: gcc.c-torture/execute/va-arg-21.c execution,  -O2 
FAIL: gcc.c-torture/execute/va-arg-21.c execution,  -O3 -fomit-frame-pointer 
FAIL: gcc.c-torture/execute/va-arg-21.c execution,  -O3 -fomit-frame-pointer -funroll-loops 
FAIL: gcc.c-torture/execute/va-arg-21.c execution,  -O3 -fomit-frame-pointer -funroll-all-loops -finline-functions 
FAIL: gcc.c-torture/execute/va-arg-21.c execution,  -O3 -g 
FAIL: gcc.c-torture/execute/va-arg-21.c execution,  -Os 
FAIL: gcc.c-torture/execute/vfprintf-1.c execution,  -O0 
FAIL: gcc.c-torture/execute/vfprintf-1.c execution,  -O1 
FAIL: gcc.c-torture/execute/vfprintf-1.c execution,  -O2 
FAIL: gcc.c-torture/execute/vfprintf-1.c execution,  -O3 -fomit-frame-pointer 
FAIL: gcc.c-torture/execute/vfprintf-1.c execution,  -O3 -g 
FAIL: gcc.c-torture/execute/vfprintf-1.c execution,  -Os 
FAIL: gcc.c-torture/execute/vfprintf-chk-1.c execution,  -O0 
FAIL: gcc.c-torture/execute/vfprintf-chk-1.c execution,  -O1 
FAIL: gcc.c-torture/execute/vfprintf-chk-1.c execution,  -O2 
FAIL: gcc.c-torture/execute/vfprintf-chk-1.c execution,  -O3 -fomit-frame-pointer 
FAIL: gcc.c-torture/execute/vfprintf-chk-1.c execution,  -O3 -g 
FAIL: gcc.c-torture/execute/vfprintf-chk-1.c execution,  -Os 
FAIL: gcc.c-torture/execute/vprintf-1.c execution,  -O0 
FAIL: gcc.c-torture/execute/vprintf-1.c execution,  -O1 
FAIL: gcc.c-torture/execute/vprintf-1.c execution,  -O2 
FAIL: gcc.c-torture/execute/vprintf-1.c execution,  -O3 -fomit-frame-pointer 
FAIL: gcc.c-torture/execute/vprintf-1.c execution,  -O3 -g 
FAIL: gcc.c-torture/execute/vprintf-1.c execution,  -Os 
FAIL: gcc.c-torture/execute/vprintf-chk-1.c execution,  -O0 
FAIL: gcc.c-torture/execute/vprintf-chk-1.c execution,  -O1 
FAIL: gcc.c-torture/execute/vprintf-chk-1.c execution,  -O2 
FAIL: gcc.c-torture/execute/vprintf-chk-1.c execution,  -O3 -fomit-frame-pointer 
FAIL: gcc.c-torture/execute/vprintf-chk-1.c execution,  -O3 -g 
FAIL: gcc.c-torture/execute/vprintf-chk-1.c execution,  -Os 
FAIL: gcc.c-torture/execute/ieee/fp-cmp-1.c execution,  -O0 
FAIL: gcc.c-torture/execute/ieee/fp-cmp-1.c execution,  -O1 
FAIL: gcc.c-torture/execute/ieee/fp-cmp-1.c execution,  -O2 
FAIL: gcc.c-torture/execute/ieee/fp-cmp-1.c execution,  -O3 -fomit-frame-pointer 
FAIL: gcc.c-torture/execute/ieee/fp-cmp-1.c execution,  -O3 -fomit-frame-pointer -funroll-loops 
FAIL: gcc.c-torture/execute/ieee/fp-cmp-1.c execution,  -O3 -fomit-frame-pointer -funroll-all-loops -finline-functions 
FAIL: gcc.c-torture/execute/ieee/fp-cmp-1.c execution,  -O3 -g 
FAIL: gcc.c-torture/execute/ieee/fp-cmp-1.c execution,  -Os 
FAIL: gcc.c-torture/execute/ieee/fp-cmp-2.c execution,  -O0 
FAIL: gcc.c-torture/execute/ieee/fp-cmp-2.c execution,  -O1 
FAIL: gcc.c-torture/execute/ieee/fp-cmp-2.c execution,  -O2 
FAIL: gcc.c-torture/execute/ieee/fp-cmp-2.c execution,  -O3 -fomit-frame-pointer 
FAIL: gcc.c-torture/execute/ieee/fp-cmp-2.c execution,  -O3 -fomit-frame-pointer -funroll-loops 
FAIL: gcc.c-torture/execute/ieee/fp-cmp-2.c execution,  -O3 -fomit-frame-pointer -funroll-all-loops -finline-functions 
FAIL: gcc.c-torture/execute/ieee/fp-cmp-2.c execution,  -O3 -g 
FAIL: gcc.c-torture/execute/ieee/fp-cmp-2.c execution,  -Os 
FAIL: gcc.c-torture/execute/ieee/fp-cmp-3.c execution,  -O0 
FAIL: gcc.c-torture/execute/ieee/fp-cmp-3.c execution,  -O1 
FAIL: gcc.c-torture/execute/ieee/fp-cmp-3.c execution,  -O2 
FAIL: gcc.c-torture/execute/ieee/fp-cmp-3.c execution,  -O3 -fomit-frame-pointer 
FAIL: gcc.c-torture/execute/ieee/fp-cmp-3.c execution,  -O3 -fomit-frame-pointer -funroll-loops 
FAIL: gcc.c-torture/execute/ieee/fp-cmp-3.c execution,  -O3 -fomit-frame-pointer -funroll-all-loops -finline-functions 
FAIL: gcc.c-torture/execute/ieee/fp-cmp-3.c execution,  -O3 -g 
FAIL: gcc.c-torture/execute/ieee/fp-cmp-3.c execution,  -Os 
FAIL: gcc.c-torture/execute/ieee/inf-1.c execution,  -O0 
FAIL: gcc.dg/cpp/assert4.c (test for excess errors)
FAIL: gcc.dg/cpp/trad/include.c (test for excess errors)
FAIL: gcc.dg/20050527-1.c execution test
FAIL: gcc.dg/builtin-object-size-1.c execution test
FAIL: gcc.dg/builtin-object-size-2.c execution test
FAIL: gcc.dg/builtin-object-size-3.c execution test
FAIL: gcc.dg/builtin-object-size-4.c execution test
FAIL: gcc.dg/cleanup-5.c execution test
FAIL: gcc.dg/ia64-sync-1.c execution test
FAIL: gcc.dg/union-5.c execution test
FAIL: gcc.dg/tree-ssa/loop-19.c scan-tree-dump-times MEM.(base: &|symbol: )a, 2
FAIL: gcc.dg/tree-ssa/loop-19.c scan-tree-dump-times MEM.(base: &|symbol: )c, 2
FAIL: gcc.dg/vect/vect-82.c execution test
FAIL: gcc.dg/vect/vect-83.c execution test
FAIL: gcc.dg/vect/vect-align-2.c execution test
FAIL: gcc.target/powerpc/20020118-1.c execution test
FAIL: gcc.target/powerpc/20030218-1.c  (test for errors, line 21)
FAIL: gcc.target/powerpc/altivec-1.c execution test
FAIL: gcc.target/powerpc/altivec-12.c execution test
FAIL: gcc.target/powerpc/altivec-3.c execution test
FAIL: gcc.target/powerpc/altivec-consts.c execution test
FAIL: gcc.target/powerpc/altivec-varargs-1.c execution test
FAIL: gcc.target/powerpc/altivec-vec-merge.c execution test
FAIL: gcc.target/powerpc/darwin-longlong.c execution test
FAIL: gcc.target/powerpc/spe1.c (test for excess errors)

		=== gcc Summary ===

# of expected passes		42352
# of unexpected failures	206
# of expected failures		115
# of unresolved testcases	1
# of untested testcases		28
# of unsupported tests		443
/home/mstein/sim/gcc-4_2-branch/powerpc-eabisim/build/gcc/xgcc  version 4.2.5 20081204 (prerelease)


Compiler version: 4.2.5 20081204 (prerelease) gcc 
Platform: powerpc-unknown-eabisim
configure flags: --target=powerpc-eabisim --prefix=/home/mstein/cross-local/powerpc-eabisim --disable-nls --disable-build-warnings --with-sysroot=/home/mstein/cross-local/powerpc-eabisim --with-build-sysroot=/home/mstein/cross-local/powerpc-eabisim --with-ld=/home/mstein/cross-local/powerpc-eabisim/usr/bin/ld --with-as=/home/mstein/cross-local/powerpc-eabisim/usr/bin/as --disable-libssp --with-mpfr=/opt/cfarm/mpfr-2.3.1 --enable-languages=c



More information about the Gcc-testresults mailing list