Results for 4.4.0 20081205 (experimental) (GCC) testsuite on ia64-hp-hpux11.23

Steve Ellcey sje@cup.hp.com
Fri Dec 5 16:22:00 GMT 2008


LAST_UPDATED: 
Native configuration is ia64-hp-hpux11.23

		=== g++ tests ===


Running target unix/-mlp64
FAIL: g++.dg/init/copy5.C (internal compiler error)
FAIL: g++.dg/init/copy5.C (test for excess errors)
XPASS: g++.dg/other/packed1.C execution test

		=== g++ Summary for unix/-mlp64 ===

# of expected passes		17868
# of unexpected failures	2
# of unexpected successes	1
# of expected failures		141
# of unsupported tests		177

Running target unix/-milp32
FAIL: g++.dg/init/copy5.C (internal compiler error)
FAIL: g++.dg/init/copy5.C (test for excess errors)
XPASS: g++.dg/other/packed1.C execution test

		=== g++ Summary for unix/-milp32 ===

# of expected passes		17902
# of unexpected failures	2
# of unexpected successes	1
# of expected failures		141
# of unsupported tests		175

		=== g++ Summary ===

# of expected passes		35770
# of unexpected failures	4
# of unexpected successes	2
# of expected failures		282
# of unsupported tests		352
/proj/opensrc_nobackup/nightly2/build-ia64-hp-hpux11.23-trunk/obj_gcc/gcc/testsuite/g++/../../g++  version 4.4.0 20081205 (experimental) (GCC) 

		=== gcc tests ===


Running target unix/-mlp64
XPASS: gcc.c-torture/compile/pr11832.c  -O3 -fomit-frame-pointer  (test for excess errors)
XPASS: gcc.c-torture/compile/pr11832.c  -O3 -fomit-frame-pointer -funroll-loops  (test for excess errors)
XPASS: gcc.c-torture/compile/pr11832.c  -O3 -fomit-frame-pointer -funroll-all-loops -finline-functions  (test for excess errors)
XPASS: gcc.c-torture/compile/pr11832.c  -O3 -g  (test for excess errors)
XPASS: gcc.c-torture/compile/pr11832.c  -Os  (test for excess errors)
XPASS: gcc.c-torture/compile/pr33009.c  -O1  (test for excess errors)
XPASS: gcc.c-torture/compile/pr33009.c  -O2  (test for excess errors)
XPASS: gcc.c-torture/compile/pr33009.c  -O3 -fomit-frame-pointer  (test for excess errors)
XPASS: gcc.c-torture/compile/pr33009.c  -O3 -fomit-frame-pointer -funroll-loops  (test for excess errors)
XPASS: gcc.c-torture/compile/pr33009.c  -O3 -fomit-frame-pointer -funroll-all-loops -finline-functions  (test for excess errors)
XPASS: gcc.c-torture/compile/pr33009.c  -O3 -g  (test for excess errors)
XPASS: gcc.c-torture/compile/pr33009.c  -Os  (test for excess errors)
FAIL: gcc.c-torture/execute/930718-1.c compilation,  -O1  (internal compiler error)
UNRESOLVED: gcc.c-torture/execute/930718-1.c execution,  -O1 
FAIL: gcc.c-torture/execute/930718-1.c compilation,  -O2  (internal compiler error)
UNRESOLVED: gcc.c-torture/execute/930718-1.c execution,  -O2 
FAIL: gcc.c-torture/execute/930718-1.c compilation,  -O3 -fomit-frame-pointer  (internal compiler error)
UNRESOLVED: gcc.c-torture/execute/930718-1.c execution,  -O3 -fomit-frame-pointer 
FAIL: gcc.c-torture/execute/930718-1.c compilation,  -O3 -g  (internal compiler error)
UNRESOLVED: gcc.c-torture/execute/930718-1.c execution,  -O3 -g 
FAIL: gcc.c-torture/execute/930718-1.c compilation,  -Os  (internal compiler error)
UNRESOLVED: gcc.c-torture/execute/930718-1.c execution,  -Os 
FAIL: gcc.dg/builtin-apply4.c execution test
FAIL: gcc.dg/pr35729.c scan-rtl-dump-times loop2_invariant "Decided to move invariant" 0
FAIL: gcc.dg/pr37106-1.c (internal compiler error)
FAIL: gcc.dg/pr37106-1.c (test for excess errors)
FAIL: gcc.dg/union-5.c execution test
XPASS: gcc.dg/torture/fp-int-convert-timode.c  -O0  execution test
XPASS: gcc.dg/torture/fp-int-convert-timode.c  -O1  execution test
XPASS: gcc.dg/torture/fp-int-convert-timode.c  -O2  execution test
XPASS: gcc.dg/torture/fp-int-convert-timode.c  -O3 -fomit-frame-pointer  execution test
XPASS: gcc.dg/torture/fp-int-convert-timode.c  -O3 -g  execution test
XPASS: gcc.dg/torture/fp-int-convert-timode.c  -Os  execution test
FAIL: gcc.dg/vect/vect-67.c scan-tree-dump-times vect "vectorized 1 loops" 1
ERROR: gcc.target/ia64/versionid-1.c: error executing dg-final: couldn't compile regular expression pattern: invalid repetition count(s)
UNRESOLVED: gcc.target/ia64/versionid-1.c: error executing dg-final: couldn't compile regular expression pattern: invalid repetition count(s)
ERROR: gcc.target/ia64/versionid-2.c: error executing dg-final: couldn't compile regular expression pattern: invalid repetition count(s)
UNRESOLVED: gcc.target/ia64/versionid-2.c: error executing dg-final: couldn't compile regular expression pattern: invalid repetition count(s)

		=== gcc Summary for unix/-mlp64 ===

# of expected passes		48811
# of unexpected failures	11
# of unexpected successes	18
# of expected failures		244
# of unresolved testcases	7
# of unsupported tests		519

Running target unix/-milp32
XPASS: gcc.c-torture/compile/pr11832.c  -O3 -fomit-frame-pointer  (test for excess errors)
XPASS: gcc.c-torture/compile/pr11832.c  -O3 -fomit-frame-pointer -funroll-loops  (test for excess errors)
XPASS: gcc.c-torture/compile/pr11832.c  -O3 -fomit-frame-pointer -funroll-all-loops -finline-functions  (test for excess errors)
XPASS: gcc.c-torture/compile/pr11832.c  -O3 -g  (test for excess errors)
XPASS: gcc.c-torture/compile/pr11832.c  -Os  (test for excess errors)
XPASS: gcc.c-torture/compile/pr33009.c  -O1  (test for excess errors)
XPASS: gcc.c-torture/compile/pr33009.c  -O2  (test for excess errors)
XPASS: gcc.c-torture/compile/pr33009.c  -O3 -fomit-frame-pointer  (test for excess errors)
XPASS: gcc.c-torture/compile/pr33009.c  -O3 -g  (test for excess errors)
XPASS: gcc.c-torture/compile/pr33009.c  -Os  (test for excess errors)
FAIL: gcc.c-torture/execute/930718-1.c compilation,  -O1  (internal compiler error)
UNRESOLVED: gcc.c-torture/execute/930718-1.c execution,  -O1 
FAIL: gcc.c-torture/execute/930718-1.c compilation,  -O2  (internal compiler error)
UNRESOLVED: gcc.c-torture/execute/930718-1.c execution,  -O2 
FAIL: gcc.c-torture/execute/930718-1.c compilation,  -O3 -fomit-frame-pointer  (internal compiler error)
UNRESOLVED: gcc.c-torture/execute/930718-1.c execution,  -O3 -fomit-frame-pointer 
FAIL: gcc.c-torture/execute/930718-1.c compilation,  -O3 -g  (internal compiler error)
UNRESOLVED: gcc.c-torture/execute/930718-1.c execution,  -O3 -g 
FAIL: gcc.c-torture/execute/930718-1.c compilation,  -Os  (internal compiler error)
UNRESOLVED: gcc.c-torture/execute/930718-1.c execution,  -Os 
FAIL: gcc.dg/Wstrict-aliasing-converted-assigned.c  (test for warnings, line 8)
FAIL: gcc.dg/Wstrict-aliasing-converted-assigned.c  (test for warnings, line 8)
FAIL: gcc.dg/builtin-apply4.c execution test
FAIL: gcc.dg/pr35729.c scan-rtl-dump-times loop2_invariant "Decided to move invariant" 0
FAIL: gcc.dg/pr37106-1.c (internal compiler error)
FAIL: gcc.dg/pr37106-1.c (test for excess errors)
FAIL: gcc.dg/union-5.c execution test
FAIL: gcc.dg/var-expand1.c scan-rtl-dump loop2_unroll "Expanding Accumulator"
FAIL: gcc.dg/vect/vect-67.c scan-tree-dump-times vect "vectorized 1 loops" 1
ERROR: gcc.target/ia64/versionid-1.c: error executing dg-final: couldn't compile regular expression pattern: invalid repetition count(s)
UNRESOLVED: gcc.target/ia64/versionid-1.c: error executing dg-final: couldn't compile regular expression pattern: invalid repetition count(s)
ERROR: gcc.target/ia64/versionid-2.c: error executing dg-final: couldn't compile regular expression pattern: invalid repetition count(s)
UNRESOLVED: gcc.target/ia64/versionid-2.c: error executing dg-final: couldn't compile regular expression pattern: invalid repetition count(s)

		=== gcc Summary for unix/-milp32 ===

# of expected passes		48802
# of unexpected failures	14
# of unexpected successes	10
# of expected failures		245
# of unresolved testcases	7
# of unsupported tests		529

		=== gcc Summary ===

# of expected passes		97613
# of unexpected failures	25
# of unexpected successes	28
# of expected failures		489
# of unresolved testcases	14
# of unsupported tests		1048
/proj/opensrc_nobackup/nightly2/build-ia64-hp-hpux11.23-trunk/obj_gcc/gcc/xgcc  version 4.4.0 20081205 (experimental) (GCC) 

		=== gfortran tests ===


Running target unix/-mlp64

		=== gfortran Summary for unix/-mlp64 ===

# of expected passes		28866
# of expected failures		18
# of unsupported tests		44

Running target unix/-milp32

		=== gfortran Summary for unix/-milp32 ===

# of expected passes		28866
# of expected failures		18
# of unsupported tests		44

		=== gfortran Summary ===

# of expected passes		57732
# of expected failures		36
# of unsupported tests		88
/proj/opensrc_nobackup/nightly2/build-ia64-hp-hpux11.23-trunk/obj_gcc/gcc/testsuite/gfortran/../../gfortran  version 4.4.0 20081205 (experimental) (GCC) 

		=== libgomp tests ===


Running target unix/-mlp64

		=== libgomp Summary for unix/-mlp64 ===

# of expected passes		2317
# of unsupported tests		2

Running target unix/-milp32

		=== libgomp Summary for unix/-milp32 ===

# of expected passes		2317
# of unsupported tests		2

		=== libgomp Summary ===

# of expected passes		4634
# of unsupported tests		4
		=== libstdc++ tests ===


Running target unix/-mlp64
XPASS: 22_locale/collate/hash/char/1.cc (test for excess errors)
XPASS: 22_locale/collate/requirements/base_classes.cc (test for excess errors)
XPASS: 22_locale/collate/transform/wchar_t/28277.cc (test for excess errors)
XPASS: 22_locale/collate_byname/requirements/base_classes.cc (test for excess errors)
FAIL: 29_atomics/atomic/cons/default.cc (test for excess errors)
WARNING: 29_atomics/atomic/cons/default.cc compilation failed to produce executable
FAIL: 29_atomics/atomic/cons/explicit_value.cc (test for excess errors)
WARNING: 29_atomics/atomic/cons/explicit_value.cc compilation failed to produce executable
FAIL: ext/codecvt/wchar_t.cc execution test

		=== libstdc++ Summary for unix/-mlp64 ===

# of expected passes		5332
# of unexpected failures	3
# of unexpected successes	4
# of expected failures		67
# of unsupported tests		532

Running target unix/-milp32
XPASS: 22_locale/collate/hash/char/1.cc (test for excess errors)
XPASS: 22_locale/collate/requirements/base_classes.cc (test for excess errors)
XPASS: 22_locale/collate/transform/wchar_t/28277.cc (test for excess errors)
XPASS: 22_locale/collate_byname/requirements/base_classes.cc (test for excess errors)
FAIL: 29_atomics/atomic/cons/default.cc (test for excess errors)
WARNING: 29_atomics/atomic/cons/default.cc compilation failed to produce executable
FAIL: 29_atomics/atomic/cons/explicit_value.cc (test for excess errors)
WARNING: 29_atomics/atomic/cons/explicit_value.cc compilation failed to produce executable
FAIL: ext/codecvt/wchar_t.cc execution test

		=== libstdc++ Summary for unix/-milp32 ===

# of expected passes		5332
# of unexpected failures	3
# of unexpected successes	4
# of expected failures		67
# of unsupported tests		532

		=== libstdc++ Summary ===

# of expected passes		10664
# of unexpected failures	6
# of unexpected successes	8
# of expected failures		134
# of unsupported tests		1064

Compiler version: 4.4.0 20081205 (experimental) (GCC) 
Platform: ia64-hp-hpux11.23
configure flags: --host=ia64-hp-hpux11.23 --build=ia64-hp-hpux11.23 --prefix=/proj/opensrc/nightly2/gcc-ia64-hp-hpux11.23-trunk --with-local-prefix=/proj/opensrc/nightly2/gcc-ia64-hp-hpux11.23-trunk --disable-nls --with-gmp=/proj/opensrc/be/ia64-hp-hpux11.23 --with-mpfr=/proj/opensrc/be/ia64-hp-hpux11.23 --enable-libunwind-exceptions --with-ld=/usr/ccs/bin/ld --enable-languages=c,c++,fortran



More information about the Gcc-testresults mailing list