Results for 4.4.0 20081203 (experimental) (GCC) testsuite on powerpc-unknown-linux-gnu

Edmar Wienskoski-RA8797 ra8797@freescale.com
Fri Dec 5 06:57:00 GMT 2008


LAST_UPDATED: 
Target is powerpc-unknown-linux-gnu
Host   is x86_64-unknown-linux-gnu

		=== g++ tests ===


Running target REG_geriatrix
WARNING: program timed out.
FAIL: g++.dg/cdce3.C execution test
WARNING: program timed out.
FAIL: g++.dg/eh/omit-frame-pointer.C execution test
WARNING: program timed out.
FAIL: g++.dg/init/array15.C execution test
WARNING: program timed out.
FAIL: g++.dg/init/array16.C execution test
FAIL: g++.dg/init/copy5.C (internal compiler error)
FAIL: g++.dg/init/copy5.C (test for excess errors)
FAIL: g++.dg/ipa/iinline-1.C scan-ipa-dump inline "String::funcOne[^\\n]*inline copy in int main"
WARNING: program timed out.
FAIL: g++.dg/template/overload7.C execution test
WARNING: program timed out.
FAIL: g++.old-deja/g++.jason/rvalue2.C execution test
WARNING: program timed out.
FAIL: g++.old-deja/g++.martin/pmf1.C execution test
WARNING: program timed out.
FAIL: g++.old-deja/g++.martin/pmf2.C execution test
WARNING: program timed out.
FAIL: g++.old-deja/g++.martin/sts_conv.C execution test
WARNING: program timed out.
FAIL: g++.old-deja/g++.martin/sts_iarr.C execution test
WARNING: program timed out.
FAIL: g++.old-deja/g++.martin/sts_partial.C execution test
WARNING: program timed out.
FAIL: g++.old-deja/g++.martin/sts_vectini.C execution test
WARNING: program timed out.
FAIL: g++.old-deja/g++.pt/deduct4.C execution test
WARNING: program timed out.
FAIL: g++.old-deja/g++.pt/memclass3.C execution test
WARNING: program timed out.
FAIL: g++.old-deja/g++.pt/ptrmem1.C execution test

		=== g++ Summary ===

# of expected passes		18620
# of unexpected failures	18
# of expected failures		135
# of unsupported tests		173
/tmp/edmar/build_cde/job_29/obj_gcc/gcc/testsuite/g++/../../g++  version 4.4.0 20081203 (experimental) (GCC) 

Host   is x86_64-unknown-linux-gnu

		=== gcc tests ===


Running target REG_geriatrix
WARNING: program timed out.
FAIL: gcc.c-torture/execute/builtins/fputs.c execution,  -O1 
WARNING: program timed out.
FAIL: gcc.c-torture/execute/builtins/memchr.c execution,  -O1 
WARNING: program timed out.
FAIL: gcc.c-torture/execute/builtins/memchr.c execution,  -O2 
FAIL: gcc.c-torture/execute/builtins/memchr.c execution,  -O3 -fomit-frame-pointer 
WARNING: program timed out.
FAIL: gcc.c-torture/execute/builtins/memchr.c execution,  -O3 -g 
WARNING: program timed out.
FAIL: gcc.c-torture/execute/builtins/memcmp.c execution,  -O3 -g 
WARNING: program timed out.
FAIL: gcc.c-torture/execute/builtins/memcmp.c execution,  -Os 
WARNING: program timed out.
FAIL: gcc.c-torture/execute/builtins/memcpy-chk.c execution,  -O0 
WARNING: program timed out.
FAIL: gcc.c-torture/execute/builtins/memcpy-chk.c execution,  -O1 
WARNING: program timed out.
FAIL: gcc.c-torture/execute/builtins/memcpy-chk.c execution,  -O2 
WARNING: program timed out.
FAIL: gcc.c-torture/execute/builtins/memcpy-chk.c execution,  -O3 -fomit-frame-pointer 
WARNING: program timed out.
FAIL: gcc.c-torture/execute/builtins/memmove-chk.c execution,  -O1 
WARNING: program timed out.
FAIL: gcc.c-torture/execute/builtins/memmove-chk.c execution,  -O2 
WARNING: program timed out.
FAIL: gcc.c-torture/execute/builtins/memmove-chk.c execution,  -O3 -fomit-frame-pointer 
WARNING: program timed out.
FAIL: gcc.c-torture/execute/builtins/memmove-chk.c execution,  -O3 -fomit-frame-pointer -funroll-loops 
WARNING: program timed out.
FAIL: gcc.c-torture/execute/builtins/memmove-chk.c execution,  -O3 -fomit-frame-pointer -funroll-all-loops -finline-functions 
WARNING: program timed out.
FAIL: gcc.c-torture/execute/builtins/memmove-chk.c execution,  -O3 -g 
WARNING: program timed out.
FAIL: gcc.c-torture/execute/builtins/mempcpy-chk.c execution,  -O0 
WARNING: program timed out.
FAIL: gcc.c-torture/execute/builtins/mempcpy-chk.c execution,  -O1 
WARNING: program timed out.
FAIL: gcc.c-torture/execute/builtins/mempcpy-chk.c execution,  -O2 
WARNING: program timed out.
FAIL: gcc.c-torture/execute/builtins/mempcpy-chk.c execution,  -O3 -fomit-frame-pointer 
WARNING: program timed out.
FAIL: gcc.c-torture/execute/builtins/mempcpy-chk.c execution,  -O3 -fomit-frame-pointer -funroll-loops 
WARNING: program timed out.
FAIL: gcc.c-torture/execute/builtins/mempcpy-chk.c execution,  -O3 -fomit-frame-pointer -funroll-all-loops -finline-functions 
WARNING: program timed out.
FAIL: gcc.c-torture/execute/builtins/mempcpy-chk.c execution,  -O3 -g 
WARNING: program timed out.
FAIL: gcc.c-torture/execute/builtins/mempcpy-chk.c execution,  -Os 
WARNING: program timed out.
FAIL: gcc.c-torture/execute/builtins/mempcpy.c execution,  -O0 
WARNING: program timed out.
FAIL: gcc.c-torture/execute/builtins/mempcpy.c execution,  -O1 
WARNING: program timed out.
FAIL: gcc.c-torture/execute/builtins/mempcpy.c execution,  -O3 -g 
WARNING: program timed out.
FAIL: gcc.c-torture/execute/builtins/memset-chk.c execution,  -O1 
WARNING: program timed out.
FAIL: gcc.c-torture/execute/builtins/memset-chk.c execution,  -O2 
WARNING: program timed out.
FAIL: gcc.c-torture/execute/builtins/memset-chk.c execution,  -O3 -fomit-frame-pointer 
WARNING: program timed out.
FAIL: gcc.c-torture/execute/builtins/memset.c execution,  -O3 -g 
WARNING: program timed out.
FAIL: gcc.c-torture/execute/builtins/pr23484-chk.c execution,  -Os 
WARNING: program timed out.
FAIL: gcc.c-torture/execute/builtins/snprintf-chk.c execution,  -O3 -fomit-frame-pointer -funroll-all-loops -finline-functions 
WARNING: program timed out.
FAIL: gcc.c-torture/execute/builtins/strcat-chk.c execution,  -O3 -g 
WARNING: program timed out.
FAIL: gcc.c-torture/execute/builtins/strcat-chk.c execution,  -Os 
WARNING: program timed out.
FAIL: gcc.c-torture/execute/builtins/strcat.c execution,  -O1 
WARNING: program timed out.
FAIL: gcc.c-torture/execute/builtins/strcpy-2.c execution,  -O0 
WARNING: program timed out.
FAIL: gcc.c-torture/execute/builtins/strpbrk.c execution,  -O3 -fomit-frame-pointer 
WARNING: program timed out.
FAIL: gcc.c-torture/execute/builtins/strrchr.c execution,  -O3 -g 
WARNING: program timed out.
FAIL: gcc.c-torture/execute/builtins/strrchr.c execution,  -Os 
WARNING: program timed out.
FAIL: gcc.c-torture/execute/builtins/strspn.c execution,  -O1 
WARNING: program timed out.
FAIL: gcc.c-torture/execute/builtins/strspn.c execution,  -O2 
FAIL: gcc.c-torture/execute/builtins/strspn.c execution,  -O3 -fomit-frame-pointer 
WARNING: program timed out.
FAIL: gcc.c-torture/execute/builtins/strspn.c execution,  -O3 -g 
WARNING: program timed out.
FAIL: gcc.c-torture/execute/builtins/strspn.c execution,  -Os 
WARNING: program timed out.
FAIL: gcc.c-torture/execute/builtins/strstr-asm.c execution,  -O2 
FAIL: gcc.c-torture/execute/builtins/strstr-asm.c execution,  -O3 -fomit-frame-pointer 
WARNING: program timed out.
FAIL: gcc.c-torture/execute/builtins/strstr-asm.c execution,  -O3 -g 
WARNING: program timed out.
FAIL: gcc.c-torture/execute/builtins/strstr.c execution,  -O2 
FAIL: gcc.c-torture/execute/builtins/strstr.c execution,  -O3 -fomit-frame-pointer 
WARNING: program timed out.
FAIL: gcc.c-torture/execute/builtins/vsnprintf-chk.c execution,  -O0 
WARNING: program timed out.
FAIL: gcc.c-torture/execute/builtins/vsprintf-chk.c execution,  -O0 
WARNING: program timed out.
FAIL: gcc.c-torture/execute/builtins/vsprintf-chk.c execution,  -O3 -g 
WARNING: program timed out.
FAIL: gcc.c-torture/execute/builtins/vsprintf-chk.c execution,  -Os 
WARNING: program timed out.
FAIL: gcc.c-torture/execute/20000113-1.c execution,  -O2 
WARNING: program timed out.
FAIL: gcc.c-torture/execute/20000113-1.c execution,  -O3 -fomit-frame-pointer 
WARNING: program timed out.
FAIL: gcc.c-torture/execute/20000121-1.c execution,  -O0 
WARNING: program timed out.
FAIL: gcc.c-torture/execute/20000121-1.c execution,  -Os 
WARNING: program timed out.
FAIL: gcc.c-torture/execute/20000205-1.c execution,  -O0 
WARNING: program timed out.
FAIL: gcc.c-torture/execute/20000223-1.c execution,  -O3 -fomit-frame-pointer 
WARNING: program timed out.
FAIL: gcc.c-torture/execute/20000402-1.c execution,  -Os 
WARNING: program timed out.
FAIL: gcc.c-torture/execute/20000403-1.c execution,  -O0 
WARNING: program timed out.
FAIL: gcc.c-torture/execute/20000511-1.c execution,  -Os 
WARNING: program timed out.
FAIL: gcc.c-torture/execute/20000519-1.c execution,  -O1 
WARNING: program timed out.
FAIL: gcc.c-torture/execute/20000603-1.c execution,  -O3 -g 
WARNING: program timed out.
FAIL: gcc.c-torture/execute/20000605-1.c execution,  -O1 
WARNING: program timed out.
FAIL: gcc.c-torture/execute/20000605-1.c execution,  -O2 
FAIL: gcc.c-torture/execute/20000605-1.c execution,  -O3 -fomit-frame-pointer 
FAIL: gcc.c-torture/execute/20000605-1.c execution,  -O3 -fomit-frame-pointer -funroll-loops 
FAIL: gcc.c-torture/execute/20000605-1.c execution,  -O3 -fomit-frame-pointer -funroll-all-loops -finline-functions 
WARNING: program timed out.
FAIL: gcc.c-torture/execute/20000605-1.c execution,  -O3 -g 
WARNING: program timed out.
FAIL: gcc.c-torture/execute/20000605-3.c execution,  -Os 
WARNING: program timed out.
FAIL: gcc.c-torture/execute/20000706-3.c execution,  -Os 
WARNING: program timed out.
FAIL: gcc.c-torture/execute/20000706-4.c execution,  -O2 
WARNING: program timed out.
FAIL: gcc.c-torture/execute/20000706-5.c execution,  -O1 
WARNING: program timed out.
FAIL: gcc.c-torture/execute/20000715-2.c execution,  -O1 
WARNING: program timed out.
FAIL: gcc.c-torture/execute/20000715-2.c execution,  -O2 
FAIL: gcc.c-torture/execute/20000715-2.c execution,  -O3 -fomit-frame-pointer 
WARNING: program timed out.
FAIL: gcc.c-torture/execute/20000717-5.c execution,  -O0 
WARNING: program timed out.
FAIL: gcc.c-torture/execute/20000722-1.c execution,  -O1 
WARNING: program timed out.
FAIL: gcc.c-torture/execute/20000910-1.c execution,  -O0 
WARNING: program timed out.
FAIL: gcc.c-torture/execute/20000910-1.c execution,  -O1 
WARNING: program timed out.
FAIL: gcc.c-torture/execute/20000910-1.c execution,  -O2 
WARNING: program timed out.
FAIL: gcc.c-torture/execute/20000910-1.c execution,  -Os 
WARNING: program timed out.
FAIL: gcc.c-torture/execute/20000914-1.c execution,  -Os 
WARNING: program timed out.
FAIL: gcc.c-torture/execute/20001011-1.c execution,  -O1 
WARNING: program timed out.
FAIL: gcc.c-torture/execute/20001024-1.c execution,  -O0 
WARNING: program timed out.
FAIL: gcc.c-torture/execute/20001111-1.c execution,  -O3 -g 
WARNING: program timed out.
FAIL: gcc.c-torture/execute/20001229-1.c execution,  -O3 -g 
WARNING: program timed out.
FAIL: gcc.c-torture/execute/20001229-1.c execution,  -Os 
WARNING: program timed out.
FAIL: gcc.c-torture/execute/20010119-1.c execution,  -O3 -g 
WARNING: program timed out.
FAIL: gcc.c-torture/execute/20010119-1.c execution,  -Os 
WARNING: program timed out.
FAIL: gcc.c-torture/execute/20010329-1.c execution,  -O1 
WARNING: program timed out.
FAIL: gcc.c-torture/execute/20010717-1.c execution,  -O1 
FAIL: gcc.c-torture/execute/20010717-1.c execution,  -O2 
FAIL: gcc.c-torture/execute/20010717-1.c execution,  -O3 -fomit-frame-pointer 
WARNING: program timed out.
FAIL: gcc.c-torture/execute/20010904-2.c execution,  -O1 
WARNING: program timed out.
FAIL: gcc.c-torture/execute/20010915-1.c execution,  -O0 
WARNING: program timed out.
FAIL: gcc.c-torture/execute/20020529-1.c execution,  -O3 -g 
WARNING: program timed out.
FAIL: gcc.c-torture/execute/20021024-1.c execution,  -O1 
WARNING: program timed out.
FAIL: gcc.c-torture/execute/20021024-1.c execution,  -O2 
WARNING: program timed out.
FAIL: gcc.c-torture/execute/20030221-1.c execution,  -O1 
WARNING: program timed out.
FAIL: gcc.c-torture/execute/20030221-1.c execution,  -O2 
FAIL: gcc.c-torture/execute/20030221-1.c execution,  -O3 -fomit-frame-pointer 
WARNING: program timed out.
FAIL: gcc.c-torture/execute/20040707-1.c execution,  -O0 
WARNING: program timed out.
FAIL: gcc.c-torture/execute/20040707-1.c execution,  -O1 
WARNING: program timed out.
FAIL: gcc.c-torture/execute/20040707-1.c execution,  -O2 
FAIL: gcc.c-torture/execute/20040707-1.c execution,  -O3 -fomit-frame-pointer 
WARNING: program timed out.
FAIL: gcc.c-torture/execute/20040823-1.c execution,  -Os 
WARNING: program timed out.
FAIL: gcc.c-torture/execute/20040917-1.c execution,  -O0 
WARNING: program timed out.
FAIL: gcc.c-torture/execute/20050121-1.c execution,  -O3 -g 
WARNING: program timed out.
FAIL: gcc.c-torture/execute/20050125-1.c execution,  -O2 
FAIL: gcc.c-torture/execute/20050125-1.c execution,  -O3 -fomit-frame-pointer 
WARNING: program timed out.
FAIL: gcc.c-torture/execute/20050125-1.c execution,  -O3 -g 
WARNING: program timed out.
FAIL: gcc.c-torture/execute/20050125-1.c execution,  -Os 
WARNING: program timed out.
FAIL: gcc.c-torture/execute/20050131-1.c execution,  -O3 -g 
WARNING: program timed out.
FAIL: gcc.c-torture/execute/20050410-1.c execution,  -O3 -g 
WARNING: program timed out.
FAIL: gcc.c-torture/execute/20050410-1.c execution,  -Os 
WARNING: program timed out.
FAIL: gcc.c-torture/execute/20050502-1.c execution,  -O1 
WARNING: program timed out.
FAIL: gcc.c-torture/execute/20050502-1.c execution,  -O3 -fomit-frame-pointer -funroll-all-loops -finline-functions 
WARNING: program timed out.
FAIL: gcc.c-torture/execute/20050607-1.c execution,  -O1 
FAIL: gcc.c-torture/execute/20050607-1.c execution,  -O2 
FAIL: gcc.c-torture/execute/20050607-1.c execution,  -O3 -fomit-frame-pointer 
WARNING: program timed out.
FAIL: gcc.c-torture/execute/20051110-1.c execution,  -O3 -g 
WARNING: program timed out.
FAIL: gcc.c-torture/execute/20051110-1.c execution,  -Os 
WARNING: program timed out.
FAIL: gcc.c-torture/execute/20051113-1.c execution,  -O3 -fomit-frame-pointer -funroll-loops 
FAIL: gcc.c-torture/execute/20051113-1.c execution,  -O3 -fomit-frame-pointer -funroll-all-loops -finline-functions 
WARNING: program timed out.
FAIL: gcc.c-torture/execute/20060110-2.c execution,  -O2 
FAIL: gcc.c-torture/execute/20060110-2.c execution,  -O3 -fomit-frame-pointer 
WARNING: program timed out.
FAIL: gcc.c-torture/execute/20060910-1.c execution,  -O3 -g 
WARNING: program timed out.
FAIL: gcc.c-torture/execute/20060930-1.c execution,  -O1 
WARNING: program timed out.
FAIL: gcc.c-torture/execute/20070424-1.c execution,  -O2 
WARNING: program timed out.
FAIL: gcc.c-torture/execute/20070424-1.c execution,  -O3 -fomit-frame-pointer 
WARNING: program timed out.
FAIL: gcc.c-torture/execute/20070424-1.c execution,  -O3 -g 
WARNING: program timed out.
FAIL: gcc.c-torture/execute/20070424-1.c execution,  -Os 
WARNING: program timed out.
FAIL: gcc.c-torture/execute/20070517-1.c execution,  -O1 
FAIL: gcc.c-torture/execute/20070517-1.c execution,  -O2 
FAIL: gcc.c-torture/execute/20070517-1.c execution,  -O3 -fomit-frame-pointer 
FAIL: gcc.c-torture/execute/20070517-1.c execution,  -O3 -g 
FAIL: gcc.c-torture/execute/20070517-1.c execution,  -Os 
FAIL: gcc.c-torture/execute/20070614-1.c execution,  -O0 
FAIL: gcc.c-torture/execute/20070614-1.c execution,  -O1 
FAIL: gcc.c-torture/execute/20070614-1.c execution,  -O2 
FAIL: gcc.c-torture/execute/20070614-1.c execution,  -O3 -fomit-frame-pointer 
FAIL: gcc.c-torture/execute/20070614-1.c execution,  -O3 -fomit-frame-pointer -funroll-loops 
FAIL: gcc.c-torture/execute/20070614-1.c execution,  -O3 -fomit-frame-pointer -funroll-all-loops -finline-functions 
FAIL: gcc.c-torture/execute/20070614-1.c execution,  -O3 -g 
FAIL: gcc.c-torture/execute/20070614-1.c execution,  -Os 
FAIL: gcc.c-torture/execute/20070623-1.c execution,  -O0 
FAIL: gcc.c-torture/execute/20070623-1.c execution,  -O1 
FAIL: gcc.c-torture/execute/20070623-1.c execution,  -O2 
FAIL: gcc.c-torture/execute/20070623-1.c execution,  -O3 -fomit-frame-pointer 
FAIL: gcc.c-torture/execute/20070623-1.c execution,  -O3 -g 
FAIL: gcc.c-torture/execute/20070623-1.c execution,  -Os 
FAIL: gcc.c-torture/execute/20070724-1.c execution,  -O0 
FAIL: gcc.c-torture/execute/20070724-1.c execution,  -O1 
FAIL: gcc.c-torture/execute/20070724-1.c execution,  -O2 
FAIL: gcc.c-torture/execute/20070724-1.c execution,  -O3 -fomit-frame-pointer 
FAIL: gcc.c-torture/execute/20070724-1.c execution,  -O3 -g 
FAIL: gcc.c-torture/execute/20070724-1.c execution,  -Os 
WARNING: program timed out.
FAIL: gcc.c-torture/execute/20071018-1.c execution,  -O3 -fomit-frame-pointer 
WARNING: program timed out.
FAIL: gcc.c-torture/execute/20071018-1.c execution,  -Os 
WARNING: program timed out.
FAIL: gcc.c-torture/execute/20071120-1.c execution,  -O0 
WARNING: program timed out.
FAIL: gcc.c-torture/execute/20071120-1.c execution,  -Os 
WARNING: program timed out.
FAIL: gcc.c-torture/execute/20071202-1.c execution,  -O0 
WARNING: program timed out.
FAIL: gcc.c-torture/execute/20071202-1.c execution,  -O2 
FAIL: gcc.c-torture/execute/20071202-1.c execution,  -O3 -fomit-frame-pointer 
WARNING: program timed out.
FAIL: gcc.c-torture/execute/20071205-1.c execution,  -O0 
WARNING: program timed out.
FAIL: gcc.c-torture/execute/20071205-1.c execution,  -O1 
WARNING: program timed out.
FAIL: gcc.c-torture/execute/20071220-1.c execution,  -O1 
WARNING: program timed out.
FAIL: gcc.c-torture/execute/20080222-1.c execution,  -O1 
WARNING: program timed out.
FAIL: gcc.c-torture/execute/20080424-1.c execution,  -Os 
WARNING: program timed out.
FAIL: gcc.c-torture/execute/20081103-1.c execution,  -Os 
WARNING: program timed out.
FAIL: gcc.c-torture/execute/20081112-1.c execution,  -Os 
WARNING: program timed out.
FAIL: gcc.c-torture/execute/920202-1.c execution,  -O0 
WARNING: program timed out.
FAIL: gcc.c-torture/execute/920202-1.c execution,  -O1 
WARNING: program timed out.
FAIL: gcc.c-torture/execute/920411-1.c execution,  -O3 -g 
WARNING: program timed out.
FAIL: gcc.c-torture/execute/920501-8.c execution,  -O0 
WARNING: program timed out.
FAIL: gcc.c-torture/execute/920612-2.c execution,  -Os 
WARNING: program timed out.
FAIL: gcc.c-torture/execute/920721-3.c execution,  -Os 
WARNING: program timed out.
FAIL: gcc.c-torture/execute/920721-4.c execution,  -O0 
WARNING: program timed out.
FAIL: gcc.c-torture/execute/920731-1.c execution,  -O2 
WARNING: program timed out.
FAIL: gcc.c-torture/execute/920731-1.c execution,  -O3 -fomit-frame-pointer 
FAIL: gcc.c-torture/execute/920731-1.c execution,  -O3 -fomit-frame-pointer -funroll-loops 
FAIL: gcc.c-torture/execute/920731-1.c execution,  -O3 -fomit-frame-pointer -funroll-all-loops -finline-functions 
WARNING: program timed out.
FAIL: gcc.c-torture/execute/920908-2.c execution,  -O2 
FAIL: gcc.c-torture/execute/920908-2.c execution,  -O3 -fomit-frame-pointer 
WARNING: program timed out.
FAIL: gcc.c-torture/execute/921113-1.c execution,  -O1 
WARNING: program timed out.
FAIL: gcc.c-torture/execute/921113-1.c execution,  -O3 -fomit-frame-pointer 
WARNING: program timed out.
FAIL: gcc.c-torture/execute/921207-1.c execution,  -O3 -g 
WARNING: program timed out.
FAIL: gcc.c-torture/execute/930106-1.c execution,  -O1 
WARNING: program timed out.
FAIL: gcc.c-torture/execute/930106-1.c execution,  -Os 
WARNING: program timed out.
FAIL: gcc.c-torture/execute/930111-1.c execution,  -O0 
WARNING: program timed out.
FAIL: gcc.c-torture/execute/930408-1.c execution,  -O2 
WARNING: program timed out.
FAIL: gcc.c-torture/execute/930603-2.c execution,  -O1 
FAIL: gcc.c-torture/execute/930718-1.c compilation,  -O1  (internal compiler error)
UNRESOLVED: gcc.c-torture/execute/930718-1.c execution,  -O1 
FAIL: gcc.c-torture/execute/930718-1.c compilation,  -O2  (internal compiler error)
UNRESOLVED: gcc.c-torture/execute/930718-1.c execution,  -O2 
FAIL: gcc.c-torture/execute/930718-1.c compilation,  -O3 -fomit-frame-pointer  (internal compiler error)
UNRESOLVED: gcc.c-torture/execute/930718-1.c execution,  -O3 -fomit-frame-pointer 
FAIL: gcc.c-torture/execute/930718-1.c compilation,  -O3 -g  (internal compiler error)
UNRESOLVED: gcc.c-torture/execute/930718-1.c execution,  -O3 -g 
FAIL: gcc.c-torture/execute/930718-1.c compilation,  -Os  (internal compiler error)
UNRESOLVED: gcc.c-torture/execute/930718-1.c execution,  -Os 
FAIL: gcc.c-torture/execute/991112-1.c execution,  -O0 
FAIL: gcc.c-torture/execute/991112-1.c execution,  -O1 
FAIL: gcc.c-torture/execute/991112-1.c execution,  -O2 
FAIL: gcc.c-torture/execute/991112-1.c execution,  -O3 -fomit-frame-pointer 
FAIL: gcc.c-torture/execute/991112-1.c execution,  -O3 -g 
FAIL: gcc.c-torture/execute/991112-1.c execution,  -Os 
WARNING: program timed out.
FAIL: gcc.c-torture/execute/loop-13.c execution,  -O2 
WARNING: program timed out.
FAIL: gcc.c-torture/execute/string-opt-17.c execution,  -O2 
WARNING: program timed out.
FAIL: tmpdir-gcc.dg-struct-layout-1/t009 c_compat_x_tst.o-c_compat_y_tst.o execute 
XPASS: gcc.dg/20020103-1.c scan-assembler-not LC[0-9]
FAIL: gcc.dg/and-1.c scan-assembler-not nand
FAIL: gcc.dg/memcpy-1.c scan-tree-dump-times optimized "nasty_local" 0
FAIL: gcc.dg/pr35729.c scan-rtl-dump-times loop2_invariant "Decided to move invariant" 0
FAIL: gcc.dg/tree-prof/ic-misattribution-1.c compilation,  -fprofile-use -D_PROFILE_USE
UNRESOLVED: gcc.dg/tree-prof/ic-misattribution-1.c execution,    -fprofile-use -D_PROFILE_USE
FAIL: gcc.dg/tree-ssa/vrp47.c scan-tree-dump-times vrp1 "[xy][^ ]* !=" 0
FAIL: gcc.dg/tree-ssa/vrp47.c scan-tree-dump-times dom1 "x[^ ]* & y" 1
FAIL: gcc.target/powerpc/altivec-macros.c __vector redefined (test for warnings, line 44)
FAIL: gcc.target/powerpc/altivec-macros.c __pixel redefined (test for warnings, line 45)
FAIL: gcc.target/powerpc/altivec-macros.c __bool redefined (test for warnings, line 46)
FAIL: gcc.target/powerpc/altivec-macros.c vector redefined (test for warnings, line 47)
FAIL: gcc.target/powerpc/altivec-macros.c pixel redefined (test for warnings, line 48)
FAIL: gcc.target/powerpc/altivec-macros.c bool redefined (test for warnings, line 49)
FAIL: gcc.target/powerpc/altivec-macros.c prev __vector defn (test for warnings, line 24)
FAIL: gcc.target/powerpc/altivec-macros.c prev __pixel defn (test for warnings, line 27)
FAIL: gcc.target/powerpc/altivec-macros.c prev __bool defn (test for warnings, line 30)
FAIL: gcc.target/powerpc/altivec-macros.c prev vector defn (test for warnings, line 33)
FAIL: gcc.target/powerpc/altivec-macros.c prev pixel defn (test for warnings, line 36)
FAIL: gcc.target/powerpc/altivec-macros.c prev bool defn (test for warnings, line 39)
FAIL: gcc.target/powerpc/altivec-macros.c (test for excess errors)
FAIL: gcc.target/powerpc/darwin-longlong.c (test for excess errors)

		=== gcc Summary ===

# of expected passes		48554
# of unexpected failures	230
# of unexpected successes	1
# of expected failures		125
# of unresolved testcases	6
# of unsupported tests		622
/tmp/edmar/build_cde/job_29/obj_gcc/gcc/xgcc  version 4.4.0 20081203 (experimental) (GCC) 

Host   is x86_64-unknown-linux-gnu

		=== gfortran tests ===


Running target REG_geriatrix
WARNING: program timed out.
FAIL: gfortran.dg/actual_array_constructor_3.f90  -O0  execution test
WARNING: program timed out.
FAIL: gfortran.dg/actual_array_constructor_3.f90  -O1  execution test
WARNING: program timed out.
FAIL: gfortran.dg/actual_array_constructor_3.f90  -O2  execution test
WARNING: program timed out.
FAIL: gfortran.dg/actual_array_constructor_3.f90  -O3 -fomit-frame-pointer  execution test
WARNING: program timed out.
FAIL: gfortran.dg/actual_array_constructor_3.f90  -O3 -fomit-frame-pointer -funroll-loops  execution test
WARNING: program timed out.
FAIL: gfortran.dg/actual_array_constructor_3.f90  -O3 -fomit-frame-pointer -funroll-all-loops -finline-functions  execution test
WARNING: program timed out.
FAIL: gfortran.dg/actual_array_constructor_3.f90  -O3 -g  execution test
WARNING: program timed out.
FAIL: gfortran.dg/actual_array_constructor_3.f90  -Os  execution test
WARNING: program timed out.
FAIL: gfortran.dg/alloc_comp_basics_5.f90  -O3 -fomit-frame-pointer -funroll-loops  execution test
WARNING: program timed out.
FAIL: gfortran.dg/any_all_1.f90  -O3 -g  execution test
WARNING: program timed out.
FAIL: gfortran.dg/anyallcount_1.f90  -O3 -fomit-frame-pointer  execution test
WARNING: program timed out.
FAIL: gfortran.dg/anyallcount_1.f90  -O3 -fomit-frame-pointer -funroll-loops  execution test
WARNING: program timed out.
FAIL: gfortran.dg/anyallcount_1.f90  -O3 -fomit-frame-pointer -funroll-all-loops -finline-functions  execution test
WARNING: program timed out.
FAIL: gfortran.dg/anyallcount_1.f90  -Os  execution test
WARNING: program timed out.
FAIL: gfortran.dg/argument_checking_8.f90  -O0  execution test
WARNING: program timed out.
FAIL: gfortran.dg/default_format_1.f90  -O0  execution test
WARNING: program timed out.
FAIL: gfortran.dg/default_format_1.f90  -O1  execution test
WARNING: program timed out.
FAIL: gfortran.dg/default_format_1.f90  -O2  execution test
WARNING: program timed out.
FAIL: gfortran.dg/default_format_1.f90  -O3 -fomit-frame-pointer  execution test
WARNING: program timed out.
FAIL: gfortran.dg/default_format_1.f90  -O3 -fomit-frame-pointer -funroll-loops  execution test
WARNING: program timed out.
FAIL: gfortran.dg/default_format_1.f90  -O3 -fomit-frame-pointer -funroll-all-loops -finline-functions  execution test
WARNING: program timed out.
FAIL: gfortran.dg/default_format_1.f90  -O3 -g  execution test
WARNING: program timed out.
FAIL: gfortran.dg/default_format_1.f90  -Os  execution test
WARNING: program timed out.
WARNING: program timed out.
WARNING: program timed out.
WARNING: program timed out.
WARNING: program timed out.
WARNING: program timed out.
WARNING: program timed out.
WARNING: program timed out.
WARNING: program timed out.
FAIL: gfortran.dg/default_format_denormal_1.f90  -O0  execution test
WARNING: program timed out.
FAIL: gfortran.dg/default_format_denormal_1.f90  -O1  execution test
WARNING: program timed out.
FAIL: gfortran.dg/entry_10.f90  -O1  execution test
WARNING: program timed out.
FAIL: gfortran.dg/entry_10.f90  -O3 -fomit-frame-pointer  execution test
WARNING: program timed out.
FAIL: gfortran.dg/entry_14.f90  -O3 -fomit-frame-pointer -funroll-loops  execution test
FAIL: gfortran.dg/fmt_float.f90  -O0  output pattern test, is             0.10E+01            0.10E+00            0.10E-01
FAIL: gfortran.dg/fmt_float.f90  -O1  output pattern test, is             0.10E+01            0.10E+00            0.10E-01
FAIL: gfortran.dg/fmt_float.f90  -O2  output pattern test, is             0.10E+01            0.10E+00            0.10E-01
FAIL: gfortran.dg/fmt_float.f90  -O3 -fomit-frame-pointer  output pattern test, is             0.10E+01            0.10E+00            0.10E-01
FAIL: gfortran.dg/fmt_float.f90  -O3 -fomit-frame-pointer -funroll-loops  output pattern test, is             0.10E+01            0.10E+00            0.10E-01
FAIL: gfortran.dg/fmt_float.f90  -O3 -fomit-frame-pointer -funroll-all-loops -finline-functions  output pattern test, is             0.10E+01            0.10E+00            0.10E-01
FAIL: gfortran.dg/fmt_float.f90  -O3 -g  output pattern test, is             0.10E+01            0.10E+00            0.10E-01
FAIL: gfortran.dg/fmt_float.f90  -Os  output pattern test, is             0.10E+01            0.10E+00            0.10E-01
FAIL: gfortran.dg/fmt_l.f90  -O0  output pattern test, is At line 14 of file /tmp/edmar/build_cde/job_29/gcc/gcc/testsuite/gfortran.dg/fmt_l.f90
FAIL: gfortran.dg/fmt_l.f90  -O1  output pattern test, is At line 14 of file /tmp/edmar/build_cde/job_29/gcc/gcc/testsuite/gfortran.dg/fmt_l.f90
FAIL: gfortran.dg/fmt_l.f90  -O2  output pattern test, is At line 14 of file /tmp/edmar/build_cde/job_29/gcc/gcc/testsuite/gfortran.dg/fmt_l.f90
FAIL: gfortran.dg/fmt_l.f90  -O3 -fomit-frame-pointer  output pattern test, is At line 14 of file /tmp/edmar/build_cde/job_29/gcc/gcc/testsuite/gfortran.dg/fmt_l.f90
FAIL: gfortran.dg/fmt_l.f90  -O3 -fomit-frame-pointer -funroll-loops  output pattern test, is At line 14 of file /tmp/edmar/build_cde/job_29/gcc/gcc/testsuite/gfortran.dg/fmt_l.f90
FAIL: gfortran.dg/fmt_l.f90  -O3 -fomit-frame-pointer -funroll-all-loops -finline-functions  output pattern test, is At line 14 of file /tmp/edmar/build_cde/job_29/gcc/gcc/testsuite/gfortran.dg/fmt_l.f90
FAIL: gfortran.dg/fmt_l.f90  -O3 -g  output pattern test, is At line 14 of file /tmp/edmar/build_cde/job_29/gcc/gcc/testsuite/gfortran.dg/fmt_l.f90
FAIL: gfortran.dg/fmt_l.f90  -Os  output pattern test, is At line 14 of file /tmp/edmar/build_cde/job_29/gcc/gcc/testsuite/gfortran.dg/fmt_l.f90
FAIL: gfortran.dg/fmt_zero_precision.f90  -O0  output pattern test, is  1.<
FAIL: gfortran.dg/fmt_zero_precision.f90  -O1  output pattern test, is  1.<
FAIL: gfortran.dg/fmt_zero_precision.f90  -O2  output pattern test, is  1.<
FAIL: gfortran.dg/fmt_zero_precision.f90  -O3 -fomit-frame-pointer  output pattern test, is  1.<
FAIL: gfortran.dg/fmt_zero_precision.f90  -O3 -fomit-frame-pointer -funroll-loops  output pattern test, is  1.<
FAIL: gfortran.dg/fmt_zero_precision.f90  -O3 -fomit-frame-pointer -funroll-all-loops -finline-functions  output pattern test, is  1.<
FAIL: gfortran.dg/fmt_zero_precision.f90  -O3 -g  output pattern test, is  1.<
FAIL: gfortran.dg/fmt_zero_precision.f90  -Os  output pattern test, is  1.<
FAIL: gfortran.dg/fseek.f90  -Os  execution test
FAIL: gfortran.dg/itime_idate_1.f  -O0  execution test
FAIL: gfortran.dg/itime_idate_1.f  -O1  execution test
FAIL: gfortran.dg/itime_idate_1.f  -O2  execution test
FAIL: gfortran.dg/itime_idate_1.f  -O3 -fomit-frame-pointer  execution test
FAIL: gfortran.dg/itime_idate_1.f  -O3 -fomit-frame-pointer -funroll-loops  execution test
FAIL: gfortran.dg/itime_idate_1.f  -O3 -fomit-frame-pointer -funroll-all-loops -finline-functions  execution test
FAIL: gfortran.dg/itime_idate_1.f  -O3 -g  execution test
FAIL: gfortran.dg/itime_idate_1.f  -Os  execution test
FAIL: gfortran.dg/itime_idate_2.f  -O0  execution test
FAIL: gfortran.dg/itime_idate_2.f  -O1  execution test
FAIL: gfortran.dg/itime_idate_2.f  -O2  execution test
FAIL: gfortran.dg/itime_idate_2.f  -O3 -fomit-frame-pointer  execution test
FAIL: gfortran.dg/itime_idate_2.f  -O3 -fomit-frame-pointer -funroll-loops  execution test
FAIL: gfortran.dg/itime_idate_2.f  -O3 -fomit-frame-pointer -funroll-all-loops -finline-functions  execution test
FAIL: gfortran.dg/itime_idate_2.f  -O3 -g  execution test
FAIL: gfortran.dg/itime_idate_2.f  -Os  execution test
WARNING: program timed out.
FAIL: gfortran.dg/matmul_6.f90  -O0  execution test
WARNING: program timed out.
FAIL: gfortran.dg/matmul_6.f90  -O1  execution test
WARNING: program timed out.
FAIL: gfortran.dg/matmul_6.f90  -O2  execution test
WARNING: program timed out.
FAIL: gfortran.dg/matmul_6.f90  -O3 -fomit-frame-pointer  execution test
WARNING: program timed out.
FAIL: gfortran.dg/matmul_6.f90  -O3 -fomit-frame-pointer -funroll-loops  execution test
WARNING: program timed out.
FAIL: gfortran.dg/matmul_6.f90  -O3 -fomit-frame-pointer -funroll-all-loops -finline-functions  execution test
WARNING: program timed out.
FAIL: gfortran.dg/matmul_6.f90  -O3 -g  execution test
WARNING: program timed out.
FAIL: gfortran.dg/matmul_6.f90  -Os  execution test
WARNING: program timed out.
FAIL: gfortran.dg/matmul_7.f90  -O0  execution test
WARNING: program timed out.
FAIL: gfortran.dg/matmul_7.f90  -O1  execution test
WARNING: program timed out.
FAIL: gfortran.dg/minmaxloc_3.f90  -O3 -g  execution test
WARNING: program timed out.
FAIL: gfortran.dg/minmaxloc_3.f90  -Os  execution test
WARNING: program timed out.
FAIL: gfortran.dg/minmaxloc_4.f90  -O0  execution test
WARNING: program timed out.
FAIL: gfortran.dg/minmaxloc_4.f90  -O1  execution test
WARNING: program timed out.
FAIL: gfortran.dg/minmaxloc_4.f90  -O2  execution test
FAIL: gfortran.dg/namelist_40.f90  -O0  output pattern test, is Multiple sub-objects with non-zero rank in namelist object x
FAIL: gfortran.dg/namelist_40.f90  -O1  output pattern test, is Multiple sub-objects with non-zero rank in namelist object x
FAIL: gfortran.dg/namelist_40.f90  -O2  output pattern test, is Multiple sub-objects with non-zero rank in namelist object x
FAIL: gfortran.dg/namelist_40.f90  -O3 -fomit-frame-pointer  output pattern test, is Multiple sub-objects with non-zero rank in namelist object x
FAIL: gfortran.dg/namelist_40.f90  -O3 -fomit-frame-pointer -funroll-loops  output pattern test, is Multiple sub-objects with non-zero rank in namelist object x
FAIL: gfortran.dg/namelist_40.f90  -O3 -fomit-frame-pointer -funroll-all-loops -finline-functions  output pattern test, is Multiple sub-objects with non-zero rank in namelist object x
FAIL: gfortran.dg/namelist_40.f90  -O3 -g  output pattern test, is Multiple sub-objects with non-zero rank in namelist object x
FAIL: gfortran.dg/namelist_40.f90  -Os  output pattern test, is Multiple sub-objects with non-zero rank in namelist object x
FAIL: gfortran.dg/namelist_47.f90  -O0  output pattern test, is Multiple sub-objects with non-zero rank in namelist object x
FAIL: gfortran.dg/namelist_47.f90  -O1  output pattern test, is Multiple sub-objects with non-zero rank in namelist object x
FAIL: gfortran.dg/namelist_47.f90  -O2  output pattern test, is Multiple sub-objects with non-zero rank in namelist object x
FAIL: gfortran.dg/namelist_47.f90  -O3 -fomit-frame-pointer  output pattern test, is Multiple sub-objects with non-zero rank in namelist object x
FAIL: gfortran.dg/namelist_47.f90  -O3 -fomit-frame-pointer -funroll-loops  output pattern test, is Multiple sub-objects with non-zero rank in namelist object x
FAIL: gfortran.dg/namelist_47.f90  -O3 -fomit-frame-pointer -funroll-all-loops -finline-functions  output pattern test, is Multiple sub-objects with non-zero rank in namelist object x
FAIL: gfortran.dg/namelist_47.f90  -O3 -g  output pattern test, is Multiple sub-objects with non-zero rank in namelist object x
FAIL: gfortran.dg/namelist_47.f90  -Os  output pattern test, is Multiple sub-objects with non-zero rank in namelist object x
FAIL: gfortran.dg/namelist_print_1.f  -O0  output pattern test, is &MYNML
FAIL: gfortran.dg/namelist_print_1.f  -O1  output pattern test, is &MYNML
FAIL: gfortran.dg/namelist_print_1.f  -O2  output pattern test, is &MYNML
FAIL: gfortran.dg/namelist_print_1.f  -O3 -fomit-frame-pointer  output pattern test, is &MYNML
FAIL: gfortran.dg/namelist_print_1.f  -O3 -fomit-frame-pointer -funroll-loops  output pattern test, is &MYNML
FAIL: gfortran.dg/namelist_print_1.f  -O3 -fomit-frame-pointer -funroll-all-loops -finline-functions  output pattern test, is &MYNML
FAIL: gfortran.dg/namelist_print_1.f  -O3 -g  output pattern test, is &MYNML
FAIL: gfortran.dg/namelist_print_1.f  -Os  output pattern test, is &MYNML
XPASS: gfortran.dg/nint_2.f90  -O0  execution test
FAIL: gfortran.dg/parameter_array_dummy.f90  -O0  output pattern test, is            1 aa
FAIL: gfortran.dg/parameter_array_dummy.f90  -O1  output pattern test, is            1 aa
FAIL: gfortran.dg/parameter_array_dummy.f90  -O2  output pattern test, is            1 aa
FAIL: gfortran.dg/parameter_array_dummy.f90  -O3 -fomit-frame-pointer  output pattern test, is            1 aa
FAIL: gfortran.dg/parameter_array_dummy.f90  -O3 -fomit-frame-pointer -funroll-loops  output pattern test, is            1 aa
FAIL: gfortran.dg/parameter_array_dummy.f90  -O3 -fomit-frame-pointer -funroll-all-loops -finline-functions  output pattern test, is            1 aa
FAIL: gfortran.dg/parameter_array_dummy.f90  -O3 -g  output pattern test, is            1 aa
FAIL: gfortran.dg/parameter_array_dummy.f90  -Os  output pattern test, is            1 aa
WARNING: program timed out.
FAIL: gfortran.dg/pr20257.f90  -O0  execution test
WARNING: program timed out.
FAIL: gfortran.dg/pr20257.f90  -O1  execution test
WARNING: program timed out.
FAIL: gfortran.dg/pr20257.f90  -O2  execution test
WARNING: program timed out.
FAIL: gfortran.dg/pr20257.f90  -O3 -fomit-frame-pointer  execution test
WARNING: program timed out.
FAIL: gfortran.dg/pr20257.f90  -O3 -fomit-frame-pointer -funroll-loops  execution test
WARNING: program timed out.
FAIL: gfortran.dg/pr20257.f90  -O3 -fomit-frame-pointer -funroll-all-loops -finline-functions  execution test
WARNING: program timed out.
FAIL: gfortran.dg/pr20257.f90  -O3 -g  execution test
WARNING: program timed out.
FAIL: gfortran.dg/pr20257.f90  -Os  execution test
WARNING: program timed out.
FAIL: gfortran.dg/secnds.f  -O0  execution test
WARNING: program timed out.
FAIL: gfortran.dg/secnds.f  -O1  execution test
WARNING: program timed out.
FAIL: gfortran.dg/secnds.f  -O2  execution test
WARNING: program timed out.
FAIL: gfortran.dg/secnds.f  -O3 -fomit-frame-pointer  execution test
WARNING: program timed out.
FAIL: gfortran.dg/secnds.f  -O3 -fomit-frame-pointer -funroll-loops  execution test
WARNING: program timed out.
FAIL: gfortran.dg/secnds.f  -O3 -fomit-frame-pointer -funroll-all-loops -finline-functions  execution test
WARNING: program timed out.
FAIL: gfortran.dg/secnds.f  -O3 -g  execution test
WARNING: program timed out.
FAIL: gfortran.dg/secnds.f  -Os  execution test
WARNING: program timed out.
FAIL: gfortran.dg/select_1.f90  -O0  execution test
WARNING: program timed out.
FAIL: gfortran.dg/select_1.f90  -O1  execution test
WARNING: program timed out.
FAIL: gfortran.dg/select_1.f90  -O2  execution test
WARNING: program timed out.
FAIL: gfortran.dg/select_1.f90  -O3 -fomit-frame-pointer  execution test
WARNING: program timed out.
FAIL: gfortran.dg/select_1.f90  -O3 -fomit-frame-pointer -funroll-loops  execution test
WARNING: program timed out.
FAIL: gfortran.dg/select_1.f90  -O3 -fomit-frame-pointer -funroll-all-loops -finline-functions  execution test
WARNING: program timed out.
FAIL: gfortran.dg/select_1.f90  -O3 -g  execution test
WARNING: program timed out.
FAIL: gfortran.dg/select_1.f90  -Os  execution test
WARNING: program timed out.
FAIL: gfortran.dg/streamio_4.f90  -O0  execution test
WARNING: program timed out.
FAIL: gfortran.dg/streamio_4.f90  -O1  execution test
WARNING: program timed out.
FAIL: gfortran.dg/streamio_4.f90  -O2  execution test
WARNING: program timed out.
FAIL: gfortran.dg/streamio_4.f90  -O3 -fomit-frame-pointer  execution test
WARNING: program timed out.
FAIL: gfortran.dg/streamio_4.f90  -O3 -fomit-frame-pointer -funroll-loops  execution test
WARNING: program timed out.
FAIL: gfortran.dg/streamio_4.f90  -O3 -fomit-frame-pointer -funroll-all-loops -finline-functions  execution test
WARNING: program timed out.
FAIL: gfortran.dg/streamio_4.f90  -O3 -g  execution test
WARNING: program timed out.
FAIL: gfortran.dg/streamio_4.f90  -Os  execution test
WARNING: program timed out.
FAIL: gfortran.dg/streamio_5.f90  -O0  execution test
WARNING: program timed out.
FAIL: gfortran.dg/streamio_5.f90  -O1  execution test
WARNING: program timed out.
FAIL: gfortran.dg/streamio_5.f90  -O2  execution test
WARNING: program timed out.
FAIL: gfortran.dg/streamio_5.f90  -O3 -fomit-frame-pointer  execution test
WARNING: program timed out.
FAIL: gfortran.dg/streamio_5.f90  -O3 -fomit-frame-pointer -funroll-loops  execution test
WARNING: program timed out.
FAIL: gfortran.dg/streamio_5.f90  -O3 -fomit-frame-pointer -funroll-all-loops -finline-functions  execution test
WARNING: program timed out.
FAIL: gfortran.dg/streamio_5.f90  -O3 -g  execution test
WARNING: program timed out.
FAIL: gfortran.dg/streamio_5.f90  -Os  execution test
FAIL: gfortran.dg/g77/f77-edit-apostrophe-out.f  -O0  output pattern test, is abcde
FAIL: gfortran.dg/g77/f77-edit-apostrophe-out.f  -O1  output pattern test, is abcde
FAIL: gfortran.dg/g77/f77-edit-apostrophe-out.f  -O2  output pattern test, is abcde
FAIL: gfortran.dg/g77/f77-edit-apostrophe-out.f  -O3 -fomit-frame-pointer  output pattern test, is abcde
FAIL: gfortran.dg/g77/f77-edit-apostrophe-out.f  -O3 -fomit-frame-pointer -funroll-loops  output pattern test, is abcde
FAIL: gfortran.dg/g77/f77-edit-apostrophe-out.f  -O3 -fomit-frame-pointer -funroll-all-loops -finline-functions  output pattern test, is abcde
FAIL: gfortran.dg/g77/f77-edit-apostrophe-out.f  -O3 -g  output pattern test, is abcde
FAIL: gfortran.dg/g77/f77-edit-apostrophe-out.f  -Os  output pattern test, is abcde
FAIL: gfortran.dg/g77/f77-edit-colon-out.f  -O0  output pattern test, is 123
FAIL: gfortran.dg/g77/f77-edit-colon-out.f  -O1  output pattern test, is 123
FAIL: gfortran.dg/g77/f77-edit-colon-out.f  -O2  output pattern test, is 123
FAIL: gfortran.dg/g77/f77-edit-colon-out.f  -O3 -fomit-frame-pointer  output pattern test, is 123
FAIL: gfortran.dg/g77/f77-edit-colon-out.f  -O3 -fomit-frame-pointer -funroll-loops  output pattern test, is 123
FAIL: gfortran.dg/g77/f77-edit-colon-out.f  -O3 -fomit-frame-pointer -funroll-all-loops -finline-functions  output pattern test, is 123
FAIL: gfortran.dg/g77/f77-edit-colon-out.f  -O3 -g  output pattern test, is 123
FAIL: gfortran.dg/g77/f77-edit-colon-out.f  -Os  output pattern test, is 123
FAIL: gfortran.dg/g77/f77-edit-h-out.f  -O0  output pattern test, is 1
FAIL: gfortran.dg/g77/f77-edit-h-out.f  -O1  output pattern test, is 1
FAIL: gfortran.dg/g77/f77-edit-h-out.f  -O2  output pattern test, is 1
FAIL: gfortran.dg/g77/f77-edit-h-out.f  -O3 -fomit-frame-pointer  output pattern test, is 1
FAIL: gfortran.dg/g77/f77-edit-h-out.f  -O3 -fomit-frame-pointer -funroll-loops  output pattern test, is 1
FAIL: gfortran.dg/g77/f77-edit-h-out.f  -O3 -fomit-frame-pointer -funroll-all-loops -finline-functions  output pattern test, is 1
FAIL: gfortran.dg/g77/f77-edit-h-out.f  -O3 -g  output pattern test, is 1
FAIL: gfortran.dg/g77/f77-edit-h-out.f  -Os  output pattern test, is 1
FAIL: gfortran.dg/g77/f77-edit-i-out.f  -O0  output pattern test, is 1
FAIL: gfortran.dg/g77/f77-edit-i-out.f  -O1  output pattern test, is 1
FAIL: gfortran.dg/g77/f77-edit-i-out.f  -O2  output pattern test, is 1
FAIL: gfortran.dg/g77/f77-edit-i-out.f  -O3 -fomit-frame-pointer  output pattern test, is 1
FAIL: gfortran.dg/g77/f77-edit-i-out.f  -O3 -fomit-frame-pointer -funroll-loops  output pattern test, is 1
FAIL: gfortran.dg/g77/f77-edit-i-out.f  -O3 -fomit-frame-pointer -funroll-all-loops -finline-functions  output pattern test, is 1
FAIL: gfortran.dg/g77/f77-edit-i-out.f  -O3 -g  output pattern test, is 1
FAIL: gfortran.dg/g77/f77-edit-i-out.f  -Os  output pattern test, is 1
FAIL: gfortran.dg/g77/f77-edit-s-out.f  -O0  output pattern test, is +10  20
FAIL: gfortran.dg/g77/f77-edit-s-out.f  -O1  output pattern test, is +10  20
FAIL: gfortran.dg/g77/f77-edit-s-out.f  -O2  output pattern test, is +10  20
FAIL: gfortran.dg/g77/f77-edit-s-out.f  -O3 -fomit-frame-pointer  output pattern test, is +10  20
FAIL: gfortran.dg/g77/f77-edit-s-out.f  -O3 -fomit-frame-pointer -funroll-loops  output pattern test, is +10  20
FAIL: gfortran.dg/g77/f77-edit-s-out.f  -O3 -fomit-frame-pointer -funroll-all-loops -finline-functions  output pattern test, is +10  20
FAIL: gfortran.dg/g77/f77-edit-s-out.f  -O3 -g  output pattern test, is +10  20
FAIL: gfortran.dg/g77/f77-edit-s-out.f  -Os  output pattern test, is +10  20
FAIL: gfortran.dg/g77/f77-edit-slash-out.f  -O0  output pattern test, is 123
FAIL: gfortran.dg/g77/f77-edit-slash-out.f  -O1  output pattern test, is 123
FAIL: gfortran.dg/g77/f77-edit-slash-out.f  -O2  output pattern test, is 123
FAIL: gfortran.dg/g77/f77-edit-slash-out.f  -O3 -fomit-frame-pointer  output pattern test, is 123
FAIL: gfortran.dg/g77/f77-edit-slash-out.f  -O3 -fomit-frame-pointer -funroll-loops  output pattern test, is 123
FAIL: gfortran.dg/g77/f77-edit-slash-out.f  -O3 -fomit-frame-pointer -funroll-all-loops -finline-functions  output pattern test, is 123
FAIL: gfortran.dg/g77/f77-edit-slash-out.f  -O3 -g  output pattern test, is 123
FAIL: gfortran.dg/g77/f77-edit-slash-out.f  -Os  output pattern test, is 123
FAIL: gfortran.dg/g77/f77-edit-t-out.f  -O0  output pattern test, is 1234   8
FAIL: gfortran.dg/g77/f77-edit-t-out.f  -O1  output pattern test, is 1234   8
FAIL: gfortran.dg/g77/f77-edit-t-out.f  -O2  output pattern test, is 1234   8
FAIL: gfortran.dg/g77/f77-edit-t-out.f  -O3 -fomit-frame-pointer  output pattern test, is 1234   8
FAIL: gfortran.dg/g77/f77-edit-t-out.f  -O3 -fomit-frame-pointer -funroll-loops  output pattern test, is 1234   8
FAIL: gfortran.dg/g77/f77-edit-t-out.f  -O3 -fomit-frame-pointer -funroll-all-loops -finline-functions  output pattern test, is 1234   8
FAIL: gfortran.dg/g77/f77-edit-t-out.f  -O3 -g  output pattern test, is 1234   8
FAIL: gfortran.dg/g77/f77-edit-t-out.f  -Os  output pattern test, is 1234   8
FAIL: gfortran.dg/g77/f77-edit-x-out.f  -O0  output pattern test, is 1 2  3
FAIL: gfortran.dg/g77/f77-edit-x-out.f  -O1  output pattern test, is 1 2  3
FAIL: gfortran.dg/g77/f77-edit-x-out.f  -O2  output pattern test, is 1 2  3
FAIL: gfortran.dg/g77/f77-edit-x-out.f  -O3 -fomit-frame-pointer  output pattern test, is 1 2  3
FAIL: gfortran.dg/g77/f77-edit-x-out.f  -O3 -fomit-frame-pointer -funroll-loops  output pattern test, is 1 2  3
FAIL: gfortran.dg/g77/f77-edit-x-out.f  -O3 -fomit-frame-pointer -funroll-all-loops -finline-functions  output pattern test, is 1 2  3
FAIL: gfortran.dg/g77/f77-edit-x-out.f  -O3 -g  output pattern test, is 1 2  3
FAIL: gfortran.dg/g77/f77-edit-x-out.f  -Os  output pattern test, is 1 2  3

		=== gfortran Summary ===

# of expected passes		27965
# of unexpected failures	220
# of unexpected successes	1
# of expected failures		34
# of unsupported tests		120
/tmp/edmar/build_cde/job_29/obj_gcc/gcc/testsuite/gfortran/../../gfortran  version 4.4.0 20081203 (experimental) (GCC) 


Compiler version: 4.4.0 20081203 (experimental) (GCC) 
Platform: powerpc-unknown-linux-gnu
configure flags: --target=powerpc-unknown-linux-gnu --prefix=/_TOOLS_/dist/local-/ppc-/regression-gcc-trunk-e300c2/i686-pc-linux2.4 --with-sysroot=/_TOOLS_/dist/local-/ppc-/regression-gcc-trunk-e300c2/i686-pc-linux2.4/sysroot --disable-libssp --disable-libmudflap --enable-languages=c,c++ --with-gmp=/_TOOLS_/dist/gnu_toolchain/build_support-x86_64-unknown-linux-gnu/install_gmp-4.1.4 --with-mpfr=/_TOOLS_/dist/gnu_toolchain/build_support-x86_64-unknown-linux-gnu/install_mpfr-2.3.0 --with-cpu=e300c2 --disable-decimal-float --enable-languages=c,c++,fortran



More information about the Gcc-testresults mailing list