Results for 4.4.0 20081204 (experimental) [trunk revision 142425] (GCC) testsuite on hppa-unknown-linux-gnu

John David Anglin dave@hiauly6.hia.nrc.ca
Fri Dec 5 01:21:00 GMT 2008


LAST_UPDATED: Thu Dec  4 02:18:33 UTC 2008 (revision 142425)

		=== acats tests ===

		=== acats Summary ===
# of expected passes		2315
# of unexpected failures	0
Native configuration is hppa-unknown-linux-gnu

		=== g++ tests ===


Running target unix
FAIL: g++.dg/init/copy5.C (internal compiler error)
FAIL: g++.dg/init/copy5.C (test for excess errors)
FAIL: g++.old-deja/g++.abi/empty2.C (internal compiler error)
FAIL: g++.old-deja/g++.abi/empty2.C (test for excess errors)
ERROR: tcl error sourcing /home/dave/gnu/gcc-4.4/gcc/gcc/testsuite/g++.old-deja/old-deja.exp.
ERROR: unmatched open brace in list

		=== g++ Summary ===

# of expected passes		13216
# of unexpected failures	4
# of expected failures		108
# of unsupported tests		132
/home/dave/gnu/gcc-4.4/objdir/gcc/testsuite/g++/../../g++  version 4.4.0 20081204 (experimental) [trunk revision 142425] (GCC) 

		=== gcc tests ===


Running target unix
FAIL: gcc.c-torture/execute/930718-1.c compilation,  -O1  (internal compiler error)
UNRESOLVED: gcc.c-torture/execute/930718-1.c execution,  -O1 
FAIL: gcc.c-torture/execute/930718-1.c compilation,  -O2  (internal compiler error)
UNRESOLVED: gcc.c-torture/execute/930718-1.c execution,  -O2 
FAIL: gcc.c-torture/execute/930718-1.c compilation,  -O3 -fomit-frame-pointer  (internal compiler error)
UNRESOLVED: gcc.c-torture/execute/930718-1.c execution,  -O3 -fomit-frame-pointer 
FAIL: gcc.c-torture/execute/930718-1.c compilation,  -O3 -g  (internal compiler error)
UNRESOLVED: gcc.c-torture/execute/930718-1.c execution,  -O3 -g 
FAIL: gcc.c-torture/execute/930718-1.c compilation,  -Os  (internal compiler error)
UNRESOLVED: gcc.c-torture/execute/930718-1.c execution,  -Os 
FAIL: gcc.dg/pr35729.c scan-rtl-dump-times loop2_invariant "Decided to move invariant" 0
FAIL: gcc.dg/pch/valid-1b.c -O0 -g -I. (test for excess errors)
FAIL: gcc.dg/pch/valid-1b.c -O0 -g assembly comparison
FAIL: gcc.dg/pch/valid-1b.c  -O0  -I. (test for excess errors)
FAIL: gcc.dg/pch/valid-1b.c  -O0  assembly comparison
FAIL: gcc.dg/pch/valid-1b.c  -O1  -I. (test for excess errors)
FAIL: gcc.dg/pch/valid-1b.c  -O1  assembly comparison
FAIL: gcc.dg/pch/valid-1b.c  -O2  -I. (test for excess errors)
FAIL: gcc.dg/pch/valid-1b.c  -O2  assembly comparison
FAIL: gcc.dg/pch/valid-1b.c  -O3 -fomit-frame-pointer  -I. (test for excess errors)
FAIL: gcc.dg/pch/valid-1b.c  -O3 -fomit-frame-pointer  assembly comparison
FAIL: gcc.dg/pch/valid-1b.c  -O3 -g  -I. (test for excess errors)
FAIL: gcc.dg/pch/valid-1b.c  -O3 -g  assembly comparison
FAIL: gcc.dg/pch/valid-1b.c  -Os  -I. (test for excess errors)
FAIL: gcc.dg/pch/valid-1b.c  -Os  assembly comparison
XPASS: gcc.dg/tree-ssa/loop-1.c scan-assembler-times foo 5

		=== gcc Summary ===

# of expected passes		48533
# of unexpected failures	20
# of unexpected successes	1
# of expected failures		127
# of unresolved testcases	5
# of unsupported tests		505
/home/dave/gnu/gcc-4.4/objdir/gcc/xgcc  version 4.4.0 20081204 (experimental) [trunk revision 142425] (GCC) 

		=== gfortran tests ===


Running target unix

		=== gfortran Summary ===

# of expected passes		27951
# of expected failures		10
# of unsupported tests		254
/home/dave/gnu/gcc-4.4/objdir/gcc/testsuite/gfortran/../../gfortran  version 4.4.0 20081204 (experimental) [trunk revision 142425] (GCC) 

		=== gnat tests ===


Running target unix

		=== gnat Summary ===

# of expected passes		600
# of expected failures		6
		=== obj-c++ tests ===


Running target unix
UNRESOLVED: obj-c++.dg/bitfield-1.mm compilation failed to produce executable
UNRESOLVED: obj-c++.dg/lookup-2.mm compilation failed to produce executable
UNRESOLVED: obj-c++.dg/try-catch-2.mm compilation failed to produce executable
UNRESOLVED: obj-c++.dg/try-catch-9.mm compilation failed to produce executable

		=== obj-c++ Summary ===

# of expected passes		437
# of expected failures		11
# of unresolved testcases	4
# of unsupported tests		13
/home/dave/gnu/gcc-4.4/objdir/gcc/testsuite/obj-c++/../../g++  version 4.4.0 20081204 (experimental) [trunk revision 142425] (GCC) 

		=== objc tests ===


Running target unix

		=== objc Summary ===

# of expected passes		1814
# of expected failures		7
# of unsupported tests		24
/home/dave/gnu/gcc-4.4/objdir/gcc/xgcc  version 4.4.0 20081204 (experimental) [trunk revision 142425] (GCC) 

		=== libffi tests ===


Running target unix

		=== libffi Summary ===

# of expected passes		1389
# of unsupported tests		10
		=== libgomp tests ===


Running target unix
FAIL: libgomp.fortran/vla6.f90  -O0  execution test

		=== libgomp Summary ===

# of expected passes		2306
# of unexpected failures	1
# of unsupported tests		7
		=== libjava tests ===


Running target unix

		=== libjava Summary ===

# of expected passes		2574
		=== libmudflap tests ===


Running target unix
FAIL: libmudflap.c++/pass41-frag.cxx execution test
FAIL: libmudflap.c++/pass41-frag.cxx (-static) execution test
FAIL: libmudflap.c++/pass41-frag.cxx (-O2) execution test
FAIL: libmudflap.c++/pass41-frag.cxx (-O3) execution test

		=== libmudflap Summary ===

# of expected passes		1890
# of unexpected failures	4
		=== libstdc++ tests ===


Running target unix
FAIL: abi_check
FAIL: 22_locale/time_get/get_date/wchar_t/4.cc execution test
XPASS: 26_numerics/headers/cmath/c99_classification_macros_c.cc (test for excess errors)

		=== libstdc++ Summary ===

# of expected passes		6357
# of unexpected failures	2
# of unexpected successes	1
# of expected failures		74
# of unsupported tests		13

Compiler version: 4.4.0 20081204 (experimental) [trunk revision 142425] (GCC) 
Platform: hppa-unknown-linux-gnu
configure flags: --with-gnu-as --with-gnu-ld --enable-shared --prefix=/home/dave/opt/gnu/gcc/gcc-4.4.0 --with-local-prefix=/home/dave/opt/gnu --enable-threads=posix --enable-__cxa_atexit --build=hppa-linux --enable-clocale=gnu --enable-java-gc=boehm --enable-java-awt=xlib --enable-languages=c,c++,objc,fortran,obj-c++,java,ada



More information about the Gcc-testresults mailing list