Results for 4.4.0 20081203 (experimental) [trunk revision 142413] (GCC) gcc testsuite on sh-unknown-elf

Mike Stein mstein.lists@googlemail.com
Thu Dec 4 22:57:00 GMT 2008


Debian 4 on x86_64
cross tool versions:
GNU assembler (GNU Binutils) 2.18.50.20080419
GNU gdb 6.8.50.20080419-cvs
GNU ld (GNU Binutils) 2.18.50.20080419

GNU Make 3.81
expect version 5.43.0
host gcc version: gcc (GCC) 4.4.0 20081203 (experimental) [trunk revision 142413]
LAST_UPDATED: Wed Dec  3 23:02:43 UTC 2008 (revision 142413)

Target is sh-unknown-elf
Host   is x86_64-unknown-linux-gnu

		=== gcc tests ===


Running target sh-sim
FAIL: gcc.c-torture/execute/930718-1.c compilation,  -O1  (internal compiler error)
UNRESOLVED: gcc.c-torture/execute/930718-1.c execution,  -O1 
FAIL: gcc.c-torture/execute/930718-1.c compilation,  -O2  (internal compiler error)
UNRESOLVED: gcc.c-torture/execute/930718-1.c execution,  -O2 
FAIL: gcc.c-torture/execute/930718-1.c compilation,  -O3 -fomit-frame-pointer  (internal compiler error)
UNRESOLVED: gcc.c-torture/execute/930718-1.c execution,  -O3 -fomit-frame-pointer 
FAIL: gcc.c-torture/execute/930718-1.c compilation,  -O3 -g  (internal compiler error)
UNRESOLVED: gcc.c-torture/execute/930718-1.c execution,  -O3 -g 
FAIL: gcc.c-torture/execute/930718-1.c compilation,  -Os  (internal compiler error)
UNRESOLVED: gcc.c-torture/execute/930718-1.c execution,  -Os 
FAIL: gcc.dg/memcpy-1.c scan-tree-dump-times optimized "nasty_local" 0
FAIL: gcc.dg/pr35729.c scan-rtl-dump-times loop2_invariant "Decided to move invariant" 0
FAIL: gcc.dg/unsigned-long-compare.c (internal compiler error)
FAIL: gcc.dg/unsigned-long-compare.c (test for excess errors)
UNRESOLVED: gcc.dg/unsigned-long-compare.c compilation failed to produce executable
FAIL: gcc.dg/tls/opt-12.c (test for excess errors)
UNRESOLVED: gcc.dg/tls/opt-12.c compilation failed to produce executable
FAIL: gcc.dg/torture/pr37868.c  -O0  execution test
FAIL: gcc.dg/torture/pr37868.c  -O1  execution test
FAIL: gcc.dg/torture/pr37868.c  -O2  execution test
FAIL: gcc.dg/torture/pr37868.c  -O3 -fomit-frame-pointer  execution test
FAIL: gcc.dg/torture/pr37868.c  -O3 -g  execution test
FAIL: gcc.dg/torture/pr37868.c  -Os  execution test

		=== gcc Summary ===

# of expected passes		48008
# of unexpected failures	16
# of expected failures		122
# of unresolved testcases	7
# of unsupported tests		579
/home/mstein/sim/trunk/sh-elf/build/gcc/xgcc  version 4.4.0 20081203 (experimental) [trunk revision 142413] (GCC) 


Compiler version: 4.4.0 20081203 (experimental) [trunk revision 142413] (GCC) gcc 
Platform: sh-unknown-elf
configure flags: --target=sh-elf --prefix=/home/mstein/cross-local/sh-elf --enable-languages=c --disable-nls --disable-build-warnings --with-sysroot=/home/mstein/cross-local/sh-elf --with-build-sysroot=/home/mstein/cross-local/sh-elf --with-ld=/home/mstein/cross-local/sh-elf/usr/bin/ld --with-as=/home/mstein/cross-local/sh-elf/usr/bin/as --disable-libssp --with-mpfr=/opt/cfarm/mpfr-2.3.1



More information about the Gcc-testresults mailing list