Results for 4.4.0 20081203 (experimental) [trunk revision 142396] (GCC) testsuite on powerpc64-unknown-linux-gnu
Janis Johnson
janis187@us.ibm.com
Thu Dec 4 06:01:00 GMT 2008
Linux 2.6.16.46-0.4-ppc64 ppc64
GNU C Library development release version 2.4 (20070330)
GNU ld (GNU Binutils) 2.18.50.20080903
GNU assembler (GNU Binutils) 2.18.50.20080903
GNU Make 3.80
DejaGnu:
Expect version is 5.43.0
Tcl version is 8.4
Framework version is 1.4.4
32-bit biarch default32
LAST_UPDATED: Wed Dec 3 15:32:17 UTC 2008 (revision 142396)
Native configuration is powerpc64-unknown-linux-gnu
=== g++ tests ===
Running target unix/-m32
FAIL: g++.dg/cpp0x/initlist9.C (test for errors, line 22)
FAIL: g++.dg/cpp0x/initlist9.C (test for excess errors)
FAIL: g++.dg/ext/altivec-types-1.C (test for errors, line 30)
FAIL: g++.dg/init/copy5.C (internal compiler error)
FAIL: g++.dg/init/copy5.C (test for excess errors)
FAIL: g++.dg/ipa/iinline-1.C scan-ipa-dump inline "String::funcOne[^\\n]*inline copy in int main"
=== g++ Summary for unix/-m32 ===
# of expected passes 18806
# of unexpected failures 6
# of expected failures 135
# of unsupported tests 127
Running target unix/-m64
FAIL: g++.dg/cpp0x/initlist9.C (test for errors, line 22)
FAIL: g++.dg/cpp0x/initlist9.C (test for excess errors)
FAIL: g++.dg/ext/altivec-types-1.C (test for errors, line 30)
FAIL: g++.dg/init/copy5.C (internal compiler error)
FAIL: g++.dg/init/copy5.C (test for excess errors)
FAIL: g++.dg/ipa/iinline-1.C scan-ipa-dump inline "String::funcOne[^\\n]*inline copy in int main"
=== g++ Summary for unix/-m64 ===
# of expected passes 18766
# of unexpected failures 6
# of expected failures 135
# of unsupported tests 130
=== g++ Summary ===
# of expected passes 37572
# of unexpected failures 12
# of expected failures 270
# of unsupported tests 257
/home/gccbuild/build/nightly/build-gcc-trunk/gcc/testsuite/g++/../../g++ version 4.4.0 20081203 (experimental) [trunk revision 142396] (GCC)
=== gcc tests ===
Running target unix/-m32
FAIL: gcc.c-torture/execute/930718-1.c compilation, -O1 (internal compiler error)
UNRESOLVED: gcc.c-torture/execute/930718-1.c execution, -O1
FAIL: gcc.c-torture/execute/930718-1.c compilation, -O2 (internal compiler error)
UNRESOLVED: gcc.c-torture/execute/930718-1.c execution, -O2
FAIL: gcc.c-torture/execute/930718-1.c compilation, -O3 -fomit-frame-pointer (internal compiler error)
UNRESOLVED: gcc.c-torture/execute/930718-1.c execution, -O3 -fomit-frame-pointer
FAIL: gcc.c-torture/execute/930718-1.c compilation, -O3 -g (internal compiler error)
UNRESOLVED: gcc.c-torture/execute/930718-1.c execution, -O3 -g
FAIL: gcc.c-torture/execute/930718-1.c compilation, -Os (internal compiler error)
UNRESOLVED: gcc.c-torture/execute/930718-1.c execution, -Os
XPASS: gcc.dg/20020103-1.c scan-assembler-not LC[0-9]
FAIL: gcc.dg/and-1.c scan-assembler-not nand
FAIL: gcc.dg/memcpy-1.c scan-tree-dump-times optimized "nasty_local" 0
FAIL: gcc.dg/pr35729.c scan-rtl-dump-times loop2_invariant "Decided to move invariant" 0
FAIL: gcc.dg/tree-ssa/vrp47.c scan-tree-dump-times vrp1 "[xy][^ ]* !=" 0
FAIL: gcc.dg/tree-ssa/vrp47.c scan-tree-dump-times dom1 "x[^ ]* & y" 1
FAIL: gcc.dg/vect/costmodel/ppc/costmodel-slp-12.c scan-tree-dump-times vect "vectorized 1 loops" 1
FAIL: gcc.dg/vect/costmodel/ppc/costmodel-slp-12.c scan-tree-dump-times vect "vectorizing stmts using SLP" 1
FAIL: gcc.dg/vect/vect-67.c scan-tree-dump-times vect "vectorized 1 loops" 1
=== gcc Summary for unix/-m32 ===
# of expected passes 52549
# of unexpected successes 1
# of unexpected failures 13
# of expected failures 200
# of unresolved testcases 5
# of unsupported tests 540
Running target unix/-m64
FAIL: gcc.c-torture/execute/930718-1.c compilation, -O1 (internal compiler error)
UNRESOLVED: gcc.c-torture/execute/930718-1.c execution, -O1
FAIL: gcc.c-torture/execute/930718-1.c compilation, -O2 (internal compiler error)
UNRESOLVED: gcc.c-torture/execute/930718-1.c execution, -O2
FAIL: gcc.c-torture/execute/930718-1.c compilation, -O3 -fomit-frame-pointer (internal compiler error)
UNRESOLVED: gcc.c-torture/execute/930718-1.c execution, -O3 -fomit-frame-pointer
FAIL: gcc.c-torture/execute/930718-1.c compilation, -O3 -g (internal compiler error)
UNRESOLVED: gcc.c-torture/execute/930718-1.c execution, -O3 -g
FAIL: gcc.c-torture/execute/930718-1.c compilation, -Os (internal compiler error)
UNRESOLVED: gcc.c-torture/execute/930718-1.c execution, -Os
FAIL: gcc.dg/and-1.c scan-assembler-not nand
FAIL: gcc.dg/assign-warn-1.c (test for errors, line 125)
FAIL: gcc.dg/assign-warn-1.c (test for excess errors)
FAIL: gcc.dg/pr35729.c scan-rtl-dump-times loop2_invariant "Decided to move invariant" 0
FAIL: gcc.dg/visibility-16.c scan-hidden hidden[ \\t_]*foo
FAIL: gcc.dg/tree-ssa/vrp47.c scan-tree-dump-times vrp1 "[xy][^ ]* !=" 0
FAIL: gcc.dg/tree-ssa/vrp47.c scan-tree-dump-times dom1 "x[^ ]* & y" 1
FAIL: gcc.dg/vect/costmodel/ppc/costmodel-slp-12.c scan-tree-dump-times vect "vectorized 1 loops" 1
FAIL: gcc.dg/vect/costmodel/ppc/costmodel-slp-12.c scan-tree-dump-times vect "vectorizing stmts using SLP" 1
FAIL: gcc.dg/vect/vect-67.c scan-tree-dump-times vect "vectorized 1 loops" 1
FAIL: gcc.dg/weak/weak-1.c scan-assembler weak[^ \\t]*[ \\t]_?j
FAIL: gcc.dg/weak/weak-16.c scan-assembler weak[^ \\t]*[ \\t]_?kallsyms_token_index
FAIL: gcc.target/powerpc/ppc64-double-1.c scan-assembler-not stfd
=== gcc Summary for unix/-m64 ===
# of expected passes 52392
# of unexpected failures 18
# of expected failures 203
# of unresolved testcases 5
# of unsupported tests 603
=== gcc Summary ===
# of expected passes 104941
# of unexpected failures 31
# of unexpected successes 1
# of expected failures 403
# of unresolved testcases 10
# of unsupported tests 1143
/home/gccbuild/build/nightly/build-gcc-trunk/gcc/xgcc version 4.4.0 20081203 (experimental) [trunk revision 142396] (GCC)
=== gfortran tests ===
Running target unix/-m32
XPASS: gfortran.dg/default_format_denormal_2.f90 -O0 execution test
XPASS: gfortran.dg/default_format_denormal_2.f90 -O1 execution test
XPASS: gfortran.dg/default_format_denormal_2.f90 -O2 execution test
XPASS: gfortran.dg/default_format_denormal_2.f90 -O3 -fomit-frame-pointer execution test
XPASS: gfortran.dg/default_format_denormal_2.f90 -O3 -fomit-frame-pointer -funroll-loops execution test
XPASS: gfortran.dg/default_format_denormal_2.f90 -O3 -fomit-frame-pointer -funroll-all-loops -finline-functions execution test
XPASS: gfortran.dg/default_format_denormal_2.f90 -O3 -g execution test
XPASS: gfortran.dg/default_format_denormal_2.f90 -Os execution test
=== gfortran Summary for unix/-m32 ===
# of expected passes 28743
# of unexpected successes 8
# of expected failures 27
# of unsupported tests 118
Running target unix/-m64
XPASS: gfortran.dg/default_format_denormal_2.f90 -O0 execution test
XPASS: gfortran.dg/default_format_denormal_2.f90 -O1 execution test
XPASS: gfortran.dg/default_format_denormal_2.f90 -O2 execution test
XPASS: gfortran.dg/default_format_denormal_2.f90 -O3 -fomit-frame-pointer execution test
XPASS: gfortran.dg/default_format_denormal_2.f90 -O3 -fomit-frame-pointer -funroll-loops execution test
XPASS: gfortran.dg/default_format_denormal_2.f90 -O3 -fomit-frame-pointer -funroll-all-loops -finline-functions execution test
XPASS: gfortran.dg/default_format_denormal_2.f90 -O3 -g execution test
XPASS: gfortran.dg/default_format_denormal_2.f90 -Os execution test
FAIL: gfortran.dg/typebound_generic_1.f03 -O (test for errors, line 57)
FAIL: gfortran.dg/typebound_generic_1.f03 -O (test for excess errors)
FAIL: gfortran.dg/gomp/omp_do1.f90 -O (test for errors, line 51)
FAIL: gfortran.dg/gomp/omp_do1.f90 -O (test for excess errors)
=== gfortran Summary for unix/-m64 ===
# of expected passes 28888
# of unexpected successes 8
# of unexpected failures 4
# of expected failures 27
# of unsupported tests 45
=== gfortran Summary ===
# of expected passes 57631
# of unexpected failures 4
# of unexpected successes 16
# of expected failures 54
# of unsupported tests 163
/home/gccbuild/build/nightly/build-gcc-trunk/gcc/testsuite/gfortran/../../gfortran version 4.4.0 20081203 (experimental) [trunk revision 142396] (GCC)
=== obj-c++ tests ===
Running target unix/-m32
WARNING: obj-c++.dg/bitfield-1.mm compilation failed to produce executable
WARNING: obj-c++.dg/lookup-2.mm compilation failed to produce executable
WARNING: obj-c++.dg/try-catch-2.mm compilation failed to produce executable
WARNING: obj-c++.dg/try-catch-9.mm compilation failed to produce executable
=== obj-c++ Summary for unix/-m32 ===
# of expected passes 437
# of expected failures 11
# of unsupported tests 13
Running target unix/-m64
WARNING: obj-c++.dg/bitfield-1.mm compilation failed to produce executable
WARNING: obj-c++.dg/lookup-2.mm compilation failed to produce executable
WARNING: obj-c++.dg/try-catch-2.mm compilation failed to produce executable
WARNING: obj-c++.dg/try-catch-9.mm compilation failed to produce executable
=== obj-c++ Summary for unix/-m64 ===
# of expected passes 426
# of expected failures 22
# of unsupported tests 13
=== obj-c++ Summary ===
# of expected passes 863
# of expected failures 33
# of unsupported tests 26
/home/gccbuild/build/nightly/build-gcc-trunk/gcc/testsuite/obj-c++/../../g++ version 4.4.0 20081203 (experimental) [trunk revision 142396] (GCC)
=== objc tests ===
Running target unix/-m32
=== objc Summary for unix/-m32 ===
# of expected passes 1814
# of expected failures 7
# of unsupported tests 24
Running target unix/-m64
=== objc Summary for unix/-m64 ===
# of expected passes 1814
# of expected failures 7
# of unsupported tests 24
=== objc Summary ===
# of expected passes 3628
# of expected failures 14
# of unsupported tests 48
/home/gccbuild/build/nightly/build-gcc-trunk/gcc/xgcc version 4.4.0 20081203 (experimental) [trunk revision 142396] (GCC)
=== libffi tests ===
Running target unix/-m32
=== libffi Summary for unix/-m32 ===
# of expected passes 1389
# of unsupported tests 10
Running target unix/-m64
=== libffi Summary for unix/-m64 ===
# of expected passes 1389
# of unsupported tests 10
=== libffi Summary ===
# of expected passes 2778
# of unsupported tests 20
=== libgomp tests ===
Running target unix/-m32
=== libgomp Summary for unix/-m32 ===
# of expected passes 2321
Running target unix/-m64
=== libgomp Summary for unix/-m64 ===
# of expected passes 2321
=== libgomp Summary ===
# of expected passes 4642
=== libjava tests ===
Running target unix/-m32
=== libjava Summary for unix/-m32 ===
# of expected passes 2574
Running target unix/-m64
FAIL: getlocalvartable output
=== libjava Summary for unix/-m64 ===
# of expected passes 2573
# of unexpected failures 1
=== libjava Summary ===
# of expected passes 5147
# of unexpected failures 1
=== libmudflap tests ===
Running target unix/-m32
FAIL: libmudflap.c++/pass41-frag.cxx execution test
FAIL: libmudflap.c++/pass41-frag.cxx (-static) execution test
FAIL: libmudflap.c++/pass41-frag.cxx (-O2) execution test
FAIL: libmudflap.c++/pass41-frag.cxx (-O3) execution test
=== libmudflap Summary for unix/-m32 ===
# of expected passes 1890
# of unexpected failures 4
Running target unix/-m64
FAIL: libmudflap.c/fail27-frag.c output pattern test
FAIL: libmudflap.c/fail27-frag.c (-static) output pattern test
FAIL: libmudflap.c/fail27-frag.c (-O2) output pattern test
FAIL: libmudflap.c/fail27-frag.c (-O3) output pattern test
FAIL: libmudflap.c++/pass41-frag.cxx execution test
FAIL: libmudflap.c++/pass41-frag.cxx (-static) execution test
FAIL: libmudflap.c++/pass41-frag.cxx (-O2) execution test
FAIL: libmudflap.c++/pass41-frag.cxx (-O3) execution test
=== libmudflap Summary for unix/-m64 ===
# of expected passes 1886
# of unexpected failures 8
=== libmudflap Summary ===
# of expected passes 3776
# of unexpected failures 12
=== libstdc++ tests ===
Running target unix/-m32
FAIL: abi_check
XPASS: 26_numerics/headers/cmath/c99_classification_macros_c.cc (test for excess errors)
=== libstdc++ Summary for unix/-m32 ===
# of expected passes 6364
# of unexpected successes 1
# of unexpected failures 1
# of expected failures 74
# of unsupported tests 10
Running target unix/-m64
FAIL: abi_check
XPASS: 26_numerics/complex/13450.cc execution test
XPASS: 26_numerics/complex/complex_value.cc execution test
XPASS: 26_numerics/complex/pow.cc execution test
XPASS: 26_numerics/headers/cmath/c99_classification_macros_c.cc (test for excess errors)
=== libstdc++ Summary for unix/-m64 ===
# of expected passes 6361
# of unexpected successes 4
# of unexpected failures 1
# of expected failures 74
# of unsupported tests 10
=== libstdc++ Summary ===
# of expected passes 12725
# of unexpected failures 2
# of unexpected successes 5
# of expected failures 148
# of unsupported tests 20
Compiler version: 4.4.0 20081203 (experimental) [trunk revision 142396] (GCC)
Platform: powerpc64-unknown-linux-gnu
configure flags: --prefix=/opt/gcc-nightly/trunk-20081203 --build=powerpc64-linux --host=powerpc64-linux --target=powerpc64-linux --with-cpu=default32 --with-as=/opt/gcc-nightly/binutils-20080903/bin/as --with-ld=/opt/gcc-nightly/binutils-20080903/bin/ld --enable-threads=posix --enable-shared --enable-__cxa_atexit --enable-languages=c,c++,fortran,objc,obj-c++,java --enable-checking --disable-alsa --with-gmp=/opt/gcc-nightly/gmp-mpfr --with-mpfr=/opt/gcc-nightly/gmp-mpfr
=== Test Framework Summary ===
# of expected passes 2518
More information about the Gcc-testresults
mailing list