Results for 4.4.0 20081202 (experimental) [trunk revision 142342] (GCC) testsuite on hppa2.0w-hp-hpux11.11

John David Anglin dave@hiauly3.hia.nrc.ca
Thu Dec 4 02:16:00 GMT 2008


LAST_UPDATED: Tue Dec  2 01:37:18 UTC 2008 (revision 142342)

		=== acats tests ===
FAIL:	c954a01

		=== acats Summary ===
# of expected passes		2314
# of unexpected failures	1
Native configuration is hppa2.0w-hp-hpux11.11

		=== g++ tests ===


Running target unix

		=== g++ Summary ===

# of expected passes		17536
# of expected failures		137
# of unsupported tests		240
/test/gnu/gcc/objdir/gcc/testsuite/g++/../../g++  version 4.4.0 20081202 (experimental) [trunk revision 142342] (GCC) 

		=== gcc tests ===


Running target unix
WARNING: program timed out.
FAIL: gcc.dg/20020425-1.c (test for excess errors)
FAIL: gcc.dg/pr35729.c scan-rtl-dump-times loop2_invariant "Decided to move invariant" 0

		=== gcc Summary ===

# of expected passes		47329
# of unexpected failures	2
# of expected failures		128
# of unsupported tests		634
/test/gnu/gcc/objdir/gcc/xgcc  version 4.4.0 20081202 (experimental) [trunk revision 142342] (GCC) 

		=== gfortran tests ===


Running target unix
FAIL: gfortran.dg/nint_2.f90  -O0  execution test

		=== gfortran Summary ===

# of expected passes		27825
# of unexpected failures	1
# of expected failures		10
# of unsupported tests		269
/test/gnu/gcc/objdir/gcc/testsuite/gfortran/../../gfortran  version 4.4.0 20081202 (experimental) [trunk revision 142342] (GCC) 

		=== gnat tests ===


Running target unix

		=== gnat Summary ===

# of expected passes		600
# of expected failures		6
		=== obj-c++ tests ===


Running target unix
WARNING: obj-c++.dg/bitfield-1.mm compilation failed to produce executable
WARNING: obj-c++.dg/lookup-2.mm compilation failed to produce executable
WARNING: obj-c++.dg/try-catch-2.mm compilation failed to produce executable
WARNING: obj-c++.dg/try-catch-9.mm compilation failed to produce executable

		=== obj-c++ Summary ===

# of expected passes		435
# of expected failures		11
# of unsupported tests		14
/test/gnu/gcc/objdir/gcc/testsuite/obj-c++/../../g++  version 4.4.0 20081202 (experimental) [trunk revision 142342] (GCC) 

		=== objc tests ===


Running target unix

		=== objc Summary ===

# of expected passes		1808
# of expected failures		7
# of unsupported tests		27
/test/gnu/gcc/objdir/gcc/xgcc  version 4.4.0 20081202 (experimental) [trunk revision 142342] (GCC) 

		=== libffi tests ===


Running target unix

		=== libffi Summary ===

# of expected passes		1389
# of unsupported tests		10
		=== libgomp tests ===


Running target unix
FAIL: libgomp.c++/ctor-10.C  -O3 -fomit-frame-pointer  execution test
FAIL: libgomp.c++/ctor-8.C  -O3 -fomit-frame-pointer -funroll-loops  execution test
FAIL: libgomp.c++/ctor-8.C  -O3 -g  execution test
FAIL: libgomp.fortran/crayptr2.f90  -O1  execution test
FAIL: libgomp.fortran/threadprivate1.f90  -O3 -fomit-frame-pointer  execution test

		=== libgomp Summary ===

# of expected passes		2298
# of unexpected failures	5
# of unsupported tests		9
		=== libjava tests ===


Running target unix
FAIL: getstacktrace run
FAIL: getallthreads run
FAIL: LargeFile execution - source compiled test
FAIL: LargeFile -findirect-dispatch execution - source compiled test
FAIL: LargeFile -O3 execution - source compiled test
FAIL: LargeFile -O3 -findirect-dispatch execution - source compiled test
FAIL: PR27908 execution - source compiled test
FAIL: Thread_Monitor execution - source compiled test
FAIL: Thread_Monitor -O3 -findirect-dispatch execution - source compiled test
FAIL: Thread_Wait_2 execution - source compiled test

		=== libjava Summary ===

# of expected passes		2556
# of unexpected failures	10
# of untested testcases		10
		=== libstdc++ tests ===


Running target unix

		=== libstdc++ Summary ===

# of expected passes		5393
# of expected failures		67
# of unsupported tests		497

Compiler version: 4.4.0 20081202 (experimental) [trunk revision 142342] (GCC) 
Platform: hppa2.0w-hp-hpux11.11
configure flags: --with-gnu-as --with-as=/opt/gnu/bin/as --enable-shared --disable-nls --with-local-prefix=/opt/gnu --prefix=/opt/gnu/gcc/gcc-4.4.0 --enable-debug=no --enable-threads=posix --with-mpfr=/opt/gnu/gcc/gcc-4.4.0 --with-gmp=/opt/gnu/gcc/gcc-4.4.0 --disable-libmudflap --enable-languages=c,c++,objc,obj-c++,fortran,java,ada



More information about the Gcc-testresults mailing list