Results for 4.4.0 20081130 (experimental) (GCC) testsuite on powerpc-unknown-linux-gnu
Edmar Wienskoski-RA8797
ra8797@freescale.com
Wed Dec 3 07:09:00 GMT 2008
LAST_UPDATED:
Target is powerpc-unknown-linux-gnu
Host is x86_64-unknown-linux-gnu
=== g++ tests ===
Running target REG_perf3farm0
FAIL: g++.dg/ipa/iinline-1.C scan-ipa-dump inline "String::funcOne[^\\n]*inline copy in int main"
=== g++ Summary ===
# of expected passes 18636
# of unexpected failures 1
# of expected failures 135
# of unsupported tests 162
/tmp/edmar/build_cde/job_30/obj_gcc/gcc/testsuite/g++/../../g++ version 4.4.0 20081130 (experimental) (GCC)
Host is x86_64-unknown-linux-gnu
=== gcc tests ===
Running target REG_perf3farm0
WARNING: program timed out.
FAIL: gcc.c-torture/execute/20020219-1.c execution, -O0
WARNING: program timed out.
FAIL: gcc.c-torture/execute/20020805-1.c execution, -O3 -g
WARNING: program timed out.
FAIL: gcc.c-torture/execute/20021118-2.c execution, -O0
WARNING: program timed out.
FAIL: gcc.c-torture/execute/20030821-1.c execution, -O1
WARNING: program timed out.
FAIL: gcc.c-torture/execute/931031-1.c execution, -Os
WARNING: program timed out.
FAIL: gcc.c-torture/execute/981019-1.c execution, -O2
FAIL: gcc.c-torture/execute/991112-1.c execution, -O0
FAIL: gcc.c-torture/execute/991112-1.c execution, -O1
FAIL: gcc.c-torture/execute/991112-1.c execution, -O2
FAIL: gcc.c-torture/execute/991112-1.c execution, -O3 -fomit-frame-pointer
FAIL: gcc.c-torture/execute/991112-1.c execution, -O3 -g
FAIL: gcc.c-torture/execute/991112-1.c execution, -Os
WARNING: program timed out.
FAIL: gcc.c-torture/execute/pr31448.c execution, -O3 -g
XPASS: gcc.dg/20020103-1.c scan-assembler-not LC[0-9]
FAIL: gcc.dg/and-1.c scan-assembler-not nand
FAIL: gcc.dg/memcpy-1.c scan-tree-dump-times optimized "nasty_local" 0
FAIL: gcc.dg/pr35729.c scan-rtl-dump-times loop2_invariant "Decided to move invariant" 0
FAIL: gcc.dg/var-expand3.c (test for excess errors)
UNRESOLVED: gcc.dg/var-expand3.c compilation failed to produce executable
FAIL: gcc.dg/var-expand3.c scan-rtl-dump loop2_unroll "Expanding Accumulator": dump file does not exist
FAIL: gcc.dg/pch/valid-1b.c -O0 -g -I. (test for excess errors)
FAIL: gcc.dg/pch/valid-1b.c -O0 -g assembly comparison
FAIL: gcc.dg/pch/valid-1b.c -O0 -I. (test for excess errors)
FAIL: gcc.dg/pch/valid-1b.c -O0 assembly comparison
FAIL: gcc.dg/pch/valid-1b.c -O1 -I. (test for excess errors)
FAIL: gcc.dg/pch/valid-1b.c -O1 assembly comparison
FAIL: gcc.dg/pch/valid-1b.c -O2 -I. (test for excess errors)
FAIL: gcc.dg/pch/valid-1b.c -O2 assembly comparison
FAIL: gcc.dg/pch/valid-1b.c -O3 -fomit-frame-pointer -I. (test for excess errors)
FAIL: gcc.dg/pch/valid-1b.c -O3 -fomit-frame-pointer assembly comparison
FAIL: gcc.dg/pch/valid-1b.c -O3 -g -I. (test for excess errors)
FAIL: gcc.dg/pch/valid-1b.c -O3 -g assembly comparison
FAIL: gcc.dg/pch/valid-1b.c -Os -I. (test for excess errors)
FAIL: gcc.dg/pch/valid-1b.c -Os assembly comparison
WARNING: program timed out.
FAIL: gcc.dg/struct/wo_prof_mult_field_peeling.c execution test
WARNING: program timed out.
FAIL: gcc.dg/struct/w_prof_global_var.c execution, -O3 -fwhole-program -combine -fipa-type-escape -fprofile-use -fipa-struct-reorg -fdump-ipa-all
FAIL: gcc.dg/tree-prof/ic-misattribution-1.c compilation, -fprofile-use -D_PROFILE_USE
UNRESOLVED: gcc.dg/tree-prof/ic-misattribution-1.c execution, -fprofile-use -D_PROFILE_USE
FAIL: gcc.dg/tree-ssa/vrp47.c scan-tree-dump-times vrp1 "[xy][^ ]* !=" 0
FAIL: gcc.dg/tree-ssa/vrp47.c scan-tree-dump-times dom1 "x[^ ]* & y" 1
FAIL: gcc.target/powerpc/altivec-macros.c __vector redefined (test for warnings, line 44)
FAIL: gcc.target/powerpc/altivec-macros.c __pixel redefined (test for warnings, line 45)
FAIL: gcc.target/powerpc/altivec-macros.c __bool redefined (test for warnings, line 46)
FAIL: gcc.target/powerpc/altivec-macros.c vector redefined (test for warnings, line 47)
FAIL: gcc.target/powerpc/altivec-macros.c pixel redefined (test for warnings, line 48)
FAIL: gcc.target/powerpc/altivec-macros.c bool redefined (test for warnings, line 49)
FAIL: gcc.target/powerpc/altivec-macros.c prev __vector defn (test for warnings, line 24)
FAIL: gcc.target/powerpc/altivec-macros.c prev __pixel defn (test for warnings, line 27)
FAIL: gcc.target/powerpc/altivec-macros.c prev __bool defn (test for warnings, line 30)
FAIL: gcc.target/powerpc/altivec-macros.c prev vector defn (test for warnings, line 33)
FAIL: gcc.target/powerpc/altivec-macros.c prev pixel defn (test for warnings, line 36)
FAIL: gcc.target/powerpc/altivec-macros.c prev bool defn (test for warnings, line 39)
FAIL: gcc.target/powerpc/altivec-macros.c (test for excess errors)
FAIL: gcc.target/powerpc/dfp-dd.c (test for excess errors)
ERROR: gcc.target/powerpc/dfp-dd.c: error executing dg-final: couldn't open "dfp-dd.s": no such file or directory
UNRESOLVED: gcc.target/powerpc/dfp-dd.c: error executing dg-final: couldn't open "dfp-dd.s": no such file or directory
FAIL: gcc.target/powerpc/dfp-td.c (test for excess errors)
ERROR: gcc.target/powerpc/dfp-td.c: error executing dg-final: couldn't open "dfp-td.s": no such file or directory
UNRESOLVED: gcc.target/powerpc/dfp-td.c: error executing dg-final: couldn't open "dfp-td.s": no such file or directory
FAIL: gcc.target/powerpc/ppc64-double-1.c scan-assembler-not stfd
FAIL: gcc.target/powerpc/pr18096-1.c stack frame too large (test for errors, line 8)
FAIL: gcc.target/powerpc/pr18096-1.c (test for excess errors)
=== gcc Summary ===
# of expected passes 48743
# of unexpected failures 55
# of unexpected successes 1
# of expected failures 126
# of unresolved testcases 4
# of unsupported tests 599
/tmp/edmar/build_cde/job_30/obj_gcc/gcc/xgcc version 4.4.0 20081130 (experimental) (GCC)
Host is x86_64-unknown-linux-gnu
=== gfortran tests ===
Running target REG_perf3farm0
WARNING: program timed out.
FAIL: gfortran.dg/achar_4.f90 -O3 -fomit-frame-pointer -funroll-all-loops -finline-functions execution test
WARNING: program timed out.
FAIL: gfortran.dg/complex_read.f90 -O3 -fomit-frame-pointer -funroll-loops execution test
FAIL: gfortran.dg/fmt_float.f90 -O0 output pattern test, is 0.10E+01 0.10E+00 0.10E-01
FAIL: gfortran.dg/fmt_float.f90 -O1 output pattern test, is 0.10E+01 0.10E+00 0.10E-01
FAIL: gfortran.dg/fmt_float.f90 -O2 output pattern test, is 0.10E+01 0.10E+00 0.10E-01
FAIL: gfortran.dg/fmt_float.f90 -O3 -fomit-frame-pointer output pattern test, is 0.10E+01 0.10E+00 0.10E-01
FAIL: gfortran.dg/fmt_float.f90 -O3 -fomit-frame-pointer -funroll-loops output pattern test, is 0.10E+01 0.10E+00 0.10E-01
FAIL: gfortran.dg/fmt_float.f90 -O3 -fomit-frame-pointer -funroll-all-loops -finline-functions output pattern test, is 0.10E+01 0.10E+00 0.10E-01
FAIL: gfortran.dg/fmt_float.f90 -O3 -g output pattern test, is 0.10E+01 0.10E+00 0.10E-01
FAIL: gfortran.dg/fmt_float.f90 -Os output pattern test, is 0.10E+01 0.10E+00 0.10E-01
FAIL: gfortran.dg/fmt_l.f90 -O0 output pattern test, is At line 14 of file /tmp/edmar/build_cde/job_30/gcc/gcc/testsuite/gfortran.dg/fmt_l.f90
FAIL: gfortran.dg/fmt_l.f90 -O1 output pattern test, is At line 14 of file /tmp/edmar/build_cde/job_30/gcc/gcc/testsuite/gfortran.dg/fmt_l.f90
FAIL: gfortran.dg/fmt_l.f90 -O2 output pattern test, is At line 14 of file /tmp/edmar/build_cde/job_30/gcc/gcc/testsuite/gfortran.dg/fmt_l.f90
FAIL: gfortran.dg/fmt_l.f90 -O3 -fomit-frame-pointer output pattern test, is At line 14 of file /tmp/edmar/build_cde/job_30/gcc/gcc/testsuite/gfortran.dg/fmt_l.f90
FAIL: gfortran.dg/fmt_l.f90 -O3 -fomit-frame-pointer -funroll-loops output pattern test, is At line 14 of file /tmp/edmar/build_cde/job_30/gcc/gcc/testsuite/gfortran.dg/fmt_l.f90
FAIL: gfortran.dg/fmt_l.f90 -O3 -fomit-frame-pointer -funroll-all-loops -finline-functions output pattern test, is At line 14 of file /tmp/edmar/build_cde/job_30/gcc/gcc/testsuite/gfortran.dg/fmt_l.f90
FAIL: gfortran.dg/fmt_l.f90 -O3 -g output pattern test, is At line 14 of file /tmp/edmar/build_cde/job_30/gcc/gcc/testsuite/gfortran.dg/fmt_l.f90
FAIL: gfortran.dg/fmt_l.f90 -Os output pattern test, is At line 14 of file /tmp/edmar/build_cde/job_30/gcc/gcc/testsuite/gfortran.dg/fmt_l.f90
FAIL: gfortran.dg/fmt_zero_precision.f90 -O0 output pattern test, is 1.<
FAIL: gfortran.dg/fmt_zero_precision.f90 -O1 output pattern test, is 1.<
FAIL: gfortran.dg/fmt_zero_precision.f90 -O2 output pattern test, is 1.<
FAIL: gfortran.dg/fmt_zero_precision.f90 -O3 -fomit-frame-pointer output pattern test, is 1.<
FAIL: gfortran.dg/fmt_zero_precision.f90 -O3 -fomit-frame-pointer -funroll-loops output pattern test, is 1.<
FAIL: gfortran.dg/fmt_zero_precision.f90 -O3 -fomit-frame-pointer -funroll-all-loops -finline-functions output pattern test, is 1.<
FAIL: gfortran.dg/fmt_zero_precision.f90 -O3 -g output pattern test, is 1.<
FAIL: gfortran.dg/fmt_zero_precision.f90 -Os output pattern test, is 1.<
WARNING: program timed out.
FAIL: gfortran.dg/inquire_9.f90 -O1 execution test
WARNING: program timed out.
FAIL: gfortran.dg/interface_assignment_1.f90 -O3 -fomit-frame-pointer -funroll-loops execution test
WARNING: program timed out.
FAIL: gfortran.dg/intrinsic_std_4.f90 -O3 -g execution test
FAIL: gfortran.dg/namelist_40.f90 -O0 output pattern test, is Multiple sub-objects with non-zero rank in namelist object x
FAIL: gfortran.dg/namelist_40.f90 -O1 output pattern test, is Multiple sub-objects with non-zero rank in namelist object x
FAIL: gfortran.dg/namelist_40.f90 -O2 output pattern test, is Multiple sub-objects with non-zero rank in namelist object x
FAIL: gfortran.dg/namelist_40.f90 -O3 -fomit-frame-pointer output pattern test, is Multiple sub-objects with non-zero rank in namelist object x
FAIL: gfortran.dg/namelist_40.f90 -O3 -fomit-frame-pointer -funroll-loops output pattern test, is Multiple sub-objects with non-zero rank in namelist object x
FAIL: gfortran.dg/namelist_40.f90 -O3 -fomit-frame-pointer -funroll-all-loops -finline-functions output pattern test, is Multiple sub-objects with non-zero rank in namelist object x
FAIL: gfortran.dg/namelist_40.f90 -O3 -g output pattern test, is Multiple sub-objects with non-zero rank in namelist object x
FAIL: gfortran.dg/namelist_40.f90 -Os output pattern test, is Multiple sub-objects with non-zero rank in namelist object x
FAIL: gfortran.dg/namelist_47.f90 -O0 output pattern test, is Multiple sub-objects with non-zero rank in namelist object x
FAIL: gfortran.dg/namelist_47.f90 -O1 output pattern test, is Multiple sub-objects with non-zero rank in namelist object x
FAIL: gfortran.dg/namelist_47.f90 -O2 output pattern test, is Multiple sub-objects with non-zero rank in namelist object x
FAIL: gfortran.dg/namelist_47.f90 -O3 -fomit-frame-pointer output pattern test, is Multiple sub-objects with non-zero rank in namelist object x
FAIL: gfortran.dg/namelist_47.f90 -O3 -fomit-frame-pointer -funroll-loops output pattern test, is Multiple sub-objects with non-zero rank in namelist object x
FAIL: gfortran.dg/namelist_47.f90 -O3 -fomit-frame-pointer -funroll-all-loops -finline-functions output pattern test, is Multiple sub-objects with non-zero rank in namelist object x
FAIL: gfortran.dg/namelist_47.f90 -O3 -g output pattern test, is Multiple sub-objects with non-zero rank in namelist object x
FAIL: gfortran.dg/namelist_47.f90 -Os output pattern test, is Multiple sub-objects with non-zero rank in namelist object x
FAIL: gfortran.dg/namelist_print_1.f -O0 output pattern test, is &MYNML
FAIL: gfortran.dg/namelist_print_1.f -O1 output pattern test, is &MYNML
FAIL: gfortran.dg/namelist_print_1.f -O2 output pattern test, is &MYNML
FAIL: gfortran.dg/namelist_print_1.f -O3 -fomit-frame-pointer output pattern test, is &MYNML
FAIL: gfortran.dg/namelist_print_1.f -O3 -fomit-frame-pointer -funroll-loops output pattern test, is &MYNML
FAIL: gfortran.dg/namelist_print_1.f -O3 -fomit-frame-pointer -funroll-all-loops -finline-functions output pattern test, is &MYNML
FAIL: gfortran.dg/namelist_print_1.f -O3 -g output pattern test, is &MYNML
FAIL: gfortran.dg/namelist_print_1.f -Os output pattern test, is &MYNML
FAIL: gfortran.dg/parameter_array_dummy.f90 -O0 output pattern test, is 1 aa
FAIL: gfortran.dg/parameter_array_dummy.f90 -O1 output pattern test, is 1 aa
FAIL: gfortran.dg/parameter_array_dummy.f90 -O2 output pattern test, is 1 aa
FAIL: gfortran.dg/parameter_array_dummy.f90 -O3 -fomit-frame-pointer output pattern test, is 1 aa
FAIL: gfortran.dg/parameter_array_dummy.f90 -O3 -fomit-frame-pointer -funroll-loops output pattern test, is 1 aa
FAIL: gfortran.dg/parameter_array_dummy.f90 -O3 -fomit-frame-pointer -funroll-all-loops -finline-functions output pattern test, is 1 aa
FAIL: gfortran.dg/parameter_array_dummy.f90 -O3 -g output pattern test, is 1 aa
FAIL: gfortran.dg/parameter_array_dummy.f90 -Os output pattern test, is 1 aa
WARNING: program timed out.
FAIL: gfortran.dg/pr29581.f90 -O3 -g execution test
WARNING: program timed out.
FAIL: gfortran.dg/transpose_conjg_1.f90 -O2 execution test
WARNING: program timed out.
UNRESOLVED: gfortran.dg/g77/19981119-0.f -O3 -g execution test
FAIL: gfortran.dg/g77/f77-edit-apostrophe-out.f -O0 output pattern test, is abcde
FAIL: gfortran.dg/g77/f77-edit-apostrophe-out.f -O1 output pattern test, is abcde
FAIL: gfortran.dg/g77/f77-edit-apostrophe-out.f -O2 output pattern test, is abcde
FAIL: gfortran.dg/g77/f77-edit-apostrophe-out.f -O3 -fomit-frame-pointer output pattern test, is abcde
FAIL: gfortran.dg/g77/f77-edit-apostrophe-out.f -O3 -fomit-frame-pointer -funroll-loops output pattern test, is abcde
FAIL: gfortran.dg/g77/f77-edit-apostrophe-out.f -O3 -fomit-frame-pointer -funroll-all-loops -finline-functions output pattern test, is abcde
FAIL: gfortran.dg/g77/f77-edit-apostrophe-out.f -O3 -g output pattern test, is abcde
FAIL: gfortran.dg/g77/f77-edit-apostrophe-out.f -Os output pattern test, is abcde
FAIL: gfortran.dg/g77/f77-edit-colon-out.f -O0 output pattern test, is 123
FAIL: gfortran.dg/g77/f77-edit-colon-out.f -O1 output pattern test, is 123
FAIL: gfortran.dg/g77/f77-edit-colon-out.f -O2 output pattern test, is 123
FAIL: gfortran.dg/g77/f77-edit-colon-out.f -O3 -fomit-frame-pointer output pattern test, is 123
FAIL: gfortran.dg/g77/f77-edit-colon-out.f -O3 -fomit-frame-pointer -funroll-loops output pattern test, is 123
FAIL: gfortran.dg/g77/f77-edit-colon-out.f -O3 -fomit-frame-pointer -funroll-all-loops -finline-functions output pattern test, is 123
FAIL: gfortran.dg/g77/f77-edit-colon-out.f -O3 -g output pattern test, is 123
FAIL: gfortran.dg/g77/f77-edit-colon-out.f -Os output pattern test, is 123
FAIL: gfortran.dg/g77/f77-edit-h-out.f -O0 output pattern test, is 1
FAIL: gfortran.dg/g77/f77-edit-h-out.f -O1 output pattern test, is 1
FAIL: gfortran.dg/g77/f77-edit-h-out.f -O2 output pattern test, is 1
FAIL: gfortran.dg/g77/f77-edit-h-out.f -O3 -fomit-frame-pointer output pattern test, is 1
FAIL: gfortran.dg/g77/f77-edit-h-out.f -O3 -fomit-frame-pointer -funroll-loops output pattern test, is 1
FAIL: gfortran.dg/g77/f77-edit-h-out.f -O3 -fomit-frame-pointer -funroll-all-loops -finline-functions output pattern test, is 1
FAIL: gfortran.dg/g77/f77-edit-h-out.f -O3 -g output pattern test, is 1
FAIL: gfortran.dg/g77/f77-edit-h-out.f -Os output pattern test, is 1
FAIL: gfortran.dg/g77/f77-edit-i-out.f -O0 output pattern test, is 1
FAIL: gfortran.dg/g77/f77-edit-i-out.f -O1 output pattern test, is 1
FAIL: gfortran.dg/g77/f77-edit-i-out.f -O2 output pattern test, is 1
FAIL: gfortran.dg/g77/f77-edit-i-out.f -O3 -fomit-frame-pointer output pattern test, is 1
FAIL: gfortran.dg/g77/f77-edit-i-out.f -O3 -fomit-frame-pointer -funroll-loops output pattern test, is 1
FAIL: gfortran.dg/g77/f77-edit-i-out.f -O3 -fomit-frame-pointer -funroll-all-loops -finline-functions output pattern test, is 1
FAIL: gfortran.dg/g77/f77-edit-i-out.f -O3 -g output pattern test, is 1
FAIL: gfortran.dg/g77/f77-edit-i-out.f -Os output pattern test, is 1
FAIL: gfortran.dg/g77/f77-edit-s-out.f -O0 output pattern test, is +10 20
FAIL: gfortran.dg/g77/f77-edit-s-out.f -O1 output pattern test, is +10 20
FAIL: gfortran.dg/g77/f77-edit-s-out.f -O2 output pattern test, is +10 20
FAIL: gfortran.dg/g77/f77-edit-s-out.f -O3 -fomit-frame-pointer output pattern test, is +10 20
FAIL: gfortran.dg/g77/f77-edit-s-out.f -O3 -fomit-frame-pointer -funroll-loops output pattern test, is +10 20
FAIL: gfortran.dg/g77/f77-edit-s-out.f -O3 -fomit-frame-pointer -funroll-all-loops -finline-functions output pattern test, is +10 20
FAIL: gfortran.dg/g77/f77-edit-s-out.f -O3 -g output pattern test, is +10 20
FAIL: gfortran.dg/g77/f77-edit-s-out.f -Os output pattern test, is +10 20
FAIL: gfortran.dg/g77/f77-edit-slash-out.f -O0 output pattern test, is 123
FAIL: gfortran.dg/g77/f77-edit-slash-out.f -O1 output pattern test, is 123
FAIL: gfortran.dg/g77/f77-edit-slash-out.f -O2 output pattern test, is 123
FAIL: gfortran.dg/g77/f77-edit-slash-out.f -O3 -fomit-frame-pointer output pattern test, is 123
FAIL: gfortran.dg/g77/f77-edit-slash-out.f -O3 -fomit-frame-pointer -funroll-loops output pattern test, is 123
FAIL: gfortran.dg/g77/f77-edit-slash-out.f -O3 -fomit-frame-pointer -funroll-all-loops -finline-functions output pattern test, is 123
FAIL: gfortran.dg/g77/f77-edit-slash-out.f -O3 -g output pattern test, is 123
FAIL: gfortran.dg/g77/f77-edit-slash-out.f -Os output pattern test, is 123
FAIL: gfortran.dg/g77/f77-edit-t-out.f -O0 output pattern test, is 1234 8
FAIL: gfortran.dg/g77/f77-edit-t-out.f -O1 output pattern test, is 1234 8
FAIL: gfortran.dg/g77/f77-edit-t-out.f -O2 output pattern test, is 1234 8
FAIL: gfortran.dg/g77/f77-edit-t-out.f -O3 -fomit-frame-pointer output pattern test, is 1234 8
FAIL: gfortran.dg/g77/f77-edit-t-out.f -O3 -fomit-frame-pointer -funroll-loops output pattern test, is 1234 8
FAIL: gfortran.dg/g77/f77-edit-t-out.f -O3 -fomit-frame-pointer -funroll-all-loops -finline-functions output pattern test, is 1234 8
FAIL: gfortran.dg/g77/f77-edit-t-out.f -O3 -g output pattern test, is 1234 8
FAIL: gfortran.dg/g77/f77-edit-t-out.f -Os output pattern test, is 1234 8
FAIL: gfortran.dg/g77/f77-edit-x-out.f -O0 output pattern test, is 1 2 3
FAIL: gfortran.dg/g77/f77-edit-x-out.f -O1 output pattern test, is 1 2 3
FAIL: gfortran.dg/g77/f77-edit-x-out.f -O2 output pattern test, is 1 2 3
FAIL: gfortran.dg/g77/f77-edit-x-out.f -O3 -fomit-frame-pointer output pattern test, is 1 2 3
FAIL: gfortran.dg/g77/f77-edit-x-out.f -O3 -fomit-frame-pointer -funroll-loops output pattern test, is 1 2 3
FAIL: gfortran.dg/g77/f77-edit-x-out.f -O3 -fomit-frame-pointer -funroll-all-loops -finline-functions output pattern test, is 1 2 3
FAIL: gfortran.dg/g77/f77-edit-x-out.f -O3 -g output pattern test, is 1 2 3
FAIL: gfortran.dg/g77/f77-edit-x-out.f -Os output pattern test, is 1 2 3
WARNING: program timed out.
FAIL: gfortran.fortran-torture/execute/retarray_2.f90 execution, -O2 -fbounds-check
WARNING: program timed out.
FAIL: gfortran.fortran-torture/execute/spec_abs.f90 execution, -Os
WARNING: program timed out.
FAIL: gfortran.fortran-torture/execute/specifics.f90 execution, -O2 -fomit-frame-pointer -finline-functions
WARNING: program timed out.
FAIL: gfortran.fortran-torture/execute/st_function.f90 execution, -O2 -fomit-frame-pointer -finline-functions
WARNING: program timed out.
FAIL: gfortran.fortran-torture/execute/unopened_unit_1.f90 execution, -O2 -fbounds-check
WARNING: program timed out.
FAIL: gfortran.fortran-torture/execute/where_15.f90 execution, -Os
=== gfortran Summary ===
# of expected passes 28024
# of unexpected failures 133
# of expected failures 35
# of unresolved testcases 1
# of unsupported tests 120
/tmp/edmar/build_cde/job_30/obj_gcc/gcc/testsuite/gfortran/../../gfortran version 4.4.0 20081130 (experimental) (GCC)
Compiler version: 4.4.0 20081130 (experimental) (GCC)
Platform: powerpc-unknown-linux-gnu
configure flags: --target=powerpc-unknown-linux-gnu --prefix=/_TOOLS_/dist/local-/ppc-/regression-gcc-trunk-e300c3/i686-pc-linux2.4 --with-sysroot=/_TOOLS_/dist/local-/ppc-/regression-gcc-trunk-e300c3/i686-pc-linux2.4/sysroot --disable-libssp --disable-libmudflap --enable-languages=c,c++ --with-gmp=/_TOOLS_/dist/gnu_toolchain/build_support-x86_64-unknown-linux-gnu/install_gmp-4.1.4 --with-mpfr=/_TOOLS_/dist/gnu_toolchain/build_support-x86_64-unknown-linux-gnu/install_mpfr-2.3.0 --with-cpu=e300c3 --disable-decimal-float --enable-languages=c,c++,fortran
More information about the Gcc-testresults
mailing list