Results for 4.4.0 20081201 (experimental) [trunk revision 142324] (GCC) testsuite on powerpc64-unknown-linux-gnu

Janis Johnson janis187@us.ibm.com
Tue Dec 2 09:02:00 GMT 2008


Linux 2.6.16.46-0.4-ppc64 ppc64
GNU C Library development release version 2.4 (20070330)
GNU ld (GNU Binutils) 2.18.50.20080903
GNU assembler (GNU Binutils) 2.18.50.20080903
GNU Make 3.80

DejaGnu:
	Expect version is	5.43.0
	Tcl version is		8.4
	Framework version is	1.4.4

32-bit biarch default32

LAST_UPDATED: Mon Dec  1 17:13:38 UTC 2008 (revision 142324)

Native configuration is powerpc64-unknown-linux-gnu

		=== g++ tests ===


Running target unix/-m32
FAIL: g++.dg/ext/altivec-types-1.C  (test for errors, line 30)
FAIL: g++.dg/ipa/iinline-1.C scan-ipa-dump inline "String::funcOne[^\\n]*inline copy in int main"

		=== g++ Summary for unix/-m32 ===

# of expected passes		18800
# of unexpected failures	2
# of expected failures		135
# of unsupported tests		127

Running target unix/-m64
FAIL: g++.dg/ext/altivec-types-1.C  (test for errors, line 30)
FAIL: g++.dg/ipa/iinline-1.C scan-ipa-dump inline "String::funcOne[^\\n]*inline copy in int main"

		=== g++ Summary for unix/-m64 ===

# of expected passes		18760
# of unexpected failures	2
# of expected failures		135
# of unsupported tests		130

		=== g++ Summary ===

# of expected passes		37560
# of unexpected failures	4
# of expected failures		270
# of unsupported tests		257
/home/gccbuild/build/nightly/build-gcc-trunk/gcc/testsuite/g++/../../g++  version 4.4.0 20081201 (experimental) [trunk revision 142324] (GCC) 

		=== gcc tests ===


Running target unix/-m32
XPASS: gcc.dg/20020103-1.c scan-assembler-not LC[0-9]
XPASS: gcc.dg/Wtype-limits.c  (test for bogus messages, line 61)
FAIL: gcc.dg/Wtype-limits.c (test for excess errors)
FAIL: gcc.dg/and-1.c scan-assembler-not nand
FAIL: gcc.dg/c90-typespec-1.c unsigned long int int (test for errors, line 517)
FAIL: gcc.dg/c90-typespec-1.c unsigned long int long (test for errors, line 518)
FAIL: gcc.dg/c90-typespec-1.c unsigned long int float (test for errors, line 519)
FAIL: gcc.dg/c90-typespec-1.c unsigned long int double (test for errors, line 520)
FAIL: gcc.dg/c90-typespec-1.c unsigned long int signed (test for errors, line 521)
FAIL: gcc.dg/c90-typespec-1.c unsigned long int unsigned (test for errors, line 522)
FAIL: gcc.dg/c90-typespec-1.c (test for excess errors)
FAIL: gcc.dg/memcpy-1.c scan-tree-dump-times optimized "nasty_local" 0
FAIL: gcc.dg/pr35729.c scan-rtl-dump-times loop2_invariant "Decided to move invariant" 0
FAIL: gcc.dg/sequence-pt-pr17880.c sequence point warning (test for warnings, line 50)
FAIL: gcc.dg/sequence-pt-pr17880.c (test for excess errors)
FAIL: gcc.dg/pch/valid-1b.c -O0 -g -I. (test for excess errors)
FAIL: gcc.dg/pch/valid-1b.c -O0 -g assembly comparison
FAIL: gcc.dg/pch/valid-1b.c  -O0  -I. (test for excess errors)
FAIL: gcc.dg/pch/valid-1b.c  -O0  assembly comparison
FAIL: gcc.dg/pch/valid-1b.c  -O1  -I. (test for excess errors)
FAIL: gcc.dg/pch/valid-1b.c  -O1  assembly comparison
FAIL: gcc.dg/pch/valid-1b.c  -O2  -I. (test for excess errors)
FAIL: gcc.dg/pch/valid-1b.c  -O2  assembly comparison
FAIL: gcc.dg/pch/valid-1b.c  -O3 -fomit-frame-pointer  -I. (test for excess errors)
FAIL: gcc.dg/pch/valid-1b.c  -O3 -fomit-frame-pointer  assembly comparison
FAIL: gcc.dg/pch/valid-1b.c  -O3 -g  -I. (test for excess errors)
FAIL: gcc.dg/pch/valid-1b.c  -O3 -g  assembly comparison
FAIL: gcc.dg/pch/valid-1b.c  -Os  -I. (test for excess errors)
FAIL: gcc.dg/pch/valid-1b.c  -Os  assembly comparison
FAIL: gcc.dg/tree-ssa/vrp47.c scan-tree-dump-times vrp1 "[xy][^ ]* !=" 0
FAIL: gcc.dg/tree-ssa/vrp47.c scan-tree-dump-times dom1 "x[^ ]* & y" 1
FAIL: gcc.dg/vect/costmodel/ppc/costmodel-slp-12.c scan-tree-dump-times vect "vectorized 1 loops" 1
FAIL: gcc.dg/vect/costmodel/ppc/costmodel-slp-12.c scan-tree-dump-times vect "vectorizing stmts using SLP" 1
FAIL: gcc.dg/vect/vect-67.c scan-tree-dump-times vect "vectorized 1 loops" 1
FAIL: gcc.target/powerpc/pr18096-1.c stack frame too large (test for errors, line 8)
FAIL: gcc.target/powerpc/pr18096-1.c (test for excess errors)

		=== gcc Summary for unix/-m32 ===

# of expected passes		52495
# of unexpected successes	2
# of unexpected failures	34
# of expected failures		199
# of unsupported tests		540

Running target unix/-m64
FAIL: gcc.dg/and-1.c scan-assembler-not nand
FAIL: gcc.dg/long-long-typespec-1.c unsigned long int long long (test for errors, line 815)
FAIL: gcc.dg/long-long-typespec-1.c unsigned long int long float (test for errors, line 816)
FAIL: gcc.dg/long-long-typespec-1.c unsigned long int long double (test for errors, line 817)
FAIL: gcc.dg/long-long-typespec-1.c unsigned long int long signed (test for errors, line 818)
FAIL: gcc.dg/long-long-typespec-1.c unsigned long int long unsigned (test for errors, line 819)
FAIL: gcc.dg/long-long-typespec-1.c unsigned long long int void (test for errors, line 820)
FAIL: gcc.dg/long-long-typespec-1.c unsigned long long int char (test for errors, line 821)
FAIL: gcc.dg/long-long-typespec-1.c unsigned long long int short (test for errors, line 822)
FAIL: gcc.dg/long-long-typespec-1.c unsigned long long int int (test for errors, line 823)
FAIL: gcc.dg/long-long-typespec-1.c unsigned long long int long (test for errors, line 824)
FAIL: gcc.dg/long-long-typespec-1.c unsigned long long int float (test for errors, line 825)
FAIL: gcc.dg/long-long-typespec-1.c unsigned long long int double (test for errors, line 826)
FAIL: gcc.dg/long-long-typespec-1.c unsigned long long int signed (test for errors, line 827)
FAIL: gcc.dg/long-long-typespec-1.c unsigned long long int unsigned (test for errors, line 828)
FAIL: gcc.dg/long-long-typespec-1.c (test for excess errors)
FAIL: gcc.dg/pr35729.c scan-rtl-dump-times loop2_invariant "Decided to move invariant" 0
FAIL: gcc.dg/visibility-16.c scan-hidden hidden[ \\t_]*foo
FAIL: gcc.dg/pch/valid-1b.c -O0 -g -I. (test for excess errors)
FAIL: gcc.dg/pch/valid-1b.c -O0 -g assembly comparison
FAIL: gcc.dg/pch/valid-1b.c  -O0  -I. (test for excess errors)
FAIL: gcc.dg/pch/valid-1b.c  -O0  assembly comparison
FAIL: gcc.dg/pch/valid-1b.c  -O1  -I. (test for excess errors)
FAIL: gcc.dg/pch/valid-1b.c  -O1  assembly comparison
FAIL: gcc.dg/pch/valid-1b.c  -O2  -I. (test for excess errors)
FAIL: gcc.dg/pch/valid-1b.c  -O2  assembly comparison
FAIL: gcc.dg/pch/valid-1b.c  -O3 -fomit-frame-pointer  -I. (test for excess errors)
FAIL: gcc.dg/pch/valid-1b.c  -O3 -fomit-frame-pointer  assembly comparison
FAIL: gcc.dg/pch/valid-1b.c  -O3 -g  -I. (test for excess errors)
FAIL: gcc.dg/pch/valid-1b.c  -O3 -g  assembly comparison
FAIL: gcc.dg/pch/valid-1b.c  -Os  -I. (test for excess errors)
FAIL: gcc.dg/pch/valid-1b.c  -Os  assembly comparison
XPASS: gcc.dg/tree-ssa/sra-2.c scan-tree-dump-times optimized "link_error" 0
FAIL: gcc.dg/tree-ssa/vrp47.c scan-tree-dump-times vrp1 "[xy][^ ]* !=" 0
FAIL: gcc.dg/tree-ssa/vrp47.c scan-tree-dump-times dom1 "x[^ ]* & y" 1
FAIL: gcc.dg/vect/costmodel/ppc/costmodel-slp-12.c scan-tree-dump-times vect "vectorized 1 loops" 1
FAIL: gcc.dg/vect/costmodel/ppc/costmodel-slp-12.c scan-tree-dump-times vect "vectorizing stmts using SLP" 1
FAIL: gcc.dg/vect/vect-67.c scan-tree-dump-times vect "vectorized 1 loops" 1
FAIL: gcc.dg/weak/weak-1.c scan-assembler weak[^ \\t]*[ \\t]_?j
FAIL: gcc.dg/weak/weak-16.c scan-assembler weak[^ \\t]*[ \\t]_?kallsyms_token_index
FAIL: gcc.target/powerpc/ppc64-double-1.c scan-assembler-not stfd

		=== gcc Summary for unix/-m64 ===

# of expected passes		52337
# of unexpected successes	1
# of unexpected failures	40
# of expected failures		202
# of unsupported tests		603

		=== gcc Summary ===

# of expected passes		104832
# of unexpected failures	74
# of unexpected successes	3
# of expected failures		401
# of unsupported tests		1143
/home/gccbuild/build/nightly/build-gcc-trunk/gcc/xgcc  version 4.4.0 20081201 (experimental) [trunk revision 142324] (GCC) 

		=== gfortran tests ===


Running target unix/-m32
XPASS: gfortran.dg/default_format_denormal_2.f90  -O0  execution test
XPASS: gfortran.dg/default_format_denormal_2.f90  -O1  execution test
XPASS: gfortran.dg/default_format_denormal_2.f90  -O2  execution test
XPASS: gfortran.dg/default_format_denormal_2.f90  -O3 -fomit-frame-pointer  execution test
XPASS: gfortran.dg/default_format_denormal_2.f90  -O3 -fomit-frame-pointer -funroll-loops  execution test
XPASS: gfortran.dg/default_format_denormal_2.f90  -O3 -fomit-frame-pointer -funroll-all-loops -finline-functions  execution test
XPASS: gfortran.dg/default_format_denormal_2.f90  -O3 -g  execution test
XPASS: gfortran.dg/default_format_denormal_2.f90  -Os  execution test

		=== gfortran Summary for unix/-m32 ===

# of expected passes		28717
# of unexpected successes	8
# of expected failures		27
# of unsupported tests		118

Running target unix/-m64
XPASS: gfortran.dg/default_format_denormal_2.f90  -O0  execution test
XPASS: gfortran.dg/default_format_denormal_2.f90  -O1  execution test
XPASS: gfortran.dg/default_format_denormal_2.f90  -O2  execution test
XPASS: gfortran.dg/default_format_denormal_2.f90  -O3 -fomit-frame-pointer  execution test
XPASS: gfortran.dg/default_format_denormal_2.f90  -O3 -fomit-frame-pointer -funroll-loops  execution test
XPASS: gfortran.dg/default_format_denormal_2.f90  -O3 -fomit-frame-pointer -funroll-all-loops -finline-functions  execution test
XPASS: gfortran.dg/default_format_denormal_2.f90  -O3 -g  execution test
XPASS: gfortran.dg/default_format_denormal_2.f90  -Os  execution test
FAIL: gfortran.dg/typebound_generic_1.f03  -O   (test for errors, line 57)
FAIL: gfortran.dg/typebound_generic_1.f03  -O  (test for excess errors)
FAIL: gfortran.dg/gomp/omp_do1.f90  -O   (test for errors, line 51)
FAIL: gfortran.dg/gomp/omp_do1.f90  -O  (test for excess errors)

		=== gfortran Summary for unix/-m64 ===

# of expected passes		28862
# of unexpected successes	8
# of unexpected failures	4
# of expected failures		27
# of unsupported tests		45

		=== gfortran Summary ===

# of expected passes		57579
# of unexpected failures	4
# of unexpected successes	16
# of expected failures		54
# of unsupported tests		163
/home/gccbuild/build/nightly/build-gcc-trunk/gcc/testsuite/gfortran/../../gfortran  version 4.4.0 20081201 (experimental) [trunk revision 142324] (GCC) 

		=== obj-c++ tests ===


Running target unix/-m32
WARNING: obj-c++.dg/bitfield-1.mm compilation failed to produce executable
WARNING: obj-c++.dg/lookup-2.mm compilation failed to produce executable
WARNING: obj-c++.dg/try-catch-2.mm compilation failed to produce executable
WARNING: obj-c++.dg/try-catch-9.mm compilation failed to produce executable

		=== obj-c++ Summary for unix/-m32 ===

# of expected passes		437
# of expected failures		11
# of unsupported tests		13

Running target unix/-m64
WARNING: obj-c++.dg/bitfield-1.mm compilation failed to produce executable
WARNING: obj-c++.dg/lookup-2.mm compilation failed to produce executable
WARNING: obj-c++.dg/try-catch-2.mm compilation failed to produce executable
WARNING: obj-c++.dg/try-catch-9.mm compilation failed to produce executable

		=== obj-c++ Summary for unix/-m64 ===

# of expected passes		426
# of expected failures		22
# of unsupported tests		13

		=== obj-c++ Summary ===

# of expected passes		863
# of expected failures		33
# of unsupported tests		26
/home/gccbuild/build/nightly/build-gcc-trunk/gcc/testsuite/obj-c++/../../g++  version 4.4.0 20081201 (experimental) [trunk revision 142324] (GCC) 

		=== objc tests ===


Running target unix/-m32

		=== objc Summary for unix/-m32 ===

# of expected passes		1814
# of expected failures		7
# of unsupported tests		24

Running target unix/-m64

		=== objc Summary for unix/-m64 ===

# of expected passes		1814
# of expected failures		7
# of unsupported tests		24

		=== objc Summary ===

# of expected passes		3628
# of expected failures		14
# of unsupported tests		48
/home/gccbuild/build/nightly/build-gcc-trunk/gcc/xgcc  version 4.4.0 20081201 (experimental) [trunk revision 142324] (GCC) 

		=== libffi tests ===


Running target unix/-m32

		=== libffi Summary for unix/-m32 ===

# of expected passes		1389
# of unsupported tests		10

Running target unix/-m64

		=== libffi Summary for unix/-m64 ===

# of expected passes		1389
# of unsupported tests		10

		=== libffi Summary ===

# of expected passes		2778
# of unsupported tests		20
		=== libgomp tests ===


Running target unix/-m32

		=== libgomp Summary for unix/-m32 ===

# of expected passes		2321

Running target unix/-m64

		=== libgomp Summary for unix/-m64 ===

# of expected passes		2321

		=== libgomp Summary ===

# of expected passes		4642
		=== libjava tests ===


Running target unix/-m32

		=== libjava Summary for unix/-m32 ===

# of expected passes		2574

Running target unix/-m64
FAIL: getlocalvartable output

		=== libjava Summary for unix/-m64 ===

# of expected passes		2573
# of unexpected failures	1

		=== libjava Summary ===

# of expected passes		5147
# of unexpected failures	1
		=== libmudflap tests ===


Running target unix/-m32
FAIL: libmudflap.c++/pass41-frag.cxx execution test
FAIL: libmudflap.c++/pass41-frag.cxx (-static) execution test
FAIL: libmudflap.c++/pass41-frag.cxx (-O2) execution test
FAIL: libmudflap.c++/pass41-frag.cxx (-O3) execution test
WARNING: program timed out.
FAIL: libmudflap.cth/pass37-frag.c (-O2) (rerun 14) execution test
WARNING: program timed out.
FAIL: libmudflap.cth/pass39-frag.c (-O2) (rerun 2) execution test
FAIL: libmudflap.cth/pass39-frag.c (-O2) (rerun 2) output pattern test
WARNING: program timed out.
FAIL: libmudflap.cth/pass39-frag.c (-O2) (rerun 3) execution test
FAIL: libmudflap.cth/pass39-frag.c (-O2) (rerun 3) output pattern test
WARNING: program timed out.
FAIL: libmudflap.cth/pass39-frag.c (-O2) (rerun 4) execution test
FAIL: libmudflap.cth/pass39-frag.c (-O2) (rerun 4) output pattern test
WARNING: program timed out.
FAIL: libmudflap.cth/pass39-frag.c (-O2) (rerun 5) execution test
FAIL: libmudflap.cth/pass39-frag.c (-O2) (rerun 5) output pattern test
WARNING: program timed out.
FAIL: libmudflap.cth/pass39-frag.c (-O2) (rerun 6) execution test
FAIL: libmudflap.cth/pass39-frag.c (-O2) (rerun 6) output pattern test
WARNING: program timed out.
FAIL: libmudflap.cth/pass39-frag.c (-O2) (rerun 7) execution test
FAIL: libmudflap.cth/pass39-frag.c (-O2) (rerun 7) output pattern test
WARNING: program timed out.
FAIL: libmudflap.cth/pass39-frag.c (-O2) (rerun 8) execution test
FAIL: libmudflap.cth/pass39-frag.c (-O2) (rerun 8) output pattern test
WARNING: program timed out.
FAIL: libmudflap.cth/pass39-frag.c (-O2) (rerun 12) execution test
FAIL: libmudflap.cth/pass39-frag.c (-O2) (rerun 12) output pattern test
WARNING: program timed out.
FAIL: libmudflap.cth/pass39-frag.c (-O2) (rerun 15) execution test
FAIL: libmudflap.cth/pass39-frag.c (-O2) (rerun 15) output pattern test
WARNING: program timed out.
FAIL: libmudflap.cth/pass39-frag.c (-O2) (rerun 16) execution test
FAIL: libmudflap.cth/pass39-frag.c (-O2) (rerun 16) output pattern test
WARNING: program timed out.
FAIL: libmudflap.cth/pass39-frag.c (-O2) (rerun 18) execution test
FAIL: libmudflap.cth/pass39-frag.c (-O2) (rerun 18) output pattern test
WARNING: program timed out.
FAIL: libmudflap.cth/pass37-frag.c (-O3) (rerun 4) execution test
FAIL: libmudflap.cth/pass37-frag.c (-O3) (rerun 4) output pattern test
WARNING: program timed out.
FAIL: libmudflap.cth/pass37-frag.c (-O3) (rerun 5) execution test
FAIL: libmudflap.cth/pass37-frag.c (-O3) (rerun 5) output pattern test
WARNING: program timed out.
FAIL: libmudflap.cth/pass37-frag.c (-O3) (rerun 14) execution test
FAIL: libmudflap.cth/pass37-frag.c (-O3) (rerun 14) output pattern test
WARNING: program timed out.
FAIL: libmudflap.cth/pass39-frag.c (-O3) execution test
FAIL: libmudflap.cth/pass39-frag.c (-O3) output pattern test
WARNING: program timed out.
FAIL: libmudflap.cth/pass39-frag.c (-O3) (rerun 1) execution test
FAIL: libmudflap.cth/pass39-frag.c (-O3) (rerun 1) output pattern test
WARNING: program timed out.
FAIL: libmudflap.cth/pass39-frag.c (-O3) (rerun 7) execution test
WARNING: program timed out.
FAIL: libmudflap.cth/pass39-frag.c (-O3) (rerun 17) execution test
FAIL: libmudflap.cth/pass39-frag.c (-O3) (rerun 17) output pattern test

		=== libmudflap Summary for unix/-m32 ===

# of expected passes		1854
# of unexpected failures	40

Running target unix/-m64
FAIL: libmudflap.c/fail27-frag.c output pattern test
FAIL: libmudflap.c/fail27-frag.c (-static) output pattern test
FAIL: libmudflap.c/fail27-frag.c (-O2) output pattern test
FAIL: libmudflap.c/fail27-frag.c (-O3) output pattern test
FAIL: libmudflap.c++/pass41-frag.cxx execution test
FAIL: libmudflap.c++/pass41-frag.cxx (-static) execution test
FAIL: libmudflap.c++/pass41-frag.cxx (-O2) execution test
FAIL: libmudflap.c++/pass41-frag.cxx (-O3) execution test
WARNING: program timed out.
FAIL: libmudflap.cth/pass37-frag.c (rerun 5) execution test
FAIL: libmudflap.cth/pass37-frag.c (rerun 5) output pattern test
WARNING: program timed out.
FAIL: libmudflap.cth/pass37-frag.c (rerun 11) execution test
FAIL: libmudflap.cth/pass37-frag.c (rerun 11) output pattern test
WARNING: program timed out.
FAIL: libmudflap.cth/pass39-frag.c (-O2) (rerun 9) execution test
FAIL: libmudflap.cth/pass39-frag.c (-O2) (rerun 9) output pattern test
WARNING: program timed out.
FAIL: libmudflap.cth/pass39-frag.c (-O3) (rerun 7) execution test
FAIL: libmudflap.cth/pass39-frag.c (-O3) (rerun 7) output pattern test
WARNING: program timed out.
FAIL: libmudflap.cth/pass39-frag.c (-O3) (rerun 9) execution test
FAIL: libmudflap.cth/pass39-frag.c (-O3) (rerun 9) output pattern test

		=== libmudflap Summary for unix/-m64 ===

# of expected passes		1876
# of unexpected failures	18

		=== libmudflap Summary ===

# of expected passes		3730
# of unexpected failures	58
		=== libstdc++ tests ===


Running target unix/-m32
FAIL: abi_check
XPASS: 26_numerics/headers/cmath/c99_classification_macros_c.cc (test for excess errors)

		=== libstdc++ Summary for unix/-m32 ===

# of expected passes		6362
# of unexpected successes	1
# of unexpected failures	1
# of expected failures		74
# of unsupported tests		10

Running target unix/-m64
FAIL: abi_check
XPASS: 26_numerics/complex/13450.cc execution test
XPASS: 26_numerics/complex/complex_value.cc execution test
XPASS: 26_numerics/complex/pow.cc execution test
XPASS: 26_numerics/headers/cmath/c99_classification_macros_c.cc (test for excess errors)

		=== libstdc++ Summary for unix/-m64 ===

# of expected passes		6359
# of unexpected successes	4
# of unexpected failures	1
# of expected failures		74
# of unsupported tests		10

		=== libstdc++ Summary ===

# of expected passes		12721
# of unexpected failures	2
# of unexpected successes	5
# of expected failures		148
# of unsupported tests		20

Compiler version: 4.4.0 20081201 (experimental) [trunk revision 142324] (GCC) 
Platform: powerpc64-unknown-linux-gnu
configure flags: --prefix=/opt/gcc-nightly/trunk-20081201 --build=powerpc64-linux --host=powerpc64-linux --target=powerpc64-linux --with-cpu=default32 --with-as=/opt/gcc-nightly/binutils-20080903/bin/as --with-ld=/opt/gcc-nightly/binutils-20080903/bin/ld --enable-threads=posix --enable-shared --enable-__cxa_atexit --enable-languages=c,c++,fortran,objc,obj-c++,java --enable-checking --disable-alsa --with-gmp=/opt/gcc-nightly/gmp-mpfr --with-mpfr=/opt/gcc-nightly/gmp-mpfr

		=== Test Framework Summary ===

# of expected passes		2518



More information about the Gcc-testresults mailing list