Results for 4.4.0 20081130 (experimental) [trunk revision 142292] (Debian 20081130-1) testsuite on x86_64-pc-linux-gnu
Matthias Klose
doko@debian.org
Tue Dec 2 00:55:00 GMT 2008
LAST_UPDATED: Sun Nov 30 10:44:53 UTC 2008 (revision 142292)
Target: x86_64-linux-gnu
gcc version 4.4.0 20081130 (experimental) [trunk revision 142292] (Debian 20081130-1)
=== acats tests ===
=== acats Summary ===
# of expected passes 2315
# of unexpected failures 0
Native configuration is x86_64-pc-linux-gnu
=== g++ tests ===
Running target unix
=== g++ Summary for unix ===
# of expected passes 18946
# of expected failures 135
# of unsupported tests 247
Running target unix/-m32
=== g++ Summary for unix/-m32 ===
# of expected passes 19259
# of expected failures 135
# of unsupported tests 97
=== g++ Summary ===
# of expected passes 38205
# of expected failures 270
# of unsupported tests 344
/build/buildd/gcc-snapshot-20081130/build/gcc/testsuite/g++/../../g++ version 4.4.0 20081130 (experimental) [trunk revision 142292] (Debian 20081130-1)
=== gcc tests ===
Running target unix
FAIL: gcc.dg/tree-prof/bb-reorg.c compilation, -fprofile-use -D_PROFILE_USE
UNRESOLVED: gcc.dg/tree-prof/bb-reorg.c execution, -fprofile-use -D_PROFILE_USE
FAIL: gcc.dg/tree-prof/pr34999.c compilation, -fprofile-use -D_PROFILE_USE
UNRESOLVED: gcc.dg/tree-prof/pr34999.c execution, -fprofile-use -D_PROFILE_USE
FAIL: gcc.dg/vect/vect-67.c scan-tree-dump-times vect "vectorized 1 loops" 1
FAIL: gcc.dg/vect/no-scevccp-outer-13.c scan-tree-dump-times vect "OUTER LOOP VECTORIZED." 1
FAIL: gcc.dg/vect/no-scevccp-outer-7.c scan-tree-dump-times vect "OUTER LOOP VECTORIZED." 1
FAIL: gcc.target/i386/pr34256.c scan-assembler-times mov 2
=== gcc Summary for unix ===
# of expected passes 54534
# of unexpected failures 6
# of expected failures 188
# of unresolved testcases 2
# of unsupported tests 1167
Running target unix/-m32
FAIL: gcc.dg/pr30286.c execution test
FAIL: gcc.dg/pch/valid-1b.c -O0 -g -I. (test for excess errors)
FAIL: gcc.dg/pch/valid-1b.c -O0 -g assembly comparison
FAIL: gcc.dg/pch/valid-1b.c -O0 -I. (test for excess errors)
FAIL: gcc.dg/pch/valid-1b.c -O0 assembly comparison
FAIL: gcc.dg/pch/valid-1b.c -O1 -I. (test for excess errors)
FAIL: gcc.dg/pch/valid-1b.c -O1 assembly comparison
FAIL: gcc.dg/pch/valid-1b.c -O2 -I. (test for excess errors)
FAIL: gcc.dg/pch/valid-1b.c -O2 assembly comparison
FAIL: gcc.dg/pch/valid-1b.c -O3 -fomit-frame-pointer -I. (test for excess errors)
FAIL: gcc.dg/pch/valid-1b.c -O3 -fomit-frame-pointer assembly comparison
FAIL: gcc.dg/pch/valid-1b.c -O3 -g -I. (test for excess errors)
FAIL: gcc.dg/pch/valid-1b.c -O3 -g assembly comparison
FAIL: gcc.dg/pch/valid-1b.c -Os -I. (test for excess errors)
FAIL: gcc.dg/pch/valid-1b.c -Os assembly comparison
FAIL: gcc.dg/vect/vect-67.c scan-tree-dump-times vect "vectorized 1 loops" 1
FAIL: gcc.dg/vect/no-scevccp-outer-13.c scan-tree-dump-times vect "OUTER LOOP VECTORIZED." 1
FAIL: gcc.dg/vect/no-scevccp-outer-7.c scan-tree-dump-times vect "OUTER LOOP VECTORIZED." 1
FAIL: gcc.target/i386/pr37843-3.c scan-assembler-not call[\\\\t ]*foo
FAIL: gcc.target/i386/pr37843-3.c scan-assembler jmp[\\\\t ]*foo
=== gcc Summary for unix/-m32 ===
# of expected passes 54968
# of unexpected failures 20
# of expected failures 188
# of unsupported tests 882
=== gcc Summary ===
# of expected passes 109502
# of unexpected failures 26
# of expected failures 376
# of unresolved testcases 2
# of unsupported tests 2049
/build/buildd/gcc-snapshot-20081130/build/gcc/xgcc version 4.4.0 20081130 (experimental) [trunk revision 142292] (Debian 20081130-1)
=== gfortran tests ===
Running target unix
=== gfortran Summary for unix ===
# of expected passes 28893
# of expected failures 14
# of unsupported tests 42
Running target unix/-m32
=== gfortran Summary for unix/-m32 ===
# of expected passes 28778
# of expected failures 14
# of unsupported tests 97
=== gfortran Summary ===
# of expected passes 57671
# of expected failures 28
# of unsupported tests 139
/build/buildd/gcc-snapshot-20081130/build/gcc/testsuite/gfortran/../../gfortran version 4.4.0 20081130 (experimental) [trunk revision 142292] (Debian 20081130-1)
=== gnat tests ===
Running target unix
=== gnat Summary ===
# of expected passes 599
# of expected failures 6
=== obj-c++ tests ===
Running target unix
UNRESOLVED: obj-c++.dg/bitfield-1.mm compilation failed to produce executable
UNRESOLVED: obj-c++.dg/lookup-2.mm compilation failed to produce executable
UNRESOLVED: obj-c++.dg/try-catch-2.mm compilation failed to produce executable
UNRESOLVED: obj-c++.dg/try-catch-9.mm compilation failed to produce executable
=== obj-c++ Summary ===
# of expected passes 426
# of expected failures 22
# of unresolved testcases 4
# of unsupported tests 13
/build/buildd/gcc-snapshot-20081130/build/gcc/testsuite/obj-c++/../../g++ version 4.4.0 20081130 (experimental) [trunk revision 142292] (Debian 20081130-1)
=== objc tests ===
Running target unix
=== objc Summary ===
# of expected passes 1814
# of expected failures 7
# of unsupported tests 24
/build/buildd/gcc-snapshot-20081130/build/gcc/xgcc version 4.4.0 20081130 (experimental) [trunk revision 142292] (Debian 20081130-1)
=== libffi tests ===
Running target unix
=== libffi Summary for unix ===
# of expected passes 1389
# of unsupported tests 10
Running target unix/-m32
=== libffi Summary for unix/-m32 ===
# of expected passes 1389
# of unsupported tests 10
=== libffi Summary ===
# of expected passes 2778
# of unsupported tests 20
=== libgomp tests ===
Running target unix
=== libgomp Summary for unix ===
# of expected passes 2289
Running target unix/-m32
FAIL: libgomp.fortran/threadprivate2.f90 -O1 execution test
=== libgomp Summary for unix/-m32 ===
# of expected passes 2288
# of unexpected failures 1
=== libgomp Summary ===
# of expected passes 4577
# of unexpected failures 1
=== libjava tests ===
Running target unix
=== libjava Summary ===
# of expected passes 2574
=== libmudflap tests ===
Running target unix
FAIL: libmudflap.c++/pass41-frag.cxx execution test
FAIL: libmudflap.c++/pass41-frag.cxx (-static) execution test
FAIL: libmudflap.c++/pass41-frag.cxx (-O2) execution test
FAIL: libmudflap.c++/pass41-frag.cxx (-O3) execution test
=== libmudflap Summary for unix ===
# of expected passes 1890
# of unexpected failures 4
Running target unix/-m32
FAIL: libmudflap.c++/pass41-frag.cxx execution test
FAIL: libmudflap.c++/pass41-frag.cxx (-static) execution test
FAIL: libmudflap.c++/pass41-frag.cxx (-O2) execution test
FAIL: libmudflap.c++/pass41-frag.cxx (-O3) execution test
=== libmudflap Summary for unix/-m32 ===
# of expected passes 1890
# of unexpected failures 4
=== libmudflap Summary ===
# of expected passes 3780
# of unexpected failures 8
=== libstdc++ tests ===
Running target unix
XPASS: 26_numerics/headers/cmath/c99_classification_macros_c.cc (test for excess errors)
=== libstdc++ Summary for unix ===
# of expected passes 5731
# of unexpected successes 1
# of expected failures 74
# of unsupported tests 326
Running target unix/-m32
XPASS: 26_numerics/headers/cmath/c99_classification_macros_c.cc (test for excess errors)
=== libstdc++ Summary for unix/-m32 ===
# of expected passes 5731
# of unexpected successes 1
# of expected failures 74
# of unsupported tests 326
=== libstdc++ Summary ===
# of expected passes 11462
# of unexpected successes 2
# of expected failures 148
# of unsupported tests 652
Compiler version: 4.4.0 20081130 (experimental) [trunk revision 142292] (Debian 20081130-1)
Platform: x86_64-pc-linux-gnu
configure flags: -v --with-pkgversion='Debian 20081130-1' --with-bugurl=file:///usr/share/doc/gcc-snapshot/README.Bugs --enable-languages=c,c++,java,fortran,objc,obj-c++,ada --prefix=/usr/lib/gcc-snapshot --enable-shared --with-system-zlib --disable-nls --enable-clocale=gnu --enable-libstdcxx-debug --enable-java-awt=gtk --enable-gtk-cairo --disable-plugin --with-java-home=/usr/lib/gcc-snapshot/java-1.5.0-gcj-4.4-1.5.0.0/jre --enable-java-home --with-jvm-root-dir=/usr/lib/gcc-snapshot/jvm --with-jvm-jar-dir=/usr/lib/gcc-snapshot/jvm-exports --with-ecj-jar=/usr/share/java/eclipse-ecj.jar --enable-objc-gc --enable-mpfr --enable-cld --disable-werror --build=x86_64-linux-gnu --host=x86_64-linux-gnu --target=x86_64-linux-gnu
BOOT_CFLAGS=
Build Dependencies:
Desired=Unknown/Install/Remove/Purge/Hold
| Status=Not/Inst/Cfg-files/Unpacked/Failed-cfg/Half-inst/trig-aWait/Trig-pend
|/ Err?=(none)/Hold/Reinst-required/X=both-problems (Status,Err: uppercase=bad)
||/ Name Version Description
+++-=====================================-====================-==============================================
ii binutils 2.18.1~cvs20080103-7 The GNU assembler, linker and binary utilities
ii libc6 2.7-16 GNU C Library: Shared libraries
Patches that Debian applied in this version:
armel-atomic-builtins:
Atomic builtins using kernel helpers for ARM Linux/EABI.
cpu-default-i486:
set default 32bit ix86 architecture to i486
gcc-ice-hack-trunk:
Retry the build on an ice, save the calling options and preprocessed
source when the ice is reproducible.
gcc-ice-apport-trunk:
Report an ICE to apport (if apport is available
and the environment variable GCC_NOAPPORT is not set)
libjava-disable-static:
Disable building the static libjava.
multiarch-include-trunk:
biarch-include.dpatch
Adds biarch include directories
/usr/local/include/<arch>-linux-gnu
/usr/include/<arch>-linux-gnu
to the system include paths, depending on 32/64 bit mode.
libjava-nobiarch-check:
For biarch builds, disable the testsuite for the non-default architecture
for runtime libraries, which are not built by default (libjava).
ada-nobiarch-check:
For biarch builds, disable the gnat testsuite for the non-default
config-ml:
disable some biarch libraries for biarch builds
gcc-multilib64dir:
Use lib instead of lib64 as multilibdir on amd64 and ppc64.
Counting all warnings,
there are 0 warnings in stage3 of this bootstrap.
Number of warnings per file:
Number of warning types:
More information about the Gcc-testresults
mailing list