Results for 4.4.0 20081129 (experimental) (GCC) testsuite on powerpc-apple-darwin8.11.0 J2R

Office Admin admin-sal@btconnect.com
Mon Dec 1 19:37:00 GMT 2008


Part of a series of test on the same revision:
Revision: 142273
Path: /usr/local/gawk-3-1-6/bin:/usr/local/dejagnu-1-4-4/bin:/usr/ 
local/bin:/bin:/sbin:/usr/bin:/usr/sbin
BOOTSTRAPped with gcc version 4.0.1 (Apple Computer, Inc. build 5370)
uname -v : Darwin Kernel Version 8.11.0: Wed Oct 10 18:26:00 PDT  
2007; root:xnu-792.24.17~1/RELEASE_PPC
ld: Apple Computer, Inc. version cctools-622.9~2
arch : ppc machine : ppc970
box description: Quad G5, OSX10.4.11(client)
dejagnu:
Expect version is	5.42.0
Tcl version is		8.4
Framework version is	1.4.4
gmp(4.2.4) / mpfr (2.3.2) built in tree
===========
setting: kern.maxprocperuid=256, kern.maxfiles=24000,  
kern.maxfilesperuid=20480
(I probably should have altered the total available threads too)
btest-gcc.sh -j2 native
===========
LAST_UPDATED:
Native configuration is powerpc-apple-darwin8.11.0

		=== g++ tests ===


Running target unix
FAIL: g++.dg/ext/alignof2.C execution test
FAIL: g++.dg/ipa/iinline-1.C scan-ipa-dump inline "String::funcOne[^\ 
\n]*inline copy in int main"
FAIL: g++.dg/other/unused1.C scan-assembler (string|ascii?)z?[\ 
\t ]"printer("|\\\\\\\\0)
FAIL: g++.dg/pubtypes.C scan-assembler long+[ \\t]+0x24+[ \\t]+[#;]+ 
[ \\t]+Length of Public Type Names Info
FAIL: g++.dg/pch/pch.C -g assembly comparison
FAIL: g++.dg/pch/pch.C -O2 -g assembly comparison
FAIL: g++.dg/special/conpr-3.C execution test
FAIL: g++.dg/special/initpri1.C execution test

		=== g++ Summary ===

# of expected passes		18598
# of unexpected failures	8
# of expected failures		135
# of unsupported tests		160
/Volumes/ScratchCS/gcc-440-build/gcc/testsuite/g++/../../g++  version  
4.4.0 20081129 (experimental) (GCC)

		=== gcc tests ===


Running target unix
FAIL: gcc.c-torture/compile/limits-exprparen.c  -O0  (test for excess  
errors)
FAIL: gcc.c-torture/compile/limits-exprparen.c  -O1  (test for excess  
errors)
FAIL: gcc.c-torture/compile/limits-exprparen.c  -O2  (test for excess  
errors)
FAIL: gcc.c-torture/compile/limits-exprparen.c  -O3 -fomit-frame- 
pointer  (test for excess errors)
FAIL: gcc.c-torture/compile/limits-exprparen.c  -O3 -g  (test for  
excess errors)
FAIL: gcc.c-torture/compile/limits-exprparen.c  -Os  (test for excess  
errors)
FAIL: gcc.dg/debug/dwarf2/pr37726.c scan-assembler-times "parm[^
FAIL: gcc.dg/debug/dwarf2/pr37726.c scan-assembler-times "var[^
XPASS: gcc.dg/20020103-1.c scan-assembler-not LC[0-9]
FAIL: gcc.dg/and-1.c scan-assembler-not nand
FAIL: gcc.dg/ia64-sync-1.c execution test
FAIL: gcc.dg/ia64-sync-2.c execution test
FAIL: gcc.dg/initpri1.c execution test
FAIL: gcc.dg/memcpy-1.c scan-tree-dump-times optimized "nasty_local" 0
FAIL: gcc.dg/pr35729.c scan-rtl-dump-times loop2_invariant "Decided  
to move invariant" 0
FAIL: gcc.dg/pr37908.c execution test
FAIL: gcc.dg/sync-2.c execution test
FAIL: gcc.dg/sync-3.c execution test
FAIL: gcc.dg/pch/save-temps-1.c -O0 -g assembly comparison
FAIL: gcc.dg/pch/save-temps-1.c  -O3 -g  assembly comparison
FAIL: gcc.dg/tree-ssa/vrp47.c scan-tree-dump-times vrp1 "[xy][^ ]* !=" 0
FAIL: gcc.dg/tree-ssa/vrp47.c scan-tree-dump-times dom1 "x[^ ]* & y" 1
FAIL: gcc.dg/vect/costmodel/ppc/costmodel-slp-12.c scan-tree-dump- 
times vect "vectorized 1 loops" 1
FAIL: gcc.dg/vect/costmodel/ppc/costmodel-slp-12.c scan-tree-dump- 
times vect "vectorizing stmts using SLP" 1
FAIL: gcc.dg/vect/vect-67.c scan-tree-dump-times vect "vectorized 1  
loops" 1
FAIL: gcc.dg/vect/section-anchors-pr27770.c (test for excess errors)
FAIL: gcc.dg/vect/section-anchors-vect-69.c (test for excess errors)
FAIL: gcc.dg/vect/section-anchors-vect-69.c scan-tree-dump-times vect  
"Alignment of access forced using peeling" 4
FAIL: gcc.target/powerpc/ppc64-double-1.c scan-assembler-not stfd
FAIL: gcc.target/powerpc/pr18096-1.c stack frame too large (test for  
errors, line 8)
FAIL: gcc.target/powerpc/pr18096-1.c (test for excess errors)

		=== gcc Summary ===

# of expected passes		51340
# of unexpected failures	30
# of unexpected successes	1
# of expected failures		199
# of unsupported tests		619
/Volumes/ScratchCS/gcc-440-build/gcc/xgcc  version 4.4.0 20081129  
(experimental) (GCC)

		=== gfortran tests ===


Running target unix
FAIL: gfortran.dg/large_real_kind_3.F90  -O0  execution test

		=== gfortran Summary ===

# of expected passes		28597
# of unexpected failures	1
# of expected failures		42
# of unsupported tests		140
/Volumes/ScratchCS/gcc-440-build/gcc/testsuite/gfortran/../../ 
gfortran  version 4.4.0 20081129 (experimental) (GCC)

		=== objc tests ===


Running target unix
FAIL: objc.dg-struct-layout-encoding-1/t001_main.m execution test
FAIL: objc.dg-struct-layout-encoding-1/t005_main.m execution test
FAIL: objc.dg-struct-layout-encoding-1/t009_main.m execution test
FAIL: objc.dg-struct-layout-encoding-1/t010_main.m execution test
FAIL: objc.dg-struct-layout-encoding-1/t013_main.m execution test
FAIL: objc.dg-struct-layout-encoding-1/t014_main.m execution test
FAIL: objc.dg-struct-layout-encoding-1/t016_main.m execution test
FAIL: objc.dg-struct-layout-encoding-1/t017_main.m execution test
FAIL: objc.dg-struct-layout-encoding-1/t018_main.m execution test
FAIL: objc.dg-struct-layout-encoding-1/t019_main.m execution test
FAIL: objc.dg-struct-layout-encoding-1/t020_main.m execution test
FAIL: objc.dg-struct-layout-encoding-1/t021_main.m execution test
FAIL: objc.dg-struct-layout-encoding-1/t023_main.m execution test
FAIL: objc.dg-struct-layout-encoding-1/t024_main.m execution test

		=== objc Summary ===

# of expected passes		3041
# of unexpected failures	14
# of expected failures		17
# of unsupported tests		1
/Volumes/ScratchCS/gcc-440-build/gcc/xgcc  version 4.4.0 20081129  
(experimental) (GCC)

		=== libffi tests ===


Running target unix

		=== libffi Summary ===

# of expected passes		1389
# of unsupported tests		10
		=== libgomp tests ===


Running target unix
FAIL: libgomp.fortran/crayptr2.f90  -O0  (test for excess errors)
WARNING: libgomp.fortran/crayptr2.f90  -O0  compilation failed to  
produce executable
FAIL: libgomp.fortran/crayptr2.f90  -O1  (test for excess errors)
WARNING: libgomp.fortran/crayptr2.f90  -O1  compilation failed to  
produce executable
FAIL: libgomp.fortran/crayptr2.f90  -O2  (test for excess errors)
WARNING: libgomp.fortran/crayptr2.f90  -O2  compilation failed to  
produce executable
FAIL: libgomp.fortran/crayptr2.f90  -O3 -fomit-frame-pointer  (test  
for excess errors)
WARNING: libgomp.fortran/crayptr2.f90  -O3 -fomit-frame-pointer   
compilation failed to produce executable
FAIL: libgomp.fortran/crayptr2.f90  -O3 -fomit-frame-pointer -funroll- 
loops  (test for excess errors)
WARNING: libgomp.fortran/crayptr2.f90  -O3 -fomit-frame-pointer - 
funroll-loops  compilation failed to produce executable
FAIL: libgomp.fortran/crayptr2.f90  -O3 -fomit-frame-pointer -funroll- 
all-loops -finline-functions  (test for excess errors)
WARNING: libgomp.fortran/crayptr2.f90  -O3 -fomit-frame-pointer - 
funroll-all-loops -finline-functions  compilation failed to produce  
executable
FAIL: libgomp.fortran/crayptr2.f90  -O3 -g  (test for excess errors)
WARNING: libgomp.fortran/crayptr2.f90  -O3 -g  compilation failed to  
produce executable
FAIL: libgomp.fortran/crayptr2.f90  -Os  (test for excess errors)
WARNING: libgomp.fortran/crayptr2.f90  -Os  compilation failed to  
produce executable
FAIL: libgomp.fortran/pr32550.f90  -O0  (test for excess errors)
WARNING: libgomp.fortran/pr32550.f90  -O0  compilation failed to  
produce executable
FAIL: libgomp.fortran/pr32550.f90  -O1  (test for excess errors)
WARNING: libgomp.fortran/pr32550.f90  -O1  compilation failed to  
produce executable
FAIL: libgomp.fortran/pr32550.f90  -O2  (test for excess errors)
WARNING: libgomp.fortran/pr32550.f90  -O2  compilation failed to  
produce executable
FAIL: libgomp.fortran/pr32550.f90  -O3 -fomit-frame-pointer  (test  
for excess errors)
WARNING: libgomp.fortran/pr32550.f90  -O3 -fomit-frame-pointer   
compilation failed to produce executable
FAIL: libgomp.fortran/pr32550.f90  -O3 -fomit-frame-pointer -funroll- 
loops  (test for excess errors)
WARNING: libgomp.fortran/pr32550.f90  -O3 -fomit-frame-pointer - 
funroll-loops  compilation failed to produce executable
FAIL: libgomp.fortran/pr32550.f90  -O3 -fomit-frame-pointer -funroll- 
all-loops -finline-functions  (test for excess errors)
WARNING: libgomp.fortran/pr32550.f90  -O3 -fomit-frame-pointer - 
funroll-all-loops -finline-functions  compilation failed to produce  
executable
FAIL: libgomp.fortran/pr32550.f90  -O3 -g  (test for excess errors)
WARNING: libgomp.fortran/pr32550.f90  -O3 -g  compilation failed to  
produce executable
FAIL: libgomp.fortran/pr32550.f90  -Os  (test for excess errors)
WARNING: libgomp.fortran/pr32550.f90  -Os  compilation failed to  
produce executable

		=== libgomp Summary ===

# of expected passes		2001
# of unexpected failures	16
# of unsupported tests		128
		=== libjava tests ===


Running target unix
FAIL: Thread_Sleep_2 output - source compiled test
FAIL: Thread_Sleep_2 -findirect-dispatch output - source compiled test
FAIL: Thread_Sleep_2 -O3 output - source compiled test
FAIL: Thread_Sleep_2 -O3 -findirect-dispatch output - source compiled  
test

		=== libjava Summary ===

# of expected passes		2570
# of unexpected failures	4
		=== libstdc++ tests ===


Running target unix
XPASS: 21_strings/basic_string/element_access/char/21674.cc execution  
test
XPASS: 21_strings/basic_string/element_access/wchar_t/21674.cc  
execution test
XPASS: 26_numerics/headers/cmath/c99_classification_macros_c.cc (test  
for excess errors)
FAIL: ext/mt_allocator/deallocate_local_thread-5.cc execution test
FAIL: ext/mt_allocator/deallocate_local_thread-7.cc execution test

		=== libstdc++ Summary ===

# of expected passes		5531
# of unexpected failures	2
# of unexpected successes	3
# of expected failures		71
# of unsupported tests		425

		=== libstdc++ Summary ===


Compiler version: 4.4.0 20081129 (experimental) (GCC)
Platform: powerpc-apple-darwin8.11.0
configure flags: --prefix=/Volumes/ScratchCS/gcc-440-install -- 
target=powerpc-apple-darwin8.11.0



More information about the Gcc-testresults mailing list