Results for 4.4.0 20080823 (experimental) [trunk revision 139508] (GCC) testsuite on i386-apple-darwin8.10.1
François-Xavier Coudert
coudert@quatramaran.ens.fr
Sat Aug 23 14:42:00 GMT 2008
LAST_UPDATED: Sat Aug 23 11:09:45 UTC 2008 (revision 139508)
Native configuration is i386-apple-darwin8.10.1
=== gcc tests ===
Running target unix
FAIL: tmpdir-gcc.dg-struct-layout-1/t027 c_compat_x_tst.o-c_compat_y_tst.o execute
FAIL: gcc.dg/cpp/subframework1.c -fno-show-column (test for excess errors)
FAIL: gcc.dg/debug/dwarf2/dwarf-die3.c scan-assembler-not DW_AT_inline
FAIL: gcc.dg/darwin-weakimport-1.c scan-assembler weak_reference _a
FAIL: gcc.dg/darwin-weakimport-2.c scan-assembler weak_reference _foo
FAIL: gcc.dg/initpri1.c execution test
FAIL: gcc.dg/pr30286.c execution test
FAIL: gcc.dg/pr35729.c scan-rtl-dump-times loop2_invariant "Decided to move invariant" 0
FAIL: gcc.dg/ssp-2.c (test for excess errors)
FAIL: gcc.dg/visibility-14.c scan-hidden private_extern[ \\t_]*_?foo
FAIL: gcc.dg/visibility-15.c scan-hidden private_extern[ \\t_]*_?foo
FAIL: gcc.dg/visibility-16.c scan-hidden private_extern[ \\t_]*_?foo
FAIL: gcc.dg/visibility-17.c scan-hidden private_extern[ \\t_]*_?foo
FAIL: gcc.dg/visibility-18.c scan-hidden private_extern[ \\t_]*_?foo
FAIL: gcc.dg/visibility-19.c scan-hidden private_extern[ \\t_]*_?foo
FAIL: gcc.dg/matrix/transpose-3.c compilation, -fprofile-use -fipa-matrix-reorg -fdump-ipa-matrix-reorg -O3 -fwhole-program -combine (internal compiler error)
UNRESOLVED: gcc.dg/matrix/transpose-3.c execution, -fprofile-use -fipa-matrix-reorg -fdump-ipa-matrix-reorg -O3 -fwhole-program -combine
FAIL: gcc.dg/pch/save-temps-1.c -O0 -g assembly comparison
FAIL: gcc.dg/pch/save-temps-1.c -O3 -g assembly comparison
FAIL: gcc.dg/vect/vect-67.c scan-tree-dump-times vect "vectorized 1 loops" 1
FAIL: gcc.dg/vect/no-scevccp-outer-13.c scan-tree-dump-times vect "OUTER LOOP VECTORIZED." 1
FAIL: gcc.dg/vect/no-scevccp-outer-7.c scan-tree-dump-times vect "OUTER LOOP VECTORIZED." 1
FAIL: gcc.dg/weak/weak-1.c scan-assembler weak[^ \\t]*[ \\t]_?j
FAIL: gcc.dg/weak/weak-12.c scan-assembler weak[^ \\t]*[ \\t]_?foo
FAIL: gcc.dg/weak/weak-2.c scan-assembler weak[^ \\t]*[ \\t]_?ffoo1a
FAIL: gcc.dg/weak/weak-2.c scan-assembler weak[^ \\t]*[ \\t]_?ffoo1b
FAIL: gcc.dg/weak/weak-2.c scan-assembler weak[^ \\t]*[ \\t]_?ffoo1c
FAIL: gcc.dg/weak/weak-2.c scan-assembler weak[^ \\t]*[ \\t]_?ffoo1e
FAIL: gcc.dg/weak/weak-4.c scan-assembler weak[^ \\t]*[ \\t]_?vfoo1a
FAIL: gcc.dg/weak/weak-4.c scan-assembler weak[^ \\t]*[ \\t]_?vfoo1b
FAIL: gcc.dg/weak/weak-4.c scan-assembler weak[^ \\t]*[ \\t]_?vfoo1c
FAIL: gcc.target/i386/quad-sse.c scan-assembler-not call
=== gcc Summary ===
# of expected passes51877
# of unexpected failures31
# of expected failures208
# of unresolved testcases1
# of unsupported tests675
/private/tmp/gfortran-20080823/ibin/gcc/xgcc version 4.4.0 20080823 (experimental) [trunk revision 139508] (GCC)
=== gfortran tests ===
Running target unix
FAIL: gfortran.dg/nearest_4.f90 -O (internal compiler error)
FAIL: gfortran.dg/nearest_4.f90 -O (test for excess errors)
=== gfortran Summary ===
# of expected passes27214
# of unexpected failures2
# of expected failures16
# of unsupported tests119
/private/tmp/gfortran-20080823/ibin/gcc/testsuite/gfortran/../../gfortran version 4.4.0 20080823 (experimental) [trunk revision 139508] (GCC)
=== libgomp tests ===
Running target unix
FAIL: libgomp.fortran/crayptr2.f90 -O2 execution test
=== libgomp Summary ===
# of expected passes1495
# of unexpected failures1
# of unsupported tests72
Compiler version: 4.4.0 20080823 (experimental) [trunk revision 139508] (GCC)
Platform: i386-apple-darwin8.10.1
configure flags: --prefix=/usr/local/gfortran --enable-languages=c,fortran --with-gmp=/tmp/gfortran-20080823/gfortran_libs --enable-bootstrap
More information about the Gcc-testresults
mailing list