Results for 4.4.0 20080821 (experimental) [trunk revision 139373] (GCC) testsuite on i686-pc-linux-gnu
H.J. Lu ia32
hjl@gnu-3.sc.intel.com
Thu Aug 21 13:37:00 GMT 2008
LAST_UPDATED: Thu Aug 21 11:11:11 UTC 2008 (revision 139373)
Native configuration is i686-pc-linux-gnu
=== g++ tests ===
Running target unix
FAIL: g++.dg/other/PR23205.C scan-assembler .stabs.*foobar:c=i
=== g++ Summary ===
# of expected passes 18627
# of unexpected failures 1
# of expected failures 80
# of unsupported tests 91
/export/gnu/import/svn/gcc-test/bld/gcc/testsuite/g++/../../g++ version 4.4.0 20080821 (experimental) [trunk revision 139373] (GCC)
=== gcc tests ===
Running target unix
FAIL: gcc.dg/debug/dwarf2/dwarf-die3.c scan-assembler-not DW_AT_inline
FAIL: gcc.dg/pr17506.c (test for warnings, line 11)
FAIL: gcc.dg/pr17506.c (test for warnings, line 21)
FAIL: gcc.dg/pr17506.c (test for excess errors)
FAIL: gcc.dg/pr30286.c execution test
FAIL: gcc.dg/uninit-15.c (test for warnings, line 6)
FAIL: gcc.dg/uninit-15.c (test for warnings, line 14)
FAIL: gcc.dg/uninit-15.c (test for excess errors)
FAIL: gcc.dg/matrix/transpose-3.c compilation, -fprofile-use -fipa-matrix-reorg -fdump-ipa-matrix-reorg -O3 -fwhole-program -combine (internal compiler error)
UNRESOLVED: gcc.dg/matrix/transpose-3.c execution, -fprofile-use -fipa-matrix-reorg -fdump-ipa-matrix-reorg -O3 -fwhole-program -combine
FAIL: gcc.dg/pch/valid-1b.c -O0 -g -I. (test for excess errors)
FAIL: gcc.dg/pch/valid-1b.c -O0 -g assembly comparison
FAIL: gcc.dg/pch/valid-1b.c -O0 -I. (test for excess errors)
FAIL: gcc.dg/pch/valid-1b.c -O0 assembly comparison
FAIL: gcc.dg/pch/valid-1b.c -O1 -I. (test for excess errors)
FAIL: gcc.dg/pch/valid-1b.c -O1 assembly comparison
FAIL: gcc.dg/pch/valid-1b.c -O2 -I. (test for excess errors)
FAIL: gcc.dg/pch/valid-1b.c -O2 assembly comparison
FAIL: gcc.dg/pch/valid-1b.c -O3 -fomit-frame-pointer -I. (test for excess errors)
FAIL: gcc.dg/pch/valid-1b.c -O3 -fomit-frame-pointer assembly comparison
FAIL: gcc.dg/pch/valid-1b.c -O3 -g -I. (test for excess errors)
FAIL: gcc.dg/pch/valid-1b.c -O3 -g assembly comparison
FAIL: gcc.dg/pch/valid-1b.c -Os -I. (test for excess errors)
FAIL: gcc.dg/pch/valid-1b.c -Os assembly comparison
XPASS: gcc.dg/tree-ssa/data-dep-1.c scan-tree-dump-times ltrans "4, \\+, 1" 0
XPASS: gcc.dg/tree-ssa/ltrans-3.c scan-tree-dump-times ltrans "transformed loop" 1
XPASS: gcc.dg/tree-ssa/ssa-fre-13.c scan-tree-dump fre "Inserted .* &a"
XPASS: gcc.dg/tree-ssa/ssa-fre-13.c scan-tree-dump fre "Replaced tmp1_.\\(D\\)->data"
XPASS: gcc.dg/tree-ssa/ssa-fre-14.c scan-tree-dump fre "Inserted .* &a"
XPASS: gcc.dg/tree-ssa/ssa-fre-14.c scan-tree-dump fre "Replaced tmp1.data"
XPASS: gcc.dg/tree-ssa/ssa-fre-17.c scan-tree-dump fre "Replaced f.doms\\[0\\].dom with i_"
FAIL: gcc.dg/vect/vect-67.c scan-tree-dump-times vect "vectorized 1 loops" 1
FAIL: gcc.dg/vect/no-scevccp-outer-13.c scan-tree-dump-times vect "OUTER LOOP VECTORIZED." 1
FAIL: gcc.dg/vect/no-scevccp-outer-7.c scan-tree-dump-times vect "OUTER LOOP VECTORIZED." 1
=== gcc Summary ===
# of expected passes 53236
# of unexpected failures 26
# of unexpected successes 7
# of expected failures 192
# of unresolved testcases 1
# of unsupported tests 416
/export/gnu/import/svn/gcc-test/bld/gcc/xgcc version 4.4.0 20080821 (experimental) [trunk revision 139373] (GCC)
=== gfortran tests ===
Running target unix
=== gfortran Summary ===
# of expected passes 27282
# of expected failures 8
# of unsupported tests 89
/export/gnu/import/svn/gcc-test/bld/gcc/testsuite/gfortran/../../gfortran version 4.4.0 20080821 (experimental) [trunk revision 139373] (GCC)
=== objc tests ===
Running target unix
=== objc Summary ===
# of expected passes 1814
# of expected failures 7
# of unsupported tests 24
/export/gnu/import/svn/gcc-test/bld/gcc/xgcc version 4.4.0 20080821 (experimental) [trunk revision 139373] (GCC)
=== libffi tests ===
Running target unix
=== libffi Summary ===
# of expected passes 1389
# of unsupported tests 10
=== libgomp tests ===
Running target unix
=== libgomp Summary ===
# of expected passes 2289
=== libjava tests ===
Running target unix
FAIL: Divide_1 -O3 compilation from source
FAIL: Divide_1 -O3 -findirect-dispatch compilation from source
=== libjava Summary ===
# of expected passes 2568
# of unexpected failures 2
# of untested testcases 4
=== libmudflap tests ===
Running target unix
FAIL: libmudflap.c++/pass41-frag.cxx execution test
FAIL: libmudflap.c++/pass41-frag.cxx (-static) execution test
FAIL: libmudflap.c++/pass41-frag.cxx (-O2) execution test
FAIL: libmudflap.c++/pass41-frag.cxx (-O3) execution test
=== libmudflap Summary ===
# of expected passes 1861
# of unexpected failures 4
=== libstdc++ tests ===
Running target unix
XPASS: 23_containers/unordered_multimap/init-list.cc (test for excess errors)
XPASS: 26_numerics/headers/cmath/c99_classification_macros_c.cc (test for excess errors)
=== libstdc++ Summary ===
# of expected passes 5998
# of unexpected successes 2
# of expected failures 70
# of unsupported tests 10
Compiler version: 4.4.0 20080821 (experimental) [trunk revision 139373] (GCC)
Platform: i686-pc-linux-gnu
configure flags: --enable-checking=assert --enable-clocale=gnu --with-system-zlib --enable-shared --with-demangler-in-ld
More information about the Gcc-testresults
mailing list