Results for 4.4.0 20080819 (experimental) [trunk revision 139248] (GCC) gcc testsuite on cris-axis-elf
Mike Stein
mstein.lists@googlemail.com
Wed Aug 20 21:55:00 GMT 2008
Debian 4 on x86_64
cross tool versions:
GNU assembler (GNU Binutils) 2.18.50.20080419
GNU gdb 6.8.50.20080419-cvs
GNU ld (GNU Binutils) 2.18.50.20080419
GNU Make 3.81
expect version 5.43.0
host gcc version: gcc (GCC) 4.4.0 20080819 (experimental) [trunk revision 139248]
LAST_UPDATED: Tue Aug 19 22:03:08 UTC 2008 (revision 139248)
Target is cris-axis-elf
Host is x86_64-unknown-linux-gnu
=== gcc tests ===
Running target cris-sim
FAIL: gcc.dg/debug/dwarf2/dwarf-die3.c scan-assembler-not DW_AT_inline
FAIL: gcc.dg/large-size-array-2.c (internal compiler error)
FAIL: gcc.dg/large-size-array-2.c (test for errors, line 6)
FAIL: gcc.dg/large-size-array-2.c (test for excess errors)
FAIL: gcc.dg/large-size-array-4.c (internal compiler error)
FAIL: gcc.dg/large-size-array-4.c (test for errors, line 6)
FAIL: gcc.dg/large-size-array-4.c (test for excess errors)
FAIL: gcc.dg/trampoline-1.c execution test
FAIL: gcc.dg/visibility-16.c scan-hidden hidden[ \\t_]*foo
XPASS: gcc.dg/tree-ssa/data-dep-1.c scan-tree-dump-times ltrans "4, \\+, 1" 0
XPASS: gcc.dg/tree-ssa/ltrans-3.c scan-tree-dump-times ltrans "transformed loop" 1
XPASS: gcc.dg/tree-ssa/ssa-fre-13.c scan-tree-dump fre "Inserted .* &a"
XPASS: gcc.dg/tree-ssa/ssa-fre-13.c scan-tree-dump fre "Replaced tmp1_.\\(D\\)->data"
XPASS: gcc.dg/tree-ssa/ssa-fre-14.c scan-tree-dump fre "Inserted .* &a"
XPASS: gcc.dg/tree-ssa/ssa-fre-14.c scan-tree-dump fre "Replaced tmp1.data"
XPASS: gcc.dg/tree-ssa/ssa-fre-17.c scan-tree-dump fre "Replaced f.doms\\[0\\].dom with i_"
FAIL: gcc.dg/weak/weak-1.c scan-assembler weak[^ \\t]*[ \\t]_?j
=== gcc Summary ===
# of expected passes 46507
# of unexpected failures 10
# of unexpected successes 7
# of expected failures 125
# of unsupported tests 613
/home/mstein/sim/trunk/cris-elf/build/gcc/xgcc version 4.4.0 20080819 (experimental) [trunk revision 139248] (GCC)
Compiler version: 4.4.0 20080819 (experimental) [trunk revision 139248] (GCC) gcc
Platform: cris-axis-elf
configure flags: --target=cris-elf --prefix=/home/mstein/cross-local/cris-elf --enable-languages=c --disable-nls --disable-build-warnings --with-sysroot=/home/mstein/cross-local/cris-elf --with-build-sysroot=/home/mstein/cross-local/cris-elf --with-ld=/home/mstein/cross-local/cris-elf/usr/bin/ld --with-as=/home/mstein/cross-local/cris-elf/usr/bin/as --disable-libssp --with-mpfr=/opt/cfarm/mpfr-2.3.1
More information about the Gcc-testresults
mailing list