Results for 4.3.2 20080812 (prerelease) [ix86/gcc-4_3-branch revision 139023] (GCC) testsuite on i686-pc-linux-gnu
H.J. Lu ia32
hjl@gnu-3.sc.intel.com
Tue Aug 12 19:25:00 GMT 2008
LAST_UPDATED: Tue Aug 12 17:14:26 UTC 2008 (revision 139023)
Native configuration is i686-pc-linux-gnu
=== gcc tests ===
Running target unix
=== gcc Summary ===
# of expected passes 49413
# of expected failures 169
# of untested testcases 35
# of unsupported tests 264
/export/build/gnu/gcc-4.3-ix86/build-i686-linux/gcc/xgcc version 4.3.2 20080812 (prerelease) [ix86/gcc-4_3-branch revision 139023] (GCC)
=== gfortran tests ===
Running target unix
=== gfortran Summary ===
# of expected passes 24226
# of expected failures 3
# of unsupported tests 16
/export/build/gnu/gcc-4.3-ix86/build-i686-linux/gcc/testsuite/gfortran/../../gfortran version 4.3.2 20080812 (prerelease) [ix86/gcc-4_3-branch revision 139023] (GCC)
=== g++ tests ===
Running target unix
=== g++ Summary ===
# of expected passes 17664
# of expected failures 82
# of unsupported tests 89
/export/build/gnu/gcc-4.3-ix86/build-i686-linux/gcc/testsuite/g++/../../g++ version 4.3.2 20080812 (prerelease) [ix86/gcc-4_3-branch revision 139023] (GCC)
=== objc tests ===
Running target unix
=== objc Summary ===
# of expected passes 1812
# of expected failures 7
# of unsupported tests 24
/export/build/gnu/gcc-4.3-ix86/build-i686-linux/gcc/xgcc version 4.3.2 20080812 (prerelease) [ix86/gcc-4_3-branch revision 139023] (GCC)
=== libffi tests ===
Running target unix
=== libffi Summary ===
# of expected passes 1389
# of unsupported tests 10
=== libgomp tests ===
Running target unix
=== libgomp Summary ===
# of expected passes 1763
=== libjava tests ===
Running target unix
FAIL: events output
=== libjava Summary ===
# of expected passes 2561
# of unexpected failures 1
=== libmudflap tests ===
Running target unix
FAIL: libmudflap.c++/pass41-frag.cxx execution test
FAIL: libmudflap.c++/pass41-frag.cxx (-static) execution test
FAIL: libmudflap.c++/pass41-frag.cxx ( -O) execution test
FAIL: libmudflap.c++/pass41-frag.cxx (-O2) execution test
FAIL: libmudflap.c++/pass41-frag.cxx (-O3) execution test
=== libmudflap Summary ===
# of expected passes 1844
# of unexpected failures 5
=== libstdc++ tests ===
Running target unix
XPASS: 26_numerics/headers/cmath/c99_classification_macros_c.cc (test for excess errors)
=== libstdc++ Summary ===
# of expected passes 5575
# of unexpected successes 1
# of expected failures 59
# of unsupported tests 10
Compiler version: 4.3.2 20080812 (prerelease) [ix86/gcc-4_3-branch revision 139023] (GCC)
Platform: i686-pc-linux-gnu
configure flags: --enable-clocale=gnu --with-system-zlib --enable-checking=assert --with-demangler-in-ld --enable-shared --enable-threads=posix --enable-haifa --prefix=/usr/gcc-4.3-ix86 --with-local-prefix=/usr/local
More information about the Gcc-testresults
mailing list