Results for 4.4.020080429(experimental)[trunkrevision134778](GCC) testsuite on x86_64-unknown-linux-gnu
guerby@gcc12.fsffrance.org
guerby@gcc12.fsffrance.org
Tue Apr 29 10:01:00 GMT 2008
LAST_UPDATED: Tue Apr 29 05:44:10 UTC 2008 (revision 134778)
=== acats tests ===
=== acats Summary ===
# of expected passes 2315
# of unexpected failures 0
Native configuration is x86_64-unknown-linux-gnu
=== gcc tests ===
Running target unix
FAIL: gcc.dg/tls/section-2.c (test for errors, line 7)
FAIL: gcc.dg/tree-prof/pr34999.c compilation, -fprofile-use -D_PROFILE_USE
UNRESOLVED: gcc.dg/tree-prof/pr34999.c execution, -fprofile-use -D_PROFILE_USE
XPASS: gcc.dg/tree-ssa/ltrans-3.c scan-tree-dump-times ltrans "transformed loop" 1
=== gcc Summary ===
# of expected passes 49419
# of unexpected failures 2
# of unexpected successes 1
# of expected failures 168
# of unresolved testcases 1
# of untested testcases 35
# of unsupported tests 533
/home/guerby/build/gcc/xgcc version 4.4.0 20080429 (experimental) [trunk revision 134778] (GCC)
=== gfortran tests ===
Running target unix
=== gfortran Summary ===
# of expected passes 24564
# of expected failures 3
# of unsupported tests 34
/home/guerby/build/gcc/testsuite/gfortran/../../gfortran version 4.4.0 20080429 (experimental) [trunk revision 134778] (GCC)
=== g++ tests ===
Running target unix
=== g++ Summary ===
# of expected passes 17629
# of expected failures 82
# of unsupported tests 121
/home/guerby/build/gcc/testsuite/g++/../../g++ version 4.4.0 20080429 (experimental) [trunk revision 134778] (GCC)
=== gnat tests ===
Running target unix
=== gnat Summary ===
# of expected passes 427
# of expected failures 4
=== objc tests ===
Running target unix
=== objc Summary ===
# of expected passes 1814
# of expected failures 7
# of unsupported tests 24
/home/guerby/build/gcc/xgcc version 4.4.0 20080429 (experimental) [trunk revision 134778] (GCC)
=== libffi tests ===
Running target unix
=== libffi Summary ===
# of expected passes 1389
# of unsupported tests 10
=== libgomp tests ===
Running target unix
=== libgomp Summary ===
# of expected passes 1723
=== libjava tests ===
Running target unix
=== libjava Summary ===
# of expected passes 2550
=== libmudflap tests ===
Running target unix
=== libmudflap Summary ===
# of expected passes 1865
=== libstdc++ tests ===
Running target unix
FAIL: abi_check
XPASS: 26_numerics/headers/cmath/c99_classification_macros_c.cc (test for excess errors)
=== libstdc++ Summary ===
# of expected passes 5053
# of unexpected failures 1
# of unexpected successes 1
# of expected failures 73
# of unsupported tests 326
Compiler version: 4.4.020080429(experimental)[trunkrevision134778](GCC)
Platform: x86_64-unknown-linux-gnu
configure flags: --prefix=/n/04/guerby/install-trunk --enable-languages=all,ada --enable-__cxa_atexit --disable-nls --enable-threads=posix --disable-multilib --with-mpfr=/opt/cfarm/mpfr-2.3.1
More information about the Gcc-testresults
mailing list