Results for 4.4.0 20080428 (experimental) (GCC) testsuite on i686-pc-linux-gnu
Diego Novillo
dnovillo@google.com
Mon Apr 28 15:03:00 GMT 2008
LAST_UPDATED:
Native configuration is i686-pc-linux-gnu
=== g++ tests ===
Running target unix
=== g++ Summary ===
# of expected passes 17721
# of expected failures 82
# of unsupported tests 90
/usr/local/google/dnovillo/perf/sbox/gcc/local.x86_64/bld/gcc/testsuite/g++/../../g++ version 4.4.0 20080428 (experimental) (GCC)
=== gcc tests ===
Running target unix
FAIL: gcc.dg/tls/section-2.c (test for errors, line 7)
XPASS: gcc.dg/tree-ssa/20070302-1.c (test for excess errors)
XPASS: gcc.dg/tree-ssa/ltrans-3.c scan-tree-dump-times ltrans "transformed loop" 1
FAIL: gcc.dg/vect/vect-118.c scan-tree-dump-times vect "vectorized 1 loops" 1
=== gcc Summary ===
# of expected passes 49355
# of unexpected failures 2
# of unexpected successes 2
# of expected failures 167
# of untested testcases 35
# of unsupported tests 518
/usr/local/google/dnovillo/perf/sbox/gcc/local.x86_64/bld/gcc/xgcc version 4.4.0 20080428 (experimental) (GCC)
=== gfortran tests ===
Running target unix
FAIL: gfortran.dg/csqrt_2.f -O0 execution test
FAIL: gfortran.dg/csqrt_2.f -O1 execution test
FAIL: gfortran.dg/csqrt_2.f -O2 execution test
FAIL: gfortran.dg/csqrt_2.f -O3 -fomit-frame-pointer execution test
FAIL: gfortran.dg/csqrt_2.f -O3 -fomit-frame-pointer -funroll-loops execution test
FAIL: gfortran.dg/csqrt_2.f -O3 -fomit-frame-pointer -funroll-all-loops -finline-functions execution test
FAIL: gfortran.dg/csqrt_2.f -O3 -g execution test
FAIL: gfortran.dg/csqrt_2.f -Os execution test
=== gfortran Summary ===
# of expected passes 24494
# of unexpected failures 8
# of expected failures 3
# of unsupported tests 64
/usr/local/google/dnovillo/perf/sbox/gcc/local.x86_64/bld/gcc/testsuite/gfortran/../../gfortran version 4.4.0 20080428 (experimental) (GCC)
=== objc tests ===
Running target unix
=== objc Summary ===
# of expected passes 1814
# of expected failures 7
# of unsupported tests 24
/usr/local/google/dnovillo/perf/sbox/gcc/local.x86_64/bld/gcc/xgcc version 4.4.0 20080428 (experimental) (GCC)
=== libffi tests ===
Running target unix
=== libffi Summary ===
# of expected passes 1389
# of unsupported tests 10
=== libgomp tests ===
Running target unix
=== libgomp Summary ===
# of expected passes 1723
=== libjava tests ===
Running target unix
FAIL: LargeFile execution - source compiled test
FAIL: LargeFile -findirect-dispatch execution - source compiled test
FAIL: LargeFile -O3 execution - source compiled test
FAIL: LargeFile -O3 -findirect-dispatch execution - source compiled test
FAIL: Thread_Sleep_2 output - source compiled test
=== libjava Summary ===
# of expected passes 2541
# of unexpected failures 5
# of untested testcases 4
=== libmudflap tests ===
Running target unix
FAIL: libmudflap.cth/pass37-frag.c (-static -DSTATIC) execution test
FAIL: libmudflap.cth/pass37-frag.c (-static -DSTATIC) output pattern test
FAIL: libmudflap.cth/pass37-frag.c (-static -DSTATIC) (rerun 1) execution test
FAIL: libmudflap.cth/pass37-frag.c (-static -DSTATIC) (rerun 1) output pattern test
FAIL: libmudflap.cth/pass37-frag.c (-static -DSTATIC) (rerun 2) execution test
FAIL: libmudflap.cth/pass37-frag.c (-static -DSTATIC) (rerun 2) output pattern test
FAIL: libmudflap.cth/pass37-frag.c (-static -DSTATIC) (rerun 3) execution test
FAIL: libmudflap.cth/pass37-frag.c (-static -DSTATIC) (rerun 3) output pattern test
FAIL: libmudflap.cth/pass37-frag.c (-static -DSTATIC) (rerun 4) execution test
FAIL: libmudflap.cth/pass37-frag.c (-static -DSTATIC) (rerun 4) output pattern test
FAIL: libmudflap.cth/pass37-frag.c (-static -DSTATIC) (rerun 5) execution test
FAIL: libmudflap.cth/pass37-frag.c (-static -DSTATIC) (rerun 5) output pattern test
FAIL: libmudflap.cth/pass37-frag.c (-static -DSTATIC) (rerun 6) execution test
FAIL: libmudflap.cth/pass37-frag.c (-static -DSTATIC) (rerun 6) output pattern test
FAIL: libmudflap.cth/pass37-frag.c (-static -DSTATIC) (rerun 7) execution test
FAIL: libmudflap.cth/pass37-frag.c (-static -DSTATIC) (rerun 7) output pattern test
FAIL: libmudflap.cth/pass37-frag.c (-static -DSTATIC) (rerun 8) execution test
FAIL: libmudflap.cth/pass37-frag.c (-static -DSTATIC) (rerun 8) output pattern test
FAIL: libmudflap.cth/pass37-frag.c (-static -DSTATIC) (rerun 9) execution test
FAIL: libmudflap.cth/pass37-frag.c (-static -DSTATIC) (rerun 9) output pattern test
FAIL: libmudflap.cth/pass37-frag.c (-static -DSTATIC) (rerun 10) execution test
FAIL: libmudflap.cth/pass37-frag.c (-static -DSTATIC) (rerun 10) output pattern test
FAIL: libmudflap.cth/pass37-frag.c (-static -DSTATIC) (rerun 11) execution test
FAIL: libmudflap.cth/pass37-frag.c (-static -DSTATIC) (rerun 11) output pattern test
FAIL: libmudflap.cth/pass37-frag.c (-static -DSTATIC) (rerun 12) execution test
FAIL: libmudflap.cth/pass37-frag.c (-static -DSTATIC) (rerun 12) output pattern test
FAIL: libmudflap.cth/pass37-frag.c (-static -DSTATIC) (rerun 13) execution test
FAIL: libmudflap.cth/pass37-frag.c (-static -DSTATIC) (rerun 13) output pattern test
FAIL: libmudflap.cth/pass37-frag.c (-static -DSTATIC) (rerun 14) execution test
FAIL: libmudflap.cth/pass37-frag.c (-static -DSTATIC) (rerun 14) output pattern test
FAIL: libmudflap.cth/pass37-frag.c (-static -DSTATIC) (rerun 15) execution test
FAIL: libmudflap.cth/pass37-frag.c (-static -DSTATIC) (rerun 15) output pattern test
FAIL: libmudflap.cth/pass37-frag.c (-static -DSTATIC) (rerun 16) execution test
FAIL: libmudflap.cth/pass37-frag.c (-static -DSTATIC) (rerun 16) output pattern test
FAIL: libmudflap.cth/pass37-frag.c (-static -DSTATIC) (rerun 17) execution test
FAIL: libmudflap.cth/pass37-frag.c (-static -DSTATIC) (rerun 17) output pattern test
FAIL: libmudflap.cth/pass37-frag.c (-static -DSTATIC) (rerun 18) execution test
FAIL: libmudflap.cth/pass37-frag.c (-static -DSTATIC) (rerun 18) output pattern test
FAIL: libmudflap.cth/pass37-frag.c (-static -DSTATIC) (rerun 19) execution test
FAIL: libmudflap.cth/pass37-frag.c (-static -DSTATIC) (rerun 19) output pattern test
FAIL: libmudflap.cth/pass39-frag.c (-static -DSTATIC) execution test
FAIL: libmudflap.cth/pass39-frag.c (-static -DSTATIC) output pattern test
FAIL: libmudflap.cth/pass39-frag.c (-static -DSTATIC) (rerun 1) execution test
FAIL: libmudflap.cth/pass39-frag.c (-static -DSTATIC) (rerun 1) output pattern test
FAIL: libmudflap.cth/pass39-frag.c (-static -DSTATIC) (rerun 2) execution test
FAIL: libmudflap.cth/pass39-frag.c (-static -DSTATIC) (rerun 2) output pattern test
FAIL: libmudflap.cth/pass39-frag.c (-static -DSTATIC) (rerun 3) execution test
FAIL: libmudflap.cth/pass39-frag.c (-static -DSTATIC) (rerun 3) output pattern test
FAIL: libmudflap.cth/pass39-frag.c (-static -DSTATIC) (rerun 4) execution test
FAIL: libmudflap.cth/pass39-frag.c (-static -DSTATIC) (rerun 4) output pattern test
FAIL: libmudflap.cth/pass39-frag.c (-static -DSTATIC) (rerun 5) execution test
FAIL: libmudflap.cth/pass39-frag.c (-static -DSTATIC) (rerun 5) output pattern test
FAIL: libmudflap.cth/pass39-frag.c (-static -DSTATIC) (rerun 6) execution test
FAIL: libmudflap.cth/pass39-frag.c (-static -DSTATIC) (rerun 6) output pattern test
FAIL: libmudflap.cth/pass39-frag.c (-static -DSTATIC) (rerun 7) execution test
FAIL: libmudflap.cth/pass39-frag.c (-static -DSTATIC) (rerun 7) output pattern test
FAIL: libmudflap.cth/pass39-frag.c (-static -DSTATIC) (rerun 8) execution test
FAIL: libmudflap.cth/pass39-frag.c (-static -DSTATIC) (rerun 8) output pattern test
FAIL: libmudflap.cth/pass39-frag.c (-static -DSTATIC) (rerun 9) execution test
FAIL: libmudflap.cth/pass39-frag.c (-static -DSTATIC) (rerun 9) output pattern test
FAIL: libmudflap.cth/pass39-frag.c (-static -DSTATIC) (rerun 10) execution test
FAIL: libmudflap.cth/pass39-frag.c (-static -DSTATIC) (rerun 10) output pattern test
FAIL: libmudflap.cth/pass39-frag.c (-static -DSTATIC) (rerun 11) execution test
FAIL: libmudflap.cth/pass39-frag.c (-static -DSTATIC) (rerun 11) output pattern test
FAIL: libmudflap.cth/pass39-frag.c (-static -DSTATIC) (rerun 12) execution test
FAIL: libmudflap.cth/pass39-frag.c (-static -DSTATIC) (rerun 12) output pattern test
FAIL: libmudflap.cth/pass39-frag.c (-static -DSTATIC) (rerun 13) execution test
FAIL: libmudflap.cth/pass39-frag.c (-static -DSTATIC) (rerun 13) output pattern test
FAIL: libmudflap.cth/pass39-frag.c (-static -DSTATIC) (rerun 14) execution test
FAIL: libmudflap.cth/pass39-frag.c (-static -DSTATIC) (rerun 14) output pattern test
FAIL: libmudflap.cth/pass39-frag.c (-static -DSTATIC) (rerun 15) execution test
FAIL: libmudflap.cth/pass39-frag.c (-static -DSTATIC) (rerun 15) output pattern test
FAIL: libmudflap.cth/pass39-frag.c (-static -DSTATIC) (rerun 16) execution test
FAIL: libmudflap.cth/pass39-frag.c (-static -DSTATIC) (rerun 16) output pattern test
FAIL: libmudflap.cth/pass39-frag.c (-static -DSTATIC) (rerun 17) execution test
FAIL: libmudflap.cth/pass39-frag.c (-static -DSTATIC) (rerun 17) output pattern test
FAIL: libmudflap.cth/pass39-frag.c (-static -DSTATIC) (rerun 18) execution test
FAIL: libmudflap.cth/pass39-frag.c (-static -DSTATIC) (rerun 18) output pattern test
FAIL: libmudflap.cth/pass39-frag.c (-static -DSTATIC) (rerun 19) execution test
FAIL: libmudflap.cth/pass39-frag.c (-static -DSTATIC) (rerun 19) output pattern test
FAIL: libmudflap.cth/pass40-frag.c (-static -DSTATIC) execution test
FAIL: libmudflap.cth/pass40-frag.c (-static -DSTATIC) output pattern test
FAIL: libmudflap.cth/pass59-frag.c (-static -DSTATIC) execution test
FAIL: libmudflap.cth/pass59-frag.c (-static -DSTATIC) output pattern test
=== libmudflap Summary ===
# of expected passes 1781
# of unexpected failures 84
=== libstdc++ tests ===
Running target unix
FAIL: abi_check
XPASS: 26_numerics/headers/cmath/c99_classification_macros_c.cc (test for excess errors)
=== libstdc++ Summary ===
# of expected passes 5053
# of unexpected failures 1
# of unexpected successes 1
# of expected failures 73
# of unsupported tests 326
Compiler version: 4.4.0 20080428 (experimental) (GCC)
Platform: i686-pc-linux-gnu
configure flags: --prefix=/home/dnovillo/perf/sbox/gcc/local.x86_64/inst --srcdir=/home/dnovillo/perf/sbox/gcc/local.x86_64/src --with-gmp=/home/dnovillo/i686 --with-mpfr=/home/dnovillo/i686 --build=i686-pc-linux-gnu --enable-checking=release
More information about the Gcc-testresults
mailing list