Results for 4.4.0 20080425 (experimental) [stack revision 134706] (GCC) testsuite on x86_64-unknown-linux-gnu
H.J. Lu
hjl.tools@gmail.com
Sat Apr 26 20:07:00 GMT 2008
LAST_UPDATED: Sat Apr 26 14:53:17 UTC 2008 (revision 134706)
Native configuration is x86_64-unknown-linux-gnu
=== gcc tests ===
Running target unix/-m32
FAIL: gcc.c-torture/compile/limits-exprparen.c -O0 (test for excess errors)
FAIL: gcc.c-torture/compile/limits-exprparen.c -O1 (test for excess errors)
FAIL: gcc.c-torture/compile/limits-exprparen.c -O2 (test for excess errors)
FAIL: gcc.c-torture/compile/limits-exprparen.c -O3 -fomit-frame-pointer (test for excess errors)
FAIL: gcc.c-torture/compile/limits-exprparen.c -O3 -g (test for excess errors)
FAIL: gcc.c-torture/compile/limits-exprparen.c -Os (test for excess errors)
XPASS: gcc.dg/tree-ssa/ltrans-3.c scan-tree-dump-times ltrans "transformed loop" 1
FAIL: gcc.target/i386/stackalign/local-1.c -mno-stackrealign scan-assembler-not sub[^\\\\n]*sp
=== gcc Summary for unix/-m32 ===
# of expected passes 51367
# of unexpected failures 7
# of unexpected successes 1
# of expected failures 166
# of untested testcases 35
# of unsupported tests 402
Running target unix
FAIL: gcc.c-torture/compile/limits-exprparen.c -O0 (test for excess errors)
FAIL: gcc.c-torture/compile/limits-exprparen.c -O1 (test for excess errors)
FAIL: gcc.c-torture/compile/limits-exprparen.c -O2 (test for excess errors)
FAIL: gcc.c-torture/compile/limits-exprparen.c -O3 -fomit-frame-pointer (test for excess errors)
FAIL: gcc.c-torture/compile/limits-exprparen.c -O3 -g (test for excess errors)
FAIL: gcc.c-torture/compile/limits-exprparen.c -Os (test for excess errors)
FAIL: gcc.dg/tree-prof/pr34999.c compilation, -fprofile-use -D_PROFILE_USE
UNRESOLVED: gcc.dg/tree-prof/pr34999.c execution, -fprofile-use -D_PROFILE_USE
XPASS: gcc.dg/tree-ssa/ltrans-3.c scan-tree-dump-times ltrans "transformed loop" 1
=== gcc Summary for unix ===
# of expected passes 51109
# of unexpected failures 7
# of unexpected successes 1
# of expected failures 166
# of unresolved testcases 1
# of untested testcases 35
# of unsupported tests 577
=== gcc Summary ===
# of expected passes 102476
# of unexpected failures 14
# of unexpected successes 2
# of expected failures 332
# of unresolved testcases 1
# of untested testcases 70
# of unsupported tests 979
/export/build/gnu/gcc-stack/build-x86_64-linux/gcc/xgcc version 4.4.0 20080425 (experimental) [stack revision 134706] (GCC)
=== gfortran tests ===
Running target unix/-m32
=== gfortran Summary for unix/-m32 ===
# of expected passes 24482
# of expected failures 3
# of unsupported tests 48
Running target unix
=== gfortran Summary for unix ===
# of expected passes 24544
# of expected failures 3
# of unsupported tests 18
=== gfortran Summary ===
# of expected passes 49026
# of expected failures 6
# of unsupported tests 66
/export/build/gnu/gcc-stack/build-x86_64-linux/gcc/testsuite/gfortran/../../gfortran version 4.4.0 20080425 (experimental) [stack revision 134706] (GCC)
=== g++ tests ===
Running target unix/-m32
FAIL: g++.dg/ext/vector14.C (test for excess errors)
=== g++ Summary for unix/-m32 ===
# of expected passes 18209
# of unexpected failures 1
# of expected failures 82
# of unsupported tests 90
Running target unix
=== g++ Summary for unix ===
# of expected passes 17903
# of expected failures 82
# of unsupported tests 237
=== g++ Summary ===
# of expected passes 36112
# of unexpected failures 1
# of expected failures 164
# of unsupported tests 327
/export/build/gnu/gcc-stack/build-x86_64-linux/gcc/testsuite/g++/../../g++ version 4.4.0 20080425 (experimental) [stack revision 134706] (GCC)
=== objc tests ===
Running target unix/-m32
=== objc Summary for unix/-m32 ===
# of expected passes 1814
# of expected failures 7
# of unsupported tests 24
Running target unix
=== objc Summary for unix ===
# of expected passes 1814
# of expected failures 7
# of unsupported tests 24
=== objc Summary ===
# of expected passes 3628
# of expected failures 14
# of unsupported tests 48
/export/build/gnu/gcc-stack/build-x86_64-linux/gcc/xgcc version 4.4.0 20080425 (experimental) [stack revision 134706] (GCC)
=== libffi tests ===
Running target unix/-m32
=== libffi Summary for unix/-m32 ===
# of expected passes 1389
# of unsupported tests 10
Running target unix
=== libffi Summary for unix ===
# of expected passes 1389
# of unsupported tests 10
=== libffi Summary ===
# of expected passes 2778
# of unsupported tests 20
=== libgomp tests ===
Running target unix/-m32
=== libgomp Summary for unix/-m32 ===
# of expected passes 1723
Running target unix
=== libgomp Summary for unix ===
# of expected passes 1723
=== libgomp Summary ===
# of expected passes 3446
=== libjava tests ===
Running target unix/-m32
FAIL: events output
=== libjava Summary for unix/-m32 ===
# of expected passes 2549
# of unexpected failures 1
Running target unix
=== libjava Summary for unix ===
# of expected passes 2550
=== libjava Summary ===
# of expected passes 5099
# of unexpected failures 1
=== libmudflap tests ===
Running target unix/-m32
=== libmudflap Summary for unix/-m32 ===
# of expected passes 1865
Running target unix
=== libmudflap Summary for unix ===
# of expected passes 1865
=== libmudflap Summary ===
# of expected passes 3730
=== libstdc++ tests ===
Running target unix/-m32
XPASS: 26_numerics/headers/cmath/c99_classification_macros_c.cc (test for excess errors)
=== libstdc++ Summary for unix/-m32 ===
# of expected passes 5684
# of unexpected successes 1
# of expected failures 73
# of unsupported tests 10
Running target unix
XPASS: 26_numerics/headers/cmath/c99_classification_macros_c.cc (test for excess errors)
=== libstdc++ Summary for unix ===
# of expected passes 5684
# of unexpected successes 1
# of expected failures 73
# of unsupported tests 10
=== libstdc++ Summary ===
# of expected passes 11368
# of unexpected successes 2
# of expected failures 146
# of unsupported tests 20
Compiler version: 4.4.0 20080425 (experimental) [stack revision 134706] (GCC)
Platform: x86_64-unknown-linux-gnu
configure flags: --enable-clocale=gnu --with-system-zlib --enable-checking=assert --with-demangler-in-ld --enable-shared --enable-threads=posix --enable-haifa --prefix=/usr/gcc-4.4-stack --with-local-prefix=/usr/local
More information about the Gcc-testresults
mailing list