Results for 4.3.1 20080418 (prerelease) [gcc-4_3-branch revision 134423] (GCC) testsuite on hppa2.0w-hp-hpux11.00
John David Anglin
dave@hiauly2.hia.nrc.ca
Wed Apr 23 02:45:00 GMT 2008
LAST_UPDATED: Fri Apr 18 03:13:36 UTC 2008 (revision 134423)
=== acats tests ===
FAIL: cxf3a01
=== acats Summary ===
# of expected passes 2314
# of unexpected failures 1
Native configuration is hppa2.0w-hp-hpux11.00
=== g++ tests ===
Running target unix
XPASS: g++.old-deja/g++.pt/static6.C (test for excess errors)
=== g++ Summary ===
# of expected passes 16401
# of unexpected successes 1
# of expected failures 84
# of unsupported tests 223
/home/gnu/gcc/objdir/gcc/testsuite/g++/../../g++ version 4.3.1 20080418 (prerelease) [gcc-4_3-branch revision 134423] (GCC)
=== gcc tests ===
Running target unix
XPASS: gcc.dg/cpp/cmdlne-dI-M.c scan-file (^|\\\\n)cmdlne-dI-M.*:[^\\\\n]*cmdlne-dI-M.c
XPASS: gcc.dg/cpp/cmdlne-dM-M.c scan-file (^|\\\\n)cmdlne-dM-M[^\\\\n]*:[^\\\\n]*cmdlne-dM-M.c
FAIL: gcc.dg/struct/wo_prof_global_var.c execution test
FAIL: gcc.dg/struct/wo_prof_local_var.c execution test
FAIL: gcc.dg/struct/wo_prof_malloc_size_var.c execution test
FAIL: gcc.dg/struct/w_prof_global_var.c execution, -O3 -fwhole-program -combine -fipa-type-escape -fprofile-use -fipa-struct-reorg -fdump-ipa-all
FAIL: gcc.dg/struct/w_prof_local_var.c execution, -O3 -fwhole-program -combine -fipa-type-escape -fprofile-use -fipa-struct-reorg -fdump-ipa-all
=== gcc Summary ===
# of expected passes 44611
# of unexpected failures 5
# of unexpected successes 2
# of expected failures 90
# of untested testcases 35
# of unsupported tests 467
/home/gnu/gcc/objdir/gcc/xgcc version 4.3.1 20080418 (prerelease) [gcc-4_3-branch revision 134423] (GCC)
=== gfortran tests ===
Running target unix
FAIL: gfortran.dg/nint_2.f90 -O0 execution test
=== gfortran Summary ===
# of expected passes 23558
# of unexpected failures 1
# of expected failures 3
# of unsupported tests 154
/home/gnu/gcc/objdir/gcc/testsuite/gfortran/../../gfortran version 4.3.1 20080418 (prerelease) [gcc-4_3-branch revision 134423] (GCC)
=== gnat tests ===
Running target unix
=== gnat Summary ===
# of expected passes 352
=== obj-c++ tests ===
Running target unix
WARNING: obj-c++.dg/lookup-2.mm compilation failed to produce executable
WARNING: obj-c++.dg/try-catch-2.mm compilation failed to produce executable
WARNING: obj-c++.dg/try-catch-9.mm compilation failed to produce executable
=== obj-c++ Summary ===
# of expected passes 435
# of expected failures 9
# of unsupported tests 14
/home/gnu/gcc/objdir/gcc/testsuite/obj-c++/../../g++ version 4.3.1 20080418 (prerelease) [gcc-4_3-branch revision 134423] (GCC)
=== objc tests ===
Running target unix
=== objc Summary ===
# of expected passes 1806
# of expected failures 7
# of unsupported tests 27
/home/gnu/gcc/objdir/gcc/xgcc version 4.3.1 20080418 (prerelease) [gcc-4_3-branch revision 134423] (GCC)
=== libffi tests ===
Running target unix
=== libffi Summary ===
# of expected passes 1389
# of unsupported tests 10
=== libgomp tests ===
Running target unix
FAIL: libgomp.fortran/vla6.f90 -O0 execution test
=== libgomp Summary ===
# of expected passes 1708
# of unexpected failures 1
# of unsupported tests 7
=== libjava tests ===
Running target unix
FAIL: LargeFile execution - source compiled test
FAIL: LargeFile -findirect-dispatch execution - source compiled test
FAIL: LargeFile -O3 execution - source compiled test
FAIL: LargeFile -O3 -findirect-dispatch execution - source compiled test
=== libjava Summary ===
# of expected passes 2542
# of unexpected failures 4
# of untested testcases 4
=== libstdc++ tests ===
Running target unix
WARNING: program timed out.
FAIL: 23_containers/vector/bool/modifiers/insert/31370.cc execution test
=== libstdc++ Summary ===
# of expected passes 4011
# of unexpected failures 1
# of expected failures 57
# of unsupported tests 210
Compiler version: 4.3.1 20080418 (prerelease) [gcc-4_3-branch revision 134423] (GCC)
Platform: hppa2.0w-hp-hpux11.00
configure flags: --with-gnu-as --with-as=/opt/gnu/bin/as --enable-shared --with-local-prefix=/opt/gnu --prefix=/opt/gnu/gcc/gcc-4.3.1 --with-gmp=/opt/gnu/gcc/gcc-4.3.0 --enable-debug=no --disable-nls --enable-threads=posix --enable-languages=c,c++,objc,fortran,java,ada,obj-c++
More information about the Gcc-testresults
mailing list