Results for 4.4.0 20080422 (experimental) [trunk revision 134566] (GCC) testsuite on x86_64-unknown-linux-gnu
guerby@gcc12.fsffrance.org
guerby@gcc12.fsffrance.org
Wed Apr 23 01:36:00 GMT 2008
LAST_UPDATED: Tue Apr 22 22:04:46 UTC 2008 (revision 134566)
=== acats tests ===
=== acats Summary ===
# of expected passes 2315
# of unexpected failures 0
Native configuration is x86_64-unknown-linux-gnu
=== gcc tests ===
Running target unix
ERROR: gcc.dg/pr30957-1.c: no files matched glob pattern "hard_float13579.c.[0-9][0-9][0-9]r.expand" for " dg-require-effective-target 8 hard_float "
UNRESOLVED: gcc.dg/pr30957-1.c: no files matched glob pattern "hard_float13579.c.[0-9][0-9][0-9]r.expand" for " dg-require-effective-target 8 hard_float "
ERROR: gcc.dg/var-expand1.c: can't read "et_cache(hard_float,value)": no such element in array for " dg-require-effective-target 4 hard_float "
UNRESOLVED: gcc.dg/var-expand1.c: can't read "et_cache(hard_float,value)": no such element in array for " dg-require-effective-target 4 hard_float "
XPASS: gcc.dg/tree-ssa/ltrans-3.c scan-tree-dump-times ltrans "transformed loop" 1
FAIL: gcc.dg/vect/vect-vfa-slp.c scan-tree-dump-times vect "Vectorizing an unaligned access" 2
=== gcc Summary ===
# of expected passes 49158
# of unexpected failures 1
# of unexpected successes 1
# of expected failures 167
# of unresolved testcases 2
# of untested testcases 35
# of unsupported tests 617
/home/guerby/build/gcc/xgcc version 4.4.0 20080422 (experimental) [trunk revision 134566] (GCC)
=== gfortran tests ===
Running target unix
=== gfortran Summary ===
# of expected passes 24478
# of expected failures 3
# of unsupported tests 18
/home/guerby/build/gcc/testsuite/gfortran/../../gfortran version 4.4.0 20080422 (experimental) [trunk revision 134566] (GCC)
=== g++ tests ===
Running target unix
=== g++ Summary ===
# of expected passes 17627
# of expected failures 82
# of unsupported tests 121
/home/guerby/build/gcc/testsuite/g++/../../g++ version 4.4.0 20080422 (experimental) [trunk revision 134566] (GCC)
=== gnat tests ===
Running target unix
=== gnat Summary ===
# of expected passes 425
# of expected failures 4
=== objc tests ===
Running target unix
=== objc Summary ===
# of expected passes 1814
# of expected failures 7
# of unsupported tests 24
/home/guerby/build/gcc/xgcc version 4.4.0 20080422 (experimental) [trunk revision 134566] (GCC)
=== libffi tests ===
Running target unix
=== libffi Summary ===
# of expected passes 1389
# of unsupported tests 10
=== libgomp tests ===
Running target unix
=== libgomp Summary ===
# of expected passes 1723
=== libjava tests ===
Running target unix
=== libjava Summary ===
# of expected passes 2550
=== libmudflap tests ===
Running target unix
=== libmudflap Summary ===
# of expected passes 1865
=== libstdc++ tests ===
Running target unix
FAIL: 22_locale/time_get/get_date/wchar_t/4.cc execution test
XPASS: 26_numerics/headers/cmath/c99_classification_macros_c.cc (test for excess errors)
=== libstdc++ Summary ===
# of expected passes 5681
# of unexpected failures 1
# of unexpected successes 1
# of expected failures 73
# of unsupported tests 10
Compiler version: 4.4.0 20080422 (experimental) [trunk revision 134566] (GCC)
Platform: x86_64-unknown-linux-gnu
configure flags: --prefix=/n/04/guerby/install-trunk --enable-languages=all,ada --enable-__cxa_atexit --disable-nls --enable-threads=posix --disable-multilib --with-mpfr=/opt/cfarm/mpfr-2.3.1
More information about the Gcc-testresults
mailing list