Results for 4.4.0 20080421 (experimental) [trunk revision 134500] (GCC) testsuite on powerpc64-unknown-linux-gnu
Janis Johnson
janis187@us.ibm.com
Mon Apr 21 13:14:00 GMT 2008
Linux 2.6.5-7.252-pseries64 ppc64
GNU C Library stable release version 2.3.5 (20050720)
GNU ld (GNU Binutils) 2.18
GNU assembler (GNU Binutils) 2.18
GNU Make 3.80
DejaGnu:
Expect version is 5.43.0
Tcl version is 8.4
Framework version is 1.4.4
32-bit biarch default32
SVN branch: trunk
This hardware has VMX instructions.
LAST_UPDATED: Mon Apr 21 01:15:57 UTC 2008 (revision 134500)
Native configuration is powerpc64-unknown-linux-gnu
=== g++ tests ===
Running target unix/-m32
=== g++ Summary for unix/-m32 ===
# of expected passes 18507
# of expected failures 82
# of unsupported tests 120
Running target unix/-m64
FAIL: g++.dg/ext/utf-cvt.C (test for warnings, line 43)
FAIL: g++.dg/ext/utf-cvt.C (test for warnings, line 44)
=== g++ Summary for unix/-m64 ===
# of expected passes 18467
# of unexpected failures 2
# of expected failures 82
# of unsupported tests 123
=== g++ Summary ===
# of expected passes 36974
# of unexpected failures 2
# of expected failures 164
# of unsupported tests 243
/extra_space/gccbuild/build/nightly/build-gcc-trunk/gcc/testsuite/g++/../../g++ version 4.4.0 20080421 (experimental) [trunk revision 134500] (GCC)
=== gcc tests ===
Running target unix/-m32
FAIL: gcc.c-torture/compile/pr11832.c -O0 (internal compiler error)
FAIL: gcc.c-torture/compile/pr11832.c -O0 (test for excess errors)
FAIL: gcc.c-torture/compile/pr11832.c -O1 (internal compiler error)
FAIL: gcc.c-torture/compile/pr11832.c -O1 (test for excess errors)
FAIL: gcc.c-torture/compile/pr11832.c -O2 (internal compiler error)
FAIL: gcc.c-torture/compile/pr11832.c -O2 (test for excess errors)
FAIL: gcc.c-torture/compile/pr11832.c -O3 -fomit-frame-pointer (internal compiler error)
FAIL: gcc.c-torture/compile/pr11832.c -O3 -fomit-frame-pointer (test for excess errors)
FAIL: gcc.c-torture/compile/pr11832.c -O3 -g (internal compiler error)
FAIL: gcc.c-torture/compile/pr11832.c -O3 -g (test for excess errors)
FAIL: gcc.c-torture/compile/pr11832.c -Os (internal compiler error)
FAIL: gcc.c-torture/compile/pr11832.c -Os (test for excess errors)
FAIL: gcc.c-torture/compile/pr33009.c -O0 (internal compiler error)
FAIL: gcc.c-torture/compile/pr33009.c -O0 (test for excess errors)
FAIL: gcc.c-torture/compile/pr33009.c -O1 (internal compiler error)
FAIL: gcc.c-torture/compile/pr33009.c -O1 (test for excess errors)
FAIL: gcc.c-torture/compile/pr33009.c -O2 (internal compiler error)
FAIL: gcc.c-torture/compile/pr33009.c -O2 (test for excess errors)
FAIL: gcc.c-torture/compile/pr33009.c -O3 -fomit-frame-pointer (internal compiler error)
FAIL: gcc.c-torture/compile/pr33009.c -O3 -fomit-frame-pointer (test for excess errors)
FAIL: gcc.c-torture/compile/pr33009.c -O3 -fomit-frame-pointer -funroll-loops (internal compiler error)
FAIL: gcc.c-torture/compile/pr33009.c -O3 -fomit-frame-pointer -funroll-loops (test for excess errors)
FAIL: gcc.c-torture/compile/pr33009.c -O3 -fomit-frame-pointer -funroll-all-loops -finline-functions (internal compiler error)
FAIL: gcc.c-torture/compile/pr33009.c -O3 -fomit-frame-pointer -funroll-all-loops -finline-functions (test for excess errors)
FAIL: gcc.c-torture/compile/pr33009.c -O3 -g (internal compiler error)
FAIL: gcc.c-torture/compile/pr33009.c -O3 -g (test for excess errors)
FAIL: gcc.c-torture/compile/pr33009.c -Os (internal compiler error)
FAIL: gcc.c-torture/compile/pr33009.c -Os (test for excess errors)
FAIL: gcc.dg/and-1.c scan-assembler-not nand
FAIL: gcc.dg/memcpy-1.c scan-tree-dump-times optimized "nasty_local" 0
ERROR: gcc.dg/pr30957-1.c: no files matched glob pattern "hard_float25941.c.[0-9][0-9][0-9]r.expand" for " dg-require-effective-target 8 hard_float "
UNRESOLVED: gcc.dg/pr30957-1.c: no files matched glob pattern "hard_float25941.c.[0-9][0-9][0-9]r.expand" for " dg-require-effective-target 8 hard_float "
FAIL: gcc.dg/pr35729.c scan-rtl-dump-times loop2_invariant "Decided to move invariant" 0
ERROR: gcc.dg/var-expand1.c: can't read "et_cache(hard_float,value)": no such element in array for " dg-require-effective-target 4 hard_float "
UNRESOLVED: gcc.dg/var-expand1.c: can't read "et_cache(hard_float,value)": no such element in array for " dg-require-effective-target 4 hard_float "
ERROR: gcc.dg/var-expand3.c: error executing dg-final: no files matched glob pattern "var-expand3.c.[0-9][0-9][0-9]r.loop2_unroll"
UNRESOLVED: gcc.dg/var-expand3.c: error executing dg-final: no files matched glob pattern "var-expand3.c.[0-9][0-9][0-9]r.loop2_unroll"
XPASS: gcc.dg/tree-ssa/ltrans-3.c scan-tree-dump-times ltrans "transformed loop" 1
FAIL: gcc.dg/vect/costmodel/ppc/costmodel-vect-31d.c scan-tree-dump-times vect "vectorization not profitable" 1
FAIL: gcc.dg/vect/costmodel/ppc/costmodel-vect-31d.c scan-tree-dump-times vect "vectorized 1 loops" 0
FAIL: gcc.dg/vect/costmodel/ppc/costmodel-vect-68d.c scan-tree-dump-times vect "vectorization not profitable" 1
FAIL: gcc.dg/vect/costmodel/ppc/costmodel-vect-68d.c scan-tree-dump-times vect "vectorized 1 loops" 0
FAIL: gcc.dg/vect/vect-strided-store-u16-i4.c scan-tree-dump-times vect "vectorized 1 loops" 2
FAIL: gcc.dg/vect/vect-vfa-03.c scan-tree-dump-times vect "vectorized 1 loops" 1
XPASS: gcc.dg/vect/vect-vfa-03.c scan-tree-dump-times vect "vectorized 1 loops" 0
FAIL: gcc.dg/vect/slp-21.c scan-tree-dump-times vect "vectorized 4 loops" 1
FAIL: gcc.dg/vect/slp-21.c scan-tree-dump-times vect "vectorizing stmts using SLP" 2
FAIL: gcc.dg/vect/slp-7.c scan-tree-dump-times vect "vectorized 3 loops" 1
FAIL: gcc.dg/vect/slp-7.c scan-tree-dump-times vect "vectorizing stmts using SLP" 3
=== gcc Summary for unix/-m32 ===
# of expected passes 50675
# of unexpected failures 41
# of unexpected successes 2
# of expected failures 168
# of unresolved testcases 3
# of untested testcases 35
# of unsupported tests 511
Running target unix/-m64
FAIL: gcc.c-torture/compile/pr11832.c -O0 (internal compiler error)
FAIL: gcc.c-torture/compile/pr11832.c -O0 (test for excess errors)
FAIL: gcc.c-torture/compile/pr11832.c -O1 (internal compiler error)
FAIL: gcc.c-torture/compile/pr11832.c -O1 (test for excess errors)
FAIL: gcc.c-torture/compile/pr11832.c -O2 (internal compiler error)
FAIL: gcc.c-torture/compile/pr11832.c -O2 (test for excess errors)
FAIL: gcc.c-torture/compile/pr11832.c -O3 -fomit-frame-pointer (internal compiler error)
FAIL: gcc.c-torture/compile/pr11832.c -O3 -fomit-frame-pointer (test for excess errors)
FAIL: gcc.c-torture/compile/pr11832.c -O3 -g (internal compiler error)
FAIL: gcc.c-torture/compile/pr11832.c -O3 -g (test for excess errors)
FAIL: gcc.c-torture/compile/pr11832.c -Os (internal compiler error)
FAIL: gcc.c-torture/compile/pr11832.c -Os (test for excess errors)
FAIL: gcc.c-torture/compile/pr33009.c -O0 (internal compiler error)
FAIL: gcc.c-torture/compile/pr33009.c -O0 (test for excess errors)
FAIL: gcc.c-torture/compile/pr33009.c -O1 (internal compiler error)
FAIL: gcc.c-torture/compile/pr33009.c -O1 (test for excess errors)
FAIL: gcc.c-torture/compile/pr33009.c -O2 (internal compiler error)
FAIL: gcc.c-torture/compile/pr33009.c -O2 (test for excess errors)
FAIL: gcc.c-torture/compile/pr33009.c -O3 -fomit-frame-pointer (internal compiler error)
FAIL: gcc.c-torture/compile/pr33009.c -O3 -fomit-frame-pointer (test for excess errors)
FAIL: gcc.c-torture/compile/pr33009.c -O3 -fomit-frame-pointer -funroll-loops (internal compiler error)
FAIL: gcc.c-torture/compile/pr33009.c -O3 -fomit-frame-pointer -funroll-loops (test for excess errors)
FAIL: gcc.c-torture/compile/pr33009.c -O3 -fomit-frame-pointer -funroll-all-loops -finline-functions (internal compiler error)
FAIL: gcc.c-torture/compile/pr33009.c -O3 -fomit-frame-pointer -funroll-all-loops -finline-functions (test for excess errors)
FAIL: gcc.c-torture/compile/pr33009.c -O3 -g (internal compiler error)
FAIL: gcc.c-torture/compile/pr33009.c -O3 -g (test for excess errors)
FAIL: gcc.c-torture/compile/pr33009.c -Os (internal compiler error)
FAIL: gcc.c-torture/compile/pr33009.c -Os (test for excess errors)
FAIL: gcc.dg/and-1.c scan-assembler-not nand
ERROR: gcc.dg/pr30957-1.c: no files matched glob pattern "hard_float25941.c.[0-9][0-9][0-9]r.expand" for " dg-require-effective-target 8 hard_float "
UNRESOLVED: gcc.dg/pr30957-1.c: no files matched glob pattern "hard_float25941.c.[0-9][0-9][0-9]r.expand" for " dg-require-effective-target 8 hard_float "
FAIL: gcc.dg/pr35729.c scan-rtl-dump-times loop2_invariant "Decided to move invariant" 0
FAIL: gcc.dg/utf-cvt.c (test for warnings, line 46)
FAIL: gcc.dg/utf-cvt.c (test for warnings, line 47)
ERROR: gcc.dg/var-expand1.c: can't read "et_cache(hard_float,value)": no such element in array for " dg-require-effective-target 4 hard_float "
UNRESOLVED: gcc.dg/var-expand1.c: can't read "et_cache(hard_float,value)": no such element in array for " dg-require-effective-target 4 hard_float "
ERROR: gcc.dg/var-expand3.c: error executing dg-final: no files matched glob pattern "var-expand3.c.[0-9][0-9][0-9]r.loop2_unroll"
UNRESOLVED: gcc.dg/var-expand3.c: error executing dg-final: no files matched glob pattern "var-expand3.c.[0-9][0-9][0-9]r.loop2_unroll"
XPASS: gcc.dg/tree-ssa/ltrans-3.c scan-tree-dump-times ltrans "transformed loop" 1
XPASS: gcc.dg/tree-ssa/sra-2.c scan-tree-dump-times optimized "link_error" 0
FAIL: gcc.dg/vect/costmodel/ppc/costmodel-vect-31d.c scan-tree-dump-times vect "vectorization not profitable" 1
FAIL: gcc.dg/vect/costmodel/ppc/costmodel-vect-31d.c scan-tree-dump-times vect "vectorized 1 loops" 0
FAIL: gcc.dg/vect/costmodel/ppc/costmodel-vect-68d.c scan-tree-dump-times vect "vectorization not profitable" 1
FAIL: gcc.dg/vect/costmodel/ppc/costmodel-vect-68d.c scan-tree-dump-times vect "vectorized 1 loops" 0
FAIL: gcc.dg/vect/vect-strided-store-u16-i4.c scan-tree-dump-times vect "vectorized 1 loops" 2
FAIL: gcc.dg/vect/vect-vfa-03.c scan-tree-dump-times vect "vectorized 1 loops" 1
XPASS: gcc.dg/vect/vect-vfa-03.c scan-tree-dump-times vect "vectorized 1 loops" 0
FAIL: gcc.dg/vect/slp-21.c scan-tree-dump-times vect "vectorized 4 loops" 1
FAIL: gcc.dg/vect/slp-21.c scan-tree-dump-times vect "vectorizing stmts using SLP" 2
FAIL: gcc.dg/vect/slp-7.c scan-tree-dump-times vect "vectorized 3 loops" 1
FAIL: gcc.dg/vect/slp-7.c scan-tree-dump-times vect "vectorizing stmts using SLP" 3
FAIL: gcc.target/powerpc/ppc-negeq0-1.c scan-assembler-not cntlzw
=== gcc Summary for unix/-m64 ===
# of expected passes 50503
# of unexpected failures 43
# of unexpected successes 3
# of expected failures 169
# of unresolved testcases 3
# of untested testcases 35
# of unsupported tests 585
=== gcc Summary ===
# of expected passes 101178
# of unexpected failures 84
# of unexpected successes 5
# of expected failures 337
# of unresolved testcases 6
# of untested testcases 70
# of unsupported tests 1096
/extra_space/gccbuild/build/nightly/build-gcc-trunk/gcc/xgcc version 4.4.0 20080421 (experimental) [trunk revision 134500] (GCC)
=== gfortran tests ===
Running target unix/-m32
FAIL: gfortran.dg/array_constructor_23.f -O0 (test for excess errors)
WARNING: gfortran.dg/array_constructor_23.f -O0 compilation failed to produce executable
FAIL: gfortran.dg/array_constructor_23.f -O1 (test for excess errors)
WARNING: gfortran.dg/array_constructor_23.f -O1 compilation failed to produce executable
FAIL: gfortran.dg/array_constructor_23.f -O2 (test for excess errors)
WARNING: gfortran.dg/array_constructor_23.f -O2 compilation failed to produce executable
FAIL: gfortran.dg/array_constructor_23.f -O3 -fomit-frame-pointer (test for excess errors)
WARNING: gfortran.dg/array_constructor_23.f -O3 -fomit-frame-pointer compilation failed to produce executable
FAIL: gfortran.dg/array_constructor_23.f -O3 -fomit-frame-pointer -funroll-loops (test for excess errors)
WARNING: gfortran.dg/array_constructor_23.f -O3 -fomit-frame-pointer -funroll-loops compilation failed to produce executable
FAIL: gfortran.dg/array_constructor_23.f -O3 -fomit-frame-pointer -funroll-all-loops -finline-functions (test for excess errors)
WARNING: gfortran.dg/array_constructor_23.f -O3 -fomit-frame-pointer -funroll-all-loops -finline-functions compilation failed to produce executable
FAIL: gfortran.dg/array_constructor_23.f -O3 -g (test for excess errors)
WARNING: gfortran.dg/array_constructor_23.f -O3 -g compilation failed to produce executable
FAIL: gfortran.dg/array_constructor_23.f -Os (test for excess errors)
WARNING: gfortran.dg/array_constructor_23.f -Os compilation failed to produce executable
FAIL: gfortran.dg/csqrt_2.f -O0 execution test
FAIL: gfortran.dg/csqrt_2.f -O1 execution test
FAIL: gfortran.dg/csqrt_2.f -O2 execution test
FAIL: gfortran.dg/csqrt_2.f -O3 -fomit-frame-pointer execution test
FAIL: gfortran.dg/csqrt_2.f -O3 -fomit-frame-pointer -funroll-loops execution test
FAIL: gfortran.dg/csqrt_2.f -O3 -fomit-frame-pointer -funroll-all-loops -finline-functions execution test
FAIL: gfortran.dg/csqrt_2.f -O3 -g execution test
FAIL: gfortran.dg/csqrt_2.f -Os execution test
XPASS: gfortran.dg/nint_2.f90 -O1 execution test
XPASS: gfortran.dg/nint_2.f90 -O2 execution test
XPASS: gfortran.dg/nint_2.f90 -O3 -fomit-frame-pointer execution test
XPASS: gfortran.dg/nint_2.f90 -O3 -fomit-frame-pointer -funroll-loops execution test
XPASS: gfortran.dg/nint_2.f90 -O3 -fomit-frame-pointer -funroll-all-loops -finline-functions execution test
XPASS: gfortran.dg/nint_2.f90 -O3 -g execution test
XPASS: gfortran.dg/nint_2.f90 -Os execution test
=== gfortran Summary for unix/-m32 ===
# of expected passes 24078
# of unexpected failures 16
# of unexpected successes 7
# of expected failures 4
# of unsupported tests 197
Running target unix/-m64
FAIL: gfortran.dg/array_constructor_23.f -O0 (test for excess errors)
WARNING: gfortran.dg/array_constructor_23.f -O0 compilation failed to produce executable
FAIL: gfortran.dg/array_constructor_23.f -O1 (test for excess errors)
WARNING: gfortran.dg/array_constructor_23.f -O1 compilation failed to produce executable
FAIL: gfortran.dg/array_constructor_23.f -O2 (test for excess errors)
WARNING: gfortran.dg/array_constructor_23.f -O2 compilation failed to produce executable
FAIL: gfortran.dg/array_constructor_23.f -O3 -fomit-frame-pointer (test for excess errors)
WARNING: gfortran.dg/array_constructor_23.f -O3 -fomit-frame-pointer compilation failed to produce executable
FAIL: gfortran.dg/array_constructor_23.f -O3 -fomit-frame-pointer -funroll-loops (test for excess errors)
WARNING: gfortran.dg/array_constructor_23.f -O3 -fomit-frame-pointer -funroll-loops compilation failed to produce executable
FAIL: gfortran.dg/array_constructor_23.f -O3 -fomit-frame-pointer -funroll-all-loops -finline-functions (test for excess errors)
WARNING: gfortran.dg/array_constructor_23.f -O3 -fomit-frame-pointer -funroll-all-loops -finline-functions compilation failed to produce executable
FAIL: gfortran.dg/array_constructor_23.f -O3 -g (test for excess errors)
WARNING: gfortran.dg/array_constructor_23.f -O3 -g compilation failed to produce executable
FAIL: gfortran.dg/array_constructor_23.f -Os (test for excess errors)
WARNING: gfortran.dg/array_constructor_23.f -Os compilation failed to produce executable
FAIL: gfortran.dg/csqrt_2.f -O0 execution test
FAIL: gfortran.dg/csqrt_2.f -O1 execution test
FAIL: gfortran.dg/csqrt_2.f -O2 execution test
FAIL: gfortran.dg/csqrt_2.f -O3 -fomit-frame-pointer execution test
FAIL: gfortran.dg/csqrt_2.f -O3 -fomit-frame-pointer -funroll-loops execution test
FAIL: gfortran.dg/csqrt_2.f -O3 -fomit-frame-pointer -funroll-all-loops -finline-functions execution test
FAIL: gfortran.dg/csqrt_2.f -O3 -g execution test
FAIL: gfortran.dg/csqrt_2.f -Os execution test
XPASS: gfortran.dg/nint_2.f90 -O1 execution test
XPASS: gfortran.dg/nint_2.f90 -O2 execution test
XPASS: gfortran.dg/nint_2.f90 -O3 -fomit-frame-pointer execution test
XPASS: gfortran.dg/nint_2.f90 -O3 -fomit-frame-pointer -funroll-loops execution test
XPASS: gfortran.dg/nint_2.f90 -O3 -fomit-frame-pointer -funroll-all-loops -finline-functions execution test
XPASS: gfortran.dg/nint_2.f90 -O3 -g execution test
XPASS: gfortran.dg/nint_2.f90 -Os execution test
=== gfortran Summary for unix/-m64 ===
# of expected passes 24174
# of unexpected failures 16
# of unexpected successes 7
# of expected failures 4
# of unsupported tests 149
=== gfortran Summary ===
# of expected passes 48252
# of unexpected failures 32
# of unexpected successes 14
# of expected failures 8
# of unsupported tests 346
/extra_space/gccbuild/build/nightly/build-gcc-trunk/gcc/testsuite/gfortran/../../gfortran version 4.4.0 20080421 (experimental) [trunk revision 134500] (GCC)
=== obj-c++ tests ===
Running target unix/-m32
FAIL: obj-c++.dg/bitfield-1.mm (internal compiler error)
FAIL: obj-c++.dg/bitfield-1.mm (test for excess errors)
WARNING: obj-c++.dg/bitfield-1.mm compilation failed to produce executable
FAIL: obj-c++.dg/comp-types-10.mm (internal compiler error)
FAIL: obj-c++.dg/comp-types-10.mm (test for excess errors)
WARNING: obj-c++.dg/lookup-2.mm compilation failed to produce executable
WARNING: obj-c++.dg/try-catch-2.mm compilation failed to produce executable
FAIL: obj-c++.dg/try-catch-9.mm (test for excess errors)
WARNING: obj-c++.dg/try-catch-9.mm compilation failed to produce executable
=== obj-c++ Summary for unix/-m32 ===
# of expected passes 434
# of unexpected failures 5
# of expected failures 9
# of unsupported tests 13
Running target unix/-m64
FAIL: obj-c++.dg/bitfield-1.mm (internal compiler error)
WARNING: obj-c++.dg/bitfield-1.mm compilation failed to produce executable
XPASS: obj-c++.dg/bitfield-4.mm (test for excess errors)
FAIL: obj-c++.dg/comp-types-10.mm (internal compiler error)
FAIL: obj-c++.dg/comp-types-10.mm (test for excess errors)
XPASS: obj-c++.dg/layout-1.mm (test for excess errors)
WARNING: obj-c++.dg/lookup-2.mm compilation failed to produce executable
WARNING: obj-c++.dg/try-catch-2.mm compilation failed to produce executable
FAIL: obj-c++.dg/try-catch-9.mm (test for excess errors)
WARNING: obj-c++.dg/try-catch-9.mm compilation failed to produce executable
=== obj-c++ Summary for unix/-m64 ===
# of expected passes 421
# of unexpected failures 4
# of unexpected successes 2
# of expected failures 21
# of unsupported tests 13
=== obj-c++ Summary ===
# of expected passes 855
# of unexpected failures 9
# of unexpected successes 2
# of expected failures 30
# of unsupported tests 26
/extra_space/gccbuild/build/nightly/build-gcc-trunk/gcc/testsuite/obj-c++/../../g++ version 4.4.0 20080421 (experimental) [trunk revision 134500] (GCC)
=== objc tests ===
Running target unix/-m32
=== objc Summary for unix/-m32 ===
# of expected passes 1814
# of expected failures 7
# of unsupported tests 24
Running target unix/-m64
=== objc Summary for unix/-m64 ===
# of expected passes 1814
# of expected failures 7
# of unsupported tests 24
=== objc Summary ===
# of expected passes 3628
# of expected failures 14
# of unsupported tests 48
/extra_space/gccbuild/build/nightly/build-gcc-trunk/gcc/xgcc version 4.4.0 20080421 (experimental) [trunk revision 134500] (GCC)
=== libffi tests ===
Running target unix/-m32
=== libffi Summary for unix/-m32 ===
# of expected passes 1389
# of unsupported tests 10
Running target unix/-m64
=== libffi Summary for unix/-m64 ===
# of expected passes 1389
# of unsupported tests 10
=== libffi Summary ===
# of expected passes 2778
# of unsupported tests 20
=== libgomp tests ===
Running target unix/-m32
=== libgomp Summary for unix/-m32 ===
# of expected passes 1723
Running target unix/-m64
=== libgomp Summary for unix/-m64 ===
# of expected passes 1723
=== libgomp Summary ===
# of expected passes 3446
=== libjava tests ===
Running target unix/-m32
=== libjava Summary for unix/-m32 ===
# of expected passes 2550
Running target unix/-m64
FAIL: getlocalvartable output
=== libjava Summary for unix/-m64 ===
# of expected passes 2549
# of unexpected failures 1
=== libjava Summary ===
# of expected passes 5099
# of unexpected failures 1
=== libmudflap tests ===
Running target unix/-m32
WARNING: program timed out.
FAIL: libmudflap.cth/pass37-frag.c (-O2) (rerun 5) execution test
FAIL: libmudflap.cth/pass37-frag.c (-O2) (rerun 5) output pattern test
WARNING: program timed out.
FAIL: libmudflap.cth/pass37-frag.c (-O2) (rerun 7) execution test
FAIL: libmudflap.cth/pass37-frag.c (-O2) (rerun 7) output pattern test
WARNING: program timed out.
FAIL: libmudflap.cth/pass37-frag.c (-O2) (rerun 8) execution test
FAIL: libmudflap.cth/pass37-frag.c (-O2) (rerun 8) output pattern test
WARNING: program timed out.
FAIL: libmudflap.cth/pass37-frag.c (-O2) (rerun 10) execution test
FAIL: libmudflap.cth/pass37-frag.c (-O2) (rerun 10) output pattern test
WARNING: program timed out.
FAIL: libmudflap.cth/pass37-frag.c (-O2) (rerun 11) execution test
FAIL: libmudflap.cth/pass37-frag.c (-O2) (rerun 11) output pattern test
WARNING: program timed out.
FAIL: libmudflap.cth/pass37-frag.c (-O2) (rerun 12) execution test
FAIL: libmudflap.cth/pass37-frag.c (-O2) (rerun 12) output pattern test
WARNING: program timed out.
FAIL: libmudflap.cth/pass37-frag.c (-O2) (rerun 15) execution test
FAIL: libmudflap.cth/pass37-frag.c (-O2) (rerun 15) output pattern test
WARNING: program timed out.
FAIL: libmudflap.cth/pass37-frag.c (-O3) (rerun 4) execution test
FAIL: libmudflap.cth/pass37-frag.c (-O3) (rerun 4) output pattern test
WARNING: program timed out.
FAIL: libmudflap.cth/pass37-frag.c (-O3) (rerun 5) execution test
FAIL: libmudflap.cth/pass37-frag.c (-O3) (rerun 5) output pattern test
=== libmudflap Summary for unix/-m32 ===
# of expected passes 1847
# of unexpected failures 18
Running target unix/-m64
FAIL: libmudflap.c/fail27-frag.c output pattern test
FAIL: libmudflap.c/fail27-frag.c (-O2) output pattern test
FAIL: libmudflap.c/fail27-frag.c (-O3) output pattern test
WARNING: program timed out.
FAIL: libmudflap.cth/pass37-frag.c (rerun 2) execution test
WARNING: program timed out.
FAIL: libmudflap.cth/pass37-frag.c (rerun 3) execution test
FAIL: libmudflap.cth/pass37-frag.c (rerun 3) output pattern test
WARNING: program timed out.
FAIL: libmudflap.cth/pass37-frag.c (rerun 4) execution test
FAIL: libmudflap.cth/pass37-frag.c (rerun 4) output pattern test
WARNING: program timed out.
FAIL: libmudflap.cth/pass37-frag.c (rerun 5) execution test
FAIL: libmudflap.cth/pass37-frag.c (rerun 5) output pattern test
WARNING: program timed out.
FAIL: libmudflap.cth/pass37-frag.c (rerun 6) execution test
FAIL: libmudflap.cth/pass37-frag.c (rerun 6) output pattern test
WARNING: program timed out.
FAIL: libmudflap.cth/pass37-frag.c (rerun 7) execution test
FAIL: libmudflap.cth/pass37-frag.c (rerun 7) output pattern test
WARNING: program timed out.
FAIL: libmudflap.cth/pass37-frag.c (rerun 9) execution test
FAIL: libmudflap.cth/pass37-frag.c (rerun 9) output pattern test
WARNING: program timed out.
FAIL: libmudflap.cth/pass37-frag.c (rerun 11) execution test
FAIL: libmudflap.cth/pass37-frag.c (rerun 11) output pattern test
WARNING: program timed out.
FAIL: libmudflap.cth/pass37-frag.c (rerun 14) execution test
FAIL: libmudflap.cth/pass37-frag.c (rerun 14) output pattern test
WARNING: program timed out.
FAIL: libmudflap.cth/pass39-frag.c execution test
FAIL: libmudflap.cth/pass39-frag.c output pattern test
WARNING: program timed out.
FAIL: libmudflap.cth/pass39-frag.c (rerun 9) execution test
FAIL: libmudflap.cth/pass39-frag.c (rerun 9) output pattern test
WARNING: program timed out.
FAIL: libmudflap.cth/pass39-frag.c (rerun 18) execution test
WARNING: program timed out.
FAIL: libmudflap.cth/pass37-frag.c (-static -DSTATIC) (rerun 4) execution test
FAIL: libmudflap.cth/pass37-frag.c (-static -DSTATIC) (rerun 4) output pattern test
WARNING: program timed out.
FAIL: libmudflap.cth/pass37-frag.c (-static -DSTATIC) (rerun 7) execution test
FAIL: libmudflap.cth/pass37-frag.c (-static -DSTATIC) (rerun 7) output pattern test
WARNING: program timed out.
FAIL: libmudflap.cth/pass40-frag.c (-static -DSTATIC) execution test
FAIL: libmudflap.cth/pass40-frag.c (-static -DSTATIC) output pattern test
WARNING: program timed out.
FAIL: libmudflap.cth/pass39-frag.c (-O2) execution test
WARNING: program timed out.
FAIL: libmudflap.cth/pass39-frag.c (-O2) (rerun 2) execution test
FAIL: libmudflap.cth/pass39-frag.c (-O2) (rerun 2) output pattern test
=== libmudflap Summary for unix/-m64 ===
# of expected passes 1831
# of unexpected failures 34
=== libmudflap Summary ===
# of expected passes 3678
# of unexpected failures 52
=== libstdc++ tests ===
Running target unix/-m32
FAIL: abi_check
XPASS: 26_numerics/headers/cmath/c99_classification_macros_c.cc (test for excess errors)
=== libstdc++ Summary for unix/-m32 ===
# of expected passes 5681
# of unexpected failures 1
# of unexpected successes 1
# of expected failures 73
# of unsupported tests 10
Running target unix/-m64
FAIL: abi_check
XPASS: 26_numerics/complex/13450.cc execution test
XPASS: 26_numerics/complex/complex_value.cc execution test
XPASS: 26_numerics/complex/pow.cc execution test
XPASS: 26_numerics/headers/cmath/c99_classification_macros_c.cc (test for excess errors)
=== libstdc++ Summary for unix/-m64 ===
# of expected passes 5678
# of unexpected failures 1
# of unexpected successes 4
# of expected failures 73
# of unsupported tests 10
=== libstdc++ Summary ===
# of expected passes 11359
# of unexpected failures 2
# of unexpected successes 5
# of expected failures 146
# of unsupported tests 20
Compiler version: 4.4.0 20080421 (experimental) [trunk revision 134500] (GCC)
Platform: powerpc64-unknown-linux-gnu
configure flags: --prefix=/opt/gcc-nightly/trunk-20080421 --build=powerpc64-linux --host=powerpc64-linux --target=powerpc64-linux --with-cpu=default32 --with-as=/opt/gcc-nightly/binutils-2.18/bin/as --with-ld=/opt/gcc-nightly/binutils-2.18/bin/ld --enable-threads=posix --enable-shared --enable-__cxa_atexit --enable-languages=c,c++,fortran,objc,obj-c++,java --enable-checking --disable-alsa --with-gmp=/opt/gcc-nightly/gmp-mpfr-static --with-mpfr=/opt/gcc-nightly/gmp-mpfr-static --enable-decimal-float
=== Test Framework Summary ===
# of expected passes 2510
More information about the Gcc-testresults
mailing list