Results for 4.3.1 20080412 (prerelease) [ix86/gcc-4_3-branch revision 134229] (GCC) testsuite on x86_64-unknown-linux-gnu
H.J. Lu
hjl.tools@gmail.com
Sat Apr 12 22:40:00 GMT 2008
LAST_UPDATED: Sat Apr 12 21:11:58 UTC 2008 (revision 134229)
Native configuration is x86_64-unknown-linux-gnu
=== gcc tests ===
Running target unix/-m32
FAIL: gcc.c-torture/compile/limits-exprparen.c -O0 (test for excess errors)
FAIL: gcc.c-torture/compile/limits-exprparen.c -O1 (test for excess errors)
FAIL: gcc.c-torture/compile/limits-exprparen.c -O2 (test for excess errors)
FAIL: gcc.c-torture/compile/limits-exprparen.c -O3 -fomit-frame-pointer (test for excess errors)
FAIL: gcc.c-torture/compile/limits-exprparen.c -O3 -g (test for excess errors)
FAIL: gcc.c-torture/compile/limits-exprparen.c -Os (test for excess errors)
=== gcc Summary for unix/-m32 ===
# of expected passes 49038
# of unexpected failures 6
# of expected failures 167
# of untested testcases 35
# of unsupported tests 259
Running target unix
FAIL: gcc.c-torture/compile/limits-exprparen.c -O0 (test for excess errors)
FAIL: gcc.c-torture/compile/limits-exprparen.c -O1 (test for excess errors)
FAIL: gcc.c-torture/compile/limits-exprparen.c -O2 (test for excess errors)
FAIL: gcc.c-torture/compile/limits-exprparen.c -O3 -fomit-frame-pointer (test for excess errors)
FAIL: gcc.c-torture/compile/limits-exprparen.c -O3 -g (test for excess errors)
FAIL: gcc.c-torture/compile/limits-exprparen.c -Os (test for excess errors)
=== gcc Summary for unix ===
# of expected passes 48901
# of unexpected failures 6
# of expected failures 166
# of untested testcases 35
# of unsupported tests 371
=== gcc Summary ===
# of expected passes 97939
# of unexpected failures 12
# of expected failures 333
# of untested testcases 70
# of unsupported tests 630
/export/build/gnu/gcc-4.3-ix86/build-x86_64-linux/gcc/xgcc version 4.3.1 20080412 (prerelease) [ix86/gcc-4_3-branch revision 134229] (GCC)
=== gfortran tests ===
Running target unix/-m32
=== gfortran Summary for unix/-m32 ===
# of expected passes 23853
# of expected failures 3
# of unsupported tests 16
Running target unix
=== gfortran Summary for unix ===
# of expected passes 23851
# of expected failures 3
# of unsupported tests 18
=== gfortran Summary ===
# of expected passes 47704
# of expected failures 6
# of unsupported tests 34
/export/build/gnu/gcc-4.3-ix86/build-x86_64-linux/gcc/testsuite/gfortran/../../gfortran version 4.3.1 20080412 (prerelease) [ix86/gcc-4_3-branch revision 134229] (GCC)
=== g++ tests ===
Running target unix/-m32
=== g++ Summary for unix/-m32 ===
# of expected passes 17556
# of expected failures 82
# of unsupported tests 88
Running target unix
=== g++ Summary for unix ===
# of expected passes 17466
# of expected failures 82
# of unsupported tests 119
=== g++ Summary ===
# of expected passes 35022
# of expected failures 164
# of unsupported tests 207
/export/build/gnu/gcc-4.3-ix86/build-x86_64-linux/gcc/testsuite/g++/../../g++ version 4.3.1 20080412 (prerelease) [ix86/gcc-4_3-branch revision 134229] (GCC)
=== objc tests ===
Running target unix/-m32
=== objc Summary for unix/-m32 ===
# of expected passes 1812
# of expected failures 7
# of unsupported tests 24
Running target unix
=== objc Summary for unix ===
# of expected passes 1812
# of expected failures 7
# of unsupported tests 24
=== objc Summary ===
# of expected passes 3624
# of expected failures 14
# of unsupported tests 48
/export/build/gnu/gcc-4.3-ix86/build-x86_64-linux/gcc/xgcc version 4.3.1 20080412 (prerelease) [ix86/gcc-4_3-branch revision 134229] (GCC)
=== libffi tests ===
Running target unix/-m32
=== libffi Summary for unix/-m32 ===
# of expected passes 1389
# of unsupported tests 10
Running target unix
=== libffi Summary for unix ===
# of expected passes 1389
# of unsupported tests 10
=== libffi Summary ===
# of expected passes 2778
# of unsupported tests 20
=== libgomp tests ===
Running target unix/-m32
=== libgomp Summary for unix/-m32 ===
# of expected passes 1723
Running target unix
=== libgomp Summary for unix ===
# of expected passes 1723
=== libgomp Summary ===
# of expected passes 3446
=== libjava tests ===
Running target unix/-m32
FAIL: events output
=== libjava Summary for unix/-m32 ===
# of expected passes 2549
# of unexpected failures 1
Running target unix
=== libjava Summary for unix ===
# of expected passes 2550
=== libjava Summary ===
# of expected passes 5099
# of unexpected failures 1
=== libmudflap tests ===
Running target unix/-m32
FAIL: libmudflap.c++/pass41-frag.cxx execution test
FAIL: libmudflap.c++/pass41-frag.cxx (-static) execution test
FAIL: libmudflap.c++/pass41-frag.cxx ( -O) execution test
FAIL: libmudflap.c++/pass41-frag.cxx (-O2) execution test
FAIL: libmudflap.c++/pass41-frag.cxx (-O3) execution test
FAIL: libmudflap.cth/pass39-frag.c (rerun 9) execution test
FAIL: libmudflap.cth/pass39-frag.c (rerun 9) output pattern test
=== libmudflap Summary for unix/-m32 ===
# of expected passes 1842
# of unexpected failures 7
Running target unix
FAIL: libmudflap.c++/pass41-frag.cxx execution test
FAIL: libmudflap.c++/pass41-frag.cxx (-static) execution test
FAIL: libmudflap.c++/pass41-frag.cxx ( -O) execution test
FAIL: libmudflap.c++/pass41-frag.cxx (-O2) execution test
FAIL: libmudflap.c++/pass41-frag.cxx (-O3) execution test
=== libmudflap Summary for unix ===
# of expected passes 1844
# of unexpected failures 5
=== libmudflap Summary ===
# of expected passes 3686
# of unexpected failures 12
=== libstdc++ tests ===
Running target unix/-m32
XPASS: 26_numerics/headers/cmath/c99_classification_macros_c.cc (test for excess errors)
=== libstdc++ Summary for unix/-m32 ===
# of expected passes 5569
# of unexpected successes 1
# of expected failures 59
# of unsupported tests 10
Running target unix
XPASS: 26_numerics/headers/cmath/c99_classification_macros_c.cc (test for excess errors)
=== libstdc++ Summary for unix ===
# of expected passes 5569
# of unexpected successes 1
# of expected failures 59
# of unsupported tests 10
=== libstdc++ Summary ===
# of expected passes 11138
# of unexpected successes 2
# of expected failures 118
# of unsupported tests 20
Compiler version: 4.3.1 20080412 (prerelease) [ix86/gcc-4_3-branch revision 134229] (GCC)
Platform: x86_64-unknown-linux-gnu
configure flags: --enable-clocale=gnu --with-system-zlib --with-demangler-in-ld --enable-shared --enable-threads=posix --enable-haifa --enable-checking=assert --prefix=/usr/gcc-4.3-ix86 --with-local-prefix=/usr/local
More information about the Gcc-testresults
mailing list