Results for 4.3.1 20080401 (prerelease) (Debian 4.3.0-3) testsuite on s390-ibm-linux-gnu
Matthias Klose
doko@debian.org
Tue Apr 8 23:54:00 GMT 2008
LAST_UPDATED:
Target: s390-linux-gnu
gcc version 4.3.1 20080401 (prerelease) (Debian 4.3.0-3)
Native configuration is s390-ibm-linux-gnu
=== g++ tests ===
Running target unix
FAIL: g++.dg/other/anon5.C (test for errors, line 19)
FAIL: g++.dg/other/anon5.C (test for excess errors)
=== g++ Summary for unix ===
# of expected passes 17439
# of unexpected failures 2
# of expected failures 82
# of unsupported tests 136
Running target unix/-fstack-protector
FAIL: g++.dg/other/anon5.C (test for errors, line 19)
FAIL: g++.dg/other/anon5.C (test for excess errors)
=== g++ Summary for unix/-fstack-protector ===
# of expected passes 17439
# of unexpected failures 2
# of expected failures 82
# of unsupported tests 136
Running target unix/-m64
=== g++ Summary for unix/-m64 ===
# of expected passes 17409
# of expected failures 82
# of unsupported tests 138
=== g++ Summary ===
# of expected passes 52287
# of unexpected failures 4
# of expected failures 246
# of unsupported tests 410
/build/buildd/gcc-4.3-4.3.0/build/gcc/testsuite/g++/../../g++ version 4.3.1 20080401 (prerelease) (Debian 4.3.0-3)
=== gcc tests ===
Running target unix
FAIL: gcc.dg/uninit-13.c unconditional (test for warnings, line 8)
FAIL: gcc.dg/uninit-13.c (test for excess errors)
XPASS: gcc.dg/tree-ssa/20040204-1.c scan-tree-dump-times optimized "link_error" 0
=== gcc Summary for unix ===
# of expected passes 45668
# of unexpected failures 2
# of unexpected successes 1
# of expected failures 90
# of untested testcases 35
# of unsupported tests 326
Running target unix/-fstack-protector
FAIL: gcc.c-torture/compile/limits-blockid.c -O0 (internal compiler error)
FAIL: gcc.c-torture/compile/limits-blockid.c -O0 (test for excess errors)
FAIL: gcc.c-torture/compile/limits-structnest.c -O2 (test for excess errors)
FAIL: gcc.c-torture/compile/limits-structnest.c -O3 -fomit-frame-pointer (test for excess errors)
FAIL: gcc.c-torture/compile/limits-structnest.c -O3 -g (test for excess errors)
FAIL: gcc.dg/uninit-13.c unconditional (test for warnings, line 8)
FAIL: gcc.dg/uninit-13.c (test for excess errors)
XPASS: gcc.dg/tree-ssa/20040204-1.c scan-tree-dump-times optimized "link_error" 0
=== gcc Summary for unix/-fstack-protector ===
# of expected passes 45664
# of unexpected failures 7
# of unexpected successes 1
# of expected failures 90
# of untested testcases 35
# of unsupported tests 326
Running target unix/-m64
FAIL: gcc.dg/uninit-13.c unconditional (test for warnings, line 8)
FAIL: gcc.dg/uninit-13.c (test for excess errors)
XPASS: gcc.dg/tree-ssa/20040204-1.c scan-tree-dump-times optimized "link_error" 0
XPASS: gcc.dg/tree-ssa/sra-2.c scan-tree-dump-times optimized "link_error" 0
FAIL: gcc.target/s390/20020926-1.c (test for excess errors)
ERROR: gcc.target/s390/20020926-1.c: error executing dg-final: couldn't open "20020926-1.s": no such file or directory
UNRESOLVED: gcc.target/s390/20020926-1.c: error executing dg-final: couldn't open "20020926-1.s": no such file or directory
=== gcc Summary for unix/-m64 ===
# of expected passes 45660
# of unexpected failures 3
# of unexpected successes 2
# of expected failures 89
# of unresolved testcases 1
# of untested testcases 35
# of unsupported tests 327
=== gcc Summary ===
# of expected passes 136992
# of unexpected failures 12
# of unexpected successes 4
# of expected failures 269
# of unresolved testcases 1
# of untested testcases 105
# of unsupported tests 979
/build/buildd/gcc-4.3-4.3.0/build/gcc/xgcc version 4.3.1 20080401 (prerelease) (Debian 4.3.0-3)
=== gfortran tests ===
Running target unix
=== gfortran Summary for unix ===
# of expected passes 23744
# of expected failures 3
# of unsupported tests 36
Running target unix/-fstack-protector
=== gfortran Summary for unix/-fstack-protector ===
# of expected passes 23744
# of expected failures 3
# of unsupported tests 36
Running target unix/-m64
=== gfortran Summary for unix/-m64 ===
# of expected passes 23776
# of expected failures 3
# of unsupported tests 20
=== gfortran Summary ===
# of expected passes 71264
# of expected failures 9
# of unsupported tests 92
/build/buildd/gcc-4.3-4.3.0/build/gcc/testsuite/gfortran/../../gfortran version 4.3.1 20080401 (prerelease) (Debian 4.3.0-3)
=== obj-c++ tests ===
Running target unix
UNRESOLVED: obj-c++.dg/lookup-2.mm compilation failed to produce executable
UNRESOLVED: obj-c++.dg/try-catch-2.mm compilation failed to produce executable
UNRESOLVED: obj-c++.dg/try-catch-9.mm compilation failed to produce executable
=== obj-c++ Summary for unix ===
# of expected passes 437
# of expected failures 9
# of unresolved testcases 3
# of unsupported tests 13
Running target unix/-fstack-protector
UNRESOLVED: obj-c++.dg/lookup-2.mm compilation failed to produce executable
UNRESOLVED: obj-c++.dg/try-catch-2.mm compilation failed to produce executable
UNRESOLVED: obj-c++.dg/try-catch-9.mm compilation failed to produce executable
=== obj-c++ Summary for unix/-fstack-protector ===
# of expected passes 437
# of expected failures 9
# of unresolved testcases 3
# of unsupported tests 13
Running target unix/-m64
UNRESOLVED: obj-c++.dg/lookup-2.mm compilation failed to produce executable
UNRESOLVED: obj-c++.dg/try-catch-2.mm compilation failed to produce executable
UNRESOLVED: obj-c++.dg/try-catch-9.mm compilation failed to produce executable
=== obj-c++ Summary for unix/-m64 ===
# of expected passes 423
# of expected failures 23
# of unresolved testcases 3
# of unsupported tests 13
=== obj-c++ Summary ===
# of expected passes 1297
# of expected failures 41
# of unresolved testcases 9
# of unsupported tests 39
/build/buildd/gcc-4.3-4.3.0/build/gcc/testsuite/obj-c++/../../g++ version 4.3.1 20080401 (prerelease) (Debian 4.3.0-3)
=== objc tests ===
Running target unix
=== objc Summary for unix ===
# of expected passes 1812
# of expected failures 7
# of unsupported tests 24
Running target unix/-fstack-protector
=== objc Summary for unix/-fstack-protector ===
# of expected passes 1812
# of expected failures 7
# of unsupported tests 24
Running target unix/-m64
=== objc Summary for unix/-m64 ===
# of expected passes 1812
# of expected failures 7
# of unsupported tests 24
=== objc Summary ===
# of expected passes 5436
# of expected failures 21
# of unsupported tests 72
/build/buildd/gcc-4.3-4.3.0/build/gcc/xgcc version 4.3.1 20080401 (prerelease) (Debian 4.3.0-3)
=== libffi tests ===
Running target unix
=== libffi Summary for unix ===
# of expected passes 1389
# of unsupported tests 10
Running target unix/-fstack-protector
=== libffi Summary for unix/-fstack-protector ===
# of expected passes 1389
# of unsupported tests 10
Running target unix/-m64
=== libffi Summary for unix/-m64 ===
# of expected passes 1389
# of unsupported tests 10
=== libffi Summary ===
# of expected passes 4167
# of unsupported tests 30
=== libgomp tests ===
Running target unix
=== libgomp Summary for unix ===
# of expected passes 1723
Running target unix/-fstack-protector
=== libgomp Summary for unix/-fstack-protector ===
# of expected passes 1723
Running target unix/-m64
=== libgomp Summary for unix/-m64 ===
# of expected passes 1723
=== libgomp Summary ===
# of expected passes 5169
=== libmudflap tests ===
Running target unix
FAIL: libmudflap.c++/pass41-frag.cxx execution test
FAIL: libmudflap.c++/pass41-frag.cxx (-static) execution test
FAIL: libmudflap.c++/pass41-frag.cxx ( -O) execution test
FAIL: libmudflap.c++/pass41-frag.cxx (-O2) execution test
FAIL: libmudflap.c++/pass41-frag.cxx (-O3) execution test
=== libmudflap Summary for unix ===
# of expected passes 1844
# of unexpected failures 5
Running target unix/-fstack-protector
FAIL: libmudflap.c++/pass41-frag.cxx execution test
FAIL: libmudflap.c++/pass41-frag.cxx (-static) execution test
FAIL: libmudflap.c++/pass41-frag.cxx ( -O) execution test
FAIL: libmudflap.c++/pass41-frag.cxx (-O2) execution test
FAIL: libmudflap.c++/pass41-frag.cxx (-O3) execution test
=== libmudflap Summary for unix/-fstack-protector ===
# of expected passes 1844
# of unexpected failures 5
Running target unix/-m64
FAIL: libmudflap.c++/pass41-frag.cxx execution test
FAIL: libmudflap.c++/pass41-frag.cxx (-static) execution test
FAIL: libmudflap.c++/pass41-frag.cxx ( -O) execution test
FAIL: libmudflap.c++/pass41-frag.cxx (-O2) execution test
FAIL: libmudflap.c++/pass41-frag.cxx (-O3) execution test
=== libmudflap Summary for unix/-m64 ===
# of expected passes 1844
# of unexpected failures 5
=== libmudflap Summary ===
# of expected passes 5532
# of unexpected failures 15
=== libstdc++ tests ===
Running target unix
XPASS: 26_numerics/headers/cmath/c99_classification_macros_c.cc (test for excess errors)
=== libstdc++ Summary for unix ===
# of expected passes 4935
# of unexpected successes 1
# of expected failures 59
# of unsupported tests 326
Running target unix/-fstack-protector
XPASS: 26_numerics/headers/cmath/c99_classification_macros_c.cc (test for excess errors)
=== libstdc++ Summary for unix/-fstack-protector ===
# of expected passes 4935
# of unexpected successes 1
# of expected failures 59
# of unsupported tests 326
Running target unix/-m64
FAIL: 23_containers/map/invalidation/2.cc (test for excess errors)
UNRESOLVED: 23_containers/map/invalidation/2.cc compilation failed to produce executable
XPASS: 26_numerics/headers/cmath/c99_classification_macros_c.cc (test for excess errors)
=== libstdc++ Summary for unix/-m64 ===
# of expected passes 4933
# of unexpected failures 1
# of unexpected successes 1
# of expected failures 59
# of unresolved testcases 1
# of unsupported tests 326
=== libstdc++ Summary ===
# of expected passes 14803
# of unexpected failures 1
# of unexpected successes 3
# of expected failures 177
# of unresolved testcases 1
# of unsupported tests 978
Compiler version: 4.3.1 20080401 (prerelease) (Debian 4.3.0-3)
Platform: s390-ibm-linux-gnu
configure flags: linux gnu,g
BOOT_CFLAGS=
Build Dependencies:
Desired=Unknown/Install/Remove/Purge/Hold
| Status=Not/Installed/Config-files/Unpacked/Failed-config/Half-installed
|/ Err?=(none)/Hold/Reinst-required/X=both-problems (Status,Err: uppercase=bad)
||/ Name Version Description
+++-====================================-====================-==============================================
ii binutils 2.18.1~cvs20080103-1 The GNU assembler, linker and binary utilities
ii libc6 2.7-10 GNU C Library: Shared libraries
Patches that Debian applied in this version:
svn-updates:
updates from the 4.3 branch upto 20080401.
gcc-textdomain:
Set gettext's domain and textdomain to the versioned package name.
gcc-driver-extra-langs:
Add options and specs for languages that are not built from a source
(but built from separate sources).
gcc-hash-style-both:
Link using --hash-style=both (alpha, amd64, ia64, i386, powerpc, ppc64, s390, sparc)
libstdc++-pic:
Build and install libstdc++_pic.a library.
libstdc++-doclink:
adjust hrefs to point to the local documentation
libobjc-gc-link:
Link libobjc_gc with libgcjgc_convenience.la.
libjava-stacktrace:
libgcj: Lookup source file name and line number in separated
debug files found in /usr/lib/debug
libjava-subdir:
- Set the libjava sublibdir to /usr/lib/gcj-4.3
- Set the default libgcj database dir to /var/lib/gcj-4.3
libjava-jnipath:
- Add /usr/lib/jni to java.library.path.
- When running the i386 binaries on amd64, look in
- /usr/lib32/gcj-x.y and /usr/lib32/jni instead.
libjava-sjlj:
Don't try to use _Unwind_Backtrace on SJLJ targets.
See bug #387875, #388505, GCC PR 29206.
libjava-rpath:
- Link ecjx with -rpath \$(dbexecdir)
libjava-jar:
gjar: support @ arguments.
libjava-soname:
Bump the libgcj soversion.
libjava-xulrunner1.9:
Add configure check for xulrunner-1.9.
libjava-realloc-leak:
Don't leak upon failed realloc (taken from the trunk).
libffi-configure:
Add --enable-libffi option to toplevel configure script
pr28102:
Apply proposed fix for PR target/28102.
alpha-no-ev4-directive:
boehm-gc-getnprocs:
boehm-gc/pthread_support.c (GC_get_nprocs): Use sysconf as fallback.
note-gnu-stack:
Add .note.GNU-stack sections for gcc's crt files, libffi and boehm-gc
Taken from FC.
arm-unbreak-eabi-armv4t:
Fix armv4t build on ARM
libjava-armel-ldflags:
Adjust libjava extra_ldflags for armel.
pr24170:
Fix PR libgcj/24170.
pr28322:
Fix PR other/28322, GCC new warnings and compatibility.
libstdc++-symbols-hppa:
Update libstdc++ baseline symbols for hppa.
libssp-gnu:
GNU/k*BSD support
deb-protoize:
build protoize/unprotoize binaries
cpu-default-i486:
set default 32bit ix86 architecture to i486
multiarch-include:
biarch-include.dpatch
Adds biarch include directories
/usr/local/include/<arch>-linux-gnu
/usr/include/<arch>-linux-gnu
to the system include paths, depending on 32/64 bit mode.
gcc-ice-hack:
Retry the build on an ice, save the calling options and preprocessed
source when the ice is reproducible.
libjava-disable-static:
Disable building the static libjava.
gcc-ice-apport:
Report an ICE to apport (if apport is available
and the environment variable GCC_NOAPPORT is not set)
libjava-nobiarch-check:
For biarch builds, disable the testsuite for the non-default architecture
for runtime libraries, which are not built by default (libjava).
config-ml:
disable some biarch libraries for biarch builds
s390-biarch:
enable biarch for 31 bit compiler
Counting all warnings,
there are 0 warnings in stage3 of this bootstrap.
Number of warnings per file:
Number of warning types:
More information about the Gcc-testresults
mailing list