Results for 4.4.0 20080406 (experimental) [trunk revision 133952] (GCC) testsuite on powerpc-ibm-aix5.3.0.0
David Edelsohn
dje@watson.ibm.com
Sun Apr 6 19:00:00 GMT 2008
LAST_UPDATED: Sun Apr 6 01:49:35 UTC 2008 (revision 133952)
Native configuration is powerpc-ibm-aix5.3.0.0
=== g++ tests ===
Running target unix
FAIL: tmpdir-g++.dg-struct-layout-1/t026 cp_compat_x_tst.o-cp_compat_y_tst.o execute
FAIL: tmpdir-g++.dg-struct-layout-1/t027 cp_compat_x_tst.o-cp_compat_y_tst.o execute
FAIL: tmpdir-g++.dg-struct-layout-1/t028 cp_compat_x_tst.o-cp_compat_y_tst.o execute
FAIL: tmpdir-g++.dg-struct-layout-1/t029 cp_compat_x_tst.o-cp_compat_y_tst.o execute
FAIL: g++.dg/abi/local1.C execution test
FAIL: g++.dg/conversion/simd1.C (test for excess errors)
XPASS: g++.dg/eh/simd-2.C (test for excess errors)
FAIL: g++.dg/ext/alignof2.C execution test
FAIL: g++.dg/ext/attribute-test-1.C (test for excess errors)
FAIL: g++.dg/ext/attribute-test-2.C (test for excess errors)
FAIL: g++.dg/ext/attribute-test-3.C (test for excess errors)
FAIL: g++.dg/ext/attribute-test-4.C (test for excess errors)
FAIL: g++.dg/ext/java-2.C (test for excess errors)
FAIL: g++.dg/ext/visibility/anon1.C scan-assembler-not globl.*_ZN.*1fEv
FAIL: g++.dg/ext/visibility/anon2.C scan-assembler-not globl.*_Z1fv
FAIL: g++.dg/other/anon5.C undefined (test for errors, line )
FAIL: g++.dg/other/anon5.C (test for excess errors)
WARNING: g++.dg/other/ucnid-1.C compilation failed to produce executable
FAIL: g++.dg/other/unused1.C scan-assembler (string|ascii?)z?[\\t ]"printer("|\\\\\\\\0)
FAIL: g++.dg/template/repo3.C (test for excess errors)
FAIL: g++.dg/torture/pr31863.C -Os (test for excess errors)
FAIL: g++.dg/vect/pr33860a.cc (internal compiler error)
FAIL: g++.dg/vect/pr33860a.cc (test for excess errors)
XPASS: g++.old-deja/g++.other/init19.C execution test
FAIL: g++.old-deja/g++.pt/instantiate4.C (test for excess errors)
FAIL: g++.old-deja/g++.pt/instantiate6.C (test for excess errors)
FAIL: g++.old-deja/g++.pt/repo2.C (test for excess errors)
FAIL: g++.old-deja/g++.pt/repo4.C (test for excess errors)
=== g++ Summary ===
# of expected passes 16319
# of unexpected failures 25
# of unexpected successes 2
# of expected failures 87
# of unsupported tests 222
/tmp2/20080405/gcc/testsuite/g++/../../g++ version 4.4.0 20080406 (experimental) [trunk revision 133952] (GCC)
=== gcc tests ===
Running target unix
WARNING: program timed out.
FAIL: gcc.c-torture/compile/limits-externalid.c -O3 -g (test for excess errors)
FAIL: gcc.c-torture/compile/pr11832.c -O0 (internal compiler error)
FAIL: gcc.c-torture/compile/pr11832.c -O0 (test for excess errors)
FAIL: gcc.c-torture/compile/pr11832.c -O1 (internal compiler error)
FAIL: gcc.c-torture/compile/pr11832.c -O1 (test for excess errors)
FAIL: gcc.c-torture/compile/pr11832.c -O2 (internal compiler error)
FAIL: gcc.c-torture/compile/pr11832.c -O2 (test for excess errors)
FAIL: gcc.c-torture/compile/pr11832.c -O3 -fomit-frame-pointer (internal compiler error)
FAIL: gcc.c-torture/compile/pr11832.c -O3 -fomit-frame-pointer (test for excess errors)
FAIL: gcc.c-torture/compile/pr11832.c -O3 -g (internal compiler error)
FAIL: gcc.c-torture/compile/pr11832.c -O3 -g (test for excess errors)
FAIL: gcc.c-torture/compile/pr11832.c -Os (internal compiler error)
FAIL: gcc.c-torture/compile/pr11832.c -Os (test for excess errors)
FAIL: gcc.c-torture/compile/pr33009.c -O0 (internal compiler error)
FAIL: gcc.c-torture/compile/pr33009.c -O0 (test for excess errors)
FAIL: gcc.c-torture/compile/pr33009.c -O1 (internal compiler error)
FAIL: gcc.c-torture/compile/pr33009.c -O1 (test for excess errors)
FAIL: gcc.c-torture/compile/pr33009.c -O2 (internal compiler error)
FAIL: gcc.c-torture/compile/pr33009.c -O2 (test for excess errors)
FAIL: gcc.c-torture/compile/pr33009.c -O3 -fomit-frame-pointer (internal compiler error)
FAIL: gcc.c-torture/compile/pr33009.c -O3 -fomit-frame-pointer (test for excess errors)
FAIL: gcc.c-torture/compile/pr33009.c -O3 -fomit-frame-pointer -funroll-loops (internal compiler error)
FAIL: gcc.c-torture/compile/pr33009.c -O3 -fomit-frame-pointer -funroll-loops (test for excess errors)
FAIL: gcc.c-torture/compile/pr33009.c -O3 -fomit-frame-pointer -funroll-all-loops -finline-functions (internal compiler error)
FAIL: gcc.c-torture/compile/pr33009.c -O3 -fomit-frame-pointer -funroll-all-loops -finline-functions (test for excess errors)
FAIL: gcc.c-torture/compile/pr33009.c -O3 -g (internal compiler error)
FAIL: gcc.c-torture/compile/pr33009.c -O3 -g (test for excess errors)
FAIL: gcc.c-torture/compile/pr33009.c -Os (internal compiler error)
FAIL: gcc.c-torture/compile/pr33009.c -Os (test for excess errors)
XPASS: gcc.dg/20020103-1.c scan-assembler-not LC[0-9]
FAIL: gcc.dg/alias-7.c execution test
FAIL: gcc.dg/and-1.c scan-assembler-not nand
FAIL: gcc.dg/asm-names.c scan-assembler-not ____frob14
FAIL: gcc.dg/memcpy-1.c scan-tree-dump-times optimized "nasty_local" 0
ERROR: gcc.dg/pr30957-1.c: no files matched glob pattern "hard_float557204.c.[0-9][0-9][0-9]r.expand" for " dg-require-effective-target 8 hard_float "
UNRESOLVED: gcc.dg/pr30957-1.c: no files matched glob pattern "hard_float557204.c.[0-9][0-9][0-9]r.expand" for " dg-require-effective-target 8 hard_float "
FAIL: gcc.dg/pr34856.c (test for excess errors)
FAIL: gcc.dg/pr35729.c scan-rtl-dump-times loop2_invariant "Decided to move invariant" 0
FAIL: gcc.dg/pthread-init-1.c (test for excess errors)
FAIL: gcc.dg/pthread-init-2.c (test for excess errors)
WARNING: gcc.dg/ucnid-2.c compilation failed to produce executable
WARNING: gcc.dg/ucnid-3.c compilation failed to produce executable
WARNING: gcc.dg/ucnid-4.c compilation failed to produce executable
WARNING: gcc.dg/ucnid-5.c compilation failed to produce executable
XPASS: gcc.dg/ucnid-6.c (test for excess errors)
ERROR: gcc.dg/var-expand1.c: can't read "et_cache(hard_float,value)": no such element in array for " dg-require-effective-target 4 hard_float "
UNRESOLVED: gcc.dg/var-expand1.c: can't read "et_cache(hard_float,value)": no such element in array for " dg-require-effective-target 4 hard_float "
FAIL: gcc.dg/tree-ssa/loop-25.c scan-tree-dump-times profile "Found latch edge" 5
FAIL: gcc.dg/tree-ssa/loop-25.c scan-tree-dump-times profile "Merged latch edges" 2
FAIL: gcc.dg/tree-ssa/loop-25.c scan-tree-dump-times profile "4 loops found" 2
FAIL: gcc.dg/tree-ssa/loop-25.c scan-tree-dump-times profile "3 loops found" 2
FAIL: gcc.dg/tree-ssa/loop-25.c scan-tree-dump-times profile "2 loops found" 1
FAIL: gcc.dg/vect/costmodel/ppc/costmodel-vect-31d.c scan-tree-dump-times vect "vectorization not profitable" 1
FAIL: gcc.dg/vect/costmodel/ppc/costmodel-vect-31d.c scan-tree-dump-times vect "vectorized 1 loops" 0
FAIL: gcc.dg/vect/costmodel/ppc/costmodel-vect-68d.c scan-tree-dump-times vect "vectorization not profitable" 1
FAIL: gcc.dg/vect/costmodel/ppc/costmodel-vect-68d.c scan-tree-dump-times vect "vectorized 1 loops" 0
FAIL: gcc.dg/vect/costmodel/ppc/costmodel-vect-76a.c (internal compiler error)
FAIL: gcc.dg/vect/costmodel/ppc/costmodel-vect-76a.c (test for excess errors)
FAIL: gcc.dg/vect/costmodel/ppc/costmodel-vect-outer-fir.c (internal compiler error)
FAIL: gcc.dg/vect/costmodel/ppc/costmodel-vect-outer-fir.c (test for excess errors)
FAIL: gcc.dg/vect/pr16105.c (internal compiler error)
FAIL: gcc.dg/vect/pr16105.c (test for excess errors)
FAIL: gcc.dg/vect/pr20122.c (internal compiler error)
FAIL: gcc.dg/vect/pr20122.c (test for excess errors)
FAIL: gcc.dg/vect/pr20122.c scan-tree-dump-times vect "vectorized 1 loops" 3
FAIL: gcc.dg/vect/pr21591.c (internal compiler error)
FAIL: gcc.dg/vect/pr21591.c (test for excess errors)
FAIL: gcc.dg/vect/pr23816-1.c (internal compiler error)
FAIL: gcc.dg/vect/pr23816-1.c (test for excess errors)
FAIL: gcc.dg/vect/pr24300.c (internal compiler error)
FAIL: gcc.dg/vect/pr24300.c (test for excess errors)
FAIL: gcc.dg/vect/pr32421.c (internal compiler error)
FAIL: gcc.dg/vect/pr32421.c (test for excess errors)
FAIL: gcc.dg/vect/pr33369.c (internal compiler error)
FAIL: gcc.dg/vect/pr33369.c (test for excess errors)
FAIL: gcc.dg/vect/pr33373b.c (internal compiler error)
FAIL: gcc.dg/vect/pr33373b.c (test for excess errors)
FAIL: gcc.dg/vect/pr33804.c (internal compiler error)
FAIL: gcc.dg/vect/pr33804.c (test for excess errors)
FAIL: gcc.dg/vect/pr33846.c (internal compiler error)
FAIL: gcc.dg/vect/pr33846.c (test for excess errors)
FAIL: gcc.dg/vect/pr33953.c (internal compiler error)
FAIL: gcc.dg/vect/pr33953.c (test for excess errors)
FAIL: gcc.dg/vect/pr34005.c (internal compiler error)
FAIL: gcc.dg/vect/pr34005.c (test for excess errors)
FAIL: gcc.dg/vect/pr34407.c (internal compiler error)
FAIL: gcc.dg/vect/pr34407.c (test for excess errors)
FAIL: gcc.dg/vect/pr34591.c (internal compiler error)
FAIL: gcc.dg/vect/pr34591.c (test for excess errors)
FAIL: gcc.dg/vect/vect-105.c (internal compiler error)
FAIL: gcc.dg/vect/vect-105.c (test for excess errors)
FAIL: gcc.dg/vect/vect-117.c (internal compiler error)
FAIL: gcc.dg/vect/vect-117.c (test for excess errors)
FAIL: gcc.dg/vect/vect-27.c (internal compiler error)
FAIL: gcc.dg/vect/vect-27.c (test for excess errors)
FAIL: gcc.dg/vect/vect-29.c (internal compiler error)
FAIL: gcc.dg/vect/vect-29.c (test for excess errors)
FAIL: gcc.dg/vect/vect-42.c (internal compiler error)
FAIL: gcc.dg/vect/vect-42.c (test for excess errors)
FAIL: gcc.dg/vect/vect-44.c (internal compiler error)
FAIL: gcc.dg/vect/vect-44.c (test for excess errors)
FAIL: gcc.dg/vect/vect-44.c scan-tree-dump-times vect "Alignment of access forced using peeling" 1
FAIL: gcc.dg/vect/vect-48.c (internal compiler error)
FAIL: gcc.dg/vect/vect-48.c (test for excess errors)
FAIL: gcc.dg/vect/vect-50.c (internal compiler error)
FAIL: gcc.dg/vect/vect-50.c (test for excess errors)
FAIL: gcc.dg/vect/vect-50.c scan-tree-dump-times vect "Alignment of access forced using peeling" 1
FAIL: gcc.dg/vect/vect-52.c (internal compiler error)
FAIL: gcc.dg/vect/vect-52.c (test for excess errors)
FAIL: gcc.dg/vect/vect-56.c (internal compiler error)
FAIL: gcc.dg/vect/vect-56.c (test for excess errors)
FAIL: gcc.dg/vect/vect-60.c (internal compiler error)
FAIL: gcc.dg/vect/vect-60.c (test for excess errors)
FAIL: gcc.dg/vect/vect-72.c (internal compiler error)
FAIL: gcc.dg/vect/vect-72.c (test for excess errors)
FAIL: gcc.dg/vect/vect-74.c (internal compiler error)
FAIL: gcc.dg/vect/vect-74.c (test for excess errors)
FAIL: gcc.dg/vect/vect-75.c (internal compiler error)
FAIL: gcc.dg/vect/vect-75.c (test for excess errors)
FAIL: gcc.dg/vect/vect-76.c (internal compiler error)
FAIL: gcc.dg/vect/vect-76.c (test for excess errors)
FAIL: gcc.dg/vect/vect-77-alignchecks.c (internal compiler error)
FAIL: gcc.dg/vect/vect-77-alignchecks.c (test for excess errors)
FAIL: gcc.dg/vect/vect-77-global.c (internal compiler error)
FAIL: gcc.dg/vect/vect-77-global.c (test for excess errors)
FAIL: gcc.dg/vect/vect-77.c (internal compiler error)
FAIL: gcc.dg/vect/vect-77.c (test for excess errors)
FAIL: gcc.dg/vect/vect-78-alignchecks.c (internal compiler error)
FAIL: gcc.dg/vect/vect-78-alignchecks.c (test for excess errors)
FAIL: gcc.dg/vect/vect-78-global.c (internal compiler error)
FAIL: gcc.dg/vect/vect-78-global.c (test for excess errors)
FAIL: gcc.dg/vect/vect-78.c (internal compiler error)
FAIL: gcc.dg/vect/vect-78.c (test for excess errors)
FAIL: gcc.dg/vect/vect-80.c (internal compiler error)
FAIL: gcc.dg/vect/vect-80.c (test for excess errors)
FAIL: gcc.dg/vect/vect-82_64.c (test for excess errors)
ERROR: gcc.dg/vect/vect-82_64.c: error executing dg-final: no files matched glob pattern "vect-82_64.c.[0-9][0-9][0-9]t.vect"
UNRESOLVED: gcc.dg/vect/vect-82_64.c: error executing dg-final: no files matched glob pattern "vect-82_64.c.[0-9][0-9][0-9]t.vect"
FAIL: gcc.dg/vect/vect-83_64.c (test for excess errors)
ERROR: gcc.dg/vect/vect-83_64.c: error executing dg-final: no files matched glob pattern "vect-83_64.c.[0-9][0-9][0-9]t.vect"
UNRESOLVED: gcc.dg/vect/vect-83_64.c: error executing dg-final: no files matched glob pattern "vect-83_64.c.[0-9][0-9][0-9]t.vect"
FAIL: gcc.dg/vect/vect-93.c (internal compiler error)
FAIL: gcc.dg/vect/vect-93.c (test for excess errors)
FAIL: gcc.dg/vect/vect-95.c (internal compiler error)
FAIL: gcc.dg/vect/vect-95.c (test for excess errors)
FAIL: gcc.dg/vect/vect-96.c (internal compiler error)
FAIL: gcc.dg/vect/vect-96.c (test for excess errors)
FAIL: gcc.dg/vect/vect-98.c (internal compiler error)
FAIL: gcc.dg/vect/vect-98.c (test for excess errors)
FAIL: gcc.dg/vect/vect-multitypes-1.c (internal compiler error)
FAIL: gcc.dg/vect/vect-multitypes-1.c (test for excess errors)
FAIL: gcc.dg/vect/vect-multitypes-11.c (internal compiler error)
FAIL: gcc.dg/vect/vect-multitypes-11.c (test for excess errors)
FAIL: gcc.dg/vect/vect-multitypes-11.c scan-tree-dump-times vect "vectorized 1 loops" 2
FAIL: gcc.dg/vect/vect-multitypes-3.c (internal compiler error)
FAIL: gcc.dg/vect/vect-multitypes-3.c (test for excess errors)
FAIL: gcc.dg/vect/vect-multitypes-4.c (internal compiler error)
FAIL: gcc.dg/vect/vect-multitypes-4.c (test for excess errors)
FAIL: gcc.dg/vect/vect-multitypes-6.c (internal compiler error)
FAIL: gcc.dg/vect/vect-multitypes-6.c (test for excess errors)
FAIL: gcc.dg/vect/vect-outer-1b.c (internal compiler error)
FAIL: gcc.dg/vect/vect-outer-1b.c (test for excess errors)
FAIL: gcc.dg/vect/vect-outer-3a.c (internal compiler error)
FAIL: gcc.dg/vect/vect-outer-3a.c (test for excess errors)
FAIL: gcc.dg/vect/vect-outer-3a.c scan-tree-dump-times vect "step doesn't divide the vector-size" 2
FAIL: gcc.dg/vect/vect-outer-4a.c (internal compiler error)
FAIL: gcc.dg/vect/vect-outer-4a.c (test for excess errors)
FAIL: gcc.dg/vect/vect-outer-4b.c (internal compiler error)
FAIL: gcc.dg/vect/vect-outer-4b.c (test for excess errors)
FAIL: gcc.dg/vect/vect-outer-4e.c (internal compiler error)
FAIL: gcc.dg/vect/vect-outer-4e.c (test for excess errors)
FAIL: gcc.dg/vect/vect-outer-4f.c (internal compiler error)
FAIL: gcc.dg/vect/vect-outer-4f.c (test for excess errors)
FAIL: gcc.dg/vect/vect-outer-4g.c (internal compiler error)
FAIL: gcc.dg/vect/vect-outer-4g.c (test for excess errors)
FAIL: gcc.dg/vect/vect-outer-4i.c (internal compiler error)
FAIL: gcc.dg/vect/vect-outer-4i.c (test for excess errors)
FAIL: gcc.dg/vect/vect-outer-4j.c (internal compiler error)
FAIL: gcc.dg/vect/vect-outer-4j.c (test for excess errors)
FAIL: gcc.dg/vect/vect-outer-4k.c (internal compiler error)
FAIL: gcc.dg/vect/vect-outer-4k.c (test for excess errors)
FAIL: gcc.dg/vect/vect-outer-4l.c (internal compiler error)
FAIL: gcc.dg/vect/vect-outer-4l.c (test for excess errors)
FAIL: gcc.dg/vect/vect-outer-4m.c (internal compiler error)
FAIL: gcc.dg/vect/vect-outer-4m.c (test for excess errors)
FAIL: gcc.dg/vect/vect-outer-fir-lb.c (internal compiler error)
FAIL: gcc.dg/vect/vect-outer-fir-lb.c (test for excess errors)
FAIL: gcc.dg/vect/vect-outer-fir.c (internal compiler error)
FAIL: gcc.dg/vect/vect-outer-fir.c (test for excess errors)
FAIL: gcc.dg/vect/vect-strided-mult-char-ls.c (internal compiler error)
FAIL: gcc.dg/vect/vect-strided-mult-char-ls.c (test for excess errors)
FAIL: gcc.dg/vect/vect-strided-mult.c (internal compiler error)
FAIL: gcc.dg/vect/vect-strided-mult.c (test for excess errors)
FAIL: gcc.dg/vect/vect-strided-same-dr.c (internal compiler error)
FAIL: gcc.dg/vect/vect-strided-same-dr.c (test for excess errors)
FAIL: gcc.dg/vect/vect-strided-store-u16-i4.c scan-tree-dump-times vect "vectorized 1 loops" 2
FAIL: gcc.dg/vect/vect-strided-u16-i2.c (internal compiler error)
FAIL: gcc.dg/vect/vect-strided-u16-i2.c (test for excess errors)
FAIL: gcc.dg/vect/vect-strided-u16-i4.c (internal compiler error)
FAIL: gcc.dg/vect/vect-strided-u16-i4.c (test for excess errors)
FAIL: gcc.dg/vect/vect-strided-u32-i4.c (internal compiler error)
FAIL: gcc.dg/vect/vect-strided-u32-i4.c (test for excess errors)
FAIL: gcc.dg/vect/vect-strided-u32-i8.c (internal compiler error)
FAIL: gcc.dg/vect/vect-strided-u32-i8.c (test for excess errors)
FAIL: gcc.dg/vect/vect-strided-u32-mult.c (internal compiler error)
FAIL: gcc.dg/vect/vect-strided-u32-mult.c (test for excess errors)
FAIL: gcc.dg/vect/vect-strided-u8-i2-gap.c (internal compiler error)
FAIL: gcc.dg/vect/vect-strided-u8-i2-gap.c (test for excess errors)
FAIL: gcc.dg/vect/vect-strided-u8-i2.c (internal compiler error)
FAIL: gcc.dg/vect/vect-strided-u8-i2.c (test for excess errors)
FAIL: gcc.dg/vect/vect-strided-u8-i8-gap2.c (internal compiler error)
FAIL: gcc.dg/vect/vect-strided-u8-i8-gap2.c (test for excess errors)
FAIL: gcc.dg/vect/vect-strided-u8-i8-gap4.c (internal compiler error)
FAIL: gcc.dg/vect/vect-strided-u8-i8-gap4.c (test for excess errors)
FAIL: gcc.dg/vect/vect-strided-u8-i8-gap7.c (internal compiler error)
FAIL: gcc.dg/vect/vect-strided-u8-i8-gap7.c (test for excess errors)
FAIL: gcc.dg/vect/vect-strided-u8-i8.c (internal compiler error)
FAIL: gcc.dg/vect/vect-strided-u8-i8.c (test for excess errors)
FAIL: gcc.dg/vect/vect-vfa-01.c (internal compiler error)
FAIL: gcc.dg/vect/vect-vfa-01.c (test for excess errors)
FAIL: gcc.dg/vect/vect-vfa-02.c (internal compiler error)
FAIL: gcc.dg/vect/vect-vfa-02.c (test for excess errors)
FAIL: gcc.dg/vect/vect-vfa-03.c scan-tree-dump-times vect "vectorized 1 loops" 1
XPASS: gcc.dg/vect/vect-vfa-03.c scan-tree-dump-times vect "vectorized 1 loops" 0
FAIL: gcc.dg/vect/vect-vfa-04.c (internal compiler error)
FAIL: gcc.dg/vect/vect-vfa-04.c (test for excess errors)
FAIL: gcc.dg/vect/vect-vfa-slp.c (internal compiler error)
FAIL: gcc.dg/vect/vect-vfa-slp.c (test for excess errors)
FAIL: gcc.dg/vect/vect-widen-mult-sum.c (internal compiler error)
FAIL: gcc.dg/vect/vect-widen-mult-sum.c (test for excess errors)
FAIL: gcc.dg/vect/slp-21.c scan-tree-dump-times vect "vectorized 4 loops" 1
FAIL: gcc.dg/vect/slp-21.c scan-tree-dump-times vect "vectorizing stmts using SLP" 2
FAIL: gcc.dg/vect/slp-23.c (internal compiler error)
FAIL: gcc.dg/vect/slp-23.c (test for excess errors)
FAIL: gcc.dg/vect/slp-24.c (internal compiler error)
FAIL: gcc.dg/vect/slp-24.c (test for excess errors)
FAIL: gcc.dg/vect/slp-35.c (internal compiler error)
FAIL: gcc.dg/vect/slp-35.c (test for excess errors)
FAIL: gcc.dg/vect/slp-7.c scan-tree-dump-times vect "vectorized 3 loops" 1
FAIL: gcc.dg/vect/slp-7.c scan-tree-dump-times vect "vectorizing stmts using SLP" 3
FAIL: gcc.dg/vect/no-vfa-vect-43.c (internal compiler error)
FAIL: gcc.dg/vect/no-vfa-vect-43.c (test for excess errors)
FAIL: gcc.dg/vect/no-vfa-vect-depend-1.c (internal compiler error)
FAIL: gcc.dg/vect/no-vfa-vect-depend-1.c (test for excess errors)
FAIL: gcc.dg/vect/fast-math-vect-pr29925.c (internal compiler error)
FAIL: gcc.dg/vect/fast-math-vect-pr29925.c (test for excess errors)
FAIL: gcc.dg/vect/no-trapping-math-1.c (internal compiler error)
FAIL: gcc.dg/vect/no-trapping-math-1.c (test for excess errors)
FAIL: gcc.dg/vect/no-scevccp-outer-6.c (internal compiler error)
FAIL: gcc.dg/vect/no-scevccp-outer-6.c (test for excess errors)
FAIL: gcc.dg/vect/no-tree-pre-slp-29.c (internal compiler error)
FAIL: gcc.dg/vect/no-tree-pre-slp-29.c (test for excess errors)
FAIL: gcc.dg/vect/no-tree-pre-slp-29.c scan-tree-dump-times vect "vectorized 1 loops" 2
FAIL: gcc.dg/vect/no-tree-pre-slp-29.c scan-tree-dump-times vect "vectorizing stmts using SLP" 2
XPASS: gcc.target/powerpc/darwin-longlong.c (test for excess errors)
FAIL: gcc.target/powerpc/ppc64-double-1.c (test for excess errors)
ERROR: gcc.target/powerpc/ppc64-double-1.c: error executing dg-final: couldn't open "ppc64-double-1.s": no such file or directory
UNRESOLVED: gcc.target/powerpc/ppc64-double-1.c: error executing dg-final: couldn't open "ppc64-double-1.s": no such file or directory
=== gcc Summary ===
# of expected passes 45656
# of unexpected failures 240
# of unexpected successes 4
# of expected failures 174
# of unresolved testcases 5
# of unsupported tests 632
/tmp2/20080405/gcc/xgcc version 4.4.0 20080406 (experimental) [trunk revision 133952] (GCC)
=== gfortran tests ===
Running target unix
FAIL: gfortran.dg/default_format_1.f90 -O0 execution test
FAIL: gfortran.dg/default_format_1.f90 -O1 execution test
FAIL: gfortran.dg/default_format_1.f90 -O2 execution test
FAIL: gfortran.dg/default_format_1.f90 -O3 -fomit-frame-pointer execution test
FAIL: gfortran.dg/default_format_1.f90 -O3 -fomit-frame-pointer -funroll-loops execution test
FAIL: gfortran.dg/default_format_1.f90 -O3 -fomit-frame-pointer -funroll-all-loops -finline-functions execution test
FAIL: gfortran.dg/default_format_1.f90 -O3 -g execution test
FAIL: gfortran.dg/default_format_1.f90 -Os execution test
FAIL: gfortran.dg/default_format_denormal_1.f90 -O0 execution test
FAIL: gfortran.dg/default_format_denormal_1.f90 -O1 execution test
FAIL: gfortran.dg/default_format_denormal_1.f90 -O2 execution test
FAIL: gfortran.dg/default_format_denormal_1.f90 -O3 -fomit-frame-pointer execution test
FAIL: gfortran.dg/default_format_denormal_1.f90 -O3 -fomit-frame-pointer -funroll-loops execution test
FAIL: gfortran.dg/default_format_denormal_1.f90 -O3 -fomit-frame-pointer -funroll-all-loops -finline-functions execution test
FAIL: gfortran.dg/default_format_denormal_1.f90 -O3 -g execution test
FAIL: gfortran.dg/default_format_denormal_1.f90 -Os execution test
FAIL: gfortran.dg/include_2.f90 -O (test for excess errors)
FAIL: gfortran.dg/integer_exponentiation_4.f90 -O (internal compiler error)
FAIL: gfortran.dg/integer_exponentiation_4.f90 -O (test for errors, line 24)
FAIL: gfortran.dg/integer_exponentiation_4.f90 -O (test for errors, line 25)
FAIL: gfortran.dg/integer_exponentiation_4.f90 -O (test for errors, line 26)
FAIL: gfortran.dg/integer_exponentiation_4.f90 -O (test for errors, line 27)
FAIL: gfortran.dg/integer_exponentiation_4.f90 -O (test for errors, line 35)
FAIL: gfortran.dg/integer_exponentiation_4.f90 -O (test for errors, line 36)
FAIL: gfortran.dg/integer_exponentiation_4.f90 -O (test for errors, line 37)
FAIL: gfortran.dg/integer_exponentiation_4.f90 -O (test for errors, line 38)
FAIL: gfortran.dg/integer_exponentiation_4.f90 -O (test for errors, line 41)
FAIL: gfortran.dg/integer_exponentiation_4.f90 -O (test for errors, line 42)
FAIL: gfortran.dg/integer_exponentiation_4.f90 -O (test for excess errors)
XPASS: gfortran.dg/nint_2.f90 -O1 execution test
XPASS: gfortran.dg/nint_2.f90 -O2 execution test
XPASS: gfortran.dg/nint_2.f90 -O3 -fomit-frame-pointer execution test
XPASS: gfortran.dg/nint_2.f90 -O3 -fomit-frame-pointer -funroll-loops execution test
XPASS: gfortran.dg/nint_2.f90 -O3 -fomit-frame-pointer -funroll-all-loops -finline-functions execution test
XPASS: gfortran.dg/nint_2.f90 -O3 -g execution test
XPASS: gfortran.dg/nint_2.f90 -Os execution test
FAIL: gfortran.dg/pr19155.f -O0 execution test
FAIL: gfortran.dg/pr19155.f -O1 execution test
FAIL: gfortran.dg/pr19155.f -O2 execution test
FAIL: gfortran.dg/pr19155.f -O3 -fomit-frame-pointer execution test
FAIL: gfortran.dg/pr19155.f -O3 -fomit-frame-pointer -funroll-loops execution test
FAIL: gfortran.dg/pr19155.f -O3 -fomit-frame-pointer -funroll-all-loops -finline-functions execution test
FAIL: gfortran.dg/pr19155.f -O3 -g execution test
FAIL: gfortran.dg/pr19155.f -Os execution test
FAIL: gfortran.dg/static_linking_1.f -O0 execution test
FAIL: gfortran.dg/static_linking_1.f -O1 execution test
FAIL: gfortran.dg/static_linking_1.f -O2 execution test
FAIL: gfortran.dg/static_linking_1.f -O3 -fomit-frame-pointer execution test
FAIL: gfortran.dg/static_linking_1.f -O3 -fomit-frame-pointer -funroll-loops execution test
FAIL: gfortran.dg/static_linking_1.f -O3 -fomit-frame-pointer -funroll-all-loops -finline-functions execution test
FAIL: gfortran.dg/static_linking_1.f -O3 -g execution test
FAIL: gfortran.dg/static_linking_1.f -Os execution test
FAIL: gfortran.dg/vect/vect-2.f90 -O (internal compiler error)
FAIL: gfortran.dg/vect/vect-2.f90 -O (test for excess errors)
FAIL: gfortran.dg/vect/vect-3.f90 -O (internal compiler error)
FAIL: gfortran.dg/vect/vect-3.f90 -O (test for excess errors)
FAIL: gfortran.dg/vect/vect-4.f90 -O (internal compiler error)
FAIL: gfortran.dg/vect/vect-4.f90 -O (test for excess errors)
FAIL: gfortran.dg/vect/vect-5.f90 -O (internal compiler error)
FAIL: gfortran.dg/vect/vect-5.f90 -O (test for excess errors)
FAIL: gfortran.dg/vect/pr32377.f90 -O (internal compiler error)
FAIL: gfortran.dg/vect/pr32377.f90 -O (test for excess errors)
FAIL: gfortran.dg/vect/no-vfa-pr32377.f90 (internal compiler error)
FAIL: gfortran.dg/vect/no-vfa-pr32377.f90 (test for excess errors)
FAIL: gfortran.fortran-torture/execute/intrinsic_nearest.f90 execution, -O0
FAIL: gfortran.fortran-torture/execute/intrinsic_nearest.f90 execution, -O1
FAIL: gfortran.fortran-torture/execute/intrinsic_nearest.f90 execution, -O2
FAIL: gfortran.fortran-torture/execute/intrinsic_nearest.f90 execution, -O3 -fomit-frame-pointer
FAIL: gfortran.fortran-torture/execute/intrinsic_nearest.f90 execution, -O3 -fomit-frame-pointer -funroll-loops
FAIL: gfortran.fortran-torture/execute/intrinsic_nearest.f90 execution, -O3 -fomit-frame-pointer -funroll-all-loops -finline-functions
FAIL: gfortran.fortran-torture/execute/intrinsic_nearest.f90 execution, -O3 -g
FAIL: gfortran.fortran-torture/execute/intrinsic_nearest.f90 execution, -Os
=== gfortran Summary ===
# of expected passes 23812
# of unexpected failures 65
# of unexpected successes 7
# of expected failures 4
# of unsupported tests 215
/tmp2/20080405/gcc/testsuite/gfortran/../../gfortran version 4.4.0 20080406 (experimental) [trunk revision 133952] (GCC)
=== objc tests ===
Running target unix
=== objc Summary ===
# of expected passes 1768
# of expected failures 17
# of unsupported tests 28
/tmp2/20080405/gcc/xgcc version 4.4.0 20080406 (experimental) [trunk revision 133952] (GCC)
=== libgomp tests ===
Running target unix
FAIL: libgomp.c/pr32362-3.c execution test
FAIL: libgomp.c++/ctor-8.C -O1 execution test
FAIL: libgomp.c++/ctor-8.C -O3 -fomit-frame-pointer execution test
FAIL: libgomp.c++/ctor-8.C -O3 -fomit-frame-pointer -funroll-loops execution test
FAIL: libgomp.c++/ctor-8.C -O3 -fomit-frame-pointer -funroll-all-loops -finline-functions execution test
FAIL: libgomp.c++/ctor-8.C -O3 -g execution test
FAIL: libgomp.c++/ctor-8.C -Os execution test
FAIL: libgomp.fortran/threadprivate1.f90 -O0 execution test
FAIL: libgomp.fortran/threadprivate1.f90 -O1 execution test
FAIL: libgomp.fortran/threadprivate1.f90 -O3 -fomit-frame-pointer execution test
FAIL: libgomp.fortran/threadprivate1.f90 -O3 -fomit-frame-pointer -funroll-loops execution test
FAIL: libgomp.fortran/threadprivate1.f90 -O3 -fomit-frame-pointer -funroll-all-loops -finline-functions execution test
FAIL: libgomp.fortran/threadprivate1.f90 -O3 -g execution test
FAIL: libgomp.fortran/threadprivate1.f90 -Os execution test
FAIL: libgomp.fortran/threadprivate2.f90 -O0 execution test
FAIL: libgomp.fortran/threadprivate3.f90 -O0 execution test
FAIL: libgomp.fortran/threadprivate3.f90 -O1 execution test
FAIL: libgomp.fortran/threadprivate3.f90 -O2 execution test
FAIL: libgomp.fortran/threadprivate3.f90 -O3 -fomit-frame-pointer execution test
FAIL: libgomp.fortran/threadprivate3.f90 -O3 -fomit-frame-pointer -funroll-loops execution test
FAIL: libgomp.fortran/threadprivate3.f90 -O3 -fomit-frame-pointer -funroll-all-loops -finline-functions execution test
FAIL: libgomp.fortran/threadprivate3.f90 -O3 -g execution test
FAIL: libgomp.fortran/threadprivate3.f90 -Os execution test
=== libgomp Summary ===
# of expected passes 1700
# of unexpected failures 23
=== libstdc++ tests ===
Running target unix
FAIL: 22_locale/ctype/is/char/3.cc execution test
FAIL: 27_io/ios_base/storage/11584.cc execution test
FAIL: 27_io/objects/char/6.cc execution test
FAIL: 27_io/objects/wchar_t/6.cc execution test
FAIL: ext/mt_allocator/check_new.cc execution test
FAIL: ext/pool_allocator/check_new.cc execution test
=== libstdc++ Summary ===
# of expected passes 4925
# of unexpected failures 6
# of expected failures 63
# of unsupported tests 324
Compiler version: 4.4.0 20080406 (experimental) [trunk revision 133952] (GCC)
Platform: powerpc-ibm-aix5.3.0.0
configure flags: --prefix=/farm/dje/install/powerpc-ibm-aix5.3.0.0-20080405 --disable-werror --enable-languages=c,c++,fortran,objc --with-gmp=/usr/gnu --with-mpfr=/usr/gnu
More information about the Gcc-testresults
mailing list