Results for 4.3.1 20080404 (prerelease) [gcc-4_3-branch revision 133916] (GCC) gcc testsuite on powerpc-unknown-eabisim
Mike Stein
mstein.lists@googlemail.com
Sun Apr 6 01:04:00 GMT 2008
Debian 4 on x86_64
cross tool versions:
GNU assembler (GNU Binutils) 2.18.50.20080330
GNU gdb 6.8.50.20080329-cvs
GNU ld (GNU Binutils) 2.18.50.20080330
GNU Make 3.81
expect version 5.43.0
host gcc version: gcc (GCC) 4.4.0 20080326 (experimental) [trunk revision 133621]
LAST_UPDATED: Fri Apr 4 22:04:24 UTC 2008 (revision 133916)
Target is powerpc-unknown-eabisim
Host is x86_64-unknown-linux-gnu
=== gcc tests ===
Running target powerpc-sim
FAIL: gcc.c-torture/compile/limits-structnest.c -O2 (test for excess errors)
FAIL: gcc.c-torture/compile/limits-structnest.c -O3 -fomit-frame-pointer (test for excess errors)
FAIL: gcc.c-torture/compile/limits-structnest.c -O3 -g (test for excess errors)
FAIL: gcc.c-torture/compile/limits-structnest.c -Os (test for excess errors)
FAIL: gcc.c-torture/execute/bf64-1.c compilation, -O1 (internal compiler error)
UNRESOLVED: gcc.c-torture/execute/bf64-1.c execution, -O1
FAIL: gcc.c-torture/execute/ieee/inf-1.c execution, -O0
WARNING: Could not compile gcc.dg/compat/struct-layout-1 generator
FAIL: gcc.dg/cpp/assert4.c (test for excess errors)
FAIL: gcc.dg/ia64-sync-1.c execution test
FAIL: gcc.dg/memcpy-1.c scan-tree-dump-times optimized "nasty_local" 0
FAIL: gcc.dg/pr34856.c (test for excess errors)
FAIL: gcc.dg/var-expand3.c execution test
FAIL: gcc.dg/struct/wo_prof_malloc_size_var.c execution test
FAIL: gcc.dg/vect/costmodel/ppc/costmodel-vect-31d.c scan-tree-dump-times vect "vectorization not profitable" 1
FAIL: gcc.dg/vect/costmodel/ppc/costmodel-vect-31d.c scan-tree-dump-times vect "vectorized 1 loops" 0
FAIL: gcc.dg/vect/costmodel/ppc/costmodel-vect-68d.c scan-tree-dump-times vect "vectorization not profitable" 1
FAIL: gcc.dg/vect/costmodel/ppc/costmodel-vect-68d.c scan-tree-dump-times vect "vectorized 1 loops" 0
FAIL: gcc.dg/vect/pr33953.c scan-tree-dump-times vect "vectorized 1 loops" 1
FAIL: gcc.dg/vect/pr33953.c scan-tree-dump-times vect "vectorizing stmts using SLP" 1
FAIL: gcc.dg/vect/vect-82.c execution test
FAIL: gcc.dg/vect/vect-83.c execution test
FAIL: gcc.target/powerpc/20020118-1.c execution test
FAIL: gcc.target/powerpc/20030218-1.c (test for errors, line 14)
FAIL: gcc.target/powerpc/20030218-1.c (test for errors, line 18)
FAIL: gcc.target/powerpc/20030218-1.c (test for errors, line 21)
FAIL: gcc.target/powerpc/20030218-1.c (test for excess errors)
FAIL: gcc.target/powerpc/altivec-1.c execution test
FAIL: gcc.target/powerpc/altivec-12.c execution test
FAIL: gcc.target/powerpc/altivec-24.c execution test
FAIL: gcc.target/powerpc/altivec-3.c execution test
FAIL: gcc.target/powerpc/altivec-consts.c execution test
FAIL: gcc.target/powerpc/altivec-varargs-1.c execution test
FAIL: gcc.target/powerpc/altivec-vec-merge.c execution test
FAIL: gcc.target/powerpc/darwin-longlong.c execution test
FAIL: gcc.target/powerpc/spe1.c (test for excess errors)
=== gcc Summary ===
# of expected passes 47163
# of unexpected failures 34
# of expected failures 169
# of unresolved testcases 1
# of untested testcases 35
# of unsupported tests 441
/home/mstein/sim/gcc-4_3-branch/powerpc-eabisim/build/gcc/xgcc version 4.3.1 20080404 (prerelease) [gcc-4_3-branch revision 133916] (GCC)
Compiler version: 4.3.1 20080404 (prerelease) [gcc-4_3-branch revision 133916] (GCC) gcc
Platform: powerpc-unknown-eabisim
configure flags: --target=powerpc-eabisim --prefix=/home/mstein/cross-local/powerpc-eabisim --enable-languages=c --disable-nls --disable-build-warnings --with-sysroot=/home/mstein/cross-local/powerpc-eabisim --with-build-sysroot=/home/mstein/cross-local/powerpc-eabisim --with-ld=/home/mstein/cross-local/powerpc-eabisim/usr/bin/ld --with-as=/home/mstein/cross-local/powerpc-eabisim/usr/bin/as --disable-libssp --with-mpfr=/opt/cfarm/mpfr-2.3.1
More information about the Gcc-testresults
mailing list