Results for 4.4.0 20080328 (experimental) [ira revision 133880] (GCC) testsuite on x86_64-unknown-linux-gnu
Mike Stein
mstein.lists@googlemail.com
Fri Apr 4 21:50:00 GMT 2008
LAST_UPDATED: Thu Apr 3 22:10:50 UTC 2008 (revision 133880)
Native configuration is x86_64-unknown-linux-gnu
=== gcc tests ===
Running target unix
FAIL: gcc.c-torture/compile/limits-structnest.c -O2 (test for excess errors)
FAIL: gcc.c-torture/compile/limits-structnest.c -O3 -fomit-frame-pointer (test for excess errors)
FAIL: gcc.c-torture/compile/limits-structnest.c -O3 -g (test for excess errors)
FAIL: gcc.c-torture/compile/limits-structnest.c -Os (test for excess errors)
FAIL: gcc.dg/tree-ssa/loop-25.c scan-tree-dump-times profile "Found latch edge" 5
FAIL: gcc.dg/tree-ssa/loop-25.c scan-tree-dump-times profile "Merged latch edges" 2
FAIL: gcc.dg/tree-ssa/loop-25.c scan-tree-dump-times profile "4 loops found" 2
FAIL: gcc.dg/tree-ssa/loop-25.c scan-tree-dump-times profile "3 loops found" 2
FAIL: gcc.dg/tree-ssa/loop-25.c scan-tree-dump-times profile "2 loops found" 1
=== gcc Summary ===
# of expected passes 48876
# of unexpected failures 9
# of expected failures 164
# of untested testcases 35
# of unsupported tests 572
/home/mstein/obj/ira/gcc/xgcc version 4.4.0 20080328 (experimental) [ira revision 133880] (GCC)
=== libgomp tests ===
Running target unix
=== libgomp Summary ===
# of expected passes 177
=== libmudflap tests ===
Running target unix
=== libmudflap Summary ===
# of expected passes 1716
# of unsupported tests 2
Compiler version: 4.4.0 20080328 (experimental) [ira revision 133880] (GCC)
Platform: x86_64-unknown-linux-gnu
configure flags: --enable-languages=c --disable-nls --prefix=/home/mstein/host-gcc/ira-2008-04-04 --with-mpfr=/opt/cfarm/mpfr-2.3.1 --enable-checking=yes,rtl
More information about the Gcc-testresults
mailing list