Results for 4.4.0 20080401 (experimental) [trunk revision 133785] (GCC) testsuite on x86_64-unknown-linux-gnu
Weidong Cui
mason.cui@gmail.com
Tue Apr 1 09:40:00 GMT 2008
LAST_UPDATED: Tue Apr 1 06:44:32 UTC 2008 (revision 133785)
Native configuration is x86_64-unknown-linux-gnu
=== gcc tests ===
Running target unix
FAIL: gcc.dg/tree-prof/pr34999.c compilation, -fprofile-use -D_PROFILE_USE
UNRESOLVED: gcc.dg/tree-prof/pr34999.c execution, -fprofile-use -D_PROFILE_USE
FAIL: gcc.dg/tree-ssa/loop-25.c scan-tree-dump-times profile "Found latch edge" 5
FAIL: gcc.dg/tree-ssa/loop-25.c scan-tree-dump-times profile "Merged latch edges" 2
FAIL: gcc.dg/tree-ssa/loop-25.c scan-tree-dump-times profile "4 loops found" 2
FAIL: gcc.dg/tree-ssa/loop-25.c scan-tree-dump-times profile "3 loops found" 2
FAIL: gcc.dg/tree-ssa/loop-25.c scan-tree-dump-times profile "2 loops found" 1
=== gcc Summary ===
# of expected passes 49115
# of unexpected failures 6
# of expected failures 164
# of unresolved testcases 1
# of untested testcases 35
# of unsupported tests 481
/home/cuiwd/gcc/build/gcc/xgcc version 4.4.0 20080401 (experimental) [trunk revision 133785] (GCC)
=== gfortran tests ===
Running target unix
=== gfortran Summary ===
# of expected passes 24199
# of expected failures 3
# of unsupported tests 18
/home/cuiwd/gcc/build/gcc/testsuite/gfortran/../../gfortran version 4.4.0 20080401 (experimental) [trunk revision 133785] (GCC)
=== g++ tests ===
Running target unix
=== g++ Summary ===
# of expected passes 17514
# of expected failures 82
# of unsupported tests 121
/home/cuiwd/gcc/build/gcc/testsuite/g++/../../g++ version 4.4.0 20080401 (experimental) [trunk revision 133785] (GCC)
=== objc tests ===
Running target unix
=== objc Summary ===
# of expected passes 1814
# of expected failures 7
# of unsupported tests 24
/home/cuiwd/gcc/build/gcc/xgcc version 4.4.0 20080401 (experimental) [trunk revision 133785] (GCC)
=== libffi tests ===
Running target unix
=== libffi Summary ===
# of expected passes 1389
# of unsupported tests 10
=== libgomp tests ===
Running target unix
=== libgomp Summary ===
# of expected passes 1723
=== libjava tests ===
Running target unix
=== libjava Summary ===
# of expected passes 2550
=== libmudflap tests ===
Running target unix
=== libmudflap Summary ===
# of expected passes 1865
=== libstdc++ tests ===
Running target unix
FAIL: abi_check
XPASS: 26_numerics/headers/cmath/c99_classification_macros_c.cc (test for excess errors)
=== libstdc++ Summary ===
# of expected passes 4980
# of unexpected failures 1
# of unexpected successes 1
# of expected failures 65
# of unsupported tests 326
Compiler version: 4.4.0 20080401 (experimental) [trunk revision 133785] (GCC)
Platform: x86_64-unknown-linux-gnu
configure flags: --prefix=/home/cuiwd/gcc/ins --with-gnu-as --with-as=/home/cuiwd/gcc/binutils/bin/as --with-gnu-ld --with-ld=/home/cuiwd/gcc/binutils/bin/ld --with-mpfr=/home/cuiwd/gcc/mpfr --with-gmp=/home/cuiwd/gcc/gmp --enable-clocale=gnu --with-system-zlib --enable-shared --enable-threads=posix --enable-nls --enable-checking=assert --enable-__cxa_atexit
More information about the Gcc-testresults
mailing list