Results for 4.1.3 20070924 (prerelease) [gcc-4_1-branch revision 128708] testsuite on x86_64-unknown-linux-gnu
H.J. Lu
hjl@lucon.org
Mon Sep 24 01:24:00 GMT 2007
LAST_UPDATED: Mon Sep 24 00:28:27 UTC 2007 (revision 128708)
Native configuration is x86_64-unknown-linux-gnu
=== gcc tests ===
Running target unix/-m32
=== gcc Summary for unix/-m32 ===
# of expected passes 39235
# of expected failures 101
# of untested testcases 28
# of unsupported tests 249
Running target unix
=== gcc Summary for unix ===
# of expected passes 39097
# of expected failures 100
# of untested testcases 28
# of unsupported tests 360
=== gcc Summary ===
# of expected passes 78332
# of expected failures 201
# of untested testcases 56
# of unsupported tests 609
/export/build/gnu/gcc-4.1-generic/build-x86_64-linux/gcc/xgcc version 4.1.3 20070924 (prerelease) [gcc-4_1-branch revision 128708]
=== gfortran tests ===
Running target unix/-m32
XPASS: gfortran.dg/csqrt_2.f -O0 execution test
XPASS: gfortran.dg/csqrt_2.f -O1 execution test
XPASS: gfortran.dg/csqrt_2.f -O2 execution test
XPASS: gfortran.dg/csqrt_2.f -O3 -fomit-frame-pointer execution test
XPASS: gfortran.dg/csqrt_2.f -O3 -fomit-frame-pointer -funroll-loops execution test
XPASS: gfortran.dg/csqrt_2.f -O3 -fomit-frame-pointer -funroll-all-loops -finline-functions execution test
XPASS: gfortran.dg/csqrt_2.f -O3 -g execution test
XPASS: gfortran.dg/csqrt_2.f -Os execution test
=== gfortran Summary for unix/-m32 ===
# of expected passes 13710
# of unexpected successes 8
# of expected failures 6
# of unsupported tests 16
Running target unix
XPASS: gfortran.dg/csqrt_2.f -O0 execution test
XPASS: gfortran.dg/csqrt_2.f -O1 execution test
XPASS: gfortran.dg/csqrt_2.f -O2 execution test
XPASS: gfortran.dg/csqrt_2.f -O3 -fomit-frame-pointer execution test
XPASS: gfortran.dg/csqrt_2.f -O3 -fomit-frame-pointer -funroll-loops execution test
XPASS: gfortran.dg/csqrt_2.f -O3 -fomit-frame-pointer -funroll-all-loops -finline-functions execution test
XPASS: gfortran.dg/csqrt_2.f -O3 -g execution test
XPASS: gfortran.dg/csqrt_2.f -Os execution test
XPASS: gfortran.dg/vect/vect-5.f90 -O scan-tree-dump-times vectorized 2 loops 1
XPASS: gfortran.dg/vect/vect-5.f90 -O scan-tree-dump-times Alignment of access forced using peeling 1
XPASS: gfortran.dg/vect/vect-5.f90 -O scan-tree-dump-times Vectorizing an unaligned access 2
=== gfortran Summary for unix ===
# of expected passes 13707
# of unexpected successes 11
# of expected failures 6
# of unsupported tests 16
=== gfortran Summary ===
# of expected passes 27417
# of unexpected successes 19
# of expected failures 12
# of unsupported tests 32
/export/build/gnu/gcc-4.1-generic/build-x86_64-linux/gcc/testsuite/gfortran/../../gfortran version 4.1.3 20070924 (prerelease) [gcc-4_1-branch revision 128708]
=== g++ tests ===
Running target unix/-m32
XPASS: g++.dg/tree-ssa/pr14814.C scan-tree-dump-times &this 0
=== g++ Summary for unix/-m32 ===
# of expected passes 12485
# of unexpected successes 1
# of expected failures 67
# of unsupported tests 69
Running target unix
XPASS: g++.dg/tree-ssa/pr14814.C scan-tree-dump-times &this 0
=== g++ Summary for unix ===
# of expected passes 12400
# of unexpected successes 1
# of expected failures 67
# of unsupported tests 98
=== g++ Summary ===
# of expected passes 24885
# of unexpected successes 2
# of expected failures 134
# of unsupported tests 167
/export/build/gnu/gcc-4.1-generic/build-x86_64-linux/gcc/testsuite/g++/../../g++ version 4.1.3 20070924 (prerelease) [gcc-4_1-branch revision 128708]
=== objc tests ===
Running target unix/-m32
=== objc Summary for unix/-m32 ===
# of expected passes 1722
# of unsupported tests 22
Running target unix
=== objc Summary for unix ===
# of expected passes 1722
# of unsupported tests 22
=== objc Summary ===
# of expected passes 3444
# of unsupported tests 44
/export/build/gnu/gcc-4.1-generic/build-x86_64-linux/gcc/xgcc version 4.1.3 20070924 (prerelease) [gcc-4_1-branch revision 128708]
=== libffi tests ===
Running target unix/-m32
=== libffi Summary for unix/-m32 ===
# of expected passes 228
# of unsupported tests 2
Running target unix
=== libffi Summary for unix ===
# of expected passes 228
# of unsupported tests 2
=== libffi Summary ===
# of expected passes 456
# of unsupported tests 4
=== libjava tests ===
Running target unix/-m32
=== libjava Summary for unix/-m32 ===
# of expected passes 4060
# of expected failures 10
# of untested testcases 8
Running target unix
=== libjava Summary for unix ===
# of expected passes 4060
# of expected failures 10
# of untested testcases 8
=== libjava Summary ===
# of expected passes 8120
# of expected failures 20
# of untested testcases 16
=== libmudflap tests ===
Running target unix/-m32
=== libmudflap Summary for unix/-m32 ===
# of expected passes 1799
Running target unix
FAIL: libmudflap.c/fail8-frag.c (-static) output pattern test
FAIL: libmudflap.c/fail9-frag.c (-static) output pattern test
=== libmudflap Summary for unix ===
# of expected passes 1797
# of unexpected failures 2
=== libmudflap Summary ===
# of expected passes 3596
# of unexpected failures 2
=== libstdc++ tests ===
Running target unix/-m32
FAIL: 22_locale/messages/members/char/1.cc execution test
FAIL: 22_locale/messages/members/char/2.cc execution test
FAIL: 22_locale/messages/members/char/wrapped_env.cc execution test
FAIL: 22_locale/messages/members/char/wrapped_locale.cc execution test
FAIL: 22_locale/messages_byname/named_equivalence.cc execution test
XPASS: 26_numerics/cmath/c99_classification_macros_c.cc (test for excess errors)
=== libstdc++ Summary for unix/-m32 ===
# of expected passes 4007
# of unexpected failures 5
# of unexpected successes 1
# of expected failures 12
# of unsupported tests 17
Running target unix
XPASS: 26_numerics/cmath/c99_classification_macros_c.cc (test for excess errors)
XPASS: 27_io/fpos/14320-1.cc execution test
=== libstdc++ Summary for unix ===
# of expected passes 4012
# of unexpected successes 2
# of expected failures 11
# of unsupported tests 17
=== libstdc++ Summary ===
# of expected passes 8019
# of unexpected failures 5
# of unexpected successes 3
# of expected failures 23
# of unsupported tests 34
Compiler version: 4.1.3 20070924 (prerelease) [gcc-4_1-branch revision 128708]
Platform: x86_64-unknown-linux-gnu
configure flags: --enable-clocale=gnu --with-system-zlib --with-demangler-in-ld --enable-shared --enable-threads=posix --enable-haifa --enable-checking=assert --prefix=/usr/gcc-4.1-generic --with-local-prefix=/usr/local --enable-languages=c,c++,fortran,java,objc
More information about the Gcc-testresults
mailing list