Results for 4.2.2 20070921 (prerelease) gcc testsuite on cris-axis-elf
Mike Stein
mstein@phenix.rootshell.be
Sat Sep 22 21:51:00 GMT 2007
Debian 4 on x86_64
cross tool versions:
GNU assembler (GNU Binutils) 2.18.50.20070915
GNU gdb 6.7.50-20070915-cvs
GNU ld (GNU Binutils) 2.18.50.20070915
GNU Make 3.81
expect version 5.43.0
host gcc version: gcc (GCC) 4.3.0 20070921 (experimental) [trunk revision 128656]
LAST_UPDATED: Fri Sep 21 22:03:45 UTC 2007 (revision 128656)
Target is cris-axis-elf
Host is x86_64-unknown-linux-gnu
=== gcc tests ===
Running target cris-sim
UNRESOLVED: gcc.c-torture/execute/mayalias-2.c execution, -O3 -g
FAIL: gcc.dg/cpp/_Pragma6.c (test for excess errors)
FAIL: gcc.dg/large-size-array-2.c (internal compiler error)
FAIL: gcc.dg/large-size-array-2.c (test for excess errors)
FAIL: gcc.dg/pr28243.c (test for excess errors)
FAIL: gcc.dg/pr30643.c scan-assembler-not undefined
FAIL: gcc.dg/setjmp-1.c spurious clobbered warning (test for bogus messages, line 16)
FAIL: gcc.dg/trampoline-1.c execution test
FAIL: gcc.dg/torture/pr26565.c -O0 (test for excess errors)
FAIL: gcc.dg/torture/pr26565.c -O1 (test for excess errors)
FAIL: gcc.dg/torture/pr26565.c -O2 (test for excess errors)
FAIL: gcc.dg/torture/pr26565.c -O3 -fomit-frame-pointer (test for excess errors)
FAIL: gcc.dg/torture/pr26565.c -O3 -g (test for excess errors)
FAIL: gcc.dg/torture/pr26565.c -Os (test for excess errors)
=== gcc Summary ===
# of expected passes 40295
# of unexpected failures 13
# of expected failures 80
# of unresolved testcases 1
# of untested testcases 28
# of unsupported tests 454
/home/mstein/sim/cris-elf/build/gcc/xgcc version 4.2.2 20070921 (prerelease)
Compiler version: 4.2.2 20070921 (prerelease) gcc
Platform: cris-axis-elf
configure flags: --target=cris-elf --prefix=/n/11/mstein/cross-local/cris-elf --disable-nls --disable-build-warnings --with-ld=/n/11/mstein/cross-local/cris-elf/bin/cris-elf-ld --with-as=/n/11/mstein/cross-local/cris-elf/bin/cris-elf-as --disable-libssp --enable-languages=c
More information about the Gcc-testresults
mailing list