Results for 4.2.2 20070914 (prerelease) gcc testsuite on sh-unknown-elf
Mike Stein
mstein@phenix.rootshell.be
Sat Sep 15 21:51:00 GMT 2007
Debian 4 on x86_64
cross tool versions:
GNU assembler (GNU Binutils) 2.18.50.20070901
GNU gdb 6.6.50.20070901-cvs
GNU ld (GNU Binutils) 2.18.50.20070901
GNU Make 3.81
expect version 5.43.0
host gcc version: gcc (GCC) 4.3.0 20070914 (experimental) [trunk revision 128505]
LAST_UPDATED: Fri Sep 14 22:04:07 UTC 2007 (revision 128505)
Target is sh-unknown-elf
Host is x86_64-unknown-linux-gnu
=== gcc tests ===
Running target sh-sim
WARNING: program timed out.
FAIL: gcc.c-torture/compile/20001226-1.c -O2 (test for excess errors)
WARNING: program timed out.
FAIL: gcc.c-torture/compile/20001226-1.c -O3 -fomit-frame-pointer (test for excess errors)
WARNING: program timed out.
FAIL: gcc.c-torture/compile/20001226-1.c -O3 -g (test for excess errors)
UNRESOLVED: gcc.c-torture/execute/mayalias-2.c execution, -O3 -g
FAIL: gcc.dg/builtin-apply4.c execution test
FAIL: gcc.dg/tls/opt-12.c (test for excess errors)
UNRESOLVED: gcc.dg/tls/opt-12.c compilation failed to produce executable
FAIL: gcc.dg/tree-prof/inliner-1.c compilation, -fprofile-generate
UNRESOLVED: gcc.dg/tree-prof/inliner-1.c execution, -fprofile-generate
UNRESOLVED: gcc.dg/tree-prof/inliner-1.c compilation, -fprofile-use
UNRESOLVED: gcc.dg/tree-prof/inliner-1.c execution, -fprofile-use
FAIL: gcc.dg/tree-prof/update-cunroll-2.c execution: file update-cunroll-2.gcda does not exist, -fprofile-generate
UNRESOLVED: gcc.dg/tree-prof/update-cunroll-2.c compilation, -fprofile-use
UNRESOLVED: gcc.dg/tree-prof/update-cunroll-2.c execution, -fprofile-use
FAIL: gcc.dg/tree-prof/update-loopch.c execution: file update-loopch.gcda does not exist, -fprofile-generate
UNRESOLVED: gcc.dg/tree-prof/update-loopch.c compilation, -fprofile-use
UNRESOLVED: gcc.dg/tree-prof/update-loopch.c execution, -fprofile-use
FAIL: gcc.dg/tree-prof/update-tailcall.c execution: file update-tailcall.gcda does not exist, -fprofile-generate
UNRESOLVED: gcc.dg/tree-prof/update-tailcall.c compilation, -fprofile-use
UNRESOLVED: gcc.dg/tree-prof/update-tailcall.c execution, -fprofile-use
FAIL: gcc.dg/tree-prof/val-prof-1.c compilation, -fprofile-generate
UNRESOLVED: gcc.dg/tree-prof/val-prof-1.c execution, -fprofile-generate
UNRESOLVED: gcc.dg/tree-prof/val-prof-1.c compilation, -fprofile-use
UNRESOLVED: gcc.dg/tree-prof/val-prof-1.c execution, -fprofile-use
FAIL: gcc.dg/tree-prof/val-prof-2.c compilation, -fprofile-generate
UNRESOLVED: gcc.dg/tree-prof/val-prof-2.c execution, -fprofile-generate
UNRESOLVED: gcc.dg/tree-prof/val-prof-2.c compilation, -fprofile-use
UNRESOLVED: gcc.dg/tree-prof/val-prof-2.c execution, -fprofile-use
FAIL: gcc.dg/tree-prof/val-prof-3.c compilation, -fprofile-generate
UNRESOLVED: gcc.dg/tree-prof/val-prof-3.c execution, -fprofile-generate
UNRESOLVED: gcc.dg/tree-prof/val-prof-3.c compilation, -fprofile-use
UNRESOLVED: gcc.dg/tree-prof/val-prof-3.c execution, -fprofile-use
FAIL: gcc.dg/tree-prof/val-prof-4.c compilation, -fprofile-generate
UNRESOLVED: gcc.dg/tree-prof/val-prof-4.c execution, -fprofile-generate
UNRESOLVED: gcc.dg/tree-prof/val-prof-4.c compilation, -fprofile-use
UNRESOLVED: gcc.dg/tree-prof/val-prof-4.c execution, -fprofile-use
FAIL: gcc.dg/tree-prof/val-prof-5.c compilation, -fprofile-generate
UNRESOLVED: gcc.dg/tree-prof/val-prof-5.c execution, -fprofile-generate
UNRESOLVED: gcc.dg/tree-prof/val-prof-5.c compilation, -fprofile-use
UNRESOLVED: gcc.dg/tree-prof/val-prof-5.c execution, -fprofile-use
FAIL: gcc.misc-tests/bprob-1.c execution: file bprob-1.gcda does not exist, -fprofile-arcs
UNRESOLVED: gcc.misc-tests/bprob-1.c compilation, -fbranch-probabilities
UNRESOLVED: gcc.misc-tests/bprob-1.c execution, -fbranch-probabilities
FAIL: gcc.misc-tests/bprob-2.c execution: file bprob-2.gcda does not exist, -fprofile-arcs
UNRESOLVED: gcc.misc-tests/bprob-2.c compilation, -fbranch-probabilities
UNRESOLVED: gcc.misc-tests/bprob-2.c execution, -fbranch-probabilities
=== gcc Summary ===
# of expected passes 40376
# of unexpected failures 16
# of expected failures 80
# of unresolved testcases 30
# of untested testcases 28
# of unsupported tests 387
/home/mstein/sim/sh-elf/build/gcc/xgcc version 4.2.2 20070914 (prerelease)
Compiler version: 4.2.2 20070914 (prerelease) gcc
Platform: sh-unknown-elf
configure flags: --target=sh-elf --prefix=/n/11/mstein/cross-local/sh-elf --disable-nls --disable-build-warnings --with-ld=/n/11/mstein/cross-local/sh-elf/bin/sh-elf-ld --with-as=/n/11/mstein/cross-local/sh-elf/bin/sh-elf-as --disable-libssp --enable-languages=c
More information about the Gcc-testresults
mailing list