Results for 4.3.0 20070912 (experimental) [trunk revision 128445] (GCC) testsuite on mipsel-unknown-linux-gnu
David Daney
daney@avtrex.com
Fri Sep 14 05:45:00 GMT 2007
LAST_UPDATED: Wed Sep 12 19:55:50 UTC 2007 (revision 128445)
Native configuration is mipsel-unknown-linux-gnu
=== g++ tests ===
Running target unix
FAIL: g++.dg/eh/registers1.C (test for excess errors)
XPASS: g++.dg/tree-ssa/copyprop-1.C scan-tree-dump-not .* = [^>;]*;
=== g++ Summary ===
# of expected passes 16538
# of unexpected failures 1
# of unexpected successes 1
# of expected failures 86
# of unsupported tests 131
/home/ddaney/gccsvn/trunk-build/gcc/testsuite/g++/../../g++ version 4.3.0 20070912 (experimental) [trunk revision 128445] (GCC)
=== gcc tests ===
Running target unix
FAIL: gcc.c-torture/execute/20021120-1.c compilation, -O1
UNRESOLVED: gcc.c-torture/execute/20021120-1.c execution, -O1
FAIL: gcc.c-torture/execute/20021120-1.c compilation, -O2
UNRESOLVED: gcc.c-torture/execute/20021120-1.c execution, -O2
FAIL: gcc.c-torture/execute/20021120-1.c compilation, -O3 -fomit-frame-pointer
UNRESOLVED: gcc.c-torture/execute/20021120-1.c execution, -O3 -fomit-frame-pointer
FAIL: gcc.c-torture/execute/20021120-1.c compilation, -O3 -fomit-frame-pointer -funroll-loops
UNRESOLVED: gcc.c-torture/execute/20021120-1.c execution, -O3 -fomit-frame-pointer -funroll-loops
FAIL: gcc.c-torture/execute/20021120-1.c compilation, -O3 -fomit-frame-pointer -funroll-all-loops -finline-functions
UNRESOLVED: gcc.c-torture/execute/20021120-1.c execution, -O3 -fomit-frame-pointer -funroll-all-loops -finline-functions
FAIL: gcc.c-torture/execute/20021120-1.c compilation, -O3 -g
UNRESOLVED: gcc.c-torture/execute/20021120-1.c execution, -O3 -g
FAIL: gcc.c-torture/execute/20021120-1.c compilation, -Os
UNRESOLVED: gcc.c-torture/execute/20021120-1.c execution, -Os
FAIL: gcc.c-torture/execute/20060420-1.c compilation, -O1
UNRESOLVED: gcc.c-torture/execute/20060420-1.c execution, -O1
FAIL: gcc.c-torture/execute/20060420-1.c compilation, -O2
UNRESOLVED: gcc.c-torture/execute/20060420-1.c execution, -O2
FAIL: gcc.c-torture/execute/20060420-1.c compilation, -O3 -fomit-frame-pointer
UNRESOLVED: gcc.c-torture/execute/20060420-1.c execution, -O3 -fomit-frame-pointer
FAIL: gcc.c-torture/execute/20060420-1.c compilation, -O3 -fomit-frame-pointer -funroll-loops
UNRESOLVED: gcc.c-torture/execute/20060420-1.c execution, -O3 -fomit-frame-pointer -funroll-loops
FAIL: gcc.c-torture/execute/20060420-1.c compilation, -O3 -fomit-frame-pointer -funroll-all-loops -finline-functions
UNRESOLVED: gcc.c-torture/execute/20060420-1.c execution, -O3 -fomit-frame-pointer -funroll-all-loops -finline-functions
FAIL: gcc.c-torture/execute/20060420-1.c compilation, -O3 -g
UNRESOLVED: gcc.c-torture/execute/20060420-1.c execution, -O3 -g
FAIL: gcc.c-torture/execute/20060420-1.c compilation, -Os
UNRESOLVED: gcc.c-torture/execute/20060420-1.c execution, -Os
FAIL: gcc.c-torture/execute/builtin-bitops-1.c execution, -O3 -fomit-frame-pointer -funroll-loops
FAIL: gcc.c-torture/execute/builtin-bitops-1.c execution, -O3 -fomit-frame-pointer -funroll-all-loops -finline-functions
FAIL: gcc.c-torture/execute/loop-2f.c execution, -O0
FAIL: gcc.c-torture/execute/loop-2f.c execution, -O1
FAIL: gcc.c-torture/execute/loop-2f.c execution, -O2
FAIL: gcc.c-torture/execute/loop-2f.c execution, -O3 -fomit-frame-pointer
FAIL: gcc.c-torture/execute/loop-2f.c execution, -O3 -fomit-frame-pointer -funroll-loops
FAIL: gcc.c-torture/execute/loop-2f.c execution, -O3 -fomit-frame-pointer -funroll-all-loops -finline-functions
FAIL: gcc.c-torture/execute/loop-2f.c execution, -O3 -g
FAIL: gcc.c-torture/execute/loop-2f.c execution, -Os
FAIL: gcc.c-torture/execute/loop-2g.c execution, -O0
FAIL: gcc.c-torture/execute/loop-2g.c execution, -O1
FAIL: gcc.c-torture/execute/loop-2g.c execution, -O2
FAIL: gcc.c-torture/execute/loop-2g.c execution, -O3 -fomit-frame-pointer
FAIL: gcc.c-torture/execute/loop-2g.c execution, -O3 -fomit-frame-pointer -funroll-loops
FAIL: gcc.c-torture/execute/loop-2g.c execution, -O3 -fomit-frame-pointer -funroll-all-loops -finline-functions
FAIL: gcc.c-torture/execute/loop-2g.c execution, -O3 -g
FAIL: gcc.c-torture/execute/loop-2g.c execution, -Os
FAIL: gcc.c-torture/execute/mayalias-2.c compilation, -O3 -g (internal compiler error)
UNRESOLVED: gcc.c-torture/execute/mayalias-2.c execution, -O3 -g
FAIL: gcc.c-torture/execute/mayalias-3.c compilation, -O3 -g (internal compiler error)
UNRESOLVED: gcc.c-torture/execute/mayalias-3.c execution, -O3 -g
FAIL: gcc.dg/memcpy-1.c scan-tree-dump-times nasty_local 0
XPASS: gcc.dg/torture/builtin-math-4.c -O0 (test for excess errors)
XPASS: gcc.dg/torture/builtin-math-4.c -O1 (test for excess errors)
XPASS: gcc.dg/torture/builtin-math-4.c -O2 (test for excess errors)
XPASS: gcc.dg/torture/builtin-math-4.c -O3 -fomit-frame-pointer (test for excess errors)
XPASS: gcc.dg/torture/builtin-math-4.c -O3 -fomit-frame-pointer -funroll-loops (test for excess errors)
XPASS: gcc.dg/torture/builtin-math-4.c -O3 -fomit-frame-pointer -funroll-all-loops -finline-functions (test for excess errors)
XPASS: gcc.dg/torture/builtin-math-4.c -O3 -g (test for excess errors)
XPASS: gcc.dg/torture/builtin-math-4.c -Os (test for excess errors)
XPASS: gcc.dg/tree-ssa/20040204-1.c scan-tree-dump-times link_error 0
XPASS: gcc.dg/tree-ssa/update-threading.c scan-tree-dump-times Invalid sum 0
FAIL: gcc.target/mips/code-readable-1.c (test for excess errors)
ERROR: gcc.target/mips/code-readable-1.c: error executing dg-final: couldn't open "code-readable-1.s": no such file or directory
UNRESOLVED: gcc.target/mips/code-readable-1.c: error executing dg-final: couldn't open "code-readable-1.s": no such file or directory
FAIL: gcc.target/mips/code-readable-2.c (test for excess errors)
ERROR: gcc.target/mips/code-readable-2.c: error executing dg-final: couldn't open "code-readable-2.s": no such file or directory
UNRESOLVED: gcc.target/mips/code-readable-2.c: error executing dg-final: couldn't open "code-readable-2.s": no such file or directory
FAIL: gcc.target/mips/code-readable-3.c (test for excess errors)
ERROR: gcc.target/mips/code-readable-3.c: error executing dg-final: couldn't open "code-readable-3.s": no such file or directory
UNRESOLVED: gcc.target/mips/code-readable-3.c: error executing dg-final: couldn't open "code-readable-3.s": no such file or directory
FAIL: gcc.target/mips/mips16e-extends.c (test for excess errors)
ERROR: gcc.target/mips/mips16e-extends.c: error executing dg-final: couldn't open "mips16e-extends.s": no such file or directory
UNRESOLVED: gcc.target/mips/mips16e-extends.c: error executing dg-final: couldn't open "mips16e-extends.s": no such file or directory
FAIL: gcc.target/mips/save-restore-1.c (test for excess errors)
ERROR: gcc.target/mips/save-restore-1.c: error executing dg-final: couldn't open "save-restore-1.s": no such file or directory
UNRESOLVED: gcc.target/mips/save-restore-1.c: error executing dg-final: couldn't open "save-restore-1.s": no such file or directory
FAIL: gcc.target/mips/save-restore-2.c (test for excess errors)
ERROR: gcc.target/mips/save-restore-2.c: error executing dg-final: couldn't open "save-restore-2.s": no such file or directory
UNRESOLVED: gcc.target/mips/save-restore-2.c: error executing dg-final: couldn't open "save-restore-2.s": no such file or directory
FAIL: gcc.target/mips/save-restore-3.c (test for excess errors)
ERROR: gcc.target/mips/save-restore-3.c: error executing dg-final: couldn't open "save-restore-3.s": no such file or directory
UNRESOLVED: gcc.target/mips/save-restore-3.c: error executing dg-final: couldn't open "save-restore-3.s": no such file or directory
FAIL: gcc.target/mips/save-restore-4.c (test for excess errors)
ERROR: gcc.target/mips/save-restore-4.c: error executing dg-final: couldn't open "save-restore-4.s": no such file or directory
UNRESOLVED: gcc.target/mips/save-restore-4.c: error executing dg-final: couldn't open "save-restore-4.s": no such file or directory
=== gcc Summary ===
# of expected passes 44292
# of unexpected failures 43
# of unexpected successes 10
# of expected failures 80
# of unresolved testcases 24
# of untested testcases 35
# of unsupported tests 309
/home/ddaney/gccsvn/trunk-build/gcc/xgcc version 4.3.0 20070912 (experimental) [trunk revision 128445] (GCC)
=== gfortran tests ===
Running target unix
FAIL: gfortran.dg/alloc_comp_basics_1.f90 -O3 -fomit-frame-pointer -funroll-loops (test for excess errors)
FAIL: gfortran.dg/alloc_comp_basics_1.f90 -O3 -fomit-frame-pointer -funroll-all-loops -finline-functions (test for excess errors)
FAIL: gfortran.dg/array_2.f90 -O1 (test for excess errors)
FAIL: gfortran.dg/array_2.f90 -O2 (test for excess errors)
FAIL: gfortran.dg/array_2.f90 -O3 -fomit-frame-pointer (test for excess errors)
FAIL: gfortran.dg/array_2.f90 -O3 -fomit-frame-pointer -funroll-loops (test for excess errors)
FAIL: gfortran.dg/array_2.f90 -O3 -fomit-frame-pointer -funroll-all-loops -finline-functions (test for excess errors)
FAIL: gfortran.dg/array_2.f90 -O3 -g (test for excess errors)
FAIL: gfortran.dg/array_2.f90 -Os (test for excess errors)
FAIL: gfortran.dg/array_constructor_9.f90 -O3 -fomit-frame-pointer -funroll-loops (test for excess errors)
FAIL: gfortran.dg/array_constructor_9.f90 -O3 -fomit-frame-pointer -funroll-all-loops -finline-functions (test for excess errors)
FAIL: gfortran.dg/c_f_pointer_tests.f90 -O1 (test for excess errors)
FAIL: gfortran.dg/common_pointer_1.f90 -O1 (test for excess errors)
FAIL: gfortran.dg/data_implied_do_1.f90 -O1 (test for excess errors)
FAIL: gfortran.dg/data_implied_do_1.f90 -O2 (test for excess errors)
FAIL: gfortran.dg/data_implied_do_1.f90 -Os (test for excess errors)
FAIL: gfortran.dg/dependent_decls_1.f90 -O3 -fomit-frame-pointer -funroll-loops (test for excess errors)
FAIL: gfortran.dg/dependent_decls_1.f90 -O3 -fomit-frame-pointer -funroll-all-loops -finline-functions (test for excess errors)
FAIL: gfortran.dg/do_3.F90 -O3 -fomit-frame-pointer execution test
FAIL: gfortran.dg/do_3.F90 -O3 -fomit-frame-pointer -funroll-loops execution test
FAIL: gfortran.dg/do_3.F90 -O3 -fomit-frame-pointer -funroll-all-loops -finline-functions execution test
FAIL: gfortran.dg/do_3.F90 -O3 -g execution test
FAIL: gfortran.dg/intrinsic_modulo_1.f90 -O1 (test for excess errors)
FAIL: gfortran.dg/intrinsic_modulo_1.f90 -O2 (test for excess errors)
FAIL: gfortran.dg/intrinsic_modulo_1.f90 -Os (test for excess errors)
FAIL: gfortran.dg/matmul_1.f90 -O1 (test for excess errors)
FAIL: gfortran.dg/matmul_1.f90 -Os (test for excess errors)
FAIL: gfortran.dg/matmul_5.f90 -O3 -fomit-frame-pointer -funroll-all-loops -finline-functions (test for excess errors)
FAIL: gfortran.dg/module_equivalence_1.f90 -O2 (test for excess errors)
FAIL: gfortran.dg/module_equivalence_1.f90 -Os (test for excess errors)
FAIL: gfortran.dg/reshape.f90 -O3 -fomit-frame-pointer -funroll-loops (test for excess errors)
FAIL: gfortran.dg/reshape.f90 -O3 -fomit-frame-pointer -funroll-all-loops -finline-functions (test for excess errors)
FAIL: gfortran.dg/streamio_9.f90 -O1 (test for excess errors)
FAIL: gfortran.dg/streamio_9.f90 -O2 (test for excess errors)
FAIL: gfortran.dg/streamio_9.f90 -Os (test for excess errors)
FAIL: gfortran.dg/used_interface_ref.f90 -Os (test for excess errors)
=== gfortran Summary ===
# of expected passes 20869
# of unexpected failures 36
# of expected failures 8
# of unsupported tests 100
/home/ddaney/gccsvn/trunk-build/gcc/testsuite/gfortran/../../gfortran version 4.3.0 20070912 (experimental) [trunk revision 128445] (GCC)
=== objc tests ===
Running target unix
FAIL: objc.dg/stabs-1.m scan-assembler (.SUBSPA.*[\$]CODE[\$]|.text"?)\\n\\t.stabs.*100,0,0,(\\\\.)?L?L[\$]?etext[0-9]*\\n(\\\\.)?L?L[\$]?etext
=== objc Summary ===
# of expected passes 1811
# of unexpected failures 1
# of expected failures 7
# of unsupported tests 24
/home/ddaney/gccsvn/trunk-build/gcc/xgcc version 4.3.0 20070912 (experimental) [trunk revision 128445] (GCC)
=== libffi tests ===
Running target unix
=== libffi Summary ===
# of expected passes 1108
# of unsupported tests 8
=== libgomp tests ===
Running target unix
WARNING: program timed out.
FAIL: libgomp.c/appendix-a/a.18.1.c execution test
FAIL: libgomp.c/omp_workshare1.c (test for excess errors)
FAIL: libgomp.c/omp_workshare4.c (test for excess errors)
FAIL: libgomp.fortran/appendix-a/a.16.1.f90 -O3 -fomit-frame-pointer -funroll-loops (test for excess errors)
FAIL: libgomp.fortran/appendix-a/a.16.1.f90 -O3 -fomit-frame-pointer -funroll-all-loops -finline-functions (test for excess errors)
WARNING: program timed out.
FAIL: libgomp.fortran/appendix-a/a.18.1.f90 -O3 -fomit-frame-pointer -funroll-loops execution test
FAIL: libgomp.fortran/omp_atomic1.f90 -O0 execution test
FAIL: libgomp.fortran/omp_atomic2.f90 -O0 execution test
FAIL: libgomp.fortran/omp_parse2.f90 -O0 execution test
FAIL: libgomp.fortran/omp_parse2.f90 -O1 execution test
FAIL: libgomp.fortran/omp_parse2.f90 -Os execution test
FAIL: libgomp.fortran/omp_workshare1.f -O (test for excess errors)
FAIL: libgomp.fortran/omp_workshare2.f -O (test for excess errors)
FAIL: libgomp.fortran/reduction1.f90 -O1 (test for excess errors)
FAIL: libgomp.fortran/reduction1.f90 -O2 (test for excess errors)
FAIL: libgomp.fortran/reduction1.f90 -Os (test for excess errors)
FAIL: libgomp.fortran/reduction3.f90 -O1 (test for excess errors)
FAIL: libgomp.fortran/reduction3.f90 -O2 (test for excess errors)
FAIL: libgomp.fortran/reduction3.f90 -Os (test for excess errors)
FAIL: libgomp.fortran/vla1.f90 -O3 -fomit-frame-pointer (test for excess errors)
FAIL: libgomp.fortran/vla1.f90 -O3 -fomit-frame-pointer -funroll-loops (test for excess errors)
FAIL: libgomp.fortran/vla1.f90 -O3 -fomit-frame-pointer -funroll-all-loops -finline-functions (test for excess errors)
FAIL: libgomp.fortran/vla1.f90 -O3 -g (test for excess errors)
FAIL: libgomp.fortran/vla2.f90 -O3 -fomit-frame-pointer (test for excess errors)
FAIL: libgomp.fortran/vla2.f90 -O3 -fomit-frame-pointer -funroll-loops (test for excess errors)
FAIL: libgomp.fortran/vla2.f90 -O3 -fomit-frame-pointer -funroll-all-loops -finline-functions (test for excess errors)
FAIL: libgomp.fortran/vla2.f90 -O3 -g (test for excess errors)
FAIL: libgomp.fortran/vla3.f90 -O1 (test for excess errors)
FAIL: libgomp.fortran/vla3.f90 -O2 (test for excess errors)
FAIL: libgomp.fortran/vla3.f90 -O3 -fomit-frame-pointer (test for excess errors)
FAIL: libgomp.fortran/vla3.f90 -O3 -fomit-frame-pointer -funroll-loops (test for excess errors)
FAIL: libgomp.fortran/vla3.f90 -O3 -fomit-frame-pointer -funroll-all-loops -finline-functions (test for excess errors)
FAIL: libgomp.fortran/vla3.f90 -O3 -g (test for excess errors)
FAIL: libgomp.fortran/vla3.f90 -Os (test for excess errors)
FAIL: libgomp.fortran/vla4.f90 -O3 -fomit-frame-pointer (test for excess errors)
FAIL: libgomp.fortran/vla4.f90 -O3 -fomit-frame-pointer -funroll-loops (test for excess errors)
FAIL: libgomp.fortran/vla4.f90 -O3 -fomit-frame-pointer -funroll-all-loops -finline-functions (test for excess errors)
FAIL: libgomp.fortran/vla4.f90 -O3 -g (test for excess errors)
FAIL: libgomp.fortran/vla5.f90 -O3 -fomit-frame-pointer (test for excess errors)
FAIL: libgomp.fortran/vla5.f90 -O3 -fomit-frame-pointer -funroll-loops (test for excess errors)
FAIL: libgomp.fortran/vla5.f90 -O3 -fomit-frame-pointer -funroll-all-loops -finline-functions (test for excess errors)
FAIL: libgomp.fortran/vla5.f90 -O3 -g (test for excess errors)
FAIL: libgomp.fortran/vla6.f90 -O3 -fomit-frame-pointer (test for excess errors)
FAIL: libgomp.fortran/vla6.f90 -O3 -fomit-frame-pointer -funroll-loops (test for excess errors)
FAIL: libgomp.fortran/vla6.f90 -O3 -fomit-frame-pointer -funroll-all-loops -finline-functions (test for excess errors)
FAIL: libgomp.fortran/vla6.f90 -O3 -g (test for excess errors)
=== libgomp Summary ===
# of expected passes 1547
# of unexpected failures 46
# of unsupported tests 7
=== libjava tests ===
Running target unix
WARNING: program timed out.
FAIL: SyncTest execution - source compiled test
WARNING: program timed out.
FAIL: SyncTest -findirect-dispatch execution - source compiled test
=== libjava Summary ===
# of expected passes 2546
# of unexpected failures 2
# of untested testcases 2
=== libmudflap tests ===
Running target unix
FAIL: libmudflap.c++/pass41-frag.cxx execution test
FAIL: libmudflap.c++/pass41-frag.cxx (-static) (test for excess errors)
WARNING: libmudflap.c++/pass41-frag.cxx (-static) compilation failed to produce executable
FAIL: libmudflap.c++/pass41-frag.cxx ( -O) execution test
FAIL: libmudflap.c++/pass41-frag.cxx (-O2) execution test
FAIL: libmudflap.c++/pass41-frag.cxx (-O3) execution test
=== libmudflap Summary ===
# of expected passes 1820
# of unexpected failures 5
=== libstdc++ tests ===
Running target unix
XPASS: 26_numerics/headers/cmath/c99_classification_macros_c.cc (test for excess errors)
=== libstdc++ Summary ===
# of expected passes 4547
# of unexpected successes 1
# of expected failures 57
# of unsupported tests 316
Compiler version: 4.3.0 20070912 (experimental) [trunk revision 128445] (GCC)
Platform: mipsel-unknown-linux-gnu
configure flags: --prefix=/home/ddaney/gccsvn/trunk-install --target=mipsel-linux --build=mipsel-linux --host=mipsel-linux --with-gmp=/home/ddaney/mp --with-mpfr=/home/ddaney/mp --with-arch=sb1 --disable-java-awt --without-x --enable-__cxa_atexit --disable-jvmpi --disable-static
More information about the Gcc-testresults
mailing list