Results for 4.3.0 20070906 (experimental) [trunk revision 128188] (GCC) testsuite on x86_64-unknown-linux-gnu
Joey Ye
jye2@shgcc-2.sh.intel.com
Thu Sep 6 23:13:00 GMT 2007
LAST_UPDATED: Thu Sep 6 17:01:29 UTC 2007 (revision 128188)
Native configuration is x86_64-unknown-linux-gnu
=== g++ tests ===
Running target unix/-m32
XPASS: g++.dg/tree-ssa/copyprop-1.C scan-tree-dump-not .* = [^>;]*;
XPASS: g++.dg/tree-ssa/ivopts-1.C scan-tree-dump-not offset: -4B
XPASS: g++.dg/tree-ssa/ivopts-1.C scan-tree-dump-not &x\\[5\\]
=== g++ Summary for unix/-m32 ===
# of expected passes 16618
# of unexpected successes 3
# of expected failures 87
# of unsupported tests 88
Running target unix
XPASS: g++.dg/tree-ssa/copyprop-1.C scan-tree-dump-not .* = [^>;]*;
XPASS: g++.dg/tree-ssa/ivopts-1.C scan-tree-dump-not offset: -4B
XPASS: g++.dg/tree-ssa/ivopts-1.C scan-tree-dump-not &x\\[5\\]
=== g++ Summary for unix ===
# of expected passes 16533
# of unexpected successes 3
# of expected failures 87
# of unsupported tests 117
=== g++ Summary ===
# of expected passes 33151
# of unexpected successes 6
# of expected failures 174
# of unsupported tests 205
/home/jye2/gcc/build-daily/gcc/testsuite/g++/../../g++ version 4.3.0 20070906 (experimental) [trunk revision 128188] (GCC)
=== gcc tests ===
Running target unix/-m32
FAIL: gcc.c-torture/execute/mayalias-2.c compilation, -O3 -g (internal compiler error)
UNRESOLVED: gcc.c-torture/execute/mayalias-2.c execution, -O3 -g
FAIL: gcc.c-torture/execute/mayalias-3.c compilation, -O3 -g (internal compiler error)
UNRESOLVED: gcc.c-torture/execute/mayalias-3.c execution, -O3 -g
FAIL: gcc.dg/builtins-61.c scan-tree-dump return 0.0
XPASS: gcc.dg/tree-ssa/update-threading.c scan-tree-dump-times Invalid sum 0
=== gcc Summary for unix/-m32 ===
# of expected passes 46842
# of unexpected failures 3
# of unexpected successes 1
# of expected failures 166
# of unresolved testcases 2
# of untested testcases 35
# of unsupported tests 247
Running target unix
FAIL: gcc.c-torture/execute/mayalias-2.c compilation, -O3 -g (internal compiler error)
UNRESOLVED: gcc.c-torture/execute/mayalias-2.c execution, -O3 -g
FAIL: gcc.c-torture/execute/mayalias-3.c compilation, -O3 -g (internal compiler error)
UNRESOLVED: gcc.c-torture/execute/mayalias-3.c execution, -O3 -g
FAIL: gcc.dg/builtins-61.c scan-tree-dump return 0.0
XPASS: gcc.dg/tree-ssa/update-threading.c scan-tree-dump-times Invalid sum 0
FAIL: gcc.dg/vect/costmodel/x86_64/costmodel-fast-math-vect-pr29925.c scan-tree-dump-times vectorization not profitable 1
=== gcc Summary for unix ===
# of expected passes 46685
# of unexpected failures 4
# of unexpected successes 1
# of expected failures 165
# of unresolved testcases 2
# of untested testcases 35
# of unsupported tests 364
=== gcc Summary ===
# of expected passes 93527
# of unexpected failures 7
# of unexpected successes 2
# of expected failures 331
# of unresolved testcases 4
# of untested testcases 70
# of unsupported tests 611
/home/jye2/gcc/build-daily/gcc/xgcc version 4.3.0 20070906 (experimental) [trunk revision 128188] (GCC)
=== gfortran tests ===
Running target unix/-m32
FAIL: gfortran.dg/c_char_tests.f03 -O3 -fomit-frame-pointer execution test
FAIL: gfortran.dg/c_char_tests.f03 -O3 -fomit-frame-pointer -funroll-loops execution test
FAIL: gfortran.dg/c_char_tests.f03 -O3 -fomit-frame-pointer -funroll-all-loops -finline-functions execution test
FAIL: gfortran.dg/c_char_tests.f03 -O3 -g execution test
FAIL: gfortran.dg/do_3.F90 -O3 -fomit-frame-pointer execution test
FAIL: gfortran.dg/do_3.F90 -O3 -fomit-frame-pointer -funroll-loops execution test
FAIL: gfortran.dg/do_3.F90 -O3 -fomit-frame-pointer -funroll-all-loops -finline-functions execution test
FAIL: gfortran.dg/do_3.F90 -O3 -g execution test
=== gfortran Summary for unix/-m32 ===
# of expected passes 21022
# of unexpected failures 8
# of expected failures 8
# of unsupported tests 16
Running target unix
FAIL: gfortran.dg/c_char_tests.f03 -O3 -fomit-frame-pointer execution test
FAIL: gfortran.dg/c_char_tests.f03 -O3 -fomit-frame-pointer -funroll-loops execution test
FAIL: gfortran.dg/c_char_tests.f03 -O3 -fomit-frame-pointer -funroll-all-loops -finline-functions execution test
FAIL: gfortran.dg/c_char_tests.f03 -O3 -g execution test
FAIL: gfortran.dg/do_3.F90 -O3 -fomit-frame-pointer execution test
FAIL: gfortran.dg/do_3.F90 -O3 -fomit-frame-pointer -funroll-loops execution test
FAIL: gfortran.dg/do_3.F90 -O3 -fomit-frame-pointer -funroll-all-loops -finline-functions execution test
FAIL: gfortran.dg/do_3.F90 -O3 -g execution test
=== gfortran Summary for unix ===
# of expected passes 21020
# of unexpected failures 8
# of expected failures 8
# of unsupported tests 18
=== gfortran Summary ===
# of expected passes 42042
# of unexpected failures 16
# of expected failures 16
# of unsupported tests 34
/home/jye2/gcc/build-daily/gcc/testsuite/gfortran/../../gfortran version 4.3.0 20070906 (experimental) [trunk revision 128188] (GCC)
=== objc tests ===
Running target unix/-m32
=== objc Summary for unix/-m32 ===
# of expected passes 1812
# of expected failures 7
# of unsupported tests 24
Running target unix
=== objc Summary for unix ===
# of expected passes 1812
# of expected failures 7
# of unsupported tests 24
=== objc Summary ===
# of expected passes 3624
# of expected failures 14
# of unsupported tests 48
/home/jye2/gcc/build-daily/gcc/xgcc version 4.3.0 20070906 (experimental) [trunk revision 128188] (GCC)
=== libffi tests ===
Running target unix/-m32
=== libffi Summary for unix/-m32 ===
# of expected passes 1108
# of unsupported tests 8
Running target unix
=== libffi Summary for unix ===
# of expected passes 1108
# of unsupported tests 8
=== libffi Summary ===
# of expected passes 2216
# of unsupported tests 16
=== libgomp tests ===
Running target unix/-m32
=== libgomp Summary for unix/-m32 ===
# of expected passes 1607
Running target unix
=== libgomp Summary for unix ===
# of expected passes 1607
=== libgomp Summary ===
# of expected passes 3214
=== libjava tests ===
Running target unix/-m32
=== libjava Summary for unix/-m32 ===
# of expected passes 2550
Running target unix
=== libjava Summary for unix ===
# of expected passes 2550
=== libjava Summary ===
# of expected passes 5100
=== libmudflap tests ===
Running target unix/-m32
FAIL: libmudflap.c++/pass41-frag.cxx execution test
FAIL: libmudflap.c++/pass41-frag.cxx (-static) execution test
FAIL: libmudflap.c++/pass41-frag.cxx ( -O) execution test
FAIL: libmudflap.c++/pass41-frag.cxx (-O2) execution test
FAIL: libmudflap.c++/pass41-frag.cxx (-O3) execution test
=== libmudflap Summary for unix/-m32 ===
# of expected passes 1821
# of unexpected failures 5
Running target unix
FAIL: libmudflap.c/fail8-frag.c (-static) output pattern test
FAIL: libmudflap.c/fail9-frag.c (-static) output pattern test
FAIL: libmudflap.c++/pass41-frag.cxx execution test
FAIL: libmudflap.c++/pass41-frag.cxx (-static) execution test
FAIL: libmudflap.c++/pass41-frag.cxx ( -O) execution test
FAIL: libmudflap.c++/pass41-frag.cxx (-O2) execution test
FAIL: libmudflap.c++/pass41-frag.cxx (-O3) execution test
=== libmudflap Summary for unix ===
# of expected passes 1819
# of unexpected failures 7
=== libmudflap Summary ===
# of expected passes 3640
# of unexpected failures 12
=== libstdc++ tests ===
Running target unix/-m32
FAIL: 25_algorithms/merge/1.cc execution test
XPASS: 26_numerics/headers/cmath/c99_classification_macros_c.cc (test for excess errors)
=== libstdc++ Summary for unix/-m32 ===
# of expected passes 5154
# of unexpected failures 1
# of unexpected successes 1
# of expected failures 57
Running target unix
XPASS: 26_numerics/headers/cmath/c99_classification_macros_c.cc (test for excess errors)
XPASS: 27_io/fpos/14320-1.cc execution test
=== libstdc++ Summary for unix ===
# of expected passes 5155
# of unexpected successes 2
# of expected failures 56
=== libstdc++ Summary ===
# of expected passes 10309
# of unexpected failures 1
# of unexpected successes 3
# of expected failures 113
Compiler version: 4.3.0 20070906 (experimental) [trunk revision 128188] (GCC)
Platform: x86_64-unknown-linux-gnu
configure flags: --enable-clocale=gnu --with-system-zlib --enable-decimal-float=bid --with-demangler-in-ld --enable-shared --enable-threads=posix --enable-haifa --enable-checking=assert
More information about the Gcc-testresults
mailing list