Results for 4.3.0 20070905 (experimental) [trunk revision 128130] (GCC) testsuite on powerpc-ibm-aix5.3.0.0
David Edelsohn
dje@watson.ibm.com
Thu Sep 6 12:38:00 GMT 2007
LAST_UPDATED: Wed Sep 5 14:07:12 UTC 2007 (revision 128130)
Native configuration is powerpc-ibm-aix5.3.0.0
=== g++ tests ===
Running target unix
FAIL: tmpdir-g++.dg-struct-layout-1/t024 cp_compat_x_tst.o-cp_compat_y_tst.o execute
FAIL: tmpdir-g++.dg-struct-layout-1/t027 cp_compat_x_tst.o-cp_compat_y_tst.o execute
FAIL: tmpdir-g++.dg-struct-layout-1/t029 cp_compat_x_tst.o-cp_compat_y_tst.o execute
FAIL: tmpdir-g++.dg-struct-layout-1/t030 cp_compat_x_tst.o-cp_compat_y_tst.o execute
FAIL: g++.dg/abi/local1.C execution test
FAIL: g++.dg/conversion/simd1.C (test for excess errors)
FAIL: g++.dg/cpp/_Pragma1.C (test for excess errors)
XPASS: g++.dg/eh/simd-2.C (test for excess errors)
FAIL: g++.dg/ext/alignof2.C execution test
FAIL: g++.dg/ext/attribute-test-1.C (test for excess errors)
FAIL: g++.dg/ext/attribute-test-2.C (test for excess errors)
FAIL: g++.dg/ext/attribute-test-3.C (test for excess errors)
FAIL: g++.dg/ext/attribute-test-4.C (test for excess errors)
FAIL: g++.dg/ext/java-1.C (test for excess errors)
FAIL: g++.dg/ext/visibility/anon1.C scan-assembler-not globl.*_ZN.*1fEv
FAIL: g++.dg/ext/visibility/anon2.C scan-assembler-not globl.*_Z1fv
FAIL: g++.dg/other/first-global.C scan-assembler _GLOBAL__I_foobar
WARNING: g++.dg/other/ucnid-1.C compilation failed to produce executable
FAIL: g++.dg/other/unused1.C scan-assembler (string|ascii?)z?[\\t ]"class2("|\\\\\\\\0)
FAIL: g++.dg/other/unused1.C scan-assembler (string|ascii?)z?[\\t ]"printer("|\\\\\\\\0)
FAIL: g++.dg/template/repo3.C (test for excess errors)
XPASS: g++.dg/tree-ssa/copyprop-1.C scan-tree-dump-not .* = [^>;]*;
FAIL: g++.dg/special/conpr-2.C execution test
FAIL: g++.dg/special/conpr-4.C execution test
FAIL: g++.dg/special/initp1.C execution test
FAIL: g++.dg/special/initpri1.C execution test
XPASS: g++.old-deja/g++.other/init19.C execution test
FAIL: g++.old-deja/g++.pt/instantiate4.C (test for excess errors)
FAIL: g++.old-deja/g++.pt/instantiate6.C (test for excess errors)
FAIL: g++.old-deja/g++.pt/repo2.C (test for excess errors)
FAIL: g++.old-deja/g++.pt/repo4.C (test for excess errors)
=== g++ Summary ===
# of expected passes 15332
# of unexpected failures 27
# of unexpected successes 3
# of expected failures 92
# of unsupported tests 215
/tmp2/20070905/gcc/testsuite/g++/../../g++ version 4.3.0 20070905 (experimental) [trunk revision 128130] (GCC)
=== gcc tests ===
Running target unix
WARNING: program timed out.
FAIL: gcc.c-torture/compile/limits-externalid.c -O3 -g (test for excess errors)
FAIL: gcc.dg/cpp/_Pragma6.c (test for excess errors)
XPASS: gcc.dg/cpp/cmdlne-dI-M.c scan-file (^|\\\\n)cmdlne-dI-M.*:[^\\\\n]*cmdlne-dI-M.c
XPASS: gcc.dg/cpp/cmdlne-dM-M.c scan-file (^|\\\\n)cmdlne-dM-M[^\\\\n]*:[^\\\\n]*cmdlne-dM-M.c
XPASS: gcc.dg/20020103-1.c scan-assembler-not LC[0-9]
FAIL: gcc.dg/alias-7.c execution test
FAIL: gcc.dg/asm-names.c scan-assembler-not ____frob14
FAIL: gcc.dg/builtins-61.c scan-tree-dump return 0.0
FAIL: gcc.dg/initpri1.c execution test
FAIL: gcc.dg/memcpy-1.c scan-tree-dump-times nasty_local 0
FAIL: gcc.dg/pr32912-3.c (test for excess errors)
FAIL: gcc.dg/pthread-init-1.c (test for excess errors)
FAIL: gcc.dg/pthread-init-2.c (test for excess errors)
WARNING: gcc.dg/ucnid-2.c compilation failed to produce executable
WARNING: gcc.dg/ucnid-3.c compilation failed to produce executable
WARNING: gcc.dg/ucnid-4.c compilation failed to produce executable
WARNING: gcc.dg/ucnid-5.c compilation failed to produce executable
XPASS: gcc.dg/ucnid-6.c (test for excess errors)
XPASS: gcc.dg/tree-ssa/update-threading.c scan-tree-dump-times Invalid sum 0
XPASS: gcc.target/powerpc/darwin-longlong.c (test for excess errors)
FAIL: gcc.target/powerpc/parity-1.c scan-assembler popcntb
FAIL: gcc.target/powerpc/popcount-1.c scan-assembler popcntb
=== gcc Summary ===
# of expected passes 41871
# of unexpected failures 12
# of unexpected successes 6
# of expected failures 103
# of unsupported tests 508
/tmp2/20070905/gcc/xgcc version 4.3.0 20070905 (experimental) [trunk revision 128130] (GCC)
=== gfortran tests ===
Running target unix
FAIL: gfortran.dg/array_constructor_11.f90 -O0 execution test
FAIL: gfortran.dg/array_constructor_11.f90 -O1 execution test
FAIL: gfortran.dg/array_constructor_11.f90 -O2 execution test
FAIL: gfortran.dg/array_constructor_11.f90 -O3 -fomit-frame-pointer execution test
FAIL: gfortran.dg/array_constructor_11.f90 -O3 -fomit-frame-pointer -funroll-loops execution test
FAIL: gfortran.dg/array_constructor_11.f90 -O3 -fomit-frame-pointer -funroll-all-loops -finline-functions execution test
FAIL: gfortran.dg/array_constructor_11.f90 -O3 -g execution test
FAIL: gfortran.dg/array_constructor_11.f90 -Os execution test
FAIL: gfortran.dg/c_char_tests.f03 -O3 -fomit-frame-pointer execution test
FAIL: gfortran.dg/c_char_tests.f03 -O3 -fomit-frame-pointer -funroll-loops execution test
FAIL: gfortran.dg/c_char_tests.f03 -O3 -fomit-frame-pointer -funroll-all-loops -finline-functions execution test
FAIL: gfortran.dg/c_char_tests.f03 -O3 -g execution test
FAIL: gfortran.dg/char_length_10.f90 -O (test for excess errors)
FAIL: gfortran.dg/do_3.F90 -O3 -fomit-frame-pointer execution test
FAIL: gfortran.dg/do_3.F90 -O3 -fomit-frame-pointer -funroll-loops execution test
FAIL: gfortran.dg/do_3.F90 -O3 -fomit-frame-pointer -funroll-all-loops -finline-functions execution test
FAIL: gfortran.dg/do_3.F90 -O3 -g execution test
FAIL: gfortran.dg/integer_exponentiation_4.f90 -O (internal compiler error)
FAIL: gfortran.dg/integer_exponentiation_4.f90 -O (test for errors, line 24)
FAIL: gfortran.dg/integer_exponentiation_4.f90 -O (test for errors, line 25)
FAIL: gfortran.dg/integer_exponentiation_4.f90 -O (test for errors, line 26)
FAIL: gfortran.dg/integer_exponentiation_4.f90 -O (test for errors, line 27)
FAIL: gfortran.dg/integer_exponentiation_4.f90 -O (test for errors, line 35)
FAIL: gfortran.dg/integer_exponentiation_4.f90 -O (test for errors, line 36)
FAIL: gfortran.dg/integer_exponentiation_4.f90 -O (test for errors, line 37)
FAIL: gfortran.dg/integer_exponentiation_4.f90 -O (test for errors, line 38)
FAIL: gfortran.dg/integer_exponentiation_4.f90 -O (test for errors, line 41)
FAIL: gfortran.dg/integer_exponentiation_4.f90 -O (test for errors, line 42)
FAIL: gfortran.dg/integer_exponentiation_4.f90 -O (test for excess errors)
FAIL: gfortran.dg/nint_2.f90 -O0 execution test
FAIL: gfortran.dg/pr19155.f -O0 execution test
FAIL: gfortran.dg/pr19155.f -O1 execution test
FAIL: gfortran.dg/pr19155.f -O2 execution test
FAIL: gfortran.dg/pr19155.f -O3 -fomit-frame-pointer execution test
FAIL: gfortran.dg/pr19155.f -O3 -fomit-frame-pointer -funroll-loops execution test
FAIL: gfortran.dg/pr19155.f -O3 -fomit-frame-pointer -funroll-all-loops -finline-functions execution test
FAIL: gfortran.dg/pr19155.f -O3 -g execution test
FAIL: gfortran.dg/pr19155.f -Os execution test
FAIL: gfortran.dg/static_linking_1.f -O0 execution test
FAIL: gfortran.dg/static_linking_1.f -O1 execution test
FAIL: gfortran.dg/static_linking_1.f -O2 execution test
FAIL: gfortran.dg/static_linking_1.f -O3 -fomit-frame-pointer execution test
FAIL: gfortran.dg/static_linking_1.f -O3 -fomit-frame-pointer -funroll-loops execution test
FAIL: gfortran.dg/static_linking_1.f -O3 -fomit-frame-pointer -funroll-all-loops -finline-functions execution test
FAIL: gfortran.dg/static_linking_1.f -O3 -g execution test
FAIL: gfortran.dg/static_linking_1.f -Os execution test
FAIL: gfortran.fortran-torture/execute/intrinsic_nearest.f90 execution, -O0
FAIL: gfortran.fortran-torture/execute/intrinsic_nearest.f90 execution, -O1
FAIL: gfortran.fortran-torture/execute/intrinsic_nearest.f90 execution, -O2
FAIL: gfortran.fortran-torture/execute/intrinsic_nearest.f90 execution, -O3 -fomit-frame-pointer
FAIL: gfortran.fortran-torture/execute/intrinsic_nearest.f90 execution, -O3 -fomit-frame-pointer -funroll-loops
FAIL: gfortran.fortran-torture/execute/intrinsic_nearest.f90 execution, -O3 -fomit-frame-pointer -funroll-all-loops -finline-functions
FAIL: gfortran.fortran-torture/execute/intrinsic_nearest.f90 execution, -O3 -g
FAIL: gfortran.fortran-torture/execute/intrinsic_nearest.f90 execution, -Os
=== gfortran Summary ===
# of expected passes 20687
# of unexpected failures 54
# of expected failures 8
# of unsupported tests 114
/tmp2/20070905/gcc/testsuite/gfortran/../../gfortran version 4.3.0 20070905 (experimental) [trunk revision 128130] (GCC)
=== objc tests ===
Running target unix
=== objc Summary ===
# of expected passes 1766
# of expected failures 17
# of unsupported tests 28
/tmp2/20070905/gcc/xgcc version 4.3.0 20070905 (experimental) [trunk revision 128130] (GCC)
=== libgomp tests ===
Running target unix
FAIL: libgomp.c++/ctor-8.C -O0 execution test
FAIL: libgomp.c++/ctor-8.C -O1 execution test
FAIL: libgomp.c++/ctor-8.C -O2 execution test
FAIL: libgomp.c++/ctor-8.C -O3 -fomit-frame-pointer execution test
FAIL: libgomp.c++/ctor-8.C -O3 -fomit-frame-pointer -funroll-loops execution test
FAIL: libgomp.c++/ctor-8.C -O3 -fomit-frame-pointer -funroll-all-loops -finline-functions execution test
FAIL: libgomp.c++/ctor-8.C -O3 -g execution test
FAIL: libgomp.c++/ctor-8.C -Os execution test
FAIL: libgomp.c++/ctor-9.C -O2 execution test
FAIL: libgomp.fortran/crayptr2.f90 -Os execution test
FAIL: libgomp.fortran/threadprivate1.f90 -O0 execution test
FAIL: libgomp.fortran/threadprivate1.f90 -O1 execution test
FAIL: libgomp.fortran/threadprivate1.f90 -O2 execution test
FAIL: libgomp.fortran/threadprivate1.f90 -O3 -fomit-frame-pointer execution test
FAIL: libgomp.fortran/threadprivate1.f90 -O3 -fomit-frame-pointer -funroll-all-loops -finline-functions execution test
FAIL: libgomp.fortran/threadprivate1.f90 -O3 -g execution test
FAIL: libgomp.fortran/threadprivate3.f90 -O0 execution test
FAIL: libgomp.fortran/threadprivate3.f90 -O1 execution test
FAIL: libgomp.fortran/threadprivate3.f90 -O2 execution test
FAIL: libgomp.fortran/threadprivate3.f90 -O3 -fomit-frame-pointer -funroll-loops execution test
FAIL: libgomp.fortran/threadprivate3.f90 -O3 -fomit-frame-pointer -funroll-all-loops -finline-functions execution test
FAIL: libgomp.fortran/threadprivate3.f90 -O3 -g execution test
FAIL: libgomp.fortran/threadprivate3.f90 -Os execution test
=== libgomp Summary ===
# of expected passes 1582
# of unexpected failures 23
# of unsupported tests 2
=== libstdc++ tests ===
Running target unix
FAIL: 22_locale/ctype/is/char/3.cc execution test
FAIL: 27_io/ios_base/storage/11584.cc execution test
FAIL: 27_io/objects/char/6.cc execution test
FAIL: 27_io/objects/wchar_t/6.cc execution test
FAIL: ext/mt_allocator/check_new.cc execution test
WARNING: program timed out.
FAIL: ext/pb_ds/regression/hash_data_map_rand.cc (test for excess errors)
WARNING: ext/pb_ds/regression/hash_data_map_rand.cc compilation failed to produce executable
WARNING: program timed out.
FAIL: ext/pb_ds/regression/hash_no_data_map_rand.cc (test for excess errors)
WARNING: ext/pb_ds/regression/hash_no_data_map_rand.cc compilation failed to produce executable
WARNING: program timed out.
FAIL: ext/pb_ds/regression/tree_data_map_rand.cc (test for excess errors)
WARNING: ext/pb_ds/regression/tree_data_map_rand.cc compilation failed to produce executable
WARNING: program timed out.
FAIL: ext/pb_ds/regression/tree_no_data_map_rand.cc (test for excess errors)
WARNING: ext/pb_ds/regression/tree_no_data_map_rand.cc compilation failed to produce executable
WARNING: program timed out.
FAIL: ext/pb_ds/regression/trie_data_map_rand.cc (test for excess errors)
WARNING: ext/pb_ds/regression/trie_data_map_rand.cc compilation failed to produce executable
WARNING: program timed out.
FAIL: ext/pb_ds/regression/trie_no_data_map_rand.cc (test for excess errors)
WARNING: ext/pb_ds/regression/trie_no_data_map_rand.cc compilation failed to produce executable
FAIL: ext/pool_allocator/check_new.cc execution test
=== libstdc++ Summary ===
# of expected passes 4453
# of unexpected failures 12
# of expected failures 55
# of unsupported tests 322
Compiler version: 4.3.0 20070905 (experimental) [trunk revision 128130] (GCC)
Platform: powerpc-ibm-aix5.3.0.0
configure flags: --prefix=/farm/dje/install/powerpc-ibm-aix5.3.0.0-20070905 --disable-werror --enable-languages=c,c++,fortran,objc --with-gmp=/farm/dje --with-mpfr=/farm/dje
More information about the Gcc-testresults
mailing list