Results for 4.3.0 20070903 (experimental) (GCC) testsuite on arm-none-linux-gnueabi
CodeSourcery Automatic Testing System
gcc@codesourcery.com
Tue Sep 4 02:21:00 GMT 2007
LAST_UPDATED: Mon Sep 3 07:15:09 UTC 2007 (/trunk revision 128037)
Target is arm-none-linux-gnueabi
Host is i686-pc-linux-gnu
=== g++ tests ===
Running target qemu-system
FAIL: g++.dg/compat/eh/new1 cp_compat_x_tst.o compile, (internal compiler error)
UNRESOLVED: g++.dg/compat/eh/new1 cp_compat_x_tst.o-cp_compat_y_tst.o link
UNRESOLVED: g++.dg/compat/eh/new1 cp_compat_x_tst.o-cp_compat_y_tst.o execute
FAIL: g++.dg/abi/cookie2.C (internal compiler error)
FAIL: g++.dg/abi/cookie2.C (test for excess errors)
FAIL: g++.dg/abi/forced.C execution test
FAIL: g++.dg/eh/new1.C (internal compiler error)
FAIL: g++.dg/eh/new1.C (test for excess errors)
UNRESOLVED: g++.dg/eh/new1.C compilation failed to produce executable
FAIL: g++.dg/ext/java-1.C (test for excess errors)
FAIL: g++.dg/ext/visibility/arm3.C scan-not-hidden hidden[ \\t_]*_ZTI1A
FAIL: g++.dg/ext/visibility/arm3.C scan-not-hidden hidden[ \\t_]*_ZTS1A
FAIL: g++.dg/ext/visibility/arm3.C scan-not-hidden hidden[ \\t_]*_ZTI1B
FAIL: g++.dg/ext/visibility/arm3.C scan-not-hidden hidden[ \\t_]*_ZTS1B
FAIL: g++.dg/init/new5.C (internal compiler error)
FAIL: g++.dg/init/new5.C (test for excess errors)
UNRESOLVED: g++.dg/init/new5.C compilation failed to produce executable
XPASS: g++.dg/other/packed1.C execution test
FAIL: g++.dg/template/new1.C (internal compiler error)
FAIL: g++.dg/template/new1.C (test for excess errors)
UNRESOLVED: g++.dg/template/new1.C compilation failed to produce executable
XPASS: g++.dg/tree-ssa/copyprop-1.C scan-tree-dump-not .* = [^>;]*;
FAIL: g++.dg/torture/str_empty.C -O0 (internal compiler error)
FAIL: g++.dg/torture/str_empty.C -O0 (test for excess errors)
FAIL: g++.dg/torture/str_empty.C -O1 (internal compiler error)
FAIL: g++.dg/torture/str_empty.C -O1 (test for excess errors)
FAIL: g++.dg/torture/str_empty.C -O2 (internal compiler error)
FAIL: g++.dg/torture/str_empty.C -O2 (test for excess errors)
FAIL: g++.dg/torture/str_empty.C -O3 -fomit-frame-pointer (internal compiler error)
FAIL: g++.dg/torture/str_empty.C -O3 -fomit-frame-pointer (test for excess errors)
FAIL: g++.dg/torture/str_empty.C -O3 -g (internal compiler error)
FAIL: g++.dg/torture/str_empty.C -O3 -g (test for excess errors)
FAIL: g++.dg/torture/str_empty.C -Os (internal compiler error)
FAIL: g++.dg/torture/str_empty.C -Os (test for excess errors)
FAIL: g++.old-deja/g++.abi/arraynew.C (internal compiler error)
FAIL: g++.old-deja/g++.abi/arraynew.C (test for excess errors)
UNRESOLVED: g++.old-deja/g++.abi/arraynew.C compilation failed to produce executable
FAIL: g++.old-deja/g++.brendan/new3.C (internal compiler error)
FAIL: g++.old-deja/g++.brendan/new3.C (test for excess errors)
UNRESOLVED: g++.old-deja/g++.brendan/new3.C compilation failed to produce executable
FAIL: g++.old-deja/g++.jason/enum6.C (test for excess errors)
FAIL: g++.old-deja/g++.jason/vecdel.C (internal compiler error)
FAIL: g++.old-deja/g++.jason/vecdel.C (test for excess errors)
UNRESOLVED: g++.old-deja/g++.jason/vecdel.C compilation failed to produce executable
FAIL: g++.old-deja/g++.law/ctors15.C (internal compiler error)
FAIL: g++.old-deja/g++.law/ctors15.C (test for excess errors)
UNRESOLVED: g++.old-deja/g++.law/ctors15.C compilation failed to produce executable
FAIL: g++.old-deja/g++.law/enum9.C (test for excess errors)
FAIL: g++.old-deja/g++.mike/eh46.C (internal compiler error)
FAIL: g++.old-deja/g++.mike/eh46.C (test for excess errors)
FAIL: g++.old-deja/g++.oliva/delete2.C (internal compiler error)
FAIL: g++.old-deja/g++.oliva/delete2.C (test for excess errors)
UNRESOLVED: g++.old-deja/g++.oliva/delete2.C compilation failed to produce executable
FAIL: g++.old-deja/g++.oliva/delete3.C (internal compiler error)
FAIL: g++.old-deja/g++.oliva/delete3.C (test for excess errors)
UNRESOLVED: g++.old-deja/g++.oliva/delete3.C compilation failed to produce executable
FAIL: g++.old-deja/g++.other/enum4.C (test for excess errors)
FAIL: g++.old-deja/g++.other/new3.C (internal compiler error)
FAIL: g++.old-deja/g++.other/new3.C (test for excess errors)
UNRESOLVED: g++.old-deja/g++.other/new3.C compilation failed to produce executable
FAIL: g++.old-deja/g++.pt/crash49.C (internal compiler error)
FAIL: g++.old-deja/g++.pt/crash49.C (test for excess errors)
=== g++ Summary ===
# of expected passes 16453
# of unexpected failures 48
# of unexpected successes 2
# of expected failures 87
# of unresolved testcases 12
# of unsupported tests 144
/scratch/gcc/nightly-2007-09-03-mainline/arm-none-linux-gnueabi/build_gcc/build/test-mainline-0-arm-none-linux-gnueabi/host-i686-pc-linux-gnu/fsf-mainline/bin/arm-none-linux-gnueabi-g++ version 4.3.0 20070903 (experimental) (GCC)
Host is i686-pc-linux-gnu
=== gcc tests ===
Running target qemu-system
FAIL: gcc.c-torture/execute/930921-1.c compilation, -O1 (internal compiler error)
UNRESOLVED: gcc.c-torture/execute/930921-1.c execution, -O1
FAIL: gcc.c-torture/execute/930921-1.c compilation, -O2 (internal compiler error)
UNRESOLVED: gcc.c-torture/execute/930921-1.c execution, -O2
FAIL: gcc.c-torture/execute/930921-1.c compilation, -O3 -fomit-frame-pointer (internal compiler error)
UNRESOLVED: gcc.c-torture/execute/930921-1.c execution, -O3 -fomit-frame-pointer
FAIL: gcc.c-torture/execute/930921-1.c compilation, -O3 -fomit-frame-pointer -funroll-loops (internal compiler error)
UNRESOLVED: gcc.c-torture/execute/930921-1.c execution, -O3 -fomit-frame-pointer -funroll-loops
FAIL: gcc.c-torture/execute/930921-1.c compilation, -O3 -fomit-frame-pointer -funroll-all-loops -finline-functions (internal compiler error)
UNRESOLVED: gcc.c-torture/execute/930921-1.c execution, -O3 -fomit-frame-pointer -funroll-all-loops -finline-functions
FAIL: gcc.c-torture/execute/930921-1.c compilation, -O3 -g (internal compiler error)
UNRESOLVED: gcc.c-torture/execute/930921-1.c execution, -O3 -g
FAIL: gcc.c-torture/execute/930921-1.c compilation, -Os (internal compiler error)
UNRESOLVED: gcc.c-torture/execute/930921-1.c execution, -Os
FAIL: gcc.c-torture/execute/mayalias-2.c compilation, -O3 -g (internal compiler error)
UNRESOLVED: gcc.c-torture/execute/mayalias-2.c execution, -O3 -g
FAIL: gcc.c-torture/execute/mayalias-3.c compilation, -O3 -g (internal compiler error)
UNRESOLVED: gcc.c-torture/execute/mayalias-3.c execution, -O3 -g
FAIL: gcc.dg/arm-g2.c scan-assembler mla[ \\t].*
FAIL: gcc.dg/builtins-61.c scan-tree-dump return 0.0
FAIL: gcc.dg/memcpy-1.c scan-tree-dump-times nasty_local 0
FAIL: gcc.dg/pr30957-1.c scan-rtl-dump Expanding Accumulator
FAIL: gcc.dg/var-expand1.c scan-rtl-dump Expanding Accumulator
XPASS: gcc.dg/torture/builtin-math-4.c -O0 (test for excess errors)
XPASS: gcc.dg/torture/builtin-math-4.c -O1 (test for excess errors)
XPASS: gcc.dg/torture/builtin-math-4.c -O2 (test for excess errors)
XPASS: gcc.dg/torture/builtin-math-4.c -O3 -fomit-frame-pointer (test for excess errors)
XPASS: gcc.dg/torture/builtin-math-4.c -O3 -fomit-frame-pointer -funroll-loops (test for excess errors)
XPASS: gcc.dg/torture/builtin-math-4.c -O3 -fomit-frame-pointer -funroll-all-loops -finline-functions (test for excess errors)
XPASS: gcc.dg/torture/builtin-math-4.c -O3 -g (test for excess errors)
XPASS: gcc.dg/torture/builtin-math-4.c -Os (test for excess errors)
XPASS: gcc.dg/tree-ssa/update-threading.c scan-tree-dump-times Invalid sum 0
FAIL: gcc.target/arm/neon/polytypes.c (test for errors, line 31)
FAIL: gcc.target/arm/neon/polytypes.c (test for excess errors)
FAIL: gcc.target/arm/neon/vget_lowf32.c scan-assembler vmov[ \\t]+[dD][0-9]+, [dD][0-9]+!?([ \\t]+@[a-zA-Z0-9 ]+)?\\n
FAIL: gcc.target/arm/neon/vget_lowp16.c scan-assembler vmov[ \\t]+[dD][0-9]+, [dD][0-9]+!?([ \\t]+@[a-zA-Z0-9 ]+)?\\n
FAIL: gcc.target/arm/neon/vget_lowp8.c scan-assembler vmov[ \\t]+[dD][0-9]+, [dD][0-9]+!?([ \\t]+@[a-zA-Z0-9 ]+)?\\n
FAIL: gcc.target/arm/neon/vget_lows16.c scan-assembler vmov[ \\t]+[dD][0-9]+, [dD][0-9]+!?([ \\t]+@[a-zA-Z0-9 ]+)?\\n
FAIL: gcc.target/arm/neon/vget_lows32.c scan-assembler vmov[ \\t]+[dD][0-9]+, [dD][0-9]+!?([ \\t]+@[a-zA-Z0-9 ]+)?\\n
FAIL: gcc.target/arm/neon/vget_lows64.c scan-assembler vmov[ \\t]+[dD][0-9]+, [dD][0-9]+!?([ \\t]+@[a-zA-Z0-9 ]+)?\\n
FAIL: gcc.target/arm/neon/vget_lows8.c scan-assembler vmov[ \\t]+[dD][0-9]+, [dD][0-9]+!?([ \\t]+@[a-zA-Z0-9 ]+)?\\n
FAIL: gcc.target/arm/neon/vget_lowu16.c scan-assembler vmov[ \\t]+[dD][0-9]+, [dD][0-9]+!?([ \\t]+@[a-zA-Z0-9 ]+)?\\n
FAIL: gcc.target/arm/neon/vget_lowu32.c scan-assembler vmov[ \\t]+[dD][0-9]+, [dD][0-9]+!?([ \\t]+@[a-zA-Z0-9 ]+)?\\n
FAIL: gcc.target/arm/neon/vget_lowu64.c scan-assembler vmov[ \\t]+[dD][0-9]+, [dD][0-9]+!?([ \\t]+@[a-zA-Z0-9 ]+)?\\n
FAIL: gcc.target/arm/neon/vget_lowu8.c scan-assembler vmov[ \\t]+[dD][0-9]+, [dD][0-9]+!?([ \\t]+@[a-zA-Z0-9 ]+)?\\n
=== gcc Summary ===
# of expected passes 47538
# of unexpected failures 27
# of unexpected successes 9
# of expected failures 101
# of unresolved testcases 9
# of untested testcases 35
# of unsupported tests 670
/scratch/gcc/nightly-2007-09-03-mainline/arm-none-linux-gnueabi/build_gcc/build/test-mainline-0-arm-none-linux-gnueabi/host-i686-pc-linux-gnu/fsf-mainline/bin/arm-none-linux-gnueabi-gcc version 4.3.0 20070903 (experimental) (GCC)
Host is i686-pc-linux-gnu
=== libstdc++ tests ===
Running target qemu-system
FAIL: 20_util/make_signed/requirements/typedefs-2.cc (test for excess errors)
FAIL: 20_util/make_unsigned/requirements/typedefs-2.cc (test for excess errors)
FAIL: 21_strings/basic_string/append/char/3.cc execution test
FAIL: 21_strings/basic_string/append/wchar_t/1.cc execution test
FAIL: 21_strings/basic_string/append/wchar_t/3.cc execution test
FAIL: 21_strings/basic_string/capacity/char/18654.cc execution test
FAIL: 21_strings/basic_string/capacity/wchar_t/1.cc execution test
FAIL: 21_strings/basic_string/capacity/wchar_t/18654.cc execution test
FAIL: 21_strings/basic_string/cons/char/6.cc execution test
FAIL: 21_strings/basic_string/cons/wchar_t/6.cc execution test
FAIL: 21_strings/basic_string/element_access/char/4.cc execution test
FAIL: 21_strings/basic_string/element_access/wchar_t/4.cc execution test
FAIL: 21_strings/basic_string/inserters_extractors/char/10.cc execution test
FAIL: 21_strings/basic_string/inserters_extractors/char/11.cc execution test
FAIL: 21_strings/basic_string/inserters_extractors/char/4.cc execution test
FAIL: 21_strings/basic_string/inserters_extractors/char/5.cc execution test
FAIL: 21_strings/basic_string/inserters_extractors/wchar_t/10.cc execution test
FAIL: 21_strings/basic_string/inserters_extractors/wchar_t/11.cc execution test
FAIL: 21_strings/basic_string/inserters_extractors/wchar_t/5.cc execution test
FAIL: 22_locale/time_put/put/char/1.cc execution test
FAIL: 22_locale/time_put/put/char/12439_1.cc execution test
FAIL: 22_locale/time_put/put/char/12439_3.cc execution test
FAIL: 22_locale/time_put/put/char/5.cc execution test
FAIL: 22_locale/time_put/put/wchar_t/1.cc execution test
FAIL: 22_locale/time_put/put/wchar_t/10.cc execution test
FAIL: 22_locale/time_put/put/wchar_t/12439_1.cc execution test
FAIL: 22_locale/time_put/put/wchar_t/12439_2.cc execution test
FAIL: 22_locale/time_put/put/wchar_t/12439_3.cc execution test
FAIL: 22_locale/time_put/put/wchar_t/5.cc execution test
FAIL: 22_locale/time_put/put/wchar_t/9.cc execution test
FAIL: 23_containers/bitset/cons/16020.cc execution test
FAIL: 23_containers/deque/modifiers/erase/1.cc execution test
FAIL: 23_containers/list/modifiers/swap/2.cc execution test
FAIL: 23_containers/list/modifiers/swap/3.cc execution test
FAIL: 23_containers/map/modifiers/swap/2.cc execution test
FAIL: 23_containers/map/modifiers/swap/3.cc execution test
FAIL: 23_containers/multimap/modifiers/swap/2.cc execution test
FAIL: 23_containers/multimap/modifiers/swap/3.cc execution test
FAIL: 23_containers/multiset/modifiers/swap/2.cc execution test
FAIL: 23_containers/multiset/modifiers/swap/3.cc execution test
FAIL: 23_containers/set/modifiers/swap/2.cc execution test
FAIL: 23_containers/set/modifiers/swap/3.cc execution test
FAIL: 25_algorithms/nth_element/2.cc execution test
XPASS: 26_numerics/headers/cmath/c99_classification_macros_c.cc (test for excess errors)
FAIL: 27_io/basic_filebuf/underflow/10096.cc execution test
FAIL: 27_io/basic_filebuf/underflow/char/1.cc execution test
FAIL: 27_io/basic_filebuf/underflow/wchar_t/9178.cc execution test
FAIL: 27_io/basic_ios/imbue/14072.cc execution test
FAIL: 27_io/basic_istream/extractors_arithmetic/char/12.cc execution test
FAIL: 27_io/basic_istream/extractors_arithmetic/wchar_t/12.cc execution test
FAIL: 27_io/basic_istream/extractors_arithmetic/wchar_t/13.cc execution test
FAIL: 27_io/basic_istream/extractors_character/char/4.cc execution test
FAIL: 27_io/basic_istream/extractors_character/wchar_t/4.cc execution test
FAIL: 27_io/basic_istream/getline/char/5.cc execution test
FAIL: 27_io/basic_istream/getline/wchar_t/5.cc execution test
FAIL: 27_io/basic_istream/ignore/char/2.cc execution test
FAIL: 27_io/basic_istream/ignore/wchar_t/2.cc execution test
FAIL: 27_io/basic_ostream/inserters_arithmetic/char/1.cc execution test
FAIL: 27_io/basic_ostream/inserters_arithmetic/wchar_t/1.cc execution test
FAIL: 27_io/basic_ostream/inserters_character/char/1.cc execution test
FAIL: 27_io/basic_ostream/inserters_character/char/4.cc execution test
FAIL: 27_io/basic_ostream/inserters_character/char/5.cc execution test
FAIL: 27_io/basic_ostream/inserters_character/wchar_t/1.cc execution test
FAIL: 27_io/basic_ostream/inserters_character/wchar_t/5.cc execution test
FAIL: 27_io/basic_ostream/inserters_other/char/error_code.cc execution test
FAIL: 27_io/basic_ostream/inserters_other/wchar_t/error_code.cc execution test
FAIL: 27_io/basic_stringbuf/overflow/char/1.cc execution test
FAIL: 27_io/basic_stringbuf/overflow/wchar_t/1.cc execution test
FAIL: backward/strstream_members.cc execution test
FAIL: ext/pb_ds/example/erase_if.cc execution test
FAIL: ext/pb_ds/example/hash_illegal_resize.cc execution test
FAIL: ext/pb_ds/example/hash_resize.cc execution test
FAIL: ext/pb_ds/example/trie_prefix_search.cc execution test
FAIL: ext/pb_ds/example/trie_split.cc execution test
FAIL: ext/pb_ds/regression/hash_data_map_rand.cc execution test
FAIL: ext/pb_ds/regression/hash_no_data_map_rand.cc execution test
FAIL: ext/pb_ds/regression/list_update_data_map_rand.cc execution test
FAIL: ext/pb_ds/regression/list_update_no_data_map_rand.cc execution test
FAIL: ext/pb_ds/regression/priority_queue_rand.cc execution test
FAIL: ext/pb_ds/regression/tree_data_map_rand.cc execution test
FAIL: ext/pb_ds/regression/tree_no_data_map_rand.cc execution test
FAIL: ext/pb_ds/regression/trie_data_map_rand.cc execution test
FAIL: ext/pb_ds/regression/trie_no_data_map_rand.cc execution test
FAIL: ext/rope/2.cc execution test
FAIL: ext/rope/3.cc execution test
FAIL: thread/pthread1.cc execution test
FAIL: thread/pthread5.cc execution test
FAIL: tr1/2_general_utilities/shared_ptr/thread/default_weaktoshared.cc execution test
FAIL: tr1/2_general_utilities/shared_ptr/thread/mutex_weaktoshared.cc execution test
FAIL: tr1/6_containers/unordered_map/24064.cc execution test
FAIL: tr1/6_containers/unordered_map/swap/1.cc execution test
FAIL: tr1/6_containers/unordered_map/swap/2.cc execution test
FAIL: tr1/6_containers/unordered_multimap/swap/1.cc execution test
FAIL: tr1/6_containers/unordered_multimap/swap/2.cc execution test
FAIL: tr1/6_containers/unordered_multiset/swap/1.cc execution test
FAIL: tr1/6_containers/unordered_multiset/swap/2.cc execution test
FAIL: tr1/6_containers/unordered_set/23465.cc execution test
FAIL: tr1/6_containers/unordered_set/26132.cc execution test
FAIL: tr1/6_containers/unordered_set/swap/1.cc execution test
FAIL: tr1/6_containers/unordered_set/swap/2.cc execution test
=== libstdc++ Summary ===
# of expected passes 4403
# of unexpected failures 99
# of unexpected successes 1
# of expected failures 57
# of unsupported tests 326
Host is i686-pc-linux-gnu
=== g++ tests ===
Running target qemu-system/-mthumb
FAIL: g++.dg/compat/eh/new1 cp_compat_x_tst.o compile, (internal compiler error)
UNRESOLVED: g++.dg/compat/eh/new1 cp_compat_x_tst.o-cp_compat_y_tst.o link
UNRESOLVED: g++.dg/compat/eh/new1 cp_compat_x_tst.o-cp_compat_y_tst.o execute
FAIL: g++.dg/abi/cookie2.C (internal compiler error)
FAIL: g++.dg/abi/cookie2.C (test for excess errors)
FAIL: g++.dg/abi/forced.C execution test
FAIL: g++.dg/eh/new1.C (internal compiler error)
FAIL: g++.dg/eh/new1.C (test for excess errors)
UNRESOLVED: g++.dg/eh/new1.C compilation failed to produce executable
FAIL: g++.dg/ext/java-1.C (test for excess errors)
FAIL: g++.dg/ext/visibility/arm3.C scan-not-hidden hidden[ \\t_]*_ZTI1A
FAIL: g++.dg/ext/visibility/arm3.C scan-not-hidden hidden[ \\t_]*_ZTS1A
FAIL: g++.dg/ext/visibility/arm3.C scan-not-hidden hidden[ \\t_]*_ZTI1B
FAIL: g++.dg/ext/visibility/arm3.C scan-not-hidden hidden[ \\t_]*_ZTS1B
FAIL: g++.dg/init/new5.C (internal compiler error)
FAIL: g++.dg/init/new5.C (test for excess errors)
UNRESOLVED: g++.dg/init/new5.C compilation failed to produce executable
XPASS: g++.dg/other/packed1.C execution test
FAIL: g++.dg/template/new1.C (internal compiler error)
FAIL: g++.dg/template/new1.C (test for excess errors)
UNRESOLVED: g++.dg/template/new1.C compilation failed to produce executable
XPASS: g++.dg/tree-ssa/copyprop-1.C scan-tree-dump-not .* = [^>;]*;
FAIL: g++.dg/torture/str_empty.C -O0 (internal compiler error)
FAIL: g++.dg/torture/str_empty.C -O0 (test for excess errors)
FAIL: g++.dg/torture/str_empty.C -O1 (internal compiler error)
FAIL: g++.dg/torture/str_empty.C -O1 (test for excess errors)
FAIL: g++.dg/torture/str_empty.C -O2 (internal compiler error)
FAIL: g++.dg/torture/str_empty.C -O2 (test for excess errors)
FAIL: g++.dg/torture/str_empty.C -O3 -fomit-frame-pointer (internal compiler error)
FAIL: g++.dg/torture/str_empty.C -O3 -fomit-frame-pointer (test for excess errors)
FAIL: g++.dg/torture/str_empty.C -O3 -g (internal compiler error)
FAIL: g++.dg/torture/str_empty.C -O3 -g (test for excess errors)
FAIL: g++.dg/torture/str_empty.C -Os (internal compiler error)
FAIL: g++.dg/torture/str_empty.C -Os (test for excess errors)
FAIL: g++.old-deja/g++.abi/arraynew.C (internal compiler error)
FAIL: g++.old-deja/g++.abi/arraynew.C (test for excess errors)
UNRESOLVED: g++.old-deja/g++.abi/arraynew.C compilation failed to produce executable
FAIL: g++.old-deja/g++.brendan/new3.C (internal compiler error)
FAIL: g++.old-deja/g++.brendan/new3.C (test for excess errors)
UNRESOLVED: g++.old-deja/g++.brendan/new3.C compilation failed to produce executable
FAIL: g++.old-deja/g++.jason/enum6.C (test for excess errors)
FAIL: g++.old-deja/g++.jason/vecdel.C (internal compiler error)
FAIL: g++.old-deja/g++.jason/vecdel.C (test for excess errors)
UNRESOLVED: g++.old-deja/g++.jason/vecdel.C compilation failed to produce executable
FAIL: g++.old-deja/g++.law/ctors15.C (internal compiler error)
FAIL: g++.old-deja/g++.law/ctors15.C (test for excess errors)
UNRESOLVED: g++.old-deja/g++.law/ctors15.C compilation failed to produce executable
FAIL: g++.old-deja/g++.law/enum9.C (test for excess errors)
FAIL: g++.old-deja/g++.mike/eh46.C (internal compiler error)
FAIL: g++.old-deja/g++.mike/eh46.C (test for excess errors)
FAIL: g++.old-deja/g++.oliva/delete2.C (internal compiler error)
FAIL: g++.old-deja/g++.oliva/delete2.C (test for excess errors)
UNRESOLVED: g++.old-deja/g++.oliva/delete2.C compilation failed to produce executable
FAIL: g++.old-deja/g++.oliva/delete3.C (internal compiler error)
FAIL: g++.old-deja/g++.oliva/delete3.C (test for excess errors)
UNRESOLVED: g++.old-deja/g++.oliva/delete3.C compilation failed to produce executable
FAIL: g++.old-deja/g++.other/enum4.C (test for excess errors)
FAIL: g++.old-deja/g++.other/new3.C (internal compiler error)
FAIL: g++.old-deja/g++.other/new3.C (test for excess errors)
UNRESOLVED: g++.old-deja/g++.other/new3.C compilation failed to produce executable
FAIL: g++.old-deja/g++.pt/crash49.C (internal compiler error)
FAIL: g++.old-deja/g++.pt/crash49.C (test for excess errors)
=== g++ Summary ===
# of expected passes 16428
# of unexpected failures 48
# of unexpected successes 2
# of expected failures 87
# of unresolved testcases 12
# of unsupported tests 148
/scratch/gcc/nightly-2007-09-03-mainline/arm-none-linux-gnueabi/build_gcc/build/test-mainline-0-arm-none-linux-gnueabi/host-i686-pc-linux-gnu/fsf-mainline/bin/arm-none-linux-gnueabi-g++ version 4.3.0 20070903 (experimental) (GCC)
Host is i686-pc-linux-gnu
=== gcc tests ===
Running target qemu-system/-mthumb
FAIL: gcc.c-torture/execute/mayalias-2.c compilation, -O3 -g (internal compiler error)
UNRESOLVED: gcc.c-torture/execute/mayalias-2.c execution, -O3 -g
FAIL: gcc.c-torture/execute/mayalias-3.c compilation, -O3 -g (internal compiler error)
UNRESOLVED: gcc.c-torture/execute/mayalias-3.c execution, -O3 -g
FAIL: gcc.dg/builtins-61.c scan-tree-dump return 0.0
FAIL: gcc.dg/memcpy-1.c scan-tree-dump-times nasty_local 0
FAIL: gcc.dg/nested-func-4.c (test for excess errors)
UNRESOLVED: gcc.dg/nested-func-4.c compilation failed to produce executable
FAIL: gcc.dg/pr30957-1.c scan-rtl-dump Expanding Accumulator
FAIL: gcc.dg/sibcall-3.c execution test
FAIL: gcc.dg/sibcall-4.c execution test
FAIL: gcc.dg/var-expand1.c scan-rtl-dump Expanding Accumulator
XPASS: gcc.dg/torture/builtin-math-4.c -O0 (test for excess errors)
XPASS: gcc.dg/torture/builtin-math-4.c -O1 (test for excess errors)
XPASS: gcc.dg/torture/builtin-math-4.c -O2 (test for excess errors)
XPASS: gcc.dg/torture/builtin-math-4.c -O3 -fomit-frame-pointer (test for excess errors)
XPASS: gcc.dg/torture/builtin-math-4.c -O3 -fomit-frame-pointer -funroll-loops (test for excess errors)
XPASS: gcc.dg/torture/builtin-math-4.c -O3 -fomit-frame-pointer -funroll-all-loops -finline-functions (test for excess errors)
XPASS: gcc.dg/torture/builtin-math-4.c -O3 -g (test for excess errors)
XPASS: gcc.dg/torture/builtin-math-4.c -Os (test for excess errors)
XPASS: gcc.dg/tree-ssa/update-threading.c scan-tree-dump-times Invalid sum 0
=== gcc Summary ===
# of expected passes 43690
# of unexpected failures 9
# of unexpected successes 9
# of expected failures 91
# of unresolved testcases 3
# of untested testcases 35
# of unsupported tests 2244
/scratch/gcc/nightly-2007-09-03-mainline/arm-none-linux-gnueabi/build_gcc/build/test-mainline-0-arm-none-linux-gnueabi/host-i686-pc-linux-gnu/fsf-mainline/bin/arm-none-linux-gnueabi-gcc version 4.3.0 20070903 (experimental) (GCC)
Host is i686-pc-linux-gnu
=== libstdc++ tests ===
Running target qemu-system/-mthumb
FAIL: 20_util/make_signed/requirements/typedefs-2.cc (test for excess errors)
FAIL: 20_util/make_unsigned/requirements/typedefs-2.cc (test for excess errors)
FAIL: 21_strings/basic_string/append/char/3.cc execution test
FAIL: 21_strings/basic_string/append/wchar_t/1.cc execution test
FAIL: 21_strings/basic_string/append/wchar_t/3.cc execution test
FAIL: 21_strings/basic_string/capacity/char/18654.cc execution test
FAIL: 21_strings/basic_string/capacity/wchar_t/1.cc execution test
FAIL: 21_strings/basic_string/capacity/wchar_t/18654.cc execution test
FAIL: 21_strings/basic_string/cons/char/6.cc execution test
FAIL: 21_strings/basic_string/cons/wchar_t/6.cc execution test
FAIL: 21_strings/basic_string/element_access/char/4.cc execution test
FAIL: 21_strings/basic_string/element_access/wchar_t/4.cc execution test
FAIL: 21_strings/basic_string/inserters_extractors/char/10.cc execution test
FAIL: 21_strings/basic_string/inserters_extractors/char/11.cc execution test
FAIL: 21_strings/basic_string/inserters_extractors/char/4.cc execution test
FAIL: 21_strings/basic_string/inserters_extractors/char/5.cc execution test
FAIL: 21_strings/basic_string/inserters_extractors/wchar_t/10.cc execution test
FAIL: 21_strings/basic_string/inserters_extractors/wchar_t/11.cc execution test
FAIL: 21_strings/basic_string/inserters_extractors/wchar_t/5.cc execution test
FAIL: 22_locale/time_put/put/char/1.cc execution test
FAIL: 22_locale/time_put/put/char/12439_1.cc execution test
FAIL: 22_locale/time_put/put/char/12439_3.cc execution test
FAIL: 22_locale/time_put/put/char/5.cc execution test
FAIL: 22_locale/time_put/put/wchar_t/1.cc execution test
FAIL: 22_locale/time_put/put/wchar_t/10.cc execution test
FAIL: 22_locale/time_put/put/wchar_t/12439_1.cc execution test
FAIL: 22_locale/time_put/put/wchar_t/12439_2.cc execution test
FAIL: 22_locale/time_put/put/wchar_t/12439_3.cc execution test
FAIL: 22_locale/time_put/put/wchar_t/5.cc execution test
FAIL: 22_locale/time_put/put/wchar_t/9.cc execution test
FAIL: 23_containers/deque/modifiers/erase/1.cc execution test
FAIL: 23_containers/list/modifiers/swap/2.cc execution test
FAIL: 23_containers/list/modifiers/swap/3.cc execution test
FAIL: 23_containers/map/modifiers/swap/2.cc execution test
FAIL: 23_containers/map/modifiers/swap/3.cc execution test
FAIL: 23_containers/multimap/modifiers/swap/2.cc execution test
FAIL: 23_containers/multimap/modifiers/swap/3.cc execution test
FAIL: 23_containers/multiset/modifiers/swap/2.cc execution test
FAIL: 23_containers/multiset/modifiers/swap/3.cc execution test
FAIL: 23_containers/set/modifiers/swap/2.cc execution test
FAIL: 23_containers/set/modifiers/swap/3.cc execution test
FAIL: 25_algorithms/nth_element/2.cc execution test
XPASS: 26_numerics/headers/cmath/c99_classification_macros_c.cc (test for excess errors)
FAIL: 27_io/basic_filebuf/underflow/10096.cc execution test
FAIL: 27_io/basic_filebuf/underflow/char/1.cc execution test
FAIL: 27_io/basic_filebuf/underflow/wchar_t/9178.cc execution test
FAIL: 27_io/basic_ios/imbue/14072.cc execution test
FAIL: 27_io/basic_istream/extractors_arithmetic/char/12.cc execution test
FAIL: 27_io/basic_istream/extractors_arithmetic/wchar_t/12.cc execution test
FAIL: 27_io/basic_istream/extractors_arithmetic/wchar_t/13.cc execution test
FAIL: 27_io/basic_istream/extractors_character/char/4.cc execution test
FAIL: 27_io/basic_istream/extractors_character/wchar_t/4.cc execution test
FAIL: 27_io/basic_istream/getline/char/5.cc execution test
FAIL: 27_io/basic_istream/getline/wchar_t/5.cc execution test
FAIL: 27_io/basic_istream/ignore/char/2.cc execution test
FAIL: 27_io/basic_istream/ignore/wchar_t/2.cc execution test
FAIL: 27_io/basic_ostream/inserters_arithmetic/char/1.cc execution test
FAIL: 27_io/basic_ostream/inserters_arithmetic/wchar_t/1.cc execution test
FAIL: 27_io/basic_ostream/inserters_character/char/1.cc execution test
FAIL: 27_io/basic_ostream/inserters_character/char/4.cc execution test
FAIL: 27_io/basic_ostream/inserters_character/char/5.cc execution test
FAIL: 27_io/basic_ostream/inserters_character/wchar_t/1.cc execution test
FAIL: 27_io/basic_ostream/inserters_character/wchar_t/5.cc execution test
FAIL: 27_io/basic_ostream/inserters_other/char/error_code.cc execution test
FAIL: 27_io/basic_ostream/inserters_other/wchar_t/error_code.cc execution test
FAIL: 27_io/basic_stringbuf/overflow/char/1.cc execution test
FAIL: 27_io/basic_stringbuf/overflow/wchar_t/1.cc execution test
FAIL: backward/strstream_members.cc execution test
FAIL: ext/pb_ds/example/erase_if.cc execution test
FAIL: ext/pb_ds/example/hash_illegal_resize.cc execution test
FAIL: ext/pb_ds/example/hash_resize.cc execution test
FAIL: ext/pb_ds/example/trie_prefix_search.cc execution test
FAIL: ext/pb_ds/example/trie_split.cc execution test
FAIL: ext/pb_ds/regression/hash_data_map_rand.cc execution test
FAIL: ext/pb_ds/regression/hash_no_data_map_rand.cc execution test
FAIL: ext/pb_ds/regression/list_update_data_map_rand.cc execution test
FAIL: ext/pb_ds/regression/list_update_no_data_map_rand.cc execution test
FAIL: ext/pb_ds/regression/priority_queue_rand.cc execution test
FAIL: ext/pb_ds/regression/tree_data_map_rand.cc execution test
FAIL: ext/pb_ds/regression/tree_no_data_map_rand.cc execution test
FAIL: ext/pb_ds/regression/trie_data_map_rand.cc execution test
FAIL: ext/pb_ds/regression/trie_no_data_map_rand.cc execution test
FAIL: ext/rope/2.cc execution test
FAIL: ext/rope/3.cc execution test
FAIL: thread/pthread1.cc execution test
FAIL: thread/pthread5.cc execution test
FAIL: tr1/2_general_utilities/shared_ptr/thread/default_weaktoshared.cc execution test
FAIL: tr1/2_general_utilities/shared_ptr/thread/mutex_weaktoshared.cc execution test
FAIL: tr1/6_containers/unordered_map/24064.cc execution test
FAIL: tr1/6_containers/unordered_map/swap/1.cc execution test
FAIL: tr1/6_containers/unordered_map/swap/2.cc execution test
FAIL: tr1/6_containers/unordered_multimap/swap/1.cc execution test
FAIL: tr1/6_containers/unordered_multimap/swap/2.cc execution test
FAIL: tr1/6_containers/unordered_multiset/swap/1.cc execution test
FAIL: tr1/6_containers/unordered_multiset/swap/2.cc execution test
FAIL: tr1/6_containers/unordered_set/23465.cc execution test
FAIL: tr1/6_containers/unordered_set/26132.cc execution test
FAIL: tr1/6_containers/unordered_set/swap/1.cc execution test
FAIL: tr1/6_containers/unordered_set/swap/2.cc execution test
=== libstdc++ Summary ===
# of expected passes 4404
# of unexpected failures 98
# of unexpected successes 1
# of expected failures 57
# of unsupported tests 326
Compiler version: 4.3.0 20070903 (experimental) (GCC)
Platform: arm-none-linux-gnueabi
configure flags: --build=i686-pc-linux-gnu --host=i686-pc-linux-gnu --target=arm-none-linux-gnueabi --enable-threads --disable-libmudflap --disable-libssp --disable-libgomp --disable-libstdcxx-pch --with-gnu-as --with-gnu-ld --enable-languages=c,c++ --enable-shared --enable-symvers=gnu --enable-__cxa_atexit --disable-nls --prefix=/opt/codesourcery --with-sysroot=/opt/codesourcery/arm-none-linux-gnueabi/libc --with-build-sysroot=/scratch/gcc/nightly-2007-09-03-mainline/arm-none-linux-gnueabi/build_gcc/install/arm-none-linux-gnueabi/libc --with-gmp=/scratch/gcc/nightly-2007-09-03-mainline/arm-none-linux-gnueabi/build_gcc/build/host-libs-mainline-0-arm-none-linux-gnueabi-i686-pc-linux-gnu/usr --with-mpfr=/scratch/gcc/nightly-2007-09-03-mainline/arm-none-linux-gnueabi/build_gcc/build/host-libs-mainline-0-arm-none-linux-gnueabi-i686-pc-linux-gnu/usr --enable-poison-system-directories --with-build-time-tools=/scratch/gcc/nightly-2007-09-03-mainline/arm-none-linux-gnueabi/build_gcc!
/install/arm-none-linux-gnueabi/bin --with-build-time-tools=/scratch/gcc/nightly-2007-09-03-mainline/arm-none-linux-gnueabi/build_gcc/install/arm-none-linux-gnueabi/bin
More information about the Gcc-testresults
mailing list