Results for 4.3.0 20070902 (experimental) (GCC) testsuite on sparc-sun-solaris2.10
Kaveh R. GHAZI
ghazi@caip.rutgers.edu
Mon Sep 3 05:41:00 GMT 2007
LAST_UPDATED:
Native configuration is sparc-sun-solaris2.10
=== g++ tests ===
Running target unix
WARNING: g++.dg/other/ucnid-1.C compilation failed to produce executable
XPASS: g++.dg/tree-ssa/copyprop-1.C scan-tree-dump-not .* = [^>;]*;
XPASS: g++.old-deja/g++.other/init19.C execution test
=== g++ Summary ===
# of expected passes 16341
# of unexpected successes 2
# of expected failures 89
# of unsupported tests 189
/tmp/kg/basel/build/gcc/testsuite/g++/../../g++ version 4.3.0 20070902 (experimental) (GCC)
=== gcc tests ===
Running target unix
FAIL: gcc.c-torture/compile/limits-enumconst.c -O3 -g (test for excess errors)
FAIL: gcc.c-torture/compile/limits-exprparen.c -O0 (test for excess errors)
FAIL: gcc.c-torture/compile/limits-exprparen.c -O1 (test for excess errors)
FAIL: gcc.c-torture/compile/limits-exprparen.c -O2 (test for excess errors)
FAIL: gcc.c-torture/compile/limits-exprparen.c -O3 -fomit-frame-pointer (test for excess errors)
FAIL: gcc.c-torture/compile/limits-exprparen.c -O3 -g (test for excess errors)
FAIL: gcc.c-torture/compile/limits-exprparen.c -Os (test for excess errors)
FAIL: gcc.c-torture/compile/limits-externalid.c -O0 (test for excess errors)
FAIL: gcc.c-torture/compile/limits-externalid.c -O1 (test for excess errors)
FAIL: gcc.c-torture/compile/limits-externalid.c -O2 (test for excess errors)
FAIL: gcc.c-torture/compile/limits-externalid.c -O3 -fomit-frame-pointer (test for excess errors)
FAIL: gcc.c-torture/compile/limits-externalid.c -O3 -g (test for excess errors)
FAIL: gcc.c-torture/compile/limits-externalid.c -Os (test for excess errors)
FAIL: gcc.c-torture/compile/limits-fndefn.c -O3 -g (test for excess errors)
FAIL: gcc.c-torture/execute/mayalias-2.c compilation, -O3 -g (internal compiler error)
UNRESOLVED: gcc.c-torture/execute/mayalias-2.c execution, -O3 -g
FAIL: gcc.c-torture/execute/mayalias-3.c compilation, -O3 -g (internal compiler error)
UNRESOLVED: gcc.c-torture/execute/mayalias-3.c execution, -O3 -g
FAIL: gcc.dg/builtins-61.c scan-tree-dump return 0.0
FAIL: gcc.dg/pragma-align-2.c (test for errors, line 22)
FAIL: gcc.dg/pragma-align-2.c (test for errors, line 23)
FAIL: gcc.dg/pragma-align-2.c (test for errors, line 24)
FAIL: gcc.dg/pragma-align-2.c (test for errors, line 25)
FAIL: gcc.dg/pragma-align-2.c (test for errors, line 26)
FAIL: gcc.dg/pragma-align-2.c (test for errors, line 30)
FAIL: gcc.dg/pragma-align-2.c (test for excess errors)
FAIL: gcc.dg/pragma-init-fini.c (test for errors, line 7)
FAIL: gcc.dg/pragma-init-fini.c (test for errors, line 8)
FAIL: gcc.dg/pragma-init-fini.c (test for errors, line 9)
FAIL: gcc.dg/pragma-init-fini.c (test for errors, line 11)
FAIL: gcc.dg/pragma-init-fini.c (test for errors, line 12)
FAIL: gcc.dg/pragma-init-fini.c (test for errors, line 13)
FAIL: gcc.dg/pragma-init-fini.c (test for excess errors)
WARNING: gcc.dg/ucnid-2.c compilation failed to produce executable
WARNING: gcc.dg/ucnid-3.c compilation failed to produce executable
WARNING: gcc.dg/ucnid-4.c compilation failed to produce executable
FAIL: gcc.dg/format/cmn-err-1.c (test for errors, line 31)
FAIL: gcc.dg/format/cmn-err-1.c (test for errors, line 32)
FAIL: gcc.dg/format/cmn-err-1.c (test for errors, line 33)
FAIL: gcc.dg/format/cmn-err-1.c (test for errors, line 34)
FAIL: gcc.dg/format/cmn-err-1.c (test for errors, line 35)
FAIL: gcc.dg/format/cmn-err-1.c (test for errors, line 36)
FAIL: gcc.dg/format/cmn-err-1.c (test for excess errors)
FAIL: gcc.dg/format/cmn-err-1.c -DWIDE (test for errors, line 31)
FAIL: gcc.dg/format/cmn-err-1.c -DWIDE (test for errors, line 32)
FAIL: gcc.dg/format/cmn-err-1.c -DWIDE (test for errors, line 33)
FAIL: gcc.dg/format/cmn-err-1.c -DWIDE (test for errors, line 34)
FAIL: gcc.dg/format/cmn-err-1.c -DWIDE (test for errors, line 35)
FAIL: gcc.dg/format/cmn-err-1.c -DWIDE (test for errors, line 36)
FAIL: gcc.dg/format/cmn-err-1.c -DWIDE (test for excess errors)
FAIL: largefile.c -O0 -g (test for excess errors)
FAIL: largefile.c -O0 (test for excess errors)
FAIL: largefile.c -O1 (test for excess errors)
FAIL: largefile.c -O2 (test for excess errors)
FAIL: largefile.c -O3 -fomit-frame-pointer (test for excess errors)
FAIL: largefile.c -O3 -g (test for excess errors)
FAIL: largefile.c -Os (test for excess errors)
XPASS: gcc.dg/tree-ssa/update-threading.c scan-tree-dump-times Invalid sum 0
FAIL: gcc.dg/vect/vect-104.c scan-tree-dump-times vectorized 1 loops 0
FAIL: gcc.dg/vect/vect-35.c scan-tree-dump-times vectorized 1 loops 1
FAIL: gcc.dg/vect/vect-iv-6.c scan-tree-dump-times vectorized 1 loops 1
FAIL: gcc.dg/vect/vect-multitypes-5.c scan-tree-dump-times vectorized 1 loops 1
FAIL: gcc.dg/vect/vect-multitypes-6.c scan-tree-dump-times vectorized 1 loops 1
FAIL: gcc.dg/vect/vect-outer-5.c scan-tree-dump-times OUTER LOOP VECTORIZED 1
FAIL: gcc.dg/vect/vect-outer-5.c scan-tree-dump-times zero step in outer loop. 1
FAIL: gcc.dg/vect/vect-outer-6.c scan-tree-dump-times OUTER LOOP VECTORIZED 1
FAIL: gcc.dg/vect/vect-outer-6.c scan-tree-dump-times zero step in outer loop. 1
FAIL: gcc.dg/vect/vect-strided-store-u16-i4.c scan-tree-dump-times vectorized 1 loops 1
FAIL: gcc.dg/vect/no-vfa-pr29145.c scan-tree-dump-times vectorized 0 loops 2
FAIL: gcc.dg/vect/no-vfa-pr29145.c scan-tree-dump-times vectorized 1 loops 1
FAIL: gcc.dg/vect/no-scevccp-outer-16.c scan-tree-dump-times OUTER LOOP VECTORIZED. 1
FAIL: gcc.dg/vect/no-scevccp-outer-17.c scan-tree-dump-times OUTER LOOP VECTORIZED. 1
FAIL: gcc.dg/vect/no-scevccp-outer-18.c scan-tree-dump-times OUTER LOOP VECTORIZED. 1
FAIL: gcc.dg/vect/no-scevccp-outer-19.c scan-tree-dump-times OUTER LOOP VECTORIZED. 1
FAIL: gcc.dg/vect/no-scevccp-outer-21.c scan-tree-dump-times OUTER LOOP VECTORIZED. 1
FAIL: gcc.target/sparc/pdist-3.c (internal compiler error)
FAIL: gcc.target/sparc/pdist-3.c (test for excess errors)
WARNING: gcc.target/sparc/pdist-3.c compilation failed to produce executable
=== gcc Summary ===
# of expected passes 44368
# of unexpected failures 71
# of unexpected successes 1
# of expected failures 182
# of unresolved testcases 2
# of untested testcases 42
# of unsupported tests 457
/tmp/kg/basel/build/gcc/xgcc version 4.3.0 20070902 (experimental) (GCC)
=== gfortran tests ===
Running target unix
FAIL: gfortran.dg/PR19872.f -O0 execution test
FAIL: gfortran.dg/PR19872.f -O1 execution test
FAIL: gfortran.dg/PR19872.f -O2 execution test
FAIL: gfortran.dg/PR19872.f -O3 -fomit-frame-pointer execution test
FAIL: gfortran.dg/PR19872.f -O3 -fomit-frame-pointer -funroll-loops execution test
FAIL: gfortran.dg/PR19872.f -O3 -fomit-frame-pointer -funroll-all-loops -finline-functions execution test
FAIL: gfortran.dg/PR19872.f -O3 -g execution test
FAIL: gfortran.dg/PR19872.f -Os execution test
FAIL: gfortran.dg/advance_1.f90 -O0 execution test
FAIL: gfortran.dg/advance_1.f90 -O1 execution test
FAIL: gfortran.dg/advance_1.f90 -O2 execution test
FAIL: gfortran.dg/advance_1.f90 -O3 -fomit-frame-pointer execution test
FAIL: gfortran.dg/advance_1.f90 -O3 -fomit-frame-pointer -funroll-loops execution test
FAIL: gfortran.dg/advance_1.f90 -O3 -fomit-frame-pointer -funroll-all-loops -finline-functions execution test
FAIL: gfortran.dg/advance_1.f90 -O3 -g execution test
FAIL: gfortran.dg/advance_1.f90 -Os execution test
FAIL: gfortran.dg/advance_4.f90 -O0 execution test
FAIL: gfortran.dg/advance_4.f90 -O1 execution test
FAIL: gfortran.dg/advance_4.f90 -O2 execution test
FAIL: gfortran.dg/advance_4.f90 -O3 -fomit-frame-pointer execution test
FAIL: gfortran.dg/advance_4.f90 -O3 -fomit-frame-pointer -funroll-loops execution test
FAIL: gfortran.dg/advance_4.f90 -O3 -fomit-frame-pointer -funroll-all-loops -finline-functions execution test
FAIL: gfortran.dg/advance_4.f90 -O3 -g execution test
FAIL: gfortran.dg/advance_4.f90 -Os execution test
FAIL: gfortran.dg/advance_5.f90 -O0 execution test
FAIL: gfortran.dg/advance_5.f90 -O1 execution test
FAIL: gfortran.dg/advance_5.f90 -O2 execution test
FAIL: gfortran.dg/advance_5.f90 -O3 -fomit-frame-pointer execution test
FAIL: gfortran.dg/advance_5.f90 -O3 -fomit-frame-pointer -funroll-loops execution test
FAIL: gfortran.dg/advance_5.f90 -O3 -fomit-frame-pointer -funroll-all-loops -finline-functions execution test
FAIL: gfortran.dg/advance_5.f90 -O3 -g execution test
FAIL: gfortran.dg/advance_5.f90 -Os execution test
FAIL: gfortran.dg/append_1.f90 -O0 execution test
FAIL: gfortran.dg/append_1.f90 -O1 execution test
FAIL: gfortran.dg/append_1.f90 -O2 execution test
FAIL: gfortran.dg/append_1.f90 -O3 -fomit-frame-pointer execution test
FAIL: gfortran.dg/append_1.f90 -O3 -fomit-frame-pointer -funroll-loops execution test
FAIL: gfortran.dg/append_1.f90 -O3 -fomit-frame-pointer -funroll-all-loops -finline-functions execution test
FAIL: gfortran.dg/append_1.f90 -O3 -g execution test
FAIL: gfortran.dg/append_1.f90 -Os execution test
FAIL: gfortran.dg/backslash_1.f90 -O0 execution test
FAIL: gfortran.dg/backslash_1.f90 -O1 execution test
FAIL: gfortran.dg/backslash_1.f90 -O2 execution test
FAIL: gfortran.dg/backslash_1.f90 -O3 -fomit-frame-pointer execution test
FAIL: gfortran.dg/backslash_1.f90 -O3 -fomit-frame-pointer -funroll-loops execution test
FAIL: gfortran.dg/backslash_1.f90 -O3 -fomit-frame-pointer -funroll-all-loops -finline-functions execution test
FAIL: gfortran.dg/backslash_1.f90 -O3 -g execution test
FAIL: gfortran.dg/backslash_1.f90 -Os execution test
FAIL: gfortran.dg/backslash_2.f90 -O0 execution test
FAIL: gfortran.dg/backslash_2.f90 -O1 execution test
FAIL: gfortran.dg/backslash_2.f90 -O2 execution test
FAIL: gfortran.dg/backslash_2.f90 -O3 -fomit-frame-pointer execution test
FAIL: gfortran.dg/backslash_2.f90 -O3 -fomit-frame-pointer -funroll-loops execution test
FAIL: gfortran.dg/backslash_2.f90 -O3 -fomit-frame-pointer -funroll-all-loops -finline-functions execution test
FAIL: gfortran.dg/backslash_2.f90 -O3 -g execution test
FAIL: gfortran.dg/backslash_2.f90 -Os execution test
FAIL: gfortran.dg/backslash_3.f -O0 execution test
FAIL: gfortran.dg/backslash_3.f -O1 execution test
FAIL: gfortran.dg/backslash_3.f -O2 execution test
FAIL: gfortran.dg/backslash_3.f -O3 -fomit-frame-pointer execution test
FAIL: gfortran.dg/backslash_3.f -O3 -fomit-frame-pointer -funroll-loops execution test
FAIL: gfortran.dg/backslash_3.f -O3 -fomit-frame-pointer -funroll-all-loops -finline-functions execution test
FAIL: gfortran.dg/backslash_3.f -O3 -g execution test
FAIL: gfortran.dg/backslash_3.f -Os execution test
FAIL: gfortran.dg/backspace_1.f -O0 execution test
FAIL: gfortran.dg/backspace_1.f -O1 execution test
FAIL: gfortran.dg/backspace_1.f -O2 execution test
FAIL: gfortran.dg/backspace_1.f -O3 -fomit-frame-pointer execution test
FAIL: gfortran.dg/backspace_1.f -O3 -fomit-frame-pointer -funroll-loops execution test
FAIL: gfortran.dg/backspace_1.f -O3 -fomit-frame-pointer -funroll-all-loops -finline-functions execution test
FAIL: gfortran.dg/backspace_1.f -O3 -g execution test
FAIL: gfortran.dg/backspace_1.f -Os execution test
FAIL: gfortran.dg/backspace_2.f -O0 execution test
FAIL: gfortran.dg/backspace_2.f -O1 execution test
FAIL: gfortran.dg/backspace_2.f -O2 execution test
FAIL: gfortran.dg/backspace_2.f -O3 -fomit-frame-pointer execution test
FAIL: gfortran.dg/backspace_2.f -O3 -fomit-frame-pointer -funroll-loops execution test
FAIL: gfortran.dg/backspace_2.f -O3 -fomit-frame-pointer -funroll-all-loops -finline-functions execution test
FAIL: gfortran.dg/backspace_2.f -O3 -g execution test
FAIL: gfortran.dg/backspace_2.f -Os execution test
FAIL: gfortran.dg/backspace_3.f -O0 execution test
FAIL: gfortran.dg/backspace_3.f -O1 execution test
FAIL: gfortran.dg/backspace_3.f -O2 execution test
FAIL: gfortran.dg/backspace_3.f -O3 -fomit-frame-pointer execution test
FAIL: gfortran.dg/backspace_3.f -O3 -fomit-frame-pointer -funroll-loops execution test
FAIL: gfortran.dg/backspace_3.f -O3 -fomit-frame-pointer -funroll-all-loops -finline-functions execution test
FAIL: gfortran.dg/backspace_3.f -O3 -g execution test
FAIL: gfortran.dg/backspace_3.f -Os execution test
FAIL: gfortran.dg/backspace_4.f -O0 execution test
FAIL: gfortran.dg/backspace_4.f -O1 execution test
FAIL: gfortran.dg/backspace_4.f -O2 execution test
FAIL: gfortran.dg/backspace_4.f -O3 -fomit-frame-pointer execution test
FAIL: gfortran.dg/backspace_4.f -O3 -fomit-frame-pointer -funroll-loops execution test
FAIL: gfortran.dg/backspace_4.f -O3 -fomit-frame-pointer -funroll-all-loops -finline-functions execution test
FAIL: gfortran.dg/backspace_4.f -O3 -g execution test
FAIL: gfortran.dg/backspace_4.f -Os execution test
FAIL: gfortran.dg/backspace_5.f -O0 execution test
FAIL: gfortran.dg/backspace_5.f -O1 execution test
FAIL: gfortran.dg/backspace_5.f -O2 execution test
FAIL: gfortran.dg/backspace_5.f -O3 -fomit-frame-pointer execution test
FAIL: gfortran.dg/backspace_5.f -O3 -fomit-frame-pointer -funroll-loops execution test
FAIL: gfortran.dg/backspace_5.f -O3 -fomit-frame-pointer -funroll-all-loops -finline-functions execution test
FAIL: gfortran.dg/backspace_5.f -O3 -g execution test
FAIL: gfortran.dg/backspace_5.f -Os execution test
FAIL: gfortran.dg/backspace_6.f -O0 execution test
FAIL: gfortran.dg/backspace_6.f -O1 execution test
FAIL: gfortran.dg/backspace_6.f -O2 execution test
FAIL: gfortran.dg/backspace_6.f -O3 -fomit-frame-pointer execution test
FAIL: gfortran.dg/backspace_6.f -O3 -fomit-frame-pointer -funroll-loops execution test
FAIL: gfortran.dg/backspace_6.f -O3 -fomit-frame-pointer -funroll-all-loops -finline-functions execution test
FAIL: gfortran.dg/backspace_6.f -O3 -g execution test
FAIL: gfortran.dg/backspace_6.f -Os execution test
FAIL: gfortran.dg/backspace_7.f90 -O0 execution test
FAIL: gfortran.dg/backspace_7.f90 -O1 execution test
FAIL: gfortran.dg/backspace_7.f90 -O2 execution test
FAIL: gfortran.dg/backspace_7.f90 -O3 -fomit-frame-pointer execution test
FAIL: gfortran.dg/backspace_7.f90 -O3 -fomit-frame-pointer -funroll-loops execution test
FAIL: gfortran.dg/backspace_7.f90 -O3 -fomit-frame-pointer -funroll-all-loops -finline-functions execution test
FAIL: gfortran.dg/backspace_7.f90 -O3 -g execution test
FAIL: gfortran.dg/backspace_7.f90 -Os execution test
FAIL: gfortran.dg/backspace_8.f -O0 execution test
FAIL: gfortran.dg/backspace_8.f -O1 execution test
FAIL: gfortran.dg/backspace_8.f -O2 execution test
FAIL: gfortran.dg/backspace_8.f -O3 -fomit-frame-pointer execution test
FAIL: gfortran.dg/backspace_8.f -O3 -fomit-frame-pointer -funroll-loops execution test
FAIL: gfortran.dg/backspace_8.f -O3 -fomit-frame-pointer -funroll-all-loops -finline-functions execution test
FAIL: gfortran.dg/backspace_8.f -O3 -g execution test
FAIL: gfortran.dg/backspace_8.f -Os execution test
FAIL: gfortran.dg/backspace_9.f -O0 execution test
FAIL: gfortran.dg/backspace_9.f -O1 execution test
FAIL: gfortran.dg/backspace_9.f -O2 execution test
FAIL: gfortran.dg/backspace_9.f -O3 -fomit-frame-pointer execution test
FAIL: gfortran.dg/backspace_9.f -O3 -fomit-frame-pointer -funroll-loops execution test
FAIL: gfortran.dg/backspace_9.f -O3 -fomit-frame-pointer -funroll-all-loops -finline-functions execution test
FAIL: gfortran.dg/backspace_9.f -O3 -g execution test
FAIL: gfortran.dg/backspace_9.f -Os execution test
FAIL: gfortran.dg/comma.f -O0 execution test
FAIL: gfortran.dg/comma.f -O1 execution test
FAIL: gfortran.dg/comma.f -O2 execution test
FAIL: gfortran.dg/comma.f -O3 -fomit-frame-pointer execution test
FAIL: gfortran.dg/comma.f -O3 -fomit-frame-pointer -funroll-loops execution test
FAIL: gfortran.dg/comma.f -O3 -fomit-frame-pointer -funroll-all-loops -finline-functions execution test
FAIL: gfortran.dg/comma.f -O3 -g execution test
FAIL: gfortran.dg/comma.f -Os execution test
FAIL: gfortran.dg/complex_read.f90 -O0 execution test
FAIL: gfortran.dg/complex_read.f90 -O1 execution test
FAIL: gfortran.dg/complex_read.f90 -O2 execution test
FAIL: gfortran.dg/complex_read.f90 -O3 -fomit-frame-pointer execution test
FAIL: gfortran.dg/complex_read.f90 -O3 -fomit-frame-pointer -funroll-loops execution test
FAIL: gfortran.dg/complex_read.f90 -O3 -fomit-frame-pointer -funroll-all-loops -finline-functions execution test
FAIL: gfortran.dg/complex_read.f90 -O3 -g execution test
FAIL: gfortran.dg/complex_read.f90 -Os execution test
FAIL: gfortran.dg/complex_write.f90 -O0 execution test
FAIL: gfortran.dg/complex_write.f90 -O1 execution test
FAIL: gfortran.dg/complex_write.f90 -O2 execution test
FAIL: gfortran.dg/complex_write.f90 -O3 -fomit-frame-pointer execution test
FAIL: gfortran.dg/complex_write.f90 -O3 -fomit-frame-pointer -funroll-loops execution test
FAIL: gfortran.dg/complex_write.f90 -O3 -fomit-frame-pointer -funroll-all-loops -finline-functions execution test
FAIL: gfortran.dg/complex_write.f90 -O3 -g execution test
FAIL: gfortran.dg/complex_write.f90 -Os execution test
FAIL: gfortran.dg/convert_implied_open.f90 -O0 execution test
FAIL: gfortran.dg/convert_implied_open.f90 -O1 execution test
FAIL: gfortran.dg/convert_implied_open.f90 -O2 execution test
FAIL: gfortran.dg/convert_implied_open.f90 -O3 -fomit-frame-pointer execution test
FAIL: gfortran.dg/convert_implied_open.f90 -O3 -fomit-frame-pointer -funroll-loops execution test
FAIL: gfortran.dg/convert_implied_open.f90 -O3 -fomit-frame-pointer -funroll-all-loops -finline-functions execution test
FAIL: gfortran.dg/convert_implied_open.f90 -O3 -g execution test
FAIL: gfortran.dg/convert_implied_open.f90 -Os execution test
FAIL: gfortran.dg/dev_null.f90 -O0 execution test
FAIL: gfortran.dg/dev_null.f90 -O1 execution test
FAIL: gfortran.dg/dev_null.f90 -O2 execution test
FAIL: gfortran.dg/dev_null.f90 -O3 -fomit-frame-pointer execution test
FAIL: gfortran.dg/dev_null.f90 -O3 -fomit-frame-pointer -funroll-loops execution test
FAIL: gfortran.dg/dev_null.f90 -O3 -fomit-frame-pointer -funroll-all-loops -finline-functions execution test
FAIL: gfortran.dg/dev_null.f90 -O3 -g execution test
FAIL: gfortran.dg/dev_null.f90 -Os execution test
FAIL: gfortran.dg/direct_io_2.f90 -O0 execution test
FAIL: gfortran.dg/direct_io_2.f90 -O1 execution test
FAIL: gfortran.dg/direct_io_2.f90 -O2 execution test
FAIL: gfortran.dg/direct_io_2.f90 -O3 -fomit-frame-pointer execution test
FAIL: gfortran.dg/direct_io_2.f90 -O3 -fomit-frame-pointer -funroll-loops execution test
FAIL: gfortran.dg/direct_io_2.f90 -O3 -fomit-frame-pointer -funroll-all-loops -finline-functions execution test
FAIL: gfortran.dg/direct_io_2.f90 -O3 -g execution test
FAIL: gfortran.dg/direct_io_2.f90 -Os execution test
FAIL: gfortran.dg/direct_io_3.f90 -O0 execution test
FAIL: gfortran.dg/direct_io_3.f90 -O1 execution test
FAIL: gfortran.dg/direct_io_3.f90 -O2 execution test
FAIL: gfortran.dg/direct_io_3.f90 -O3 -fomit-frame-pointer execution test
FAIL: gfortran.dg/direct_io_3.f90 -O3 -fomit-frame-pointer -funroll-loops execution test
FAIL: gfortran.dg/direct_io_3.f90 -O3 -fomit-frame-pointer -funroll-all-loops -finline-functions execution test
FAIL: gfortran.dg/direct_io_3.f90 -O3 -g execution test
FAIL: gfortran.dg/direct_io_3.f90 -Os execution test
FAIL: gfortran.dg/direct_io_4.f90 -O0 execution test
FAIL: gfortran.dg/direct_io_4.f90 -O1 execution test
FAIL: gfortran.dg/direct_io_4.f90 -O2 execution test
FAIL: gfortran.dg/direct_io_4.f90 -O3 -fomit-frame-pointer execution test
FAIL: gfortran.dg/direct_io_4.f90 -O3 -fomit-frame-pointer -funroll-loops execution test
FAIL: gfortran.dg/direct_io_4.f90 -O3 -fomit-frame-pointer -funroll-all-loops -finline-functions execution test
FAIL: gfortran.dg/direct_io_4.f90 -O3 -g execution test
FAIL: gfortran.dg/direct_io_4.f90 -Os execution test
FAIL: gfortran.dg/direct_io_5.f90 -O0 execution test
FAIL: gfortran.dg/direct_io_5.f90 -O1 execution test
FAIL: gfortran.dg/direct_io_5.f90 -O2 execution test
FAIL: gfortran.dg/direct_io_5.f90 -O3 -fomit-frame-pointer execution test
FAIL: gfortran.dg/direct_io_5.f90 -O3 -fomit-frame-pointer -funroll-loops execution test
FAIL: gfortran.dg/direct_io_5.f90 -O3 -fomit-frame-pointer -funroll-all-loops -finline-functions execution test
FAIL: gfortran.dg/direct_io_5.f90 -O3 -g execution test
FAIL: gfortran.dg/direct_io_5.f90 -Os execution test
FAIL: gfortran.dg/direct_io_6.f90 -O0 execution test
FAIL: gfortran.dg/direct_io_6.f90 -O1 execution test
FAIL: gfortran.dg/direct_io_6.f90 -O2 execution test
FAIL: gfortran.dg/direct_io_6.f90 -O3 -fomit-frame-pointer execution test
FAIL: gfortran.dg/direct_io_6.f90 -O3 -fomit-frame-pointer -funroll-loops execution test
FAIL: gfortran.dg/direct_io_6.f90 -O3 -fomit-frame-pointer -funroll-all-loops -finline-functions execution test
FAIL: gfortran.dg/direct_io_6.f90 -O3 -g execution test
FAIL: gfortran.dg/direct_io_6.f90 -Os execution test
FAIL: gfortran.dg/dollar_edit_descriptor_1.f -O0 execution test
FAIL: gfortran.dg/dollar_edit_descriptor_1.f -O1 execution test
FAIL: gfortran.dg/dollar_edit_descriptor_1.f -O2 execution test
FAIL: gfortran.dg/dollar_edit_descriptor_1.f -O3 -fomit-frame-pointer execution test
FAIL: gfortran.dg/dollar_edit_descriptor_1.f -O3 -fomit-frame-pointer -funroll-loops execution test
FAIL: gfortran.dg/dollar_edit_descriptor_1.f -O3 -fomit-frame-pointer -funroll-all-loops -finline-functions execution test
FAIL: gfortran.dg/dollar_edit_descriptor_1.f -O3 -g execution test
FAIL: gfortran.dg/dollar_edit_descriptor_1.f -Os execution test
FAIL: gfortran.dg/dos_eol.f -O0 execution test
FAIL: gfortran.dg/dos_eol.f -O1 execution test
FAIL: gfortran.dg/dos_eol.f -O2 execution test
FAIL: gfortran.dg/dos_eol.f -O3 -fomit-frame-pointer execution test
FAIL: gfortran.dg/dos_eol.f -O3 -fomit-frame-pointer -funroll-loops execution test
FAIL: gfortran.dg/dos_eol.f -O3 -fomit-frame-pointer -funroll-all-loops -finline-functions execution test
FAIL: gfortran.dg/dos_eol.f -O3 -g execution test
FAIL: gfortran.dg/dos_eol.f -Os execution test
FAIL: gfortran.dg/empty_format_1.f90 -O0 execution test
FAIL: gfortran.dg/empty_format_1.f90 -O1 execution test
FAIL: gfortran.dg/empty_format_1.f90 -O2 execution test
FAIL: gfortran.dg/empty_format_1.f90 -O3 -fomit-frame-pointer execution test
FAIL: gfortran.dg/empty_format_1.f90 -O3 -fomit-frame-pointer -funroll-loops execution test
FAIL: gfortran.dg/empty_format_1.f90 -O3 -fomit-frame-pointer -funroll-all-loops -finline-functions execution test
FAIL: gfortran.dg/empty_format_1.f90 -O3 -g execution test
FAIL: gfortran.dg/empty_format_1.f90 -Os execution test
FAIL: gfortran.dg/endfile.f -O0 execution test
FAIL: gfortran.dg/endfile.f -O1 execution test
FAIL: gfortran.dg/endfile.f -O2 execution test
FAIL: gfortran.dg/endfile.f -O3 -fomit-frame-pointer execution test
FAIL: gfortran.dg/endfile.f -O3 -fomit-frame-pointer -funroll-loops execution test
FAIL: gfortran.dg/endfile.f -O3 -fomit-frame-pointer -funroll-all-loops -finline-functions execution test
FAIL: gfortran.dg/endfile.f -O3 -g execution test
FAIL: gfortran.dg/endfile.f -Os execution test
FAIL: gfortran.dg/endfile.f90 -O0 execution test
FAIL: gfortran.dg/endfile.f90 -O1 execution test
FAIL: gfortran.dg/endfile.f90 -O2 execution test
FAIL: gfortran.dg/endfile.f90 -O3 -fomit-frame-pointer execution test
FAIL: gfortran.dg/endfile.f90 -O3 -fomit-frame-pointer -funroll-loops execution test
FAIL: gfortran.dg/endfile.f90 -O3 -fomit-frame-pointer -funroll-all-loops -finline-functions execution test
FAIL: gfortran.dg/endfile.f90 -O3 -g execution test
FAIL: gfortran.dg/endfile.f90 -Os execution test
FAIL: gfortran.dg/eof_1.f90 -O0 execution test
FAIL: gfortran.dg/eof_1.f90 -O1 execution test
FAIL: gfortran.dg/eof_1.f90 -O2 execution test
FAIL: gfortran.dg/eof_1.f90 -O3 -fomit-frame-pointer execution test
FAIL: gfortran.dg/eof_1.f90 -O3 -fomit-frame-pointer -funroll-loops execution test
FAIL: gfortran.dg/eof_1.f90 -O3 -fomit-frame-pointer -funroll-all-loops -finline-functions execution test
FAIL: gfortran.dg/eof_1.f90 -O3 -g execution test
FAIL: gfortran.dg/eof_1.f90 -Os execution test
FAIL: gfortran.dg/eor_1.f90 -O0 execution test
FAIL: gfortran.dg/eor_1.f90 -O1 execution test
FAIL: gfortran.dg/eor_1.f90 -O2 execution test
FAIL: gfortran.dg/eor_1.f90 -O3 -fomit-frame-pointer execution test
FAIL: gfortran.dg/eor_1.f90 -O3 -fomit-frame-pointer -funroll-loops execution test
FAIL: gfortran.dg/eor_1.f90 -O3 -fomit-frame-pointer -funroll-all-loops -finline-functions execution test
FAIL: gfortran.dg/eor_1.f90 -O3 -g execution test
FAIL: gfortran.dg/eor_1.f90 -Os execution test
FAIL: gfortran.dg/eor_handling_1.f90 -O0 execution test
FAIL: gfortran.dg/eor_handling_1.f90 -O1 execution test
FAIL: gfortran.dg/eor_handling_1.f90 -O2 execution test
FAIL: gfortran.dg/eor_handling_1.f90 -O3 -fomit-frame-pointer execution test
FAIL: gfortran.dg/eor_handling_1.f90 -O3 -fomit-frame-pointer -funroll-loops execution test
FAIL: gfortran.dg/eor_handling_1.f90 -O3 -fomit-frame-pointer -funroll-all-loops -finline-functions execution test
FAIL: gfortran.dg/eor_handling_1.f90 -O3 -g execution test
FAIL: gfortran.dg/eor_handling_1.f90 -Os execution test
FAIL: gfortran.dg/eor_handling_2.f90 -O0 execution test
FAIL: gfortran.dg/eor_handling_2.f90 -O1 execution test
FAIL: gfortran.dg/eor_handling_2.f90 -O2 execution test
FAIL: gfortran.dg/eor_handling_2.f90 -O3 -fomit-frame-pointer execution test
FAIL: gfortran.dg/eor_handling_2.f90 -O3 -fomit-frame-pointer -funroll-loops execution test
FAIL: gfortran.dg/eor_handling_2.f90 -O3 -fomit-frame-pointer -funroll-all-loops -finline-functions execution test
FAIL: gfortran.dg/eor_handling_2.f90 -O3 -g execution test
FAIL: gfortran.dg/eor_handling_2.f90 -Os execution test
FAIL: gfortran.dg/eor_handling_3.f90 -O0 execution test
FAIL: gfortran.dg/eor_handling_3.f90 -O1 execution test
FAIL: gfortran.dg/eor_handling_3.f90 -O2 execution test
FAIL: gfortran.dg/eor_handling_3.f90 -O3 -fomit-frame-pointer execution test
FAIL: gfortran.dg/eor_handling_3.f90 -O3 -fomit-frame-pointer -funroll-loops execution test
FAIL: gfortran.dg/eor_handling_3.f90 -O3 -fomit-frame-pointer -funroll-all-loops -finline-functions execution test
FAIL: gfortran.dg/eor_handling_3.f90 -O3 -g execution test
FAIL: gfortran.dg/eor_handling_3.f90 -Os execution test
FAIL: gfortran.dg/eor_handling_4.f90 -O0 execution test
FAIL: gfortran.dg/eor_handling_4.f90 -O1 execution test
FAIL: gfortran.dg/eor_handling_4.f90 -O2 execution test
FAIL: gfortran.dg/eor_handling_4.f90 -O3 -fomit-frame-pointer execution test
FAIL: gfortran.dg/eor_handling_4.f90 -O3 -fomit-frame-pointer -funroll-loops execution test
FAIL: gfortran.dg/eor_handling_4.f90 -O3 -fomit-frame-pointer -funroll-all-loops -finline-functions execution test
FAIL: gfortran.dg/eor_handling_4.f90 -O3 -g execution test
FAIL: gfortran.dg/eor_handling_4.f90 -Os execution test
FAIL: gfortran.dg/eor_handling_5.f90 -O0 execution test
FAIL: gfortran.dg/eor_handling_5.f90 -O1 execution test
FAIL: gfortran.dg/eor_handling_5.f90 -O2 execution test
FAIL: gfortran.dg/eor_handling_5.f90 -O3 -fomit-frame-pointer execution test
FAIL: gfortran.dg/eor_handling_5.f90 -O3 -fomit-frame-pointer -funroll-loops execution test
FAIL: gfortran.dg/eor_handling_5.f90 -O3 -fomit-frame-pointer -funroll-all-loops -finline-functions execution test
FAIL: gfortran.dg/eor_handling_5.f90 -O3 -g execution test
FAIL: gfortran.dg/eor_handling_5.f90 -Os execution test
FAIL: gfortran.dg/fgetc_1.f90 -O0 execution test
FAIL: gfortran.dg/fgetc_1.f90 -O1 execution test
FAIL: gfortran.dg/fgetc_1.f90 -O2 execution test
FAIL: gfortran.dg/fgetc_1.f90 -O3 -fomit-frame-pointer execution test
FAIL: gfortran.dg/fgetc_1.f90 -O3 -fomit-frame-pointer -funroll-loops execution test
FAIL: gfortran.dg/fgetc_1.f90 -O3 -fomit-frame-pointer -funroll-all-loops -finline-functions execution test
FAIL: gfortran.dg/fgetc_1.f90 -O3 -g execution test
FAIL: gfortran.dg/fgetc_1.f90 -Os execution test
FAIL: gfortran.dg/fgetc_2.f90 -O0 execution test
FAIL: gfortran.dg/fgetc_2.f90 -O1 execution test
FAIL: gfortran.dg/fgetc_2.f90 -O2 execution test
FAIL: gfortran.dg/fgetc_2.f90 -O3 -fomit-frame-pointer execution test
FAIL: gfortran.dg/fgetc_2.f90 -O3 -fomit-frame-pointer -funroll-loops execution test
FAIL: gfortran.dg/fgetc_2.f90 -O3 -fomit-frame-pointer -funroll-all-loops -finline-functions execution test
FAIL: gfortran.dg/fgetc_2.f90 -O3 -g execution test
FAIL: gfortran.dg/fgetc_2.f90 -Os execution test
FAIL: gfortran.dg/flush_1.f90 -O0 execution test
FAIL: gfortran.dg/flush_1.f90 -O1 execution test
FAIL: gfortran.dg/flush_1.f90 -O2 execution test
FAIL: gfortran.dg/flush_1.f90 -O3 -fomit-frame-pointer execution test
FAIL: gfortran.dg/flush_1.f90 -O3 -fomit-frame-pointer -funroll-loops execution test
FAIL: gfortran.dg/flush_1.f90 -O3 -fomit-frame-pointer -funroll-all-loops -finline-functions execution test
FAIL: gfortran.dg/flush_1.f90 -O3 -g execution test
FAIL: gfortran.dg/flush_1.f90 -Os execution test
FAIL: gfortran.dg/fmt_huge.f90 -O0 execution test
FAIL: gfortran.dg/fmt_huge.f90 -O1 execution test
FAIL: gfortran.dg/fmt_huge.f90 -O2 execution test
FAIL: gfortran.dg/fmt_huge.f90 -O3 -fomit-frame-pointer execution test
FAIL: gfortran.dg/fmt_huge.f90 -O3 -fomit-frame-pointer -funroll-loops execution test
FAIL: gfortran.dg/fmt_huge.f90 -O3 -fomit-frame-pointer -funroll-all-loops -finline-functions execution test
FAIL: gfortran.dg/fmt_huge.f90 -O3 -g execution test
FAIL: gfortran.dg/fmt_huge.f90 -Os execution test
FAIL: gfortran.dg/fmt_read.f90 -O0 execution test
FAIL: gfortran.dg/fmt_read.f90 -O1 execution test
FAIL: gfortran.dg/fmt_read.f90 -O2 execution test
FAIL: gfortran.dg/fmt_read.f90 -O3 -fomit-frame-pointer execution test
FAIL: gfortran.dg/fmt_read.f90 -O3 -fomit-frame-pointer -funroll-loops execution test
FAIL: gfortran.dg/fmt_read.f90 -O3 -fomit-frame-pointer -funroll-all-loops -finline-functions execution test
FAIL: gfortran.dg/fmt_read.f90 -O3 -g execution test
FAIL: gfortran.dg/fmt_read.f90 -Os execution test
FAIL: gfortran.dg/fmt_t_1.f90 -O0 execution test
FAIL: gfortran.dg/fmt_t_1.f90 -O1 execution test
FAIL: gfortran.dg/fmt_t_1.f90 -O2 execution test
FAIL: gfortran.dg/fmt_t_1.f90 -O3 -fomit-frame-pointer execution test
FAIL: gfortran.dg/fmt_t_1.f90 -O3 -fomit-frame-pointer -funroll-loops execution test
FAIL: gfortran.dg/fmt_t_1.f90 -O3 -fomit-frame-pointer -funroll-all-loops -finline-functions execution test
FAIL: gfortran.dg/fmt_t_1.f90 -O3 -g execution test
FAIL: gfortran.dg/fmt_t_1.f90 -Os execution test
FAIL: gfortran.dg/fmt_t_2.f90 -O0 execution test
FAIL: gfortran.dg/fmt_t_2.f90 -O1 execution test
FAIL: gfortran.dg/fmt_t_2.f90 -O2 execution test
FAIL: gfortran.dg/fmt_t_2.f90 -O3 -fomit-frame-pointer execution test
FAIL: gfortran.dg/fmt_t_2.f90 -O3 -fomit-frame-pointer -funroll-loops execution test
FAIL: gfortran.dg/fmt_t_2.f90 -O3 -fomit-frame-pointer -funroll-all-loops -finline-functions execution test
FAIL: gfortran.dg/fmt_t_2.f90 -O3 -g execution test
FAIL: gfortran.dg/fmt_t_2.f90 -Os execution test
FAIL: gfortran.dg/fmt_t_3.f90 -O0 execution test
FAIL: gfortran.dg/fmt_t_3.f90 -O1 execution test
FAIL: gfortran.dg/fmt_t_3.f90 -O2 execution test
FAIL: gfortran.dg/fmt_t_3.f90 -O3 -fomit-frame-pointer execution test
FAIL: gfortran.dg/fmt_t_3.f90 -O3 -fomit-frame-pointer -funroll-loops execution test
FAIL: gfortran.dg/fmt_t_3.f90 -O3 -fomit-frame-pointer -funroll-all-loops -finline-functions execution test
FAIL: gfortran.dg/fmt_t_3.f90 -O3 -g execution test
FAIL: gfortran.dg/fmt_t_3.f90 -Os execution test
FAIL: gfortran.dg/fmt_t_4.f90 -O0 execution test
FAIL: gfortran.dg/fmt_t_4.f90 -O1 execution test
FAIL: gfortran.dg/fmt_t_4.f90 -O2 execution test
FAIL: gfortran.dg/fmt_t_4.f90 -O3 -fomit-frame-pointer execution test
FAIL: gfortran.dg/fmt_t_4.f90 -O3 -fomit-frame-pointer -funroll-loops execution test
FAIL: gfortran.dg/fmt_t_4.f90 -O3 -fomit-frame-pointer -funroll-all-loops -finline-functions execution test
FAIL: gfortran.dg/fmt_t_4.f90 -O3 -g execution test
FAIL: gfortran.dg/fmt_t_4.f90 -Os execution test
FAIL: gfortran.dg/fmt_t_5.f90 -O0 execution test
FAIL: gfortran.dg/fmt_t_5.f90 -O1 execution test
FAIL: gfortran.dg/fmt_t_5.f90 -O2 execution test
FAIL: gfortran.dg/fmt_t_5.f90 -O3 -fomit-frame-pointer execution test
FAIL: gfortran.dg/fmt_t_5.f90 -O3 -fomit-frame-pointer -funroll-loops execution test
FAIL: gfortran.dg/fmt_t_5.f90 -O3 -fomit-frame-pointer -funroll-all-loops -finline-functions execution test
FAIL: gfortran.dg/fmt_t_5.f90 -O3 -g execution test
FAIL: gfortran.dg/fmt_t_5.f90 -Os execution test
FAIL: gfortran.dg/fseek.f90 -O0 execution test
FAIL: gfortran.dg/fseek.f90 -O1 execution test
FAIL: gfortran.dg/fseek.f90 -O2 execution test
FAIL: gfortran.dg/fseek.f90 -O3 -fomit-frame-pointer execution test
FAIL: gfortran.dg/fseek.f90 -O3 -fomit-frame-pointer -funroll-loops execution test
FAIL: gfortran.dg/fseek.f90 -O3 -fomit-frame-pointer -funroll-all-loops -finline-functions execution test
FAIL: gfortran.dg/fseek.f90 -O3 -g execution test
FAIL: gfortran.dg/fseek.f90 -Os execution test
FAIL: gfortran.dg/ftell_1.f90 -O0 execution test
FAIL: gfortran.dg/ftell_1.f90 -O1 execution test
FAIL: gfortran.dg/ftell_1.f90 -O2 execution test
FAIL: gfortran.dg/ftell_1.f90 -O3 -fomit-frame-pointer execution test
FAIL: gfortran.dg/ftell_1.f90 -O3 -fomit-frame-pointer -funroll-loops execution test
FAIL: gfortran.dg/ftell_1.f90 -O3 -fomit-frame-pointer -funroll-all-loops -finline-functions execution test
FAIL: gfortran.dg/ftell_1.f90 -O3 -g execution test
FAIL: gfortran.dg/ftell_1.f90 -Os execution test
FAIL: gfortran.dg/ftell_2.f90 -O0 execution test
FAIL: gfortran.dg/ftell_2.f90 -O1 execution test
FAIL: gfortran.dg/ftell_2.f90 -O2 execution test
FAIL: gfortran.dg/ftell_2.f90 -O3 -fomit-frame-pointer execution test
FAIL: gfortran.dg/ftell_2.f90 -O3 -fomit-frame-pointer -funroll-loops execution test
FAIL: gfortran.dg/ftell_2.f90 -O3 -fomit-frame-pointer -funroll-all-loops -finline-functions execution test
FAIL: gfortran.dg/ftell_2.f90 -O3 -g execution test
FAIL: gfortran.dg/ftell_2.f90 -Os execution test
FAIL: gfortran.dg/func_derived_3.f90 -O0 execution test
FAIL: gfortran.dg/func_derived_3.f90 -O1 execution test
FAIL: gfortran.dg/func_derived_3.f90 -O2 execution test
FAIL: gfortran.dg/func_derived_3.f90 -O3 -fomit-frame-pointer execution test
FAIL: gfortran.dg/func_derived_3.f90 -O3 -fomit-frame-pointer -funroll-loops execution test
FAIL: gfortran.dg/func_derived_3.f90 -O3 -fomit-frame-pointer -funroll-all-loops -finline-functions execution test
FAIL: gfortran.dg/func_derived_3.f90 -O3 -g execution test
FAIL: gfortran.dg/func_derived_3.f90 -Os execution test
FAIL: gfortran.dg/inquire_5.f90 -O0 execution test
FAIL: gfortran.dg/inquire_5.f90 -O1 execution test
FAIL: gfortran.dg/inquire_5.f90 -O2 execution test
FAIL: gfortran.dg/inquire_5.f90 -O3 -fomit-frame-pointer execution test
FAIL: gfortran.dg/inquire_5.f90 -O3 -fomit-frame-pointer -funroll-loops execution test
FAIL: gfortran.dg/inquire_5.f90 -O3 -fomit-frame-pointer -funroll-all-loops -finline-functions execution test
FAIL: gfortran.dg/inquire_5.f90 -O3 -g execution test
FAIL: gfortran.dg/inquire_5.f90 -Os execution test
FAIL: gfortran.dg/inquire_9.f90 -O0 execution test
FAIL: gfortran.dg/inquire_9.f90 -O1 execution test
FAIL: gfortran.dg/inquire_9.f90 -O2 execution test
FAIL: gfortran.dg/inquire_9.f90 -O3 -fomit-frame-pointer execution test
FAIL: gfortran.dg/inquire_9.f90 -O3 -fomit-frame-pointer -funroll-loops execution test
FAIL: gfortran.dg/inquire_9.f90 -O3 -fomit-frame-pointer -funroll-all-loops -finline-functions execution test
FAIL: gfortran.dg/inquire_9.f90 -O3 -g execution test
FAIL: gfortran.dg/inquire_9.f90 -Os execution test
FAIL: gfortran.dg/iostat_1.f90 -O0 execution test
FAIL: gfortran.dg/iostat_1.f90 -O1 execution test
FAIL: gfortran.dg/iostat_1.f90 -O2 execution test
FAIL: gfortran.dg/iostat_1.f90 -O3 -fomit-frame-pointer execution test
FAIL: gfortran.dg/iostat_1.f90 -O3 -fomit-frame-pointer -funroll-loops execution test
FAIL: gfortran.dg/iostat_1.f90 -O3 -fomit-frame-pointer -funroll-all-loops -finline-functions execution test
FAIL: gfortran.dg/iostat_1.f90 -O3 -g execution test
FAIL: gfortran.dg/iostat_1.f90 -Os execution test
FAIL: gfortran.dg/iostat_2.f90 -O0 execution test
FAIL: gfortran.dg/iostat_2.f90 -O1 execution test
FAIL: gfortran.dg/iostat_2.f90 -O2 execution test
FAIL: gfortran.dg/iostat_2.f90 -O3 -fomit-frame-pointer execution test
FAIL: gfortran.dg/iostat_2.f90 -O3 -fomit-frame-pointer -funroll-loops execution test
FAIL: gfortran.dg/iostat_2.f90 -O3 -fomit-frame-pointer -funroll-all-loops -finline-functions execution test
FAIL: gfortran.dg/iostat_2.f90 -O3 -g execution test
FAIL: gfortran.dg/iostat_2.f90 -Os execution test
FAIL: gfortran.dg/list_read_1.f90 -O0 execution test
FAIL: gfortran.dg/list_read_1.f90 -O1 execution test
FAIL: gfortran.dg/list_read_1.f90 -O2 execution test
FAIL: gfortran.dg/list_read_1.f90 -O3 -fomit-frame-pointer execution test
FAIL: gfortran.dg/list_read_1.f90 -O3 -fomit-frame-pointer -funroll-loops execution test
FAIL: gfortran.dg/list_read_1.f90 -O3 -fomit-frame-pointer -funroll-all-loops -finline-functions execution test
FAIL: gfortran.dg/list_read_1.f90 -O3 -g execution test
FAIL: gfortran.dg/list_read_1.f90 -Os execution test
FAIL: gfortran.dg/list_read_4.f90 -O0 execution test
FAIL: gfortran.dg/list_read_4.f90 -O1 execution test
FAIL: gfortran.dg/list_read_4.f90 -O2 execution test
FAIL: gfortran.dg/list_read_4.f90 -O3 -fomit-frame-pointer execution test
FAIL: gfortran.dg/list_read_4.f90 -O3 -fomit-frame-pointer -funroll-loops execution test
FAIL: gfortran.dg/list_read_4.f90 -O3 -fomit-frame-pointer -funroll-all-loops -finline-functions execution test
FAIL: gfortran.dg/list_read_4.f90 -O3 -g execution test
FAIL: gfortran.dg/list_read_4.f90 -Os execution test
FAIL: gfortran.dg/list_read_5.f90 -O0 execution test
FAIL: gfortran.dg/list_read_5.f90 -O1 execution test
FAIL: gfortran.dg/list_read_5.f90 -O2 execution test
FAIL: gfortran.dg/list_read_5.f90 -O3 -fomit-frame-pointer execution test
FAIL: gfortran.dg/list_read_5.f90 -O3 -fomit-frame-pointer -funroll-loops execution test
FAIL: gfortran.dg/list_read_5.f90 -O3 -fomit-frame-pointer -funroll-all-loops -finline-functions execution test
FAIL: gfortran.dg/list_read_5.f90 -O3 -g execution test
FAIL: gfortran.dg/list_read_5.f90 -Os execution test
FAIL: gfortran.dg/list_read_6.f90 -O0 execution test
FAIL: gfortran.dg/list_read_6.f90 -O1 execution test
FAIL: gfortran.dg/list_read_6.f90 -O2 execution test
FAIL: gfortran.dg/list_read_6.f90 -O3 -fomit-frame-pointer execution test
FAIL: gfortran.dg/list_read_6.f90 -O3 -fomit-frame-pointer -funroll-loops execution test
FAIL: gfortran.dg/list_read_6.f90 -O3 -fomit-frame-pointer -funroll-all-loops -finline-functions execution test
FAIL: gfortran.dg/list_read_6.f90 -O3 -g execution test
FAIL: gfortran.dg/list_read_6.f90 -Os execution test
FAIL: gfortran.dg/namelist_11.f -O0 execution test
FAIL: gfortran.dg/namelist_11.f -O1 execution test
FAIL: gfortran.dg/namelist_11.f -O2 execution test
FAIL: gfortran.dg/namelist_11.f -O3 -fomit-frame-pointer execution test
FAIL: gfortran.dg/namelist_11.f -O3 -fomit-frame-pointer -funroll-loops execution test
FAIL: gfortran.dg/namelist_11.f -O3 -fomit-frame-pointer -funroll-all-loops -finline-functions execution test
FAIL: gfortran.dg/namelist_11.f -O3 -g execution test
FAIL: gfortran.dg/namelist_11.f -Os execution test
FAIL: gfortran.dg/namelist_12.f -O0 execution test
FAIL: gfortran.dg/namelist_12.f -O1 execution test
FAIL: gfortran.dg/namelist_12.f -O2 execution test
FAIL: gfortran.dg/namelist_12.f -O3 -fomit-frame-pointer execution test
FAIL: gfortran.dg/namelist_12.f -O3 -fomit-frame-pointer -funroll-loops execution test
FAIL: gfortran.dg/namelist_12.f -O3 -fomit-frame-pointer -funroll-all-loops -finline-functions execution test
FAIL: gfortran.dg/namelist_12.f -O3 -g execution test
FAIL: gfortran.dg/namelist_12.f -Os execution test
FAIL: gfortran.dg/namelist_13.f90 -O0 execution test
FAIL: gfortran.dg/namelist_13.f90 -O1 execution test
FAIL: gfortran.dg/namelist_13.f90 -O2 execution test
FAIL: gfortran.dg/namelist_13.f90 -O3 -fomit-frame-pointer execution test
FAIL: gfortran.dg/namelist_13.f90 -O3 -fomit-frame-pointer -funroll-loops execution test
FAIL: gfortran.dg/namelist_13.f90 -O3 -fomit-frame-pointer -funroll-all-loops -finline-functions execution test
FAIL: gfortran.dg/namelist_13.f90 -O3 -g execution test
FAIL: gfortran.dg/namelist_13.f90 -Os execution test
FAIL: gfortran.dg/namelist_14.f90 -O0 execution test
FAIL: gfortran.dg/namelist_14.f90 -O1 execution test
FAIL: gfortran.dg/namelist_14.f90 -O2 execution test
FAIL: gfortran.dg/namelist_14.f90 -O3 -fomit-frame-pointer execution test
FAIL: gfortran.dg/namelist_14.f90 -O3 -fomit-frame-pointer -funroll-loops execution test
FAIL: gfortran.dg/namelist_14.f90 -O3 -fomit-frame-pointer -funroll-all-loops -finline-functions execution test
FAIL: gfortran.dg/namelist_14.f90 -O3 -g execution test
FAIL: gfortran.dg/namelist_14.f90 -Os execution test
FAIL: gfortran.dg/namelist_15.f90 -O0 execution test
FAIL: gfortran.dg/namelist_15.f90 -O1 execution test
FAIL: gfortran.dg/namelist_15.f90 -O2 execution test
FAIL: gfortran.dg/namelist_15.f90 -O3 -fomit-frame-pointer execution test
FAIL: gfortran.dg/namelist_15.f90 -O3 -fomit-frame-pointer -funroll-loops execution test
FAIL: gfortran.dg/namelist_15.f90 -O3 -fomit-frame-pointer -funroll-all-loops -finline-functions execution test
FAIL: gfortran.dg/namelist_15.f90 -O3 -g execution test
FAIL: gfortran.dg/namelist_15.f90 -Os execution test
FAIL: gfortran.dg/namelist_16.f90 -O0 execution test
FAIL: gfortran.dg/namelist_16.f90 -O1 execution test
FAIL: gfortran.dg/namelist_16.f90 -O2 execution test
FAIL: gfortran.dg/namelist_16.f90 -O3 -fomit-frame-pointer execution test
FAIL: gfortran.dg/namelist_16.f90 -O3 -fomit-frame-pointer -funroll-loops execution test
FAIL: gfortran.dg/namelist_16.f90 -O3 -fomit-frame-pointer -funroll-all-loops -finline-functions execution test
FAIL: gfortran.dg/namelist_16.f90 -O3 -g execution test
FAIL: gfortran.dg/namelist_16.f90 -Os execution test
FAIL: gfortran.dg/namelist_17.f90 -O0 execution test
FAIL: gfortran.dg/namelist_17.f90 -O1 execution test
FAIL: gfortran.dg/namelist_17.f90 -O2 execution test
FAIL: gfortran.dg/namelist_17.f90 -O3 -fomit-frame-pointer execution test
FAIL: gfortran.dg/namelist_17.f90 -O3 -fomit-frame-pointer -funroll-loops execution test
FAIL: gfortran.dg/namelist_17.f90 -O3 -fomit-frame-pointer -funroll-all-loops -finline-functions execution test
FAIL: gfortran.dg/namelist_17.f90 -O3 -g execution test
FAIL: gfortran.dg/namelist_17.f90 -Os execution test
FAIL: gfortran.dg/namelist_18.f90 -O0 execution test
FAIL: gfortran.dg/namelist_18.f90 -O1 execution test
FAIL: gfortran.dg/namelist_18.f90 -O2 execution test
FAIL: gfortran.dg/namelist_18.f90 -O3 -fomit-frame-pointer execution test
FAIL: gfortran.dg/namelist_18.f90 -O3 -fomit-frame-pointer -funroll-loops execution test
FAIL: gfortran.dg/namelist_18.f90 -O3 -fomit-frame-pointer -funroll-all-loops -finline-functions execution test
FAIL: gfortran.dg/namelist_18.f90 -O3 -g execution test
FAIL: gfortran.dg/namelist_18.f90 -Os execution test
FAIL: gfortran.dg/namelist_19.f90 -O0 execution test
FAIL: gfortran.dg/namelist_19.f90 -O1 execution test
FAIL: gfortran.dg/namelist_19.f90 -O2 execution test
FAIL: gfortran.dg/namelist_19.f90 -O3 -fomit-frame-pointer execution test
FAIL: gfortran.dg/namelist_19.f90 -O3 -fomit-frame-pointer -funroll-loops execution test
FAIL: gfortran.dg/namelist_19.f90 -O3 -fomit-frame-pointer -funroll-all-loops -finline-functions execution test
FAIL: gfortran.dg/namelist_19.f90 -O3 -g execution test
FAIL: gfortran.dg/namelist_19.f90 -Os execution test
FAIL: gfortran.dg/namelist_20.f90 -O0 execution test
FAIL: gfortran.dg/namelist_20.f90 -O1 execution test
FAIL: gfortran.dg/namelist_20.f90 -O2 execution test
FAIL: gfortran.dg/namelist_20.f90 -O3 -fomit-frame-pointer execution test
FAIL: gfortran.dg/namelist_20.f90 -O3 -fomit-frame-pointer -funroll-loops execution test
FAIL: gfortran.dg/namelist_20.f90 -O3 -fomit-frame-pointer -funroll-all-loops -finline-functions execution test
FAIL: gfortran.dg/namelist_20.f90 -O3 -g execution test
FAIL: gfortran.dg/namelist_20.f90 -Os execution test
FAIL: gfortran.dg/namelist_21.f90 -O0 execution test
FAIL: gfortran.dg/namelist_21.f90 -O1 execution test
FAIL: gfortran.dg/namelist_21.f90 -O2 execution test
FAIL: gfortran.dg/namelist_21.f90 -O3 -fomit-frame-pointer execution test
FAIL: gfortran.dg/namelist_21.f90 -O3 -fomit-frame-pointer -funroll-loops execution test
FAIL: gfortran.dg/namelist_21.f90 -O3 -fomit-frame-pointer -funroll-all-loops -finline-functions execution test
FAIL: gfortran.dg/namelist_21.f90 -O3 -g execution test
FAIL: gfortran.dg/namelist_21.f90 -Os execution test
FAIL: gfortran.dg/namelist_22.f90 -O0 execution test
FAIL: gfortran.dg/namelist_22.f90 -O1 execution test
FAIL: gfortran.dg/namelist_22.f90 -O2 execution test
FAIL: gfortran.dg/namelist_22.f90 -O3 -fomit-frame-pointer execution test
FAIL: gfortran.dg/namelist_22.f90 -O3 -fomit-frame-pointer -funroll-loops execution test
FAIL: gfortran.dg/namelist_22.f90 -O3 -fomit-frame-pointer -funroll-all-loops -finline-functions execution test
FAIL: gfortran.dg/namelist_22.f90 -O3 -g execution test
FAIL: gfortran.dg/namelist_22.f90 -Os execution test
FAIL: gfortran.dg/namelist_23.f90 -O0 execution test
FAIL: gfortran.dg/namelist_23.f90 -O1 execution test
FAIL: gfortran.dg/namelist_23.f90 -O2 execution test
FAIL: gfortran.dg/namelist_23.f90 -O3 -fomit-frame-pointer execution test
FAIL: gfortran.dg/namelist_23.f90 -O3 -fomit-frame-pointer -funroll-loops execution test
FAIL: gfortran.dg/namelist_23.f90 -O3 -fomit-frame-pointer -funroll-all-loops -finline-functions execution test
FAIL: gfortran.dg/namelist_23.f90 -O3 -g execution test
FAIL: gfortran.dg/namelist_23.f90 -Os execution test
FAIL: gfortran.dg/namelist_24.f90 -O0 execution test
FAIL: gfortran.dg/namelist_24.f90 -O1 execution test
FAIL: gfortran.dg/namelist_24.f90 -O2 execution test
FAIL: gfortran.dg/namelist_24.f90 -O3 -fomit-frame-pointer execution test
FAIL: gfortran.dg/namelist_24.f90 -O3 -fomit-frame-pointer -funroll-loops execution test
FAIL: gfortran.dg/namelist_24.f90 -O3 -fomit-frame-pointer -funroll-all-loops -finline-functions execution test
FAIL: gfortran.dg/namelist_24.f90 -O3 -g execution test
FAIL: gfortran.dg/namelist_24.f90 -Os execution test
FAIL: gfortran.dg/namelist_26.f90 -O0 execution test
FAIL: gfortran.dg/namelist_26.f90 -O1 execution test
FAIL: gfortran.dg/namelist_26.f90 -O2 execution test
FAIL: gfortran.dg/namelist_26.f90 -O3 -fomit-frame-pointer execution test
FAIL: gfortran.dg/namelist_26.f90 -O3 -fomit-frame-pointer -funroll-loops execution test
FAIL: gfortran.dg/namelist_26.f90 -O3 -fomit-frame-pointer -funroll-all-loops -finline-functions execution test
FAIL: gfortran.dg/namelist_26.f90 -O3 -g execution test
FAIL: gfortran.dg/namelist_26.f90 -Os execution test
FAIL: gfortran.dg/namelist_27.f90 -O0 execution test
FAIL: gfortran.dg/namelist_27.f90 -O1 execution test
FAIL: gfortran.dg/namelist_27.f90 -O2 execution test
FAIL: gfortran.dg/namelist_27.f90 -O3 -fomit-frame-pointer execution test
FAIL: gfortran.dg/namelist_27.f90 -O3 -fomit-frame-pointer -funroll-loops execution test
FAIL: gfortran.dg/namelist_27.f90 -O3 -fomit-frame-pointer -funroll-all-loops -finline-functions execution test
FAIL: gfortran.dg/namelist_27.f90 -O3 -g execution test
FAIL: gfortran.dg/namelist_27.f90 -Os execution test
FAIL: gfortran.dg/namelist_28.f90 -O0 execution test
FAIL: gfortran.dg/namelist_28.f90 -O1 execution test
FAIL: gfortran.dg/namelist_28.f90 -O2 execution test
FAIL: gfortran.dg/namelist_28.f90 -O3 -fomit-frame-pointer execution test
FAIL: gfortran.dg/namelist_28.f90 -O3 -fomit-frame-pointer -funroll-loops execution test
FAIL: gfortran.dg/namelist_28.f90 -O3 -fomit-frame-pointer -funroll-all-loops -finline-functions execution test
FAIL: gfortran.dg/namelist_28.f90 -O3 -g execution test
FAIL: gfortran.dg/namelist_28.f90 -Os execution test
FAIL: gfortran.dg/namelist_37.f90 -O0 execution test
FAIL: gfortran.dg/namelist_37.f90 -O1 execution test
FAIL: gfortran.dg/namelist_37.f90 -O2 execution test
FAIL: gfortran.dg/namelist_37.f90 -O3 -fomit-frame-pointer execution test
FAIL: gfortran.dg/namelist_37.f90 -O3 -fomit-frame-pointer -funroll-loops execution test
FAIL: gfortran.dg/namelist_37.f90 -O3 -fomit-frame-pointer -funroll-all-loops -finline-functions execution test
FAIL: gfortran.dg/namelist_37.f90 -O3 -g execution test
FAIL: gfortran.dg/namelist_37.f90 -Os execution test
FAIL: gfortran.dg/namelist_char_only.f90 -O0 execution test
FAIL: gfortran.dg/namelist_char_only.f90 -O1 execution test
FAIL: gfortran.dg/namelist_char_only.f90 -O2 execution test
FAIL: gfortran.dg/namelist_char_only.f90 -O3 -fomit-frame-pointer execution test
FAIL: gfortran.dg/namelist_char_only.f90 -O3 -fomit-frame-pointer -funroll-loops execution test
FAIL: gfortran.dg/namelist_char_only.f90 -O3 -fomit-frame-pointer -funroll-all-loops -finline-functions execution test
FAIL: gfortran.dg/namelist_char_only.f90 -O3 -g execution test
FAIL: gfortran.dg/namelist_char_only.f90 -Os execution test
FAIL: gfortran.dg/namelist_use.f90 -O0 execution test
FAIL: gfortran.dg/namelist_use.f90 -O1 execution test
FAIL: gfortran.dg/namelist_use.f90 -O2 execution test
FAIL: gfortran.dg/namelist_use.f90 -O3 -fomit-frame-pointer execution test
FAIL: gfortran.dg/namelist_use.f90 -O3 -fomit-frame-pointer -funroll-loops execution test
FAIL: gfortran.dg/namelist_use.f90 -O3 -fomit-frame-pointer -funroll-all-loops -finline-functions execution test
FAIL: gfortran.dg/namelist_use.f90 -O3 -g execution test
FAIL: gfortran.dg/namelist_use.f90 -Os execution test
FAIL: gfortran.dg/namelist_use_only.f90 -O0 execution test
FAIL: gfortran.dg/namelist_use_only.f90 -O1 execution test
FAIL: gfortran.dg/namelist_use_only.f90 -O2 execution test
FAIL: gfortran.dg/namelist_use_only.f90 -O3 -fomit-frame-pointer execution test
FAIL: gfortran.dg/namelist_use_only.f90 -O3 -fomit-frame-pointer -funroll-loops execution test
FAIL: gfortran.dg/namelist_use_only.f90 -O3 -fomit-frame-pointer -funroll-all-loops -finline-functions execution test
FAIL: gfortran.dg/namelist_use_only.f90 -O3 -g execution test
FAIL: gfortran.dg/namelist_use_only.f90 -Os execution test
FAIL: gfortran.dg/noadv_size.f90 -O0 execution test
FAIL: gfortran.dg/noadv_size.f90 -O1 execution test
FAIL: gfortran.dg/noadv_size.f90 -O2 execution test
FAIL: gfortran.dg/noadv_size.f90 -O3 -fomit-frame-pointer execution test
FAIL: gfortran.dg/noadv_size.f90 -O3 -fomit-frame-pointer -funroll-loops execution test
FAIL: gfortran.dg/noadv_size.f90 -O3 -fomit-frame-pointer -funroll-all-loops -finline-functions execution test
FAIL: gfortran.dg/noadv_size.f90 -O3 -g execution test
FAIL: gfortran.dg/noadv_size.f90 -Os execution test
FAIL: gfortran.dg/open_access_append_1.f90 -O0 execution test
FAIL: gfortran.dg/open_access_append_1.f90 -O1 execution test
FAIL: gfortran.dg/open_access_append_1.f90 -O2 execution test
FAIL: gfortran.dg/open_access_append_1.f90 -O3 -fomit-frame-pointer execution test
FAIL: gfortran.dg/open_access_append_1.f90 -O3 -fomit-frame-pointer -funroll-loops execution test
FAIL: gfortran.dg/open_access_append_1.f90 -O3 -fomit-frame-pointer -funroll-all-loops -finline-functions execution test
FAIL: gfortran.dg/open_access_append_1.f90 -O3 -g execution test
FAIL: gfortran.dg/open_access_append_1.f90 -Os execution test
FAIL: gfortran.dg/open_readonly_1.f90 -O0 execution test
FAIL: gfortran.dg/open_readonly_1.f90 -O1 execution test
FAIL: gfortran.dg/open_readonly_1.f90 -O2 execution test
FAIL: gfortran.dg/open_readonly_1.f90 -O3 -fomit-frame-pointer execution test
FAIL: gfortran.dg/open_readonly_1.f90 -O3 -fomit-frame-pointer -funroll-loops execution test
FAIL: gfortran.dg/open_readonly_1.f90 -O3 -fomit-frame-pointer -funroll-all-loops -finline-functions execution test
FAIL: gfortran.dg/open_readonly_1.f90 -O3 -g execution test
FAIL: gfortran.dg/open_readonly_1.f90 -Os execution test
FAIL: gfortran.dg/overwrite_1.f -O0 execution test
FAIL: gfortran.dg/overwrite_1.f -O1 execution test
FAIL: gfortran.dg/overwrite_1.f -O2 execution test
FAIL: gfortran.dg/overwrite_1.f -O3 -fomit-frame-pointer execution test
FAIL: gfortran.dg/overwrite_1.f -O3 -fomit-frame-pointer -funroll-loops execution test
FAIL: gfortran.dg/overwrite_1.f -O3 -fomit-frame-pointer -funroll-all-loops -finline-functions execution test
FAIL: gfortran.dg/overwrite_1.f -O3 -g execution test
FAIL: gfortran.dg/overwrite_1.f -Os execution test
FAIL: gfortran.dg/pad_no.f90 -O0 execution test
FAIL: gfortran.dg/pad_no.f90 -O1 execution test
FAIL: gfortran.dg/pad_no.f90 -O2 execution test
FAIL: gfortran.dg/pad_no.f90 -O3 -fomit-frame-pointer execution test
FAIL: gfortran.dg/pad_no.f90 -O3 -fomit-frame-pointer -funroll-loops execution test
FAIL: gfortran.dg/pad_no.f90 -O3 -fomit-frame-pointer -funroll-all-loops -finline-functions execution test
FAIL: gfortran.dg/pad_no.f90 -O3 -g execution test
FAIL: gfortran.dg/pad_no.f90 -Os execution test
FAIL: gfortran.dg/pr12884.f -O0 execution test
FAIL: gfortran.dg/pr12884.f -O1 execution test
FAIL: gfortran.dg/pr12884.f -O2 execution test
FAIL: gfortran.dg/pr12884.f -O3 -fomit-frame-pointer execution test
FAIL: gfortran.dg/pr12884.f -O3 -fomit-frame-pointer -funroll-loops execution test
FAIL: gfortran.dg/pr12884.f -O3 -fomit-frame-pointer -funroll-all-loops -finline-functions execution test
FAIL: gfortran.dg/pr12884.f -O3 -g execution test
FAIL: gfortran.dg/pr12884.f -Os execution test
FAIL: gfortran.dg/pr16597.f90 -O0 execution test
FAIL: gfortran.dg/pr16597.f90 -O1 execution test
FAIL: gfortran.dg/pr16597.f90 -O2 execution test
FAIL: gfortran.dg/pr16597.f90 -O3 -fomit-frame-pointer execution test
FAIL: gfortran.dg/pr16597.f90 -O3 -fomit-frame-pointer -funroll-loops execution test
FAIL: gfortran.dg/pr16597.f90 -O3 -fomit-frame-pointer -funroll-all-loops -finline-functions execution test
FAIL: gfortran.dg/pr16597.f90 -O3 -g execution test
FAIL: gfortran.dg/pr16597.f90 -Os execution test
FAIL: gfortran.dg/pr17090.f90 -O0 execution test
FAIL: gfortran.dg/pr17090.f90 -O1 execution test
FAIL: gfortran.dg/pr17090.f90 -O2 execution test
FAIL: gfortran.dg/pr17090.f90 -O3 -fomit-frame-pointer execution test
FAIL: gfortran.dg/pr17090.f90 -O3 -fomit-frame-pointer -funroll-loops execution test
FAIL: gfortran.dg/pr17090.f90 -O3 -fomit-frame-pointer -funroll-all-loops -finline-functions execution test
FAIL: gfortran.dg/pr17090.f90 -O3 -g execution test
FAIL: gfortran.dg/pr17090.f90 -Os execution test
FAIL: gfortran.dg/pr17285.f90 -O0 execution test
FAIL: gfortran.dg/pr17285.f90 -O1 execution test
FAIL: gfortran.dg/pr17285.f90 -O2 execution test
FAIL: gfortran.dg/pr17285.f90 -O3 -fomit-frame-pointer execution test
FAIL: gfortran.dg/pr17285.f90 -O3 -fomit-frame-pointer -funroll-loops execution test
FAIL: gfortran.dg/pr17285.f90 -O3 -fomit-frame-pointer -funroll-all-loops -finline-functions execution test
FAIL: gfortran.dg/pr17285.f90 -O3 -g execution test
FAIL: gfortran.dg/pr17285.f90 -Os execution test
FAIL: gfortran.dg/pr17286.f90 -O0 execution test
FAIL: gfortran.dg/pr17286.f90 -O1 execution test
FAIL: gfortran.dg/pr17286.f90 -O2 execution test
FAIL: gfortran.dg/pr17286.f90 -O3 -fomit-frame-pointer execution test
FAIL: gfortran.dg/pr17286.f90 -O3 -fomit-frame-pointer -funroll-loops execution test
FAIL: gfortran.dg/pr17286.f90 -O3 -fomit-frame-pointer -funroll-all-loops -finline-functions execution test
FAIL: gfortran.dg/pr17286.f90 -O3 -g execution test
FAIL: gfortran.dg/pr17286.f90 -Os execution test
FAIL: gfortran.dg/pr18122.f90 -O0 execution test
FAIL: gfortran.dg/pr18122.f90 -O1 execution test
FAIL: gfortran.dg/pr18122.f90 -O2 execution test
FAIL: gfortran.dg/pr18122.f90 -O3 -fomit-frame-pointer execution test
FAIL: gfortran.dg/pr18122.f90 -O3 -fomit-frame-pointer -funroll-loops execution test
FAIL: gfortran.dg/pr18122.f90 -O3 -fomit-frame-pointer -funroll-all-loops -finline-functions execution test
FAIL: gfortran.dg/pr18122.f90 -O3 -g execution test
FAIL: gfortran.dg/pr18122.f90 -Os execution test
FAIL: gfortran.dg/pr18210.f90 -O0 execution test
FAIL: gfortran.dg/pr18210.f90 -O1 execution test
FAIL: gfortran.dg/pr18210.f90 -O2 execution test
FAIL: gfortran.dg/pr18210.f90 -O3 -fomit-frame-pointer execution test
FAIL: gfortran.dg/pr18210.f90 -O3 -fomit-frame-pointer -funroll-loops execution test
FAIL: gfortran.dg/pr18210.f90 -O3 -fomit-frame-pointer -funroll-all-loops -finline-functions execution test
FAIL: gfortran.dg/pr18210.f90 -O3 -g execution test
FAIL: gfortran.dg/pr18210.f90 -Os execution test
FAIL: gfortran.dg/pr18392.f90 -O0 execution test
FAIL: gfortran.dg/pr18392.f90 -O1 execution test
FAIL: gfortran.dg/pr18392.f90 -O2 execution test
FAIL: gfortran.dg/pr18392.f90 -O3 -fomit-frame-pointer execution test
FAIL: gfortran.dg/pr18392.f90 -O3 -fomit-frame-pointer -funroll-loops execution test
FAIL: gfortran.dg/pr18392.f90 -O3 -fomit-frame-pointer -funroll-all-loops -finline-functions execution test
FAIL: gfortran.dg/pr18392.f90 -O3 -g execution test
FAIL: gfortran.dg/pr18392.f90 -Os execution test
FAIL: gfortran.dg/pr19155.f -O0 execution test
FAIL: gfortran.dg/pr19155.f -O1 execution test
FAIL: gfortran.dg/pr19155.f -O2 execution test
FAIL: gfortran.dg/pr19155.f -O3 -fomit-frame-pointer execution test
FAIL: gfortran.dg/pr19155.f -O3 -fomit-frame-pointer -funroll-loops execution test
FAIL: gfortran.dg/pr19155.f -O3 -fomit-frame-pointer -funroll-all-loops -finline-functions execution test
FAIL: gfortran.dg/pr19155.f -O3 -g execution test
FAIL: gfortran.dg/pr19155.f -Os execution test
FAIL: gfortran.dg/pr19216.f -O0 execution test
FAIL: gfortran.dg/pr19216.f -O1 execution test
FAIL: gfortran.dg/pr19216.f -O2 execution test
FAIL: gfortran.dg/pr19216.f -O3 -fomit-frame-pointer execution test
FAIL: gfortran.dg/pr19216.f -O3 -fomit-frame-pointer -funroll-loops execution test
FAIL: gfortran.dg/pr19216.f -O3 -fomit-frame-pointer -funroll-all-loops -finline-functions execution test
FAIL: gfortran.dg/pr19216.f -O3 -g execution test
FAIL: gfortran.dg/pr19216.f -Os execution test
FAIL: gfortran.dg/pr19467.f90 -O0 execution test
FAIL: gfortran.dg/pr19467.f90 -O1 execution test
FAIL: gfortran.dg/pr19467.f90 -O2 execution test
FAIL: gfortran.dg/pr19467.f90 -O3 -fomit-frame-pointer execution test
FAIL: gfortran.dg/pr19467.f90 -O3 -fomit-frame-pointer -funroll-loops execution test
FAIL: gfortran.dg/pr19467.f90 -O3 -fomit-frame-pointer -funroll-all-loops -finline-functions execution test
FAIL: gfortran.dg/pr19467.f90 -O3 -g execution test
FAIL: gfortran.dg/pr19467.f90 -Os execution test
FAIL: gfortran.dg/pr19657.f -O0 execution test
FAIL: gfortran.dg/pr19657.f -O1 execution test
FAIL: gfortran.dg/pr19657.f -O2 execution test
FAIL: gfortran.dg/pr19657.f -O3 -fomit-frame-pointer execution test
FAIL: gfortran.dg/pr19657.f -O3 -fomit-frame-pointer -funroll-loops execution test
FAIL: gfortran.dg/pr19657.f -O3 -fomit-frame-pointer -funroll-all-loops -finline-functions execution test
FAIL: gfortran.dg/pr19657.f -O3 -g execution test
FAIL: gfortran.dg/pr19657.f -Os execution test
FAIL: gfortran.dg/pr20257.f90 -O0 execution test
FAIL: gfortran.dg/pr20257.f90 -O1 execution test
FAIL: gfortran.dg/pr20257.f90 -O2 execution test
FAIL: gfortran.dg/pr20257.f90 -O3 -fomit-frame-pointer execution test
FAIL: gfortran.dg/pr20257.f90 -O3 -fomit-frame-pointer -funroll-loops execution test
FAIL: gfortran.dg/pr20257.f90 -O3 -fomit-frame-pointer -funroll-all-loops -finline-functions execution test
FAIL: gfortran.dg/pr20257.f90 -O3 -g execution test
FAIL: gfortran.dg/pr20257.f90 -Os execution test
FAIL: gfortran.dg/read_bad_advance.f90 -O0 execution test
FAIL: gfortran.dg/read_bad_advance.f90 -O1 execution test
FAIL: gfortran.dg/read_bad_advance.f90 -O2 execution test
FAIL: gfortran.dg/read_bad_advance.f90 -O3 -fomit-frame-pointer execution test
FAIL: gfortran.dg/read_bad_advance.f90 -O3 -fomit-frame-pointer -funroll-loops execution test
FAIL: gfortran.dg/read_bad_advance.f90 -O3 -fomit-frame-pointer -funroll-all-loops -finline-functions execution test
FAIL: gfortran.dg/read_bad_advance.f90 -O3 -g execution test
FAIL: gfortran.dg/read_bad_advance.f90 -Os execution test
FAIL: gfortran.dg/read_comma.f -O0 execution test
FAIL: gfortran.dg/read_comma.f -O1 execution test
FAIL: gfortran.dg/read_comma.f -O2 execution test
FAIL: gfortran.dg/read_comma.f -O3 -fomit-frame-pointer execution test
FAIL: gfortran.dg/read_comma.f -O3 -fomit-frame-pointer -funroll-loops execution test
FAIL: gfortran.dg/read_comma.f -O3 -fomit-frame-pointer -funroll-all-loops -finline-functions execution test
FAIL: gfortran.dg/read_comma.f -O3 -g execution test
FAIL: gfortran.dg/read_comma.f -Os execution test
FAIL: gfortran.dg/read_eof_1.f90 -O0 execution test
FAIL: gfortran.dg/read_eof_1.f90 -O1 execution test
FAIL: gfortran.dg/read_eof_1.f90 -O2 execution test
FAIL: gfortran.dg/read_eof_1.f90 -O3 -fomit-frame-pointer execution test
FAIL: gfortran.dg/read_eof_1.f90 -O3 -fomit-frame-pointer -funroll-loops execution test
FAIL: gfortran.dg/read_eof_1.f90 -O3 -fomit-frame-pointer -funroll-all-loops -finline-functions execution test
FAIL: gfortran.dg/read_eof_1.f90 -O3 -g execution test
FAIL: gfortran.dg/read_eof_1.f90 -Os execution test
FAIL: gfortran.dg/read_eof_2.f90 -O0 execution test
FAIL: gfortran.dg/read_eof_2.f90 -O1 execution test
FAIL: gfortran.dg/read_eof_2.f90 -O2 execution test
FAIL: gfortran.dg/read_eof_2.f90 -O3 -fomit-frame-pointer execution test
FAIL: gfortran.dg/read_eof_2.f90 -O3 -fomit-frame-pointer -funroll-loops execution test
FAIL: gfortran.dg/read_eof_2.f90 -O3 -fomit-frame-pointer -funroll-all-loops -finline-functions execution test
FAIL: gfortran.dg/read_eof_2.f90 -O3 -g execution test
FAIL: gfortran.dg/read_eof_2.f90 -Os execution test
FAIL: gfortran.dg/read_eof_3.f90 -O0 execution test
FAIL: gfortran.dg/read_eof_3.f90 -O1 execution test
FAIL: gfortran.dg/read_eof_3.f90 -O2 execution test
FAIL: gfortran.dg/read_eof_3.f90 -O3 -fomit-frame-pointer execution test
FAIL: gfortran.dg/read_eof_3.f90 -O3 -fomit-frame-pointer -funroll-loops execution test
FAIL: gfortran.dg/read_eof_3.f90 -O3 -fomit-frame-pointer -funroll-all-loops -finline-functions execution test
FAIL: gfortran.dg/read_eof_3.f90 -O3 -g execution test
FAIL: gfortran.dg/read_eof_3.f90 -Os execution test
FAIL: gfortran.dg/read_eof_4.f90 -O0 execution test
FAIL: gfortran.dg/read_eof_4.f90 -O1 execution test
FAIL: gfortran.dg/read_eof_4.f90 -O2 execution test
FAIL: gfortran.dg/read_eof_4.f90 -O3 -fomit-frame-pointer execution test
FAIL: gfortran.dg/read_eof_4.f90 -O3 -fomit-frame-pointer -funroll-loops execution test
FAIL: gfortran.dg/read_eof_4.f90 -O3 -fomit-frame-pointer -funroll-all-loops -finline-functions execution test
FAIL: gfortran.dg/read_eof_4.f90 -O3 -g execution test
FAIL: gfortran.dg/read_eof_4.f90 -Os execution test
FAIL: gfortran.dg/read_many_1.f -O0 execution test
FAIL: gfortran.dg/read_many_1.f -O1 execution test
FAIL: gfortran.dg/read_many_1.f -O2 execution test
FAIL: gfortran.dg/read_many_1.f -O3 -fomit-frame-pointer execution test
FAIL: gfortran.dg/read_many_1.f -O3 -fomit-frame-pointer -funroll-loops execution test
FAIL: gfortran.dg/read_many_1.f -O3 -fomit-frame-pointer -funroll-all-loops -finline-functions execution test
FAIL: gfortran.dg/read_many_1.f -O3 -g execution test
FAIL: gfortran.dg/read_many_1.f -Os execution test
FAIL: gfortran.dg/read_noadvance.f90 -O0 execution test
FAIL: gfortran.dg/read_noadvance.f90 -O1 execution test
FAIL: gfortran.dg/read_noadvance.f90 -O2 execution test
FAIL: gfortran.dg/read_noadvance.f90 -O3 -fomit-frame-pointer execution test
FAIL: gfortran.dg/read_noadvance.f90 -O3 -fomit-frame-pointer -funroll-loops execution test
FAIL: gfortran.dg/read_noadvance.f90 -O3 -fomit-frame-pointer -funroll-all-loops -finline-functions execution test
FAIL: gfortran.dg/read_noadvance.f90 -O3 -g execution test
FAIL: gfortran.dg/read_noadvance.f90 -Os execution test
FAIL: gfortran.dg/read_size_noadvance.f90 -O0 execution test
FAIL: gfortran.dg/read_size_noadvance.f90 -O1 execution test
FAIL: gfortran.dg/read_size_noadvance.f90 -O2 execution test
FAIL: gfortran.dg/read_size_noadvance.f90 -O3 -fomit-frame-pointer execution test
FAIL: gfortran.dg/read_size_noadvance.f90 -O3 -fomit-frame-pointer -funroll-loops execution test
FAIL: gfortran.dg/read_size_noadvance.f90 -O3 -fomit-frame-pointer -funroll-all-loops -finline-functions execution test
FAIL: gfortran.dg/read_size_noadvance.f90 -O3 -g execution test
FAIL: gfortran.dg/read_size_noadvance.f90 -Os execution test
FAIL: gfortran.dg/read_x_past.f -O0 execution test
FAIL: gfortran.dg/read_x_past.f -O1 execution test
FAIL: gfortran.dg/read_x_past.f -O2 execution test
FAIL: gfortran.dg/read_x_past.f -O3 -fomit-frame-pointer execution test
FAIL: gfortran.dg/read_x_past.f -O3 -fomit-frame-pointer -funroll-loops execution test
FAIL: gfortran.dg/read_x_past.f -O3 -fomit-frame-pointer -funroll-all-loops -finline-functions execution test
FAIL: gfortran.dg/read_x_past.f -O3 -g execution test
FAIL: gfortran.dg/read_x_past.f -Os execution test
FAIL: gfortran.dg/record_marker_1.f90 -O0 execution test
FAIL: gfortran.dg/record_marker_1.f90 -O1 execution test
FAIL: gfortran.dg/record_marker_1.f90 -O2 execution test
FAIL: gfortran.dg/record_marker_1.f90 -O3 -fomit-frame-pointer execution test
FAIL: gfortran.dg/record_marker_1.f90 -O3 -fomit-frame-pointer -funroll-loops execution test
FAIL: gfortran.dg/record_marker_1.f90 -O3 -fomit-frame-pointer -funroll-all-loops -finline-functions execution test
FAIL: gfortran.dg/record_marker_1.f90 -O3 -g execution test
FAIL: gfortran.dg/record_marker_1.f90 -Os execution test
FAIL: gfortran.dg/record_marker_2.f -O0 execution test
FAIL: gfortran.dg/record_marker_2.f -O1 execution test
FAIL: gfortran.dg/record_marker_2.f -O2 execution test
FAIL: gfortran.dg/record_marker_2.f -O3 -fomit-frame-pointer execution test
FAIL: gfortran.dg/record_marker_2.f -O3 -fomit-frame-pointer -funroll-loops execution test
FAIL: gfortran.dg/record_marker_2.f -O3 -fomit-frame-pointer -funroll-all-loops -finline-functions execution test
FAIL: gfortran.dg/record_marker_2.f -O3 -g execution test
FAIL: gfortran.dg/record_marker_2.f -Os execution test
FAIL: gfortran.dg/record_marker_3.f90 -O0 execution test
FAIL: gfortran.dg/record_marker_3.f90 -O1 execution test
FAIL: gfortran.dg/record_marker_3.f90 -O2 execution test
FAIL: gfortran.dg/record_marker_3.f90 -O3 -fomit-frame-pointer execution test
FAIL: gfortran.dg/record_marker_3.f90 -O3 -fomit-frame-pointer -funroll-loops execution test
FAIL: gfortran.dg/record_marker_3.f90 -O3 -fomit-frame-pointer -funroll-all-loops -finline-functions execution test
FAIL: gfortran.dg/record_marker_3.f90 -O3 -g execution test
FAIL: gfortran.dg/record_marker_3.f90 -Os execution test
FAIL: gfortran.dg/rewind_1.f90 -O0 execution test
FAIL: gfortran.dg/rewind_1.f90 -O1 execution test
FAIL: gfortran.dg/rewind_1.f90 -O2 execution test
FAIL: gfortran.dg/rewind_1.f90 -O3 -fomit-frame-pointer execution test
FAIL: gfortran.dg/rewind_1.f90 -O3 -fomit-frame-pointer -funroll-loops execution test
FAIL: gfortran.dg/rewind_1.f90 -O3 -fomit-frame-pointer -funroll-all-loops -finline-functions execution test
FAIL: gfortran.dg/rewind_1.f90 -O3 -g execution test
FAIL: gfortran.dg/rewind_1.f90 -Os execution test
FAIL: gfortran.dg/runtime_warning_1.f90 -O0 execution test
FAIL: gfortran.dg/runtime_warning_1.f90 -O1 execution test
FAIL: gfortran.dg/runtime_warning_1.f90 -O2 execution test
FAIL: gfortran.dg/runtime_warning_1.f90 -O3 -fomit-frame-pointer execution test
FAIL: gfortran.dg/runtime_warning_1.f90 -O3 -fomit-frame-pointer -funroll-loops execution test
FAIL: gfortran.dg/runtime_warning_1.f90 -O3 -fomit-frame-pointer -funroll-all-loops -finline-functions execution test
FAIL: gfortran.dg/runtime_warning_1.f90 -O3 -g execution test
FAIL: gfortran.dg/runtime_warning_1.f90 -Os execution test
FAIL: gfortran.dg/slash_1.f90 -O0 execution test
FAIL: gfortran.dg/slash_1.f90 -O1 execution test
FAIL: gfortran.dg/slash_1.f90 -O2 execution test
FAIL: gfortran.dg/slash_1.f90 -O3 -fomit-frame-pointer execution test
FAIL: gfortran.dg/slash_1.f90 -O3 -fomit-frame-pointer -funroll-loops execution test
FAIL: gfortran.dg/slash_1.f90 -O3 -fomit-frame-pointer -funroll-all-loops -finline-functions execution test
FAIL: gfortran.dg/slash_1.f90 -O3 -g execution test
FAIL: gfortran.dg/slash_1.f90 -Os execution test
FAIL: gfortran.dg/stat_1.f90 -O0 execution test
FAIL: gfortran.dg/stat_1.f90 -O1 execution test
FAIL: gfortran.dg/stat_1.f90 -O2 execution test
FAIL: gfortran.dg/stat_1.f90 -O3 -fomit-frame-pointer execution test
FAIL: gfortran.dg/stat_1.f90 -O3 -fomit-frame-pointer -funroll-loops execution test
FAIL: gfortran.dg/stat_1.f90 -O3 -fomit-frame-pointer -funroll-all-loops -finline-functions execution test
FAIL: gfortran.dg/stat_1.f90 -O3 -g execution test
FAIL: gfortran.dg/stat_1.f90 -Os execution test
FAIL: gfortran.dg/stat_2.f90 -O0 execution test
FAIL: gfortran.dg/stat_2.f90 -O1 execution test
FAIL: gfortran.dg/stat_2.f90 -O2 execution test
FAIL: gfortran.dg/stat_2.f90 -O3 -fomit-frame-pointer execution test
FAIL: gfortran.dg/stat_2.f90 -O3 -fomit-frame-pointer -funroll-loops execution test
FAIL: gfortran.dg/stat_2.f90 -O3 -fomit-frame-pointer -funroll-all-loops -finline-functions execution test
FAIL: gfortran.dg/stat_2.f90 -O3 -g execution test
FAIL: gfortran.dg/stat_2.f90 -Os execution test
FAIL: gfortran.dg/streamio_1.f90 -O0 execution test
FAIL: gfortran.dg/streamio_1.f90 -O1 execution test
FAIL: gfortran.dg/streamio_1.f90 -O2 execution test
FAIL: gfortran.dg/streamio_1.f90 -O3 -fomit-frame-pointer execution test
FAIL: gfortran.dg/streamio_1.f90 -O3 -fomit-frame-pointer -funroll-loops execution test
FAIL: gfortran.dg/streamio_1.f90 -O3 -fomit-frame-pointer -funroll-all-loops -finline-functions execution test
FAIL: gfortran.dg/streamio_1.f90 -O3 -g execution test
FAIL: gfortran.dg/streamio_1.f90 -Os execution test
FAIL: gfortran.dg/streamio_10.f90 -O0 execution test
FAIL: gfortran.dg/streamio_10.f90 -O1 execution test
FAIL: gfortran.dg/streamio_10.f90 -O2 execution test
FAIL: gfortran.dg/streamio_10.f90 -O3 -fomit-frame-pointer execution test
FAIL: gfortran.dg/streamio_10.f90 -O3 -fomit-frame-pointer -funroll-loops execution test
FAIL: gfortran.dg/streamio_10.f90 -O3 -fomit-frame-pointer -funroll-all-loops -finline-functions execution test
FAIL: gfortran.dg/streamio_10.f90 -O3 -g execution test
FAIL: gfortran.dg/streamio_10.f90 -Os execution test
FAIL: gfortran.dg/streamio_11.f90 -O0 execution test
FAIL: gfortran.dg/streamio_11.f90 -O1 execution test
FAIL: gfortran.dg/streamio_11.f90 -O2 execution test
FAIL: gfortran.dg/streamio_11.f90 -O3 -fomit-frame-pointer execution test
FAIL: gfortran.dg/streamio_11.f90 -O3 -fomit-frame-pointer -funroll-loops execution test
FAIL: gfortran.dg/streamio_11.f90 -O3 -fomit-frame-pointer -funroll-all-loops -finline-functions execution test
FAIL: gfortran.dg/streamio_11.f90 -O3 -g execution test
FAIL: gfortran.dg/streamio_11.f90 -Os execution test
FAIL: gfortran.dg/streamio_2.f90 -O0 execution test
FAIL: gfortran.dg/streamio_2.f90 -O1 execution test
FAIL: gfortran.dg/streamio_2.f90 -O2 execution test
FAIL: gfortran.dg/streamio_2.f90 -O3 -fomit-frame-pointer execution test
FAIL: gfortran.dg/streamio_2.f90 -O3 -fomit-frame-pointer -funroll-loops execution test
FAIL: gfortran.dg/streamio_2.f90 -O3 -fomit-frame-pointer -funroll-all-loops -finline-functions execution test
FAIL: gfortran.dg/streamio_2.f90 -O3 -g execution test
FAIL: gfortran.dg/streamio_2.f90 -Os execution test
FAIL: gfortran.dg/streamio_3.f90 -O0 execution test
FAIL: gfortran.dg/streamio_3.f90 -O1 execution test
FAIL: gfortran.dg/streamio_3.f90 -O2 execution test
FAIL: gfortran.dg/streamio_3.f90 -O3 -fomit-frame-pointer execution test
FAIL: gfortran.dg/streamio_3.f90 -O3 -fomit-frame-pointer -funroll-loops execution test
FAIL: gfortran.dg/streamio_3.f90 -O3 -fomit-frame-pointer -funroll-all-loops -finline-functions execution test
FAIL: gfortran.dg/streamio_3.f90 -O3 -g execution test
FAIL: gfortran.dg/streamio_3.f90 -Os execution test
FAIL: gfortran.dg/streamio_4.f90 -O0 execution test
FAIL: gfortran.dg/streamio_4.f90 -O1 execution test
FAIL: gfortran.dg/streamio_4.f90 -O2 execution test
FAIL: gfortran.dg/streamio_4.f90 -O3 -fomit-frame-pointer execution test
FAIL: gfortran.dg/streamio_4.f90 -O3 -fomit-frame-pointer -funroll-loops execution test
FAIL: gfortran.dg/streamio_4.f90 -O3 -fomit-frame-pointer -funroll-all-loops -finline-functions execution test
FAIL: gfortran.dg/streamio_4.f90 -O3 -g execution test
FAIL: gfortran.dg/streamio_4.f90 -Os execution test
FAIL: gfortran.dg/streamio_6.f90 -O0 execution test
FAIL: gfortran.dg/streamio_6.f90 -O1 execution test
FAIL: gfortran.dg/streamio_6.f90 -O2 execution test
FAIL: gfortran.dg/streamio_6.f90 -O3 -fomit-frame-pointer execution test
FAIL: gfortran.dg/streamio_6.f90 -O3 -fomit-frame-pointer -funroll-loops execution test
FAIL: gfortran.dg/streamio_6.f90 -O3 -fomit-frame-pointer -funroll-all-loops -finline-functions execution test
FAIL: gfortran.dg/streamio_6.f90 -O3 -g execution test
FAIL: gfortran.dg/streamio_6.f90 -Os execution test
FAIL: gfortran.dg/streamio_7.f90 -O0 execution test
FAIL: gfortran.dg/streamio_7.f90 -O1 execution test
FAIL: gfortran.dg/streamio_7.f90 -O2 execution test
FAIL: gfortran.dg/streamio_7.f90 -O3 -fomit-frame-pointer execution test
FAIL: gfortran.dg/streamio_7.f90 -O3 -fomit-frame-pointer -funroll-loops execution test
FAIL: gfortran.dg/streamio_7.f90 -O3 -fomit-frame-pointer -funroll-all-loops -finline-functions execution test
FAIL: gfortran.dg/streamio_7.f90 -O3 -g execution test
FAIL: gfortran.dg/streamio_7.f90 -Os execution test
FAIL: gfortran.dg/streamio_8.f90 -O0 execution test
FAIL: gfortran.dg/streamio_8.f90 -O1 execution test
FAIL: gfortran.dg/streamio_8.f90 -O2 execution test
FAIL: gfortran.dg/streamio_8.f90 -O3 -fomit-frame-pointer execution test
FAIL: gfortran.dg/streamio_8.f90 -O3 -fomit-frame-pointer -funroll-loops execution test
FAIL: gfortran.dg/streamio_8.f90 -O3 -fomit-frame-pointer -funroll-all-loops -finline-functions execution test
FAIL: gfortran.dg/streamio_8.f90 -O3 -g execution test
FAIL: gfortran.dg/streamio_8.f90 -Os execution test
FAIL: gfortran.dg/streamio_9.f90 -O0 execution test
FAIL: gfortran.dg/streamio_9.f90 -O1 execution test
FAIL: gfortran.dg/streamio_9.f90 -O2 execution test
FAIL: gfortran.dg/streamio_9.f90 -O3 -fomit-frame-pointer execution test
FAIL: gfortran.dg/streamio_9.f90 -O3 -fomit-frame-pointer -funroll-loops execution test
FAIL: gfortran.dg/streamio_9.f90 -O3 -fomit-frame-pointer -funroll-all-loops -finline-functions execution test
FAIL: gfortran.dg/streamio_9.f90 -O3 -g execution test
FAIL: gfortran.dg/streamio_9.f90 -Os execution test
FAIL: gfortran.dg/unf_io_convert_1.f90 -O0 execution test
FAIL: gfortran.dg/unf_io_convert_1.f90 -O1 execution test
FAIL: gfortran.dg/unf_io_convert_1.f90 -O2 execution test
FAIL: gfortran.dg/unf_io_convert_1.f90 -O3 -fomit-frame-pointer execution test
FAIL: gfortran.dg/unf_io_convert_1.f90 -O3 -fomit-frame-pointer -funroll-loops execution test
FAIL: gfortran.dg/unf_io_convert_1.f90 -O3 -fomit-frame-pointer -funroll-all-loops -finline-functions execution test
FAIL: gfortran.dg/unf_io_convert_1.f90 -O3 -g execution test
FAIL: gfortran.dg/unf_io_convert_1.f90 -Os execution test
FAIL: gfortran.dg/unf_io_convert_2.f90 -O0 execution test
FAIL: gfortran.dg/unf_io_convert_2.f90 -O1 execution test
FAIL: gfortran.dg/unf_io_convert_2.f90 -O2 execution test
FAIL: gfortran.dg/unf_io_convert_2.f90 -O3 -fomit-frame-pointer execution test
FAIL: gfortran.dg/unf_io_convert_2.f90 -O3 -fomit-frame-pointer -funroll-loops execution test
FAIL: gfortran.dg/unf_io_convert_2.f90 -O3 -fomit-frame-pointer -funroll-all-loops -finline-functions execution test
FAIL: gfortran.dg/unf_io_convert_2.f90 -O3 -g execution test
FAIL: gfortran.dg/unf_io_convert_2.f90 -Os execution test
FAIL: gfortran.dg/unf_io_convert_3.f90 -O0 execution test
FAIL: gfortran.dg/unf_io_convert_3.f90 -O1 execution test
FAIL: gfortran.dg/unf_io_convert_3.f90 -O2 execution test
FAIL: gfortran.dg/unf_io_convert_3.f90 -O3 -fomit-frame-pointer execution test
FAIL: gfortran.dg/unf_io_convert_3.f90 -O3 -fomit-frame-pointer -funroll-loops execution test
FAIL: gfortran.dg/unf_io_convert_3.f90 -O3 -fomit-frame-pointer -funroll-all-loops -finline-functions execution test
FAIL: gfortran.dg/unf_io_convert_3.f90 -O3 -g execution test
FAIL: gfortran.dg/unf_io_convert_3.f90 -Os execution test
FAIL: gfortran.dg/unf_read_corrupted_2.f90 -O0 execution test
FAIL: gfortran.dg/unf_read_corrupted_2.f90 -O1 execution test
FAIL: gfortran.dg/unf_read_corrupted_2.f90 -O2 execution test
FAIL: gfortran.dg/unf_read_corrupted_2.f90 -O3 -fomit-frame-pointer execution test
FAIL: gfortran.dg/unf_read_corrupted_2.f90 -O3 -fomit-frame-pointer -funroll-loops execution test
FAIL: gfortran.dg/unf_read_corrupted_2.f90 -O3 -fomit-frame-pointer -funroll-all-loops -finline-functions execution test
FAIL: gfortran.dg/unf_read_corrupted_2.f90 -O3 -g execution test
FAIL: gfortran.dg/unf_read_corrupted_2.f90 -Os execution test
FAIL: gfortran.dg/unf_short_record_1.f90 -O0 execution test
FAIL: gfortran.dg/unf_short_record_1.f90 -O1 execution test
FAIL: gfortran.dg/unf_short_record_1.f90 -O2 execution test
FAIL: gfortran.dg/unf_short_record_1.f90 -O3 -fomit-frame-pointer execution test
FAIL: gfortran.dg/unf_short_record_1.f90 -O3 -fomit-frame-pointer -funroll-loops execution test
FAIL: gfortran.dg/unf_short_record_1.f90 -O3 -fomit-frame-pointer -funroll-all-loops -finline-functions execution test
FAIL: gfortran.dg/unf_short_record_1.f90 -O3 -g execution test
FAIL: gfortran.dg/unf_short_record_1.f90 -Os execution test
FAIL: gfortran.dg/unformatted_recl_1.f90 -O0 execution test
FAIL: gfortran.dg/unformatted_recl_1.f90 -O1 execution test
FAIL: gfortran.dg/unformatted_recl_1.f90 -O2 execution test
FAIL: gfortran.dg/unformatted_recl_1.f90 -O3 -fomit-frame-pointer execution test
FAIL: gfortran.dg/unformatted_recl_1.f90 -O3 -fomit-frame-pointer -funroll-loops execution test
FAIL: gfortran.dg/unformatted_recl_1.f90 -O3 -fomit-frame-pointer -funroll-all-loops -finline-functions execution test
FAIL: gfortran.dg/unformatted_recl_1.f90 -O3 -g execution test
FAIL: gfortran.dg/unformatted_recl_1.f90 -Os execution test
FAIL: gfortran.dg/unformatted_subrecord_1.f90 -O0 execution test
FAIL: gfortran.dg/unformatted_subrecord_1.f90 -O1 execution test
FAIL: gfortran.dg/unformatted_subrecord_1.f90 -O2 execution test
FAIL: gfortran.dg/unformatted_subrecord_1.f90 -O3 -fomit-frame-pointer execution test
FAIL: gfortran.dg/unformatted_subrecord_1.f90 -O3 -fomit-frame-pointer -funroll-loops execution test
FAIL: gfortran.dg/unformatted_subrecord_1.f90 -O3 -fomit-frame-pointer -funroll-all-loops -finline-functions execution test
FAIL: gfortran.dg/unformatted_subrecord_1.f90 -O3 -g execution test
FAIL: gfortran.dg/unformatted_subrecord_1.f90 -Os execution test
FAIL: gfortran.dg/write_back.f -O0 execution test
FAIL: gfortran.dg/write_back.f -O1 execution test
FAIL: gfortran.dg/write_back.f -O2 execution test
FAIL: gfortran.dg/write_back.f -O3 -fomit-frame-pointer execution test
FAIL: gfortran.dg/write_back.f -O3 -fomit-frame-pointer -funroll-loops execution test
FAIL: gfortran.dg/write_back.f -O3 -fomit-frame-pointer -funroll-all-loops -finline-functions execution test
FAIL: gfortran.dg/write_back.f -O3 -g execution test
FAIL: gfortran.dg/write_back.f -Os execution test
FAIL: gfortran.dg/write_rewind_1.f -O0 execution test
FAIL: gfortran.dg/write_rewind_1.f -O1 execution test
FAIL: gfortran.dg/write_rewind_1.f -O2 execution test
FAIL: gfortran.dg/write_rewind_1.f -O3 -fomit-frame-pointer execution test
FAIL: gfortran.dg/write_rewind_1.f -O3 -fomit-frame-pointer -funroll-loops execution test
FAIL: gfortran.dg/write_rewind_1.f -O3 -fomit-frame-pointer -funroll-all-loops -finline-functions execution test
FAIL: gfortran.dg/write_rewind_1.f -O3 -g execution test
FAIL: gfortran.dg/write_rewind_1.f -Os execution test
FAIL: gfortran.dg/write_rewind_2.f -O0 execution test
FAIL: gfortran.dg/write_rewind_2.f -O1 execution test
FAIL: gfortran.dg/write_rewind_2.f -O2 execution test
FAIL: gfortran.dg/write_rewind_2.f -O3 -fomit-frame-pointer execution test
FAIL: gfortran.dg/write_rewind_2.f -O3 -fomit-frame-pointer -funroll-loops execution test
FAIL: gfortran.dg/write_rewind_2.f -O3 -fomit-frame-pointer -funroll-all-loops -finline-functions execution test
FAIL: gfortran.dg/write_rewind_2.f -O3 -g execution test
FAIL: gfortran.dg/write_rewind_2.f -Os execution test
FAIL: gfortran.dg/write_to_null.f90 -O0 execution test
FAIL: gfortran.dg/write_to_null.f90 -O1 execution test
FAIL: gfortran.dg/write_to_null.f90 -O2 execution test
FAIL: gfortran.dg/write_to_null.f90 -O3 -fomit-frame-pointer execution test
FAIL: gfortran.dg/write_to_null.f90 -O3 -fomit-frame-pointer -funroll-loops execution test
FAIL: gfortran.dg/write_to_null.f90 -O3 -fomit-frame-pointer -funroll-all-loops -finline-functions execution test
FAIL: gfortran.dg/write_to_null.f90 -O3 -g execution test
FAIL: gfortran.dg/write_to_null.f90 -Os execution test
FAIL: gfortran.dg/x_slash_1.f -O0 execution test
FAIL: gfortran.dg/x_slash_1.f -O1 execution test
FAIL: gfortran.dg/x_slash_1.f -O2 execution test
FAIL: gfortran.dg/x_slash_1.f -O3 -fomit-frame-pointer execution test
FAIL: gfortran.dg/x_slash_1.f -O3 -fomit-frame-pointer -funroll-loops execution test
FAIL: gfortran.dg/x_slash_1.f -O3 -fomit-frame-pointer -funroll-all-loops -finline-functions execution test
FAIL: gfortran.dg/x_slash_1.f -O3 -g execution test
FAIL: gfortran.dg/x_slash_1.f -Os execution test
FAIL: gfortran.fortran-torture/execute/backspace.f90 execution, -O0
FAIL: gfortran.fortran-torture/execute/backspace.f90 execution, -O1
FAIL: gfortran.fortran-torture/execute/backspace.f90 execution, -O2
FAIL: gfortran.fortran-torture/execute/backspace.f90 execution, -O3 -fomit-frame-pointer
FAIL: gfortran.fortran-torture/execute/backspace.f90 execution, -O3 -fomit-frame-pointer -funroll-loops
FAIL: gfortran.fortran-torture/execute/backspace.f90 execution, -O3 -fomit-frame-pointer -funroll-all-loops -finline-functions
FAIL: gfortran.fortran-torture/execute/backspace.f90 execution, -O3 -g
FAIL: gfortran.fortran-torture/execute/backspace.f90 execution, -Os
FAIL: gfortran.fortran-torture/execute/direct_io.f90 execution, -O0
FAIL: gfortran.fortran-torture/execute/direct_io.f90 execution, -O1
FAIL: gfortran.fortran-torture/execute/direct_io.f90 execution, -O2
FAIL: gfortran.fortran-torture/execute/direct_io.f90 execution, -O3 -fomit-frame-pointer
FAIL: gfortran.fortran-torture/execute/direct_io.f90 execution, -O3 -fomit-frame-pointer -funroll-loops
FAIL: gfortran.fortran-torture/execute/direct_io.f90 execution, -O3 -fomit-frame-pointer -funroll-all-loops -finline-functions
FAIL: gfortran.fortran-torture/execute/direct_io.f90 execution, -O3 -g
FAIL: gfortran.fortran-torture/execute/direct_io.f90 execution, -Os
FAIL: gfortran.fortran-torture/execute/inquire_3.f90 execution, -O0
FAIL: gfortran.fortran-torture/execute/inquire_3.f90 execution, -O1
FAIL: gfortran.fortran-torture/execute/inquire_3.f90 execution, -O2
FAIL: gfortran.fortran-torture/execute/inquire_3.f90 execution, -O3 -fomit-frame-pointer
FAIL: gfortran.fortran-torture/execute/inquire_3.f90 execution, -O3 -fomit-frame-pointer -funroll-loops
FAIL: gfortran.fortran-torture/execute/inquire_3.f90 execution, -O3 -fomit-frame-pointer -funroll-all-loops -finline-functions
FAIL: gfortran.fortran-torture/execute/inquire_3.f90 execution, -O3 -g
FAIL: gfortran.fortran-torture/execute/inquire_3.f90 execution, -Os
FAIL: gfortran.fortran-torture/execute/list_read_1.f90 execution, -O0
FAIL: gfortran.fortran-torture/execute/list_read_1.f90 execution, -O1
FAIL: gfortran.fortran-torture/execute/list_read_1.f90 execution, -O2
FAIL: gfortran.fortran-torture/execute/list_read_1.f90 execution, -O3 -fomit-frame-pointer
FAIL: gfortran.fortran-torture/execute/list_read_1.f90 execution, -O3 -fomit-frame-pointer -funroll-loops
FAIL: gfortran.fortran-torture/execute/list_read_1.f90 execution, -O3 -fomit-frame-pointer -funroll-all-loops -finline-functions
FAIL: gfortran.fortran-torture/execute/list_read_1.f90 execution, -O3 -g
FAIL: gfortran.fortran-torture/execute/list_read_1.f90 execution, -Os
FAIL: gfortran.fortran-torture/execute/read_null_string.f90 execution, -O0
FAIL: gfortran.fortran-torture/execute/read_null_string.f90 execution, -O1
FAIL: gfortran.fortran-torture/execute/read_null_string.f90 execution, -O2
FAIL: gfortran.fortran-torture/execute/read_null_string.f90 execution, -O3 -fomit-frame-pointer
FAIL: gfortran.fortran-torture/execute/read_null_string.f90 execution, -O3 -fomit-frame-pointer -funroll-loops
FAIL: gfortran.fortran-torture/execute/read_null_string.f90 execution, -O3 -fomit-frame-pointer -funroll-all-loops -finline-functions
FAIL: gfortran.fortran-torture/execute/read_null_string.f90 execution, -O3 -g
FAIL: gfortran.fortran-torture/execute/read_null_string.f90 execution, -Os
FAIL: gfortran.fortran-torture/execute/seq_io.f90 execution, -O0
FAIL: gfortran.fortran-torture/execute/seq_io.f90 execution, -O1
FAIL: gfortran.fortran-torture/execute/seq_io.f90 execution, -O2
FAIL: gfortran.fortran-torture/execute/seq_io.f90 execution, -O3 -fomit-frame-pointer
FAIL: gfortran.fortran-torture/execute/seq_io.f90 execution, -O3 -fomit-frame-pointer -funroll-loops
FAIL: gfortran.fortran-torture/execute/seq_io.f90 execution, -O3 -fomit-frame-pointer -funroll-all-loops -finline-functions
FAIL: gfortran.fortran-torture/execute/seq_io.f90 execution, -O3 -g
FAIL: gfortran.fortran-torture/execute/seq_io.f90 execution, -Os
FAIL: gfortran.fortran-torture/execute/slash_edit.f90 execution, -O0
FAIL: gfortran.fortran-torture/execute/slash_edit.f90 execution, -O1
FAIL: gfortran.fortran-torture/execute/slash_edit.f90 execution, -O2
FAIL: gfortran.fortran-torture/execute/slash_edit.f90 execution, -O3 -fomit-frame-pointer
FAIL: gfortran.fortran-torture/execute/slash_edit.f90 execution, -O3 -fomit-frame-pointer -funroll-loops
FAIL: gfortran.fortran-torture/execute/slash_edit.f90 execution, -O3 -fomit-frame-pointer -funroll-all-loops -finline-functions
FAIL: gfortran.fortran-torture/execute/slash_edit.f90 execution, -O3 -g
FAIL: gfortran.fortran-torture/execute/slash_edit.f90 execution, -Os
FAIL: gfortran.fortran-torture/execute/unopened_unit_1.f90 execution, -O0
FAIL: gfortran.fortran-torture/execute/unopened_unit_1.f90 execution, -O1
FAIL: gfortran.fortran-torture/execute/unopened_unit_1.f90 execution, -O2
FAIL: gfortran.fortran-torture/execute/unopened_unit_1.f90 execution, -O3 -fomit-frame-pointer
FAIL: gfortran.fortran-torture/execute/unopened_unit_1.f90 execution, -O3 -fomit-frame-pointer -funroll-loops
FAIL: gfortran.fortran-torture/execute/unopened_unit_1.f90 execution, -O3 -fomit-frame-pointer -funroll-all-loops -finline-functions
FAIL: gfortran.fortran-torture/execute/unopened_unit_1.f90 execution, -O3 -g
FAIL: gfortran.fortran-torture/execute/unopened_unit_1.f90 execution, -Os
=== gfortran Summary ===
# of expected passes 19642
# of unexpected failures 1184
# of expected failures 10
# of unsupported tests 49
/tmp/kg/basel/build/gcc/testsuite/gfortran/../../gfortran version 4.3.0 20070902 (experimental) (GCC)
=== obj-c++ tests ===
Running target unix
FAIL: obj-c++.dg/bitfield-1.mm (internal compiler error)
FAIL: obj-c++.dg/bitfield-1.mm (test for excess errors)
WARNING: obj-c++.dg/bitfield-1.mm compilation failed to produce executable
FAIL: obj-c++.dg/comp-types-10.mm (internal compiler error)
FAIL: obj-c++.dg/comp-types-10.mm (test for excess errors)
FAIL: obj-c++.dg/cxx-ivars-2.mm execution test
FAIL: obj-c++.dg/encode-2.mm scan-assembler {Vec<float>=ffi}
FAIL: obj-c++.dg/encode-2.mm scan-assembler {Vec<double>=ddi}
FAIL: obj-c++.dg/encode-3.mm execution test
FAIL: obj-c++.dg/encode-8.mm execution test
FAIL: obj-c++.dg/gnu-runtime-2.mm (test for excess errors)
FAIL: obj-c++.dg/isa-field-1.mm (test for excess errors)
FAIL: obj-c++.dg/lookup-2.mm (test for excess errors)
WARNING: obj-c++.dg/lookup-2.mm compilation failed to produce executable
FAIL: obj-c++.dg/try-catch-2.mm (test for excess errors)
WARNING: obj-c++.dg/try-catch-2.mm compilation failed to produce executable
FAIL: obj-c++.dg/try-catch-9.mm (internal compiler error)
FAIL: obj-c++.dg/try-catch-9.mm (test for excess errors)
WARNING: obj-c++.dg/try-catch-9.mm compilation failed to produce executable
=== obj-c++ Summary ===
# of expected passes 422
# of unexpected failures 15
# of unsupported tests 13
/tmp/kg/basel/build/gcc/testsuite/obj-c++/../../g++ version 4.3.0 20070902 (experimental) (GCC)
=== objc tests ===
Running target unix
FAIL: objc/execute/exceptions/foward-1.m execution, -O3 -fomit-frame-pointer -funroll-loops -fgnu-runtime
FAIL: objc/execute/exceptions/foward-1.m execution, -O3 -fomit-frame-pointer -funroll-all-loops -finline-functions -fgnu-runtime
=== objc Summary ===
# of expected passes 1810
# of unexpected failures 2
# of expected failures 7
# of unsupported tests 24
/tmp/kg/basel/build/gcc/xgcc version 4.3.0 20070902 (experimental) (GCC)
=== treelang tests ===
Running target unix
=== treelang Summary ===
# of expected passes 52
=== libffi tests ===
Running target unix
FAIL: libffi.call/return_sc.c -O0 -W -Wall execution test
=== libffi Summary ===
# of expected passes 1107
# of unexpected failures 1
# of unsupported tests 8
=== libgomp tests ===
Running target unix
FAIL: libgomp.c++/ctor-5.C -O0 (test for excess errors)
WARNING: libgomp.c++/ctor-5.C -O0 compilation failed to produce executable
FAIL: libgomp.c++/ctor-5.C -O1 (test for excess errors)
WARNING: libgomp.c++/ctor-5.C -O1 compilation failed to produce executable
FAIL: libgomp.c++/ctor-5.C -O2 (test for excess errors)
WARNING: libgomp.c++/ctor-5.C -O2 compilation failed to produce executable
FAIL: libgomp.c++/ctor-5.C -O3 -fomit-frame-pointer (test for excess errors)
WARNING: libgomp.c++/ctor-5.C -O3 -fomit-frame-pointer compilation failed to produce executable
FAIL: libgomp.c++/ctor-5.C -O3 -fomit-frame-pointer -funroll-loops (test for excess errors)
WARNING: libgomp.c++/ctor-5.C -O3 -fomit-frame-pointer -funroll-loops compilation failed to produce executable
FAIL: libgomp.c++/ctor-5.C -O3 -fomit-frame-pointer -funroll-all-loops -finline-functions (test for excess errors)
WARNING: libgomp.c++/ctor-5.C -O3 -fomit-frame-pointer -funroll-all-loops -finline-functions compilation failed to produce executable
FAIL: libgomp.c++/ctor-5.C -O3 -g (test for excess errors)
WARNING: libgomp.c++/ctor-5.C -O3 -g compilation failed to produce executable
FAIL: libgomp.c++/ctor-5.C -Os (test for excess errors)
WARNING: libgomp.c++/ctor-5.C -Os compilation failed to produce executable
FAIL: libgomp.c++/ctor-8.C -O0 (test for excess errors)
WARNING: libgomp.c++/ctor-8.C -O0 compilation failed to produce executable
FAIL: libgomp.c++/ctor-8.C -O1 (test for excess errors)
WARNING: libgomp.c++/ctor-8.C -O1 compilation failed to produce executable
FAIL: libgomp.c++/ctor-8.C -O2 (test for excess errors)
WARNING: libgomp.c++/ctor-8.C -O2 compilation failed to produce executable
FAIL: libgomp.c++/ctor-8.C -O3 -fomit-frame-pointer (test for excess errors)
WARNING: libgomp.c++/ctor-8.C -O3 -fomit-frame-pointer compilation failed to produce executable
FAIL: libgomp.c++/ctor-8.C -O3 -fomit-frame-pointer -funroll-loops (test for excess errors)
WARNING: libgomp.c++/ctor-8.C -O3 -fomit-frame-pointer -funroll-loops compilation failed to produce executable
FAIL: libgomp.c++/ctor-8.C -O3 -fomit-frame-pointer -funroll-all-loops -finline-functions (test for excess errors)
WARNING: libgomp.c++/ctor-8.C -O3 -fomit-frame-pointer -funroll-all-loops -finline-functions compilation failed to produce executable
FAIL: libgomp.c++/ctor-8.C -O3 -g (test for excess errors)
WARNING: libgomp.c++/ctor-8.C -O3 -g compilation failed to produce executable
FAIL: libgomp.c++/ctor-8.C -Os (test for excess errors)
WARNING: libgomp.c++/ctor-8.C -Os compilation failed to produce executable
FAIL: libgomp.c++/ctor-9.C -O0 (test for excess errors)
WARNING: libgomp.c++/ctor-9.C -O0 compilation failed to produce executable
FAIL: libgomp.c++/ctor-9.C -O1 (test for excess errors)
WARNING: libgomp.c++/ctor-9.C -O1 compilation failed to produce executable
FAIL: libgomp.c++/ctor-9.C -O2 (test for excess errors)
WARNING: libgomp.c++/ctor-9.C -O2 compilation failed to produce executable
FAIL: libgomp.c++/ctor-9.C -O3 -fomit-frame-pointer (test for excess errors)
WARNING: libgomp.c++/ctor-9.C -O3 -fomit-frame-pointer compilation failed to produce executable
FAIL: libgomp.c++/ctor-9.C -O3 -fomit-frame-pointer -funroll-loops (test for excess errors)
WARNING: libgomp.c++/ctor-9.C -O3 -fomit-frame-pointer -funroll-loops compilation failed to produce executable
FAIL: libgomp.c++/ctor-9.C -O3 -fomit-frame-pointer -funroll-all-loops -finline-functions (test for excess errors)
WARNING: libgomp.c++/ctor-9.C -O3 -fomit-frame-pointer -funroll-all-loops -finline-functions compilation failed to produce executable
FAIL: libgomp.c++/ctor-9.C -O3 -g (test for excess errors)
WARNING: libgomp.c++/ctor-9.C -O3 -g compilation failed to produce executable
FAIL: libgomp.c++/ctor-9.C -Os (test for excess errors)
WARNING: libgomp.c++/ctor-9.C -Os compilation failed to produce executable
FAIL: libgomp.fortran/appendix-a/a.22.7.f90 -O0 (test for excess errors)
WARNING: libgomp.fortran/appendix-a/a.22.7.f90 -O0 compilation failed to produce executable
FAIL: libgomp.fortran/appendix-a/a.22.7.f90 -O1 (test for excess errors)
WARNING: libgomp.fortran/appendix-a/a.22.7.f90 -O1 compilation failed to produce executable
FAIL: libgomp.fortran/appendix-a/a.22.7.f90 -O2 (test for excess errors)
WARNING: libgomp.fortran/appendix-a/a.22.7.f90 -O2 compilation failed to produce executable
FAIL: libgomp.fortran/appendix-a/a.22.7.f90 -O3 -fomit-frame-pointer (test for excess errors)
WARNING: libgomp.fortran/appendix-a/a.22.7.f90 -O3 -fomit-frame-pointer compilation failed to produce executable
FAIL: libgomp.fortran/appendix-a/a.22.7.f90 -O3 -fomit-frame-pointer -funroll-loops (test for excess errors)
WARNING: libgomp.fortran/appendix-a/a.22.7.f90 -O3 -fomit-frame-pointer -funroll-loops compilation failed to produce executable
FAIL: libgomp.fortran/appendix-a/a.22.7.f90 -O3 -fomit-frame-pointer -funroll-all-loops -finline-functions (test for excess errors)
WARNING: libgomp.fortran/appendix-a/a.22.7.f90 -O3 -fomit-frame-pointer -funroll-all-loops -finline-functions compilation failed to produce executable
FAIL: libgomp.fortran/appendix-a/a.22.7.f90 -O3 -g (test for excess errors)
WARNING: libgomp.fortran/appendix-a/a.22.7.f90 -O3 -g compilation failed to produce executable
FAIL: libgomp.fortran/appendix-a/a.22.7.f90 -Os (test for excess errors)
WARNING: libgomp.fortran/appendix-a/a.22.7.f90 -Os compilation failed to produce executable
FAIL: libgomp.fortran/crayptr2.f90 -O0 (test for excess errors)
WARNING: libgomp.fortran/crayptr2.f90 -O0 compilation failed to produce executable
FAIL: libgomp.fortran/crayptr2.f90 -O1 (test for excess errors)
WARNING: libgomp.fortran/crayptr2.f90 -O1 compilation failed to produce executable
FAIL: libgomp.fortran/crayptr2.f90 -O2 (test for excess errors)
WARNING: libgomp.fortran/crayptr2.f90 -O2 compilation failed to produce executable
FAIL: libgomp.fortran/crayptr2.f90 -O3 -fomit-frame-pointer (test for excess errors)
WARNING: libgomp.fortran/crayptr2.f90 -O3 -fomit-frame-pointer compilation failed to produce executable
FAIL: libgomp.fortran/crayptr2.f90 -O3 -fomit-frame-pointer -funroll-loops (test for excess errors)
WARNING: libgomp.fortran/crayptr2.f90 -O3 -fomit-frame-pointer -funroll-loops compilation failed to produce executable
FAIL: libgomp.fortran/crayptr2.f90 -O3 -fomit-frame-pointer -funroll-all-loops -finline-functions (test for excess errors)
WARNING: libgomp.fortran/crayptr2.f90 -O3 -fomit-frame-pointer -funroll-all-loops -finline-functions compilation failed to produce executable
FAIL: libgomp.fortran/crayptr2.f90 -O3 -g (test for excess errors)
WARNING: libgomp.fortran/crayptr2.f90 -O3 -g compilation failed to produce executable
FAIL: libgomp.fortran/crayptr2.f90 -Os (test for excess errors)
WARNING: libgomp.fortran/crayptr2.f90 -Os compilation failed to produce executable
FAIL: libgomp.fortran/omp_parse3.f90 -O0 (test for excess errors)
WARNING: libgomp.fortran/omp_parse3.f90 -O0 compilation failed to produce executable
FAIL: libgomp.fortran/omp_parse3.f90 -O1 (test for excess errors)
WARNING: libgomp.fortran/omp_parse3.f90 -O1 compilation failed to produce executable
FAIL: libgomp.fortran/omp_parse3.f90 -O2 (test for excess errors)
WARNING: libgomp.fortran/omp_parse3.f90 -O2 compilation failed to produce executable
FAIL: libgomp.fortran/omp_parse3.f90 -O3 -fomit-frame-pointer (test for excess errors)
WARNING: libgomp.fortran/omp_parse3.f90 -O3 -fomit-frame-pointer compilation failed to produce executable
FAIL: libgomp.fortran/omp_parse3.f90 -O3 -fomit-frame-pointer -funroll-loops (test for excess errors)
WARNING: libgomp.fortran/omp_parse3.f90 -O3 -fomit-frame-pointer -funroll-loops compilation failed to produce executable
FAIL: libgomp.fortran/omp_parse3.f90 -O3 -fomit-frame-pointer -funroll-all-loops -finline-functions (test for excess errors)
WARNING: libgomp.fortran/omp_parse3.f90 -O3 -fomit-frame-pointer -funroll-all-loops -finline-functions compilation failed to produce executable
FAIL: libgomp.fortran/omp_parse3.f90 -O3 -g (test for excess errors)
WARNING: libgomp.fortran/omp_parse3.f90 -O3 -g compilation failed to produce executable
FAIL: libgomp.fortran/omp_parse3.f90 -Os (test for excess errors)
WARNING: libgomp.fortran/omp_parse3.f90 -Os compilation failed to produce executable
FAIL: libgomp.fortran/pr32550.f90 -O0 (test for excess errors)
WARNING: libgomp.fortran/pr32550.f90 -O0 compilation failed to produce executable
FAIL: libgomp.fortran/pr32550.f90 -O1 (test for excess errors)
WARNING: libgomp.fortran/pr32550.f90 -O1 compilation failed to produce executable
FAIL: libgomp.fortran/pr32550.f90 -O2 (test for excess errors)
WARNING: libgomp.fortran/pr32550.f90 -O2 compilation failed to produce executable
FAIL: libgomp.fortran/pr32550.f90 -O3 -fomit-frame-pointer (test for excess errors)
WARNING: libgomp.fortran/pr32550.f90 -O3 -fomit-frame-pointer compilation failed to produce executable
FAIL: libgomp.fortran/pr32550.f90 -O3 -fomit-frame-pointer -funroll-loops (test for excess errors)
WARNING: libgomp.fortran/pr32550.f90 -O3 -fomit-frame-pointer -funroll-loops compilation failed to produce executable
FAIL: libgomp.fortran/pr32550.f90 -O3 -fomit-frame-pointer -funroll-all-loops -finline-functions (test for excess errors)
WARNING: libgomp.fortran/pr32550.f90 -O3 -fomit-frame-pointer -funroll-all-loops -finline-functions compilation failed to produce executable
FAIL: libgomp.fortran/pr32550.f90 -O3 -g (test for excess errors)
WARNING: libgomp.fortran/pr32550.f90 -O3 -g compilation failed to produce executable
FAIL: libgomp.fortran/pr32550.f90 -Os (test for excess errors)
WARNING: libgomp.fortran/pr32550.f90 -Os compilation failed to produce executable
FAIL: libgomp.fortran/threadprivate2.f90 -O0 (test for excess errors)
WARNING: libgomp.fortran/threadprivate2.f90 -O0 compilation failed to produce executable
FAIL: libgomp.fortran/threadprivate2.f90 -O1 (test for excess errors)
WARNING: libgomp.fortran/threadprivate2.f90 -O1 compilation failed to produce executable
FAIL: libgomp.fortran/threadprivate2.f90 -O2 (test for excess errors)
WARNING: libgomp.fortran/threadprivate2.f90 -O2 compilation failed to produce executable
FAIL: libgomp.fortran/threadprivate2.f90 -O3 -fomit-frame-pointer (test for excess errors)
WARNING: libgomp.fortran/threadprivate2.f90 -O3 -fomit-frame-pointer compilation failed to produce executable
FAIL: libgomp.fortran/threadprivate2.f90 -O3 -fomit-frame-pointer -funroll-loops (test for excess errors)
WARNING: libgomp.fortran/threadprivate2.f90 -O3 -fomit-frame-pointer -funroll-loops compilation failed to produce executable
FAIL: libgomp.fortran/threadprivate2.f90 -O3 -fomit-frame-pointer -funroll-all-loops -finline-functions (test for excess errors)
WARNING: libgomp.fortran/threadprivate2.f90 -O3 -fomit-frame-pointer -funroll-all-loops -finline-functions compilation failed to produce executable
FAIL: libgomp.fortran/threadprivate2.f90 -O3 -g (test for excess errors)
WARNING: libgomp.fortran/threadprivate2.f90 -O3 -g compilation failed to produce executable
FAIL: libgomp.fortran/threadprivate2.f90 -Os (test for excess errors)
WARNING: libgomp.fortran/threadprivate2.f90 -Os compilation failed to produce executable
FAIL: libgomp.fortran/threadprivate3.f90 -O0 (test for excess errors)
WARNING: libgomp.fortran/threadprivate3.f90 -O0 compilation failed to produce executable
FAIL: libgomp.fortran/threadprivate3.f90 -O1 (test for excess errors)
WARNING: libgomp.fortran/threadprivate3.f90 -O1 compilation failed to produce executable
FAIL: libgomp.fortran/threadprivate3.f90 -O2 (test for excess errors)
WARNING: libgomp.fortran/threadprivate3.f90 -O2 compilation failed to produce executable
FAIL: libgomp.fortran/threadprivate3.f90 -O3 -fomit-frame-pointer (test for excess errors)
WARNING: libgomp.fortran/threadprivate3.f90 -O3 -fomit-frame-pointer compilation failed to produce executable
FAIL: libgomp.fortran/threadprivate3.f90 -O3 -fomit-frame-pointer -funroll-loops (test for excess errors)
WARNING: libgomp.fortran/threadprivate3.f90 -O3 -fomit-frame-pointer -funroll-loops compilation failed to produce executable
FAIL: libgomp.fortran/threadprivate3.f90 -O3 -fomit-frame-pointer -funroll-all-loops -finline-functions (test for excess errors)
WARNING: libgomp.fortran/threadprivate3.f90 -O3 -fomit-frame-pointer -funroll-all-loops -finline-functions compilation failed to produce executable
FAIL: libgomp.fortran/threadprivate3.f90 -O3 -g (test for excess errors)
WARNING: libgomp.fortran/threadprivate3.f90 -O3 -g compilation failed to produce executable
FAIL: libgomp.fortran/threadprivate3.f90 -Os (test for excess errors)
WARNING: libgomp.fortran/threadprivate3.f90 -Os compilation failed to produce executable
=== libgomp Summary ===
# of expected passes 1449
# of unexpected failures 72
# of unsupported tests 7
=== libjava tests ===
Running target unix
FAIL: InvokeInterface execution - source compiled test
FAIL: InvokeInterface -O3 execution - source compiled test
FAIL: N19990310_02 -O3 output - source compiled test
FAIL: N19990310_02 -O3 -findirect-dispatch output - source compiled test
=== libjava Summary ===
# of expected passes 2532
# of unexpected failures 4
# of untested testcases 2
=== libstdc++ tests ===
Running target unix
FAIL: 23_containers/bitset/cons/16020.cc execution test
XPASS: 27_io/basic_istream/extractors_arithmetic/char/12.cc execution test
XPASS: 27_io/basic_istream/extractors_arithmetic/wchar_t/12.cc execution test
FAIL: ext/enc_filebuf/char/13598.cc execution test
FAIL: tr1/6_containers/hash/operators/size_t.cc execution test
=== libstdc++ Summary ===
# of expected passes 4446
# of unexpected failures 3
# of unexpected successes 2
# of expected failures 57
# of unsupported tests 359
Compiler version: 4.3.0 20070902 (experimental) (GCC)
Platform: sparc-sun-solaris2.10
configure flags: --verbose --enable-languages=c,c++,objc,f95,obj-c++,java,treelang --with-local-prefix=/usr/local/gnu --without-libiconv-prefix --with-mpfr=/caip/u12/kishgcc/gcc-testing/421-221/_gmp
More information about the Gcc-testresults
mailing list