Results for 4.3.0 20071030 (experimental) [trunk revision 129775] (GCC) testsuite on i686-pc-linux-gnu
Joey Ye
jye2@shgcc-1.sh.intel.com
Tue Oct 30 21:12:00 GMT 2007
LAST_UPDATED: Tue Oct 30 17:01:59 UTC 2007 (revision 129775)
Native configuration is i686-pc-linux-gnu
=== g++ tests ===
Running target unix
=== g++ Summary ===
# of expected passes 16879
# of expected failures 85
# of unsupported tests 88
/home/jye2/gcc/build-daily/gcc/testsuite/g++/../../g++ version 4.3.0 20071030 (experimental) [trunk revision 129775] (GCC)
=== gcc tests ===
Running target unix
FAIL: gcc.c-torture/execute/mayalias-2.c compilation, -O3 -g (internal compiler error)
UNRESOLVED: gcc.c-torture/execute/mayalias-2.c execution, -O3 -g
FAIL: gcc.c-torture/execute/mayalias-3.c compilation, -O3 -g (internal compiler error)
UNRESOLVED: gcc.c-torture/execute/mayalias-3.c execution, -O3 -g
WARNING: program timed out.
WARNING: program timed out.
WARNING: program timed out.
WARNING: program timed out.
WARNING: program timed out.
=== gcc Summary ===
# of expected passes 47721
# of unexpected failures 2
# of expected failures 175
# of unresolved testcases 2
# of untested testcases 35
# of unsupported tests 267
/home/jye2/gcc/build-daily/gcc/xgcc version 4.3.0 20071030 (experimental) [trunk revision 129775] (GCC)
=== gfortran tests ===
Running target unix
=== gfortran Summary ===
# of expected passes 21874
# of expected failures 9
# of unsupported tests 16
/home/jye2/gcc/build-daily/gcc/testsuite/gfortran/../../gfortran version 4.3.0 20071030 (experimental) [trunk revision 129775] (GCC)
=== objc tests ===
Running target unix
=== objc Summary ===
# of expected passes 1812
# of expected failures 7
# of unsupported tests 24
/home/jye2/gcc/build-daily/gcc/xgcc version 4.3.0 20071030 (experimental) [trunk revision 129775] (GCC)
=== libffi tests ===
Running target unix
=== libffi Summary ===
# of expected passes 1108
# of unsupported tests 8
=== libgomp tests ===
Running target unix
=== libgomp Summary ===
# of expected passes 1623
=== libjava tests ===
Running target unix
=== libjava Summary ===
# of expected passes 2550
=== libmudflap tests ===
Running target unix
FAIL: libmudflap.c++/pass41-frag.cxx execution test
FAIL: libmudflap.c++/pass41-frag.cxx (-static) execution test
FAIL: libmudflap.c++/pass41-frag.cxx ( -O) execution test
FAIL: libmudflap.c++/pass41-frag.cxx (-O2) execution test
FAIL: libmudflap.c++/pass41-frag.cxx (-O3) execution test
=== libmudflap Summary ===
# of expected passes 1821
# of unexpected failures 5
=== libstdc++ tests ===
Running target unix
XPASS: 26_numerics/headers/cmath/c99_classification_macros_c.cc (test for excess errors)
=== libstdc++ Summary ===
# of expected passes 5446
# of unexpected successes 1
# of expected failures 57
# of unsupported tests 16
Compiler version: 4.3.0 20071030 (experimental) [trunk revision 129775] (GCC)
Platform: i686-pc-linux-gnu
configure flags: --enable-clocale=gnu --with-system-zlib --enable-decimal-float=bid --with-demangler-in-ld --enable-shared --enable-threads=posix --enable-haifa --enable-checking=assert
More information about the Gcc-testresults
mailing list