Results for 4.1.3 20071018 (prerelease) gcc testsuite on arm-unknown-elf
Mike Stein
mstein@phenix.rootshell.be
Fri Oct 19 21:50:00 GMT 2007
Debian 4 on x86_64
cross tool versions:
GNU assembler (GNU Binutils) 2.18.50.20071006
GNU gdb 6.7.50-20071006-cvs
GNU ld (GNU Binutils) 2.18.50.20071006
GNU Make 3.81
expect version 5.43.0
host gcc version: gcc (GCC) 4.3.0 20071018 (experimental) [trunk revision 129463]
LAST_UPDATED: Thu Oct 18 22:03:23 UTC 2007 (revision 129463)
Target is arm-unknown-elf
Host is x86_64-unknown-linux-gnu
=== gcc tests ===
Running target arm-sim
FAIL: gcc.dg/intmax_t-1.c (test for errors, line )
FAIL: gcc.dg/pragma-pack-3.c execution test
FAIL: gcc.dg/tls/alias-1.c (test for excess errors)
FAIL: gcc.dg/tls/opt-2.c (test for excess errors)
FAIL: gcc.target/arm/pr27387.C (test for excess errors)
ERROR: gcc.target/arm/pr27387.C: error executing dg-final: couldn't open "pr27387.s": no such file or directory
UNRESOLVED: gcc.target/arm/pr27387.C: error executing dg-final: couldn't open "pr27387.s": no such file or directory
=== gcc Summary ===
# of expected passes 37887
# of unexpected failures 5
# of expected failures 77
# of unresolved testcases 1
# of untested testcases 28
# of unsupported tests 354
/home/mstein/sim/arm-elf/build/gcc/xgcc version 4.1.3 20071018 (prerelease)
Compiler version: 4.1.3 20071018 (prerelease) gcc
Platform: arm-unknown-elf
configure flags: --target=arm-elf --prefix=/n/11/mstein/cross-local/arm-elf --disable-nls --disable-build-warnings --with-ld=/n/11/mstein/cross-local/arm-elf/bin/arm-elf-ld --with-as=/n/11/mstein/cross-local/arm-elf/bin/arm-elf-as --disable-libssp --enable-languages=c
More information about the Gcc-testresults
mailing list