Results for 4.3.020071018(experimental)[trunkrevision129442](GCC) testsuite on cris-axis-elf
Hans-Peter Nilsson
hans-peter.nilsson@axis.com
Thu Oct 18 18:02:00 GMT 2007
LAST_UPDATED: Thu Oct 18 15:40:13 UTC 2007 (revision 129442)
Target is cris-axis-elf
Host is cris-axis-elf
=== libstdc++ tests ===
Running target cris-sim
XPASS: 26_numerics/headers/cmath/c99_classification_macros_c.cc (test for excess errors)
FAIL: 27_io/basic_filebuf/seekoff/12790-1.cc execution test
FAIL: 27_io/basic_filebuf/seekoff/12790-3.cc execution test
FAIL: 27_io/basic_filebuf/seekoff/char/1-in.cc execution test
FAIL: 27_io/basic_filebuf/seekoff/char/1-io.cc execution test
FAIL: 27_io/basic_filebuf/sputbackc/char/1-io.cc execution test
FAIL: 27_io/basic_filebuf/sputbackc/char/2-in.cc execution test
FAIL: 27_io/basic_filebuf/sputbackc/char/2-io.cc execution test
FAIL: 27_io/basic_filebuf/sungetc/char/1-in.cc execution test
FAIL: 27_io/basic_filebuf/sungetc/char/1-io.cc execution test
FAIL: 27_io/basic_filebuf/sungetc/char/2-in.cc execution test
FAIL: 27_io/basic_filebuf/sungetc/char/2-io.cc execution test
FAIL: 27_io/objects/char/6.cc execution test
=== libstdc++ Summary ===
# of expected passes 3817
# of unexpected failures 12
# of unexpected successes 1
# of expected failures 55
# of unsupported tests 211
Host is x86_64-unknown-linux-gnu
=== newlib tests ===
Running target cris-sim
FAIL: newlib.iconv/iconvjp.c compilation
UNRESOLVED: newlib.iconv/iconvjp.c execution
FAIL: newlib.iconv/iconvnm.c compilation
UNRESOLVED: newlib.iconv/iconvnm.c execution
FAIL: newlib.iconv/iconvru.c compilation
UNRESOLVED: newlib.iconv/iconvru.c execution
FAIL: newlib.locale/UTF-8.c compilation
UNRESOLVED: newlib.locale/UTF-8.c output
FAIL: newlib.search/hsearchtest.c compilation
UNRESOLVED: newlib.search/hsearchtest.c execution
FAIL: newlib.stdlib/atexit.c compilation
UNRESOLVED: newlib.stdlib/atexit.c output
FAIL: newlib.string/tstring.c compilation
UNRESOLVED: newlib.string/tstring.c execution
FAIL: newlib.string/memmove1.c compilation
UNRESOLVED: newlib.string/memmove1.c execution
FAIL: newlib.wctype/tiswctype.c compilation
UNRESOLVED: newlib.wctype/tiswctype.c execution
FAIL: newlib.wctype/twctype.c compilation
UNRESOLVED: newlib.wctype/twctype.c execution
FAIL: newlib.wctype/twctrans.c compilation
UNRESOLVED: newlib.wctype/twctrans.c execution
=== newlib Summary ===
# of unexpected failures 11
# of unresolved testcases 11
Host is x86_64-unknown-linux-gnu
=== newlib tests ===
Running target cris-sim
FAIL: newlib.iconv/iconvjp.c compilation
UNRESOLVED: newlib.iconv/iconvjp.c execution
FAIL: newlib.iconv/iconvnm.c compilation
UNRESOLVED: newlib.iconv/iconvnm.c execution
FAIL: newlib.iconv/iconvru.c compilation
UNRESOLVED: newlib.iconv/iconvru.c execution
FAIL: newlib.locale/UTF-8.c compilation
UNRESOLVED: newlib.locale/UTF-8.c output
FAIL: newlib.search/hsearchtest.c compilation
UNRESOLVED: newlib.search/hsearchtest.c execution
FAIL: newlib.stdlib/atexit.c compilation
UNRESOLVED: newlib.stdlib/atexit.c output
FAIL: newlib.string/tstring.c compilation
UNRESOLVED: newlib.string/tstring.c execution
FAIL: newlib.string/memmove1.c compilation
UNRESOLVED: newlib.string/memmove1.c execution
FAIL: newlib.wctype/tiswctype.c compilation
UNRESOLVED: newlib.wctype/tiswctype.c execution
FAIL: newlib.wctype/twctype.c compilation
UNRESOLVED: newlib.wctype/twctype.c execution
FAIL: newlib.wctype/twctrans.c compilation
UNRESOLVED: newlib.wctype/twctrans.c execution
=== newlib Summary ===
# of unexpected failures 11
# of unresolved testcases 11
Host is x86_64-unknown-linux-gnu
=== g++ tests ===
Running target cris-sim
FAIL: g++.dg/abi/bitfield12.C (test for warnings, line 3)
FAIL: g++.dg/abi/vbase10.C (test for warnings, line 13)
XPASS: g++.dg/tree-ssa/copyprop-1.C scan-tree-dump-not .* = [^>;]*;
FAIL: g++.old-deja/g++.robertl/eb130.C (test for excess errors)
=== g++ Summary ===
# of expected passes 16147
# of unexpected failures 3
# of unexpected successes 1
# of expected failures 83
# of unsupported tests 201
/tmp/hpautotest-gcc1/cris-elf/gccobj/gcc/testsuite/g++/../../g++ version 4.3.0 20071018 (experimental) [trunk revision 129442] (GCC)
Host is x86_64-unknown-linux-gnu
=== gcc tests ===
Running target cris-sim
FAIL: gcc.c-torture/execute/mayalias-2.c compilation, -O3 -g (internal compiler error)
UNRESOLVED: gcc.c-torture/execute/mayalias-2.c execution, -O3 -g
FAIL: gcc.c-torture/execute/mayalias-3.c compilation, -O3 -g (internal compiler error)
UNRESOLVED: gcc.c-torture/execute/mayalias-3.c execution, -O3 -g
FAIL: gcc.dg/cleanup-12.c execution test
FAIL: gcc.dg/large-size-array-2.c (internal compiler error)
FAIL: gcc.dg/large-size-array-2.c (test for errors, line 6)
FAIL: gcc.dg/large-size-array-2.c (test for excess errors)
FAIL: gcc.dg/large-size-array-4.c (internal compiler error)
FAIL: gcc.dg/large-size-array-4.c (test for errors, line 6)
FAIL: gcc.dg/large-size-array-4.c (test for excess errors)
FAIL: gcc.dg/pr30643.c scan-assembler-not undefined
FAIL: gcc.dg/pr30957-1.c scan-rtl-dump Expanding Accumulator
FAIL: gcc.dg/setjmp-1.c spurious clobbered warning (test for bogus messages, line 16)
FAIL: gcc.dg/trampoline-1.c execution test
FAIL: gcc.dg/var-expand1.c scan-rtl-dump Expanding Accumulator
XPASS: gcc.dg/tree-ssa/update-threading.c scan-tree-dump-times Invalid sum 0
=== gcc Summary ===
# of expected passes 43748
# of unexpected failures 14
# of unexpected successes 1
# of expected failures 88
# of unresolved testcases 2
# of untested testcases 35
# of unsupported tests 416
/tmp/hpautotest-gcc1/cris-elf/gccobj/gcc/xgcc version 4.3.0 20071018 (experimental) [trunk revision 129442] (GCC)
Host is x86_64-unknown-linux-gnu
=== objc tests ===
Running target cris-sim
=== objc Summary ===
# of expected passes 1812
# of expected failures 7
# of unsupported tests 24
/tmp/hpautotest-gcc1/cris-elf/gccobj/gcc/xgcc version 4.3.0 20071018 (experimental) [trunk revision 129442] (GCC)
Compiler version: 4.3.020071018(experimental)[trunkrevision129442](GCC)
Platform: cris-axis-elf
configure flags: --prefix=/tmp/hpautotest-gcc1/cris-elf/pre --target=cris-elf --with-gnu-ld --with-gnu-as --with-newlib
More information about the Gcc-testresults
mailing list