Results for 4.3.0 20071126 (experimental) (GCC) testsuite on i686-pc-linux-gnu
GCC regression tester
regress@geoffk.org
Mon Nov 26 01:25:00 GMT 2007
This build run by an automatic regression tester.
See <http://glutton.geoffk.org/HEAD/> for more information.
Date: 2007-11-26T00:20:41Z
Revision: 130421
URL: svn://gcc.gnu.org/svn/gcc/trunk
Status: pass
Prev-Endtime: 2007-11-25T23:22:55Z
LAST_UPDATED:
Native configuration is i686-pc-linux-gnu
=== g++ tests ===
Running target unix
XPASS: g++.old-deja/g++.mike/empty.C suggest (test for bogus messages, line 19)
XPASS: g++.old-deja/g++.mike/empty.C suggest (test for bogus messages, line 20)
=== g++ Summary ===
# of expected passes 17048
# of unexpected successes 2
# of expected failures 83
# of unsupported tests 88
/home/regress/tbox/native/build/gcc/testsuite/g++/../../g++ version 4.3.0 20071126 (experimental) (GCC)
=== gcc tests ===
Running target unix
=== gcc Summary ===
# of expected passes 47911
# of expected failures 169
# of untested testcases 35
# of unsupported tests 344
/home/regress/tbox/native/build/gcc/xgcc version 4.3.0 20071126 (experimental) (GCC)
=== gfortran tests ===
Running target unix
FAIL: gfortran.dg/bind_c_usage_16.f03 -O0 execution test
FAIL: gfortran.dg/bind_c_usage_16.f03 -O1 execution test
FAIL: gfortran.dg/bind_c_usage_16.f03 -O2 execution test
FAIL: gfortran.dg/bind_c_usage_16.f03 -O3 -fomit-frame-pointer execution test
FAIL: gfortran.dg/bind_c_usage_16.f03 -O3 -fomit-frame-pointer -funroll-loops execution test
FAIL: gfortran.dg/bind_c_usage_16.f03 -O3 -fomit-frame-pointer -funroll-all-loops -finline-functions execution test
FAIL: gfortran.dg/bind_c_usage_16.f03 -O3 -g execution test
FAIL: gfortran.dg/bind_c_usage_16.f03 -Os execution test
=== gfortran Summary ===
# of expected passes 22283
# of unexpected failures 8
# of expected failures 8
# of unsupported tests 16
/home/regress/tbox/native/build/gcc/testsuite/gfortran/../../gfortran version 4.3.0 20071126 (experimental) (GCC)
=== objc tests ===
Running target unix
=== objc Summary ===
# of expected passes 1812
# of expected failures 7
# of unsupported tests 24
/home/regress/tbox/native/build/gcc/xgcc version 4.3.0 20071126 (experimental) (GCC)
=== libffi tests ===
Running target unix
=== libffi Summary ===
# of expected passes 1116
# of unsupported tests 8
=== libgomp tests ===
Running target unix
FAIL: libgomp.fortran/character1.f90 -O0 (internal compiler error)
FAIL: libgomp.fortran/character1.f90 -O0 (test for excess errors)
WARNING: libgomp.fortran/character1.f90 -O0 compilation failed to produce executable
FAIL: libgomp.fortran/character1.f90 -O1 (internal compiler error)
FAIL: libgomp.fortran/character1.f90 -O1 (test for excess errors)
WARNING: libgomp.fortran/character1.f90 -O1 compilation failed to produce executable
FAIL: libgomp.fortran/character1.f90 -O2 (internal compiler error)
FAIL: libgomp.fortran/character1.f90 -O2 (test for excess errors)
WARNING: libgomp.fortran/character1.f90 -O2 compilation failed to produce executable
FAIL: libgomp.fortran/character1.f90 -O3 -fomit-frame-pointer (internal compiler error)
FAIL: libgomp.fortran/character1.f90 -O3 -fomit-frame-pointer (test for excess errors)
WARNING: libgomp.fortran/character1.f90 -O3 -fomit-frame-pointer compilation failed to produce executable
FAIL: libgomp.fortran/character1.f90 -O3 -fomit-frame-pointer -funroll-loops (internal compiler error)
FAIL: libgomp.fortran/character1.f90 -O3 -fomit-frame-pointer -funroll-loops (test for excess errors)
WARNING: libgomp.fortran/character1.f90 -O3 -fomit-frame-pointer -funroll-loops compilation failed to produce executable
FAIL: libgomp.fortran/character1.f90 -O3 -fomit-frame-pointer -funroll-all-loops -finline-functions (internal compiler error)
FAIL: libgomp.fortran/character1.f90 -O3 -fomit-frame-pointer -funroll-all-loops -finline-functions (test for excess errors)
WARNING: libgomp.fortran/character1.f90 -O3 -fomit-frame-pointer -funroll-all-loops -finline-functions compilation failed to produce executable
FAIL: libgomp.fortran/character1.f90 -O3 -g (internal compiler error)
FAIL: libgomp.fortran/character1.f90 -O3 -g (test for excess errors)
WARNING: libgomp.fortran/character1.f90 -O3 -g compilation failed to produce executable
FAIL: libgomp.fortran/character1.f90 -Os (internal compiler error)
FAIL: libgomp.fortran/character1.f90 -Os (test for excess errors)
WARNING: libgomp.fortran/character1.f90 -Os compilation failed to produce executable
FAIL: libgomp.fortran/character2.f90 -O0 (internal compiler error)
FAIL: libgomp.fortran/character2.f90 -O0 (test for excess errors)
WARNING: libgomp.fortran/character2.f90 -O0 compilation failed to produce executable
FAIL: libgomp.fortran/character2.f90 -O1 (internal compiler error)
FAIL: libgomp.fortran/character2.f90 -O1 (test for excess errors)
WARNING: libgomp.fortran/character2.f90 -O1 compilation failed to produce executable
FAIL: libgomp.fortran/character2.f90 -O2 (internal compiler error)
FAIL: libgomp.fortran/character2.f90 -O2 (test for excess errors)
WARNING: libgomp.fortran/character2.f90 -O2 compilation failed to produce executable
FAIL: libgomp.fortran/character2.f90 -O3 -fomit-frame-pointer (internal compiler error)
FAIL: libgomp.fortran/character2.f90 -O3 -fomit-frame-pointer (test for excess errors)
WARNING: libgomp.fortran/character2.f90 -O3 -fomit-frame-pointer compilation failed to produce executable
FAIL: libgomp.fortran/character2.f90 -O3 -fomit-frame-pointer -funroll-loops (internal compiler error)
FAIL: libgomp.fortran/character2.f90 -O3 -fomit-frame-pointer -funroll-loops (test for excess errors)
WARNING: libgomp.fortran/character2.f90 -O3 -fomit-frame-pointer -funroll-loops compilation failed to produce executable
FAIL: libgomp.fortran/character2.f90 -O3 -fomit-frame-pointer -funroll-all-loops -finline-functions (internal compiler error)
FAIL: libgomp.fortran/character2.f90 -O3 -fomit-frame-pointer -funroll-all-loops -finline-functions (test for excess errors)
WARNING: libgomp.fortran/character2.f90 -O3 -fomit-frame-pointer -funroll-all-loops -finline-functions compilation failed to produce executable
FAIL: libgomp.fortran/character2.f90 -O3 -g (internal compiler error)
FAIL: libgomp.fortran/character2.f90 -O3 -g (test for excess errors)
WARNING: libgomp.fortran/character2.f90 -O3 -g compilation failed to produce executable
FAIL: libgomp.fortran/character2.f90 -Os (internal compiler error)
FAIL: libgomp.fortran/character2.f90 -Os (test for excess errors)
WARNING: libgomp.fortran/character2.f90 -Os compilation failed to produce executable
FAIL: libgomp.fortran/vla1.f90 -O0 (internal compiler error)
FAIL: libgomp.fortran/vla1.f90 -O0 (test for excess errors)
WARNING: libgomp.fortran/vla1.f90 -O0 compilation failed to produce executable
FAIL: libgomp.fortran/vla1.f90 -O1 (internal compiler error)
FAIL: libgomp.fortran/vla1.f90 -O1 (test for excess errors)
WARNING: libgomp.fortran/vla1.f90 -O1 compilation failed to produce executable
FAIL: libgomp.fortran/vla1.f90 -O2 (internal compiler error)
FAIL: libgomp.fortran/vla1.f90 -O2 (test for excess errors)
WARNING: libgomp.fortran/vla1.f90 -O2 compilation failed to produce executable
FAIL: libgomp.fortran/vla1.f90 -O3 -fomit-frame-pointer (internal compiler error)
FAIL: libgomp.fortran/vla1.f90 -O3 -fomit-frame-pointer (test for excess errors)
WARNING: libgomp.fortran/vla1.f90 -O3 -fomit-frame-pointer compilation failed to produce executable
FAIL: libgomp.fortran/vla1.f90 -O3 -fomit-frame-pointer -funroll-loops (internal compiler error)
FAIL: libgomp.fortran/vla1.f90 -O3 -fomit-frame-pointer -funroll-loops (test for excess errors)
WARNING: libgomp.fortran/vla1.f90 -O3 -fomit-frame-pointer -funroll-loops compilation failed to produce executable
FAIL: libgomp.fortran/vla1.f90 -O3 -fomit-frame-pointer -funroll-all-loops -finline-functions (internal compiler error)
FAIL: libgomp.fortran/vla1.f90 -O3 -fomit-frame-pointer -funroll-all-loops -finline-functions (test for excess errors)
WARNING: libgomp.fortran/vla1.f90 -O3 -fomit-frame-pointer -funroll-all-loops -finline-functions compilation failed to produce executable
FAIL: libgomp.fortran/vla1.f90 -O3 -g (internal compiler error)
FAIL: libgomp.fortran/vla1.f90 -O3 -g (test for excess errors)
WARNING: libgomp.fortran/vla1.f90 -O3 -g compilation failed to produce executable
FAIL: libgomp.fortran/vla1.f90 -Os (internal compiler error)
FAIL: libgomp.fortran/vla1.f90 -Os (test for excess errors)
WARNING: libgomp.fortran/vla1.f90 -Os compilation failed to produce executable
FAIL: libgomp.fortran/vla2.f90 -O0 (internal compiler error)
FAIL: libgomp.fortran/vla2.f90 -O0 (test for excess errors)
WARNING: libgomp.fortran/vla2.f90 -O0 compilation failed to produce executable
FAIL: libgomp.fortran/vla2.f90 -O1 (internal compiler error)
FAIL: libgomp.fortran/vla2.f90 -O1 (test for excess errors)
WARNING: libgomp.fortran/vla2.f90 -O1 compilation failed to produce executable
FAIL: libgomp.fortran/vla2.f90 -O2 (internal compiler error)
FAIL: libgomp.fortran/vla2.f90 -O2 (test for excess errors)
WARNING: libgomp.fortran/vla2.f90 -O2 compilation failed to produce executable
FAIL: libgomp.fortran/vla2.f90 -O3 -fomit-frame-pointer (internal compiler error)
FAIL: libgomp.fortran/vla2.f90 -O3 -fomit-frame-pointer (test for excess errors)
WARNING: libgomp.fortran/vla2.f90 -O3 -fomit-frame-pointer compilation failed to produce executable
FAIL: libgomp.fortran/vla2.f90 -O3 -fomit-frame-pointer -funroll-loops (internal compiler error)
FAIL: libgomp.fortran/vla2.f90 -O3 -fomit-frame-pointer -funroll-loops (test for excess errors)
WARNING: libgomp.fortran/vla2.f90 -O3 -fomit-frame-pointer -funroll-loops compilation failed to produce executable
FAIL: libgomp.fortran/vla2.f90 -O3 -fomit-frame-pointer -funroll-all-loops -finline-functions (internal compiler error)
FAIL: libgomp.fortran/vla2.f90 -O3 -fomit-frame-pointer -funroll-all-loops -finline-functions (test for excess errors)
WARNING: libgomp.fortran/vla2.f90 -O3 -fomit-frame-pointer -funroll-all-loops -finline-functions compilation failed to produce executable
FAIL: libgomp.fortran/vla2.f90 -O3 -g (internal compiler error)
FAIL: libgomp.fortran/vla2.f90 -O3 -g (test for excess errors)
WARNING: libgomp.fortran/vla2.f90 -O3 -g compilation failed to produce executable
FAIL: libgomp.fortran/vla2.f90 -Os (internal compiler error)
FAIL: libgomp.fortran/vla2.f90 -Os (test for excess errors)
WARNING: libgomp.fortran/vla2.f90 -Os compilation failed to produce executable
FAIL: libgomp.fortran/vla3.f90 -O0 (internal compiler error)
FAIL: libgomp.fortran/vla3.f90 -O0 (test for excess errors)
WARNING: libgomp.fortran/vla3.f90 -O0 compilation failed to produce executable
FAIL: libgomp.fortran/vla3.f90 -O1 (internal compiler error)
FAIL: libgomp.fortran/vla3.f90 -O1 (test for excess errors)
WARNING: libgomp.fortran/vla3.f90 -O1 compilation failed to produce executable
FAIL: libgomp.fortran/vla3.f90 -O2 (internal compiler error)
FAIL: libgomp.fortran/vla3.f90 -O2 (test for excess errors)
WARNING: libgomp.fortran/vla3.f90 -O2 compilation failed to produce executable
FAIL: libgomp.fortran/vla3.f90 -O3 -fomit-frame-pointer (internal compiler error)
FAIL: libgomp.fortran/vla3.f90 -O3 -fomit-frame-pointer (test for excess errors)
WARNING: libgomp.fortran/vla3.f90 -O3 -fomit-frame-pointer compilation failed to produce executable
FAIL: libgomp.fortran/vla3.f90 -O3 -fomit-frame-pointer -funroll-loops (internal compiler error)
FAIL: libgomp.fortran/vla3.f90 -O3 -fomit-frame-pointer -funroll-loops (test for excess errors)
WARNING: libgomp.fortran/vla3.f90 -O3 -fomit-frame-pointer -funroll-loops compilation failed to produce executable
FAIL: libgomp.fortran/vla3.f90 -O3 -fomit-frame-pointer -funroll-all-loops -finline-functions (internal compiler error)
FAIL: libgomp.fortran/vla3.f90 -O3 -fomit-frame-pointer -funroll-all-loops -finline-functions (test for excess errors)
WARNING: libgomp.fortran/vla3.f90 -O3 -fomit-frame-pointer -funroll-all-loops -finline-functions compilation failed to produce executable
FAIL: libgomp.fortran/vla3.f90 -O3 -g (internal compiler error)
FAIL: libgomp.fortran/vla3.f90 -O3 -g (test for excess errors)
WARNING: libgomp.fortran/vla3.f90 -O3 -g compilation failed to produce executable
FAIL: libgomp.fortran/vla3.f90 -Os (internal compiler error)
FAIL: libgomp.fortran/vla3.f90 -Os (test for excess errors)
WARNING: libgomp.fortran/vla3.f90 -Os compilation failed to produce executable
FAIL: libgomp.fortran/vla4.f90 -O0 (internal compiler error)
FAIL: libgomp.fortran/vla4.f90 -O0 (test for excess errors)
WARNING: libgomp.fortran/vla4.f90 -O0 compilation failed to produce executable
FAIL: libgomp.fortran/vla4.f90 -O1 (internal compiler error)
FAIL: libgomp.fortran/vla4.f90 -O1 (test for excess errors)
WARNING: libgomp.fortran/vla4.f90 -O1 compilation failed to produce executable
FAIL: libgomp.fortran/vla4.f90 -O2 (internal compiler error)
FAIL: libgomp.fortran/vla4.f90 -O2 (test for excess errors)
WARNING: libgomp.fortran/vla4.f90 -O2 compilation failed to produce executable
FAIL: libgomp.fortran/vla4.f90 -O3 -fomit-frame-pointer (internal compiler error)
FAIL: libgomp.fortran/vla4.f90 -O3 -fomit-frame-pointer (test for excess errors)
WARNING: libgomp.fortran/vla4.f90 -O3 -fomit-frame-pointer compilation failed to produce executable
FAIL: libgomp.fortran/vla4.f90 -O3 -fomit-frame-pointer -funroll-loops (internal compiler error)
FAIL: libgomp.fortran/vla4.f90 -O3 -fomit-frame-pointer -funroll-loops (test for excess errors)
WARNING: libgomp.fortran/vla4.f90 -O3 -fomit-frame-pointer -funroll-loops compilation failed to produce executable
FAIL: libgomp.fortran/vla4.f90 -O3 -fomit-frame-pointer -funroll-all-loops -finline-functions (internal compiler error)
FAIL: libgomp.fortran/vla4.f90 -O3 -fomit-frame-pointer -funroll-all-loops -finline-functions (test for excess errors)
WARNING: libgomp.fortran/vla4.f90 -O3 -fomit-frame-pointer -funroll-all-loops -finline-functions compilation failed to produce executable
FAIL: libgomp.fortran/vla4.f90 -O3 -g (internal compiler error)
FAIL: libgomp.fortran/vla4.f90 -O3 -g (test for excess errors)
WARNING: libgomp.fortran/vla4.f90 -O3 -g compilation failed to produce executable
FAIL: libgomp.fortran/vla4.f90 -Os (internal compiler error)
FAIL: libgomp.fortran/vla4.f90 -Os (test for excess errors)
WARNING: libgomp.fortran/vla4.f90 -Os compilation failed to produce executable
FAIL: libgomp.fortran/vla5.f90 -O0 (internal compiler error)
FAIL: libgomp.fortran/vla5.f90 -O0 (test for excess errors)
WARNING: libgomp.fortran/vla5.f90 -O0 compilation failed to produce executable
FAIL: libgomp.fortran/vla5.f90 -O1 (internal compiler error)
FAIL: libgomp.fortran/vla5.f90 -O1 (test for excess errors)
WARNING: libgomp.fortran/vla5.f90 -O1 compilation failed to produce executable
FAIL: libgomp.fortran/vla5.f90 -O2 (internal compiler error)
FAIL: libgomp.fortran/vla5.f90 -O2 (test for excess errors)
WARNING: libgomp.fortran/vla5.f90 -O2 compilation failed to produce executable
FAIL: libgomp.fortran/vla5.f90 -O3 -fomit-frame-pointer (internal compiler error)
FAIL: libgomp.fortran/vla5.f90 -O3 -fomit-frame-pointer (test for excess errors)
WARNING: libgomp.fortran/vla5.f90 -O3 -fomit-frame-pointer compilation failed to produce executable
FAIL: libgomp.fortran/vla5.f90 -O3 -fomit-frame-pointer -funroll-loops (internal compiler error)
FAIL: libgomp.fortran/vla5.f90 -O3 -fomit-frame-pointer -funroll-loops (test for excess errors)
WARNING: libgomp.fortran/vla5.f90 -O3 -fomit-frame-pointer -funroll-loops compilation failed to produce executable
FAIL: libgomp.fortran/vla5.f90 -O3 -fomit-frame-pointer -funroll-all-loops -finline-functions (internal compiler error)
FAIL: libgomp.fortran/vla5.f90 -O3 -fomit-frame-pointer -funroll-all-loops -finline-functions (test for excess errors)
WARNING: libgomp.fortran/vla5.f90 -O3 -fomit-frame-pointer -funroll-all-loops -finline-functions compilation failed to produce executable
FAIL: libgomp.fortran/vla5.f90 -O3 -g (internal compiler error)
FAIL: libgomp.fortran/vla5.f90 -O3 -g (test for excess errors)
WARNING: libgomp.fortran/vla5.f90 -O3 -g compilation failed to produce executable
FAIL: libgomp.fortran/vla5.f90 -Os (internal compiler error)
FAIL: libgomp.fortran/vla5.f90 -Os (test for excess errors)
WARNING: libgomp.fortran/vla5.f90 -Os compilation failed to produce executable
FAIL: libgomp.fortran/vla6.f90 -O0 (internal compiler error)
FAIL: libgomp.fortran/vla6.f90 -O0 (test for excess errors)
WARNING: libgomp.fortran/vla6.f90 -O0 compilation failed to produce executable
FAIL: libgomp.fortran/vla6.f90 -O1 (internal compiler error)
FAIL: libgomp.fortran/vla6.f90 -O1 (test for excess errors)
WARNING: libgomp.fortran/vla6.f90 -O1 compilation failed to produce executable
FAIL: libgomp.fortran/vla6.f90 -O2 (internal compiler error)
FAIL: libgomp.fortran/vla6.f90 -O2 (test for excess errors)
WARNING: libgomp.fortran/vla6.f90 -O2 compilation failed to produce executable
FAIL: libgomp.fortran/vla6.f90 -O3 -fomit-frame-pointer (internal compiler error)
FAIL: libgomp.fortran/vla6.f90 -O3 -fomit-frame-pointer (test for excess errors)
WARNING: libgomp.fortran/vla6.f90 -O3 -fomit-frame-pointer compilation failed to produce executable
FAIL: libgomp.fortran/vla6.f90 -O3 -fomit-frame-pointer -funroll-loops (internal compiler error)
FAIL: libgomp.fortran/vla6.f90 -O3 -fomit-frame-pointer -funroll-loops (test for excess errors)
WARNING: libgomp.fortran/vla6.f90 -O3 -fomit-frame-pointer -funroll-loops compilation failed to produce executable
FAIL: libgomp.fortran/vla6.f90 -O3 -fomit-frame-pointer -funroll-all-loops -finline-functions (internal compiler error)
FAIL: libgomp.fortran/vla6.f90 -O3 -fomit-frame-pointer -funroll-all-loops -finline-functions (test for excess errors)
WARNING: libgomp.fortran/vla6.f90 -O3 -fomit-frame-pointer -funroll-all-loops -finline-functions compilation failed to produce executable
FAIL: libgomp.fortran/vla6.f90 -O3 -g (internal compiler error)
FAIL: libgomp.fortran/vla6.f90 -O3 -g (test for excess errors)
WARNING: libgomp.fortran/vla6.f90 -O3 -g compilation failed to produce executable
FAIL: libgomp.fortran/vla6.f90 -Os (internal compiler error)
FAIL: libgomp.fortran/vla6.f90 -Os (test for excess errors)
WARNING: libgomp.fortran/vla6.f90 -Os compilation failed to produce executable
FAIL: libgomp.fortran/vla7.f90 -O0 (internal compiler error)
FAIL: libgomp.fortran/vla7.f90 -O0 (test for excess errors)
WARNING: libgomp.fortran/vla7.f90 -O0 compilation failed to produce executable
FAIL: libgomp.fortran/vla7.f90 -O1 (internal compiler error)
FAIL: libgomp.fortran/vla7.f90 -O1 (test for excess errors)
WARNING: libgomp.fortran/vla7.f90 -O1 compilation failed to produce executable
FAIL: libgomp.fortran/vla7.f90 -O2 (internal compiler error)
FAIL: libgomp.fortran/vla7.f90 -O2 (test for excess errors)
WARNING: libgomp.fortran/vla7.f90 -O2 compilation failed to produce executable
FAIL: libgomp.fortran/vla7.f90 -O3 -fomit-frame-pointer (internal compiler error)
FAIL: libgomp.fortran/vla7.f90 -O3 -fomit-frame-pointer (test for excess errors)
WARNING: libgomp.fortran/vla7.f90 -O3 -fomit-frame-pointer compilation failed to produce executable
FAIL: libgomp.fortran/vla7.f90 -O3 -fomit-frame-pointer -funroll-loops (internal compiler error)
FAIL: libgomp.fortran/vla7.f90 -O3 -fomit-frame-pointer -funroll-loops (test for excess errors)
WARNING: libgomp.fortran/vla7.f90 -O3 -fomit-frame-pointer -funroll-loops compilation failed to produce executable
FAIL: libgomp.fortran/vla7.f90 -O3 -fomit-frame-pointer -funroll-all-loops -finline-functions (internal compiler error)
FAIL: libgomp.fortran/vla7.f90 -O3 -fomit-frame-pointer -funroll-all-loops -finline-functions (test for excess errors)
WARNING: libgomp.fortran/vla7.f90 -O3 -fomit-frame-pointer -funroll-all-loops -finline-functions compilation failed to produce executable
FAIL: libgomp.fortran/vla7.f90 -O3 -g (internal compiler error)
FAIL: libgomp.fortran/vla7.f90 -O3 -g (test for excess errors)
WARNING: libgomp.fortran/vla7.f90 -O3 -g compilation failed to produce executable
FAIL: libgomp.fortran/vla7.f90 -Os (internal compiler error)
FAIL: libgomp.fortran/vla7.f90 -Os (test for excess errors)
WARNING: libgomp.fortran/vla7.f90 -Os compilation failed to produce executable
=== libgomp Summary ===
# of expected passes 1511
# of unexpected failures 144
=== libjava tests ===
Running target unix
=== libjava Summary ===
# of expected passes 2550
=== libmudflap tests ===
Running target unix
FAIL: libmudflap.c++/pass41-frag.cxx execution test
FAIL: libmudflap.c++/pass41-frag.cxx (-static) execution test
FAIL: libmudflap.c++/pass41-frag.cxx ( -O) execution test
FAIL: libmudflap.c++/pass41-frag.cxx (-O2) execution test
FAIL: libmudflap.c++/pass41-frag.cxx (-O3) execution test
=== libmudflap Summary ===
# of expected passes 1821
# of unexpected failures 5
=== libstdc++ tests ===
Running target unix
XPASS: 26_numerics/headers/cmath/c99_classification_macros_c.cc (test for excess errors)
=== libstdc++ Summary ===
# of expected passes 5476
# of unexpected successes 1
# of expected failures 57
# of unsupported tests 10
Compiler version: 4.3.0 20071126 (experimental) (GCC)
Platform: i686-pc-linux-gnu
configure flags: --prefix=/home/regress/tbox/objs --target=i686-pc-linux-gnu
More information about the Gcc-testresults
mailing list