Results for 4.3.0 20071122 (experimental) [trunk revision 130351] (GCC) testsuite on x86_64-unknown-linux-gnu
Joey Ye
jye2@shgcc-2.sh.intel.com
Thu Nov 22 23:19:00 GMT 2007
LAST_UPDATED: Thu Nov 22 17:01:38 UTC 2007 (revision 130351)
Native configuration is x86_64-unknown-linux-gnu
=== g++ tests ===
Running target unix/-m32
XPASS: g++.old-deja/g++.mike/empty.C suggest (test for bogus messages, line 19)
XPASS: g++.old-deja/g++.mike/empty.C suggest (test for bogus messages, line 20)
=== g++ Summary for unix/-m32 ===
# of expected passes 17023
# of unexpected successes 2
# of expected failures 83
# of unsupported tests 89
Running target unix
XPASS: g++.old-deja/g++.mike/empty.C suggest (test for bogus messages, line 19)
XPASS: g++.old-deja/g++.mike/empty.C suggest (test for bogus messages, line 20)
=== g++ Summary for unix ===
# of expected passes 16938
# of unexpected successes 2
# of expected failures 83
# of unsupported tests 118
=== g++ Summary ===
# of expected passes 33961
# of unexpected successes 4
# of expected failures 166
# of unsupported tests 207
/home/jye2/gcc/build-daily/gcc/testsuite/g++/../../g++ version 4.3.0 20071122 (experimental) [trunk revision 130351] (GCC)
=== gcc tests ===
Running target unix/-m32
=== gcc Summary for unix/-m32 ===
# of expected passes 48051
# of expected failures 169
# of untested testcases 35
# of unsupported tests 266
Running target unix
=== gcc Summary for unix ===
# of expected passes 47918
# of expected failures 168
# of untested testcases 35
# of unsupported tests 376
=== gcc Summary ===
# of expected passes 95969
# of expected failures 337
# of untested testcases 70
# of unsupported tests 642
/home/jye2/gcc/build-daily/gcc/xgcc version 4.3.0 20071122 (experimental) [trunk revision 130351] (GCC)
=== gfortran tests ===
Running target unix/-m32
=== gfortran Summary for unix/-m32 ===
# of expected passes 22176
# of expected failures 8
# of unsupported tests 16
Running target unix
=== gfortran Summary for unix ===
# of expected passes 22174
# of expected failures 8
# of unsupported tests 18
=== gfortran Summary ===
# of expected passes 44350
# of expected failures 16
# of unsupported tests 34
/home/jye2/gcc/build-daily/gcc/testsuite/gfortran/../../gfortran version 4.3.0 20071122 (experimental) [trunk revision 130351] (GCC)
=== objc tests ===
Running target unix/-m32
=== objc Summary for unix/-m32 ===
# of expected passes 1812
# of expected failures 7
# of unsupported tests 24
Running target unix
=== objc Summary for unix ===
# of expected passes 1812
# of expected failures 7
# of unsupported tests 24
=== objc Summary ===
# of expected passes 3624
# of expected failures 14
# of unsupported tests 48
/home/jye2/gcc/build-daily/gcc/xgcc version 4.3.0 20071122 (experimental) [trunk revision 130351] (GCC)
=== libffi tests ===
Running target unix/-m32
=== libffi Summary for unix/-m32 ===
# of expected passes 1116
# of unsupported tests 8
Running target unix
=== libffi Summary for unix ===
# of expected passes 1116
# of unsupported tests 8
=== libffi Summary ===
# of expected passes 2232
# of unsupported tests 16
=== libgomp tests ===
Running target unix/-m32
=== libgomp Summary for unix/-m32 ===
# of expected passes 1655
Running target unix
=== libgomp Summary for unix ===
# of expected passes 1655
=== libgomp Summary ===
# of expected passes 3310
=== libjava tests ===
Running target unix/-m32
=== libjava Summary for unix/-m32 ===
# of expected passes 2550
Running target unix
=== libjava Summary for unix ===
# of expected passes 2550
=== libjava Summary ===
# of expected passes 5100
=== libmudflap tests ===
Running target unix/-m32
FAIL: libmudflap.c++/pass41-frag.cxx execution test
FAIL: libmudflap.c++/pass41-frag.cxx (-static) execution test
FAIL: libmudflap.c++/pass41-frag.cxx ( -O) execution test
FAIL: libmudflap.c++/pass41-frag.cxx (-O2) execution test
FAIL: libmudflap.c++/pass41-frag.cxx (-O3) execution test
=== libmudflap Summary for unix/-m32 ===
# of expected passes 1821
# of unexpected failures 5
Running target unix
FAIL: libmudflap.c/fail8-frag.c (-static) output pattern test
FAIL: libmudflap.c/fail9-frag.c (-static) output pattern test
FAIL: libmudflap.c++/pass41-frag.cxx execution test
FAIL: libmudflap.c++/pass41-frag.cxx (-static) execution test
FAIL: libmudflap.c++/pass41-frag.cxx ( -O) execution test
FAIL: libmudflap.c++/pass41-frag.cxx (-O2) execution test
FAIL: libmudflap.c++/pass41-frag.cxx (-O3) execution test
=== libmudflap Summary for unix ===
# of expected passes 1819
# of unexpected failures 7
=== libmudflap Summary ===
# of expected passes 3640
# of unexpected failures 12
=== libstdc++ tests ===
Running target unix/-m32
XPASS: 26_numerics/headers/cmath/c99_classification_macros_c.cc (test for excess errors)
=== libstdc++ Summary for unix/-m32 ===
# of expected passes 5466
# of unexpected successes 1
# of expected failures 57
# of unsupported tests 10
Running target unix
XPASS: 26_numerics/headers/cmath/c99_classification_macros_c.cc (test for excess errors)
XPASS: 27_io/fpos/14320-1.cc execution test
=== libstdc++ Summary for unix ===
# of expected passes 5466
# of unexpected successes 2
# of expected failures 56
# of unsupported tests 10
=== libstdc++ Summary ===
# of expected passes 10932
# of unexpected successes 3
# of expected failures 113
# of unsupported tests 20
Compiler version: 4.3.0 20071122 (experimental) [trunk revision 130351] (GCC)
Platform: x86_64-unknown-linux-gnu
configure flags: --enable-clocale=gnu --with-system-zlib --enable-decimal-float=bid --with-demangler-in-ld --enable-shared --enable-threads=posix --enable-haifa --enable-checking=assert
More information about the Gcc-testresults
mailing list