Results for 4.3.0 20071120 (experimental) [trunk revision 130305] (GCC) testsuite on x86_64-unknown-linux-gnu
Weidong Cui
mason.cui@gmail.com
Tue Nov 20 05:20:00 GMT 2007
LAST_UPDATED: Tue Nov 20 10:29:13 UTC 2007 (revision 130305)
Native configuration is x86_64-unknown-linux-gnu
=== gcc tests ===
Running target unix
=== gcc Summary ===
# of expected passes 47710
# of expected failures 168
# of untested testcases 35
# of unsupported tests 461
/home/cuiwd/gcc4/build/gcc/xgcc version 4.3.0 20071120 (experimental) [trunk revision 130305] (GCC)
=== gfortran tests ===
Running target unix
=== gfortran Summary ===
# of expected passes 22125
# of expected failures 8
# of unsupported tests 18
/home/cuiwd/gcc4/build/gcc/testsuite/gfortran/../../gfortran version 4.3.0 20071120 (experimental) [trunk revision 130305] (GCC)
=== g++ tests ===
Running target unix
XPASS: g++.old-deja/g++.mike/empty.C suggest (test for bogus messages, line 19)
XPASS: g++.old-deja/g++.mike/empty.C suggest (test for bogus messages, line 20)
=== g++ Summary ===
# of expected passes 16930
# of unexpected successes 2
# of expected failures 83
# of unsupported tests 118
/home/cuiwd/gcc4/build/gcc/testsuite/g++/../../g++ version 4.3.0 20071120 (experimental) [trunk revision 130305] (GCC)
=== objc tests ===
Running target unix
=== objc Summary ===
# of expected passes 1812
# of expected failures 7
# of unsupported tests 24
/home/cuiwd/gcc4/build/gcc/xgcc version 4.3.0 20071120 (experimental) [trunk revision 130305] (GCC)
=== libffi tests ===
Running target unix
=== libffi Summary ===
# of expected passes 1116
# of unsupported tests 8
=== libgomp tests ===
Running target unix
=== libgomp Summary ===
# of expected passes 1655
=== libjava tests ===
Running target unix
=== libjava Summary ===
# of expected passes 2550
=== libmudflap tests ===
Running target unix
FAIL: libmudflap.c++/pass41-frag.cxx execution test
FAIL: libmudflap.c++/pass41-frag.cxx (-static) execution test
FAIL: libmudflap.c++/pass41-frag.cxx ( -O) execution test
FAIL: libmudflap.c++/pass41-frag.cxx (-O2) execution test
FAIL: libmudflap.c++/pass41-frag.cxx (-O3) execution test
=== libmudflap Summary ===
# of expected passes 1821
# of unexpected failures 5
=== libstdc++ tests ===
Running target unix
FAIL: abi_check
XPASS: 26_numerics/headers/cmath/c99_classification_macros_c.cc (test for excess errors)
XPASS: 27_io/fpos/14320-1.cc execution test
=== libstdc++ Summary ===
# of expected passes 4833
# of unexpected failures 1
# of unexpected successes 2
# of expected failures 56
# of unsupported tests 326
Compiler version: 4.3.0 20071120 (experimental) [trunk revision 130305] (GCC)
Platform: x86_64-unknown-linux-gnu
configure flags: --enable-clocale=gnu --with-system-zlib --with-demangler-in-ld --enable-shared --enable-threads-osix --enable-haifa --enable-checking=assert --prefix=/home/cuiwd/gcc4/ins --with-gmp=/home/cuiwd/gmp --with-mpfr=/home/cuiwd/mpfr
More information about the Gcc-testresults
mailing list