Results for 4.3.020071113(experimental)(GCC) testsuite on i686-pc-linux-gnu
John Pavel
jrp@dial.pipex.com
Tue Nov 13 19:40:00 GMT 2007
LAST_UPDATED:
Native configuration is i686-pc-linux-gnu
=== gcc tests ===
Running target unix
FAIL: gcc.c-torture/execute/mayalias-2.c compilation, -O3 -g (internal
compiler error)
UNRESOLVED: gcc.c-torture/execute/mayalias-2.c execution, -O3 -g
FAIL: gcc.c-torture/execute/mayalias-3.c compilation, -O3 -g (internal
compiler error)
UNRESOLVED: gcc.c-torture/execute/mayalias-3.c execution, -O3 -g
XPASS: gcc.dg/cpp/cmdlne-dI-M.c scan-file
(^|\\\\n)cmdlne-dI-M.*:[^\\\\n]*cmdlne-dI-M.c
XPASS: gcc.dg/cpp/cmdlne-dM-M.c scan-file
(^|\\\\n)cmdlne-dM-M[^\\\\n]*:[^\\\\n]*cmdlne-dM-M.c
XPASS: gcc.dg/torture/builtin-math-4.c -O0 (test for excess errors)
XPASS: gcc.dg/torture/builtin-math-4.c -O1 (test for excess errors)
XPASS: gcc.dg/torture/builtin-math-4.c -O2 (test for excess errors)
XPASS: gcc.dg/torture/builtin-math-4.c -O3 -fomit-frame-pointer (test for
excess errors)
XPASS: gcc.dg/torture/builtin-math-4.c -O3 -fomit-frame-pointer
-funroll-loops (test for excess errors)
XPASS: gcc.dg/torture/builtin-math-4.c -O3 -fomit-frame-pointer
-funroll-all-loops -finline-functions (test for excess errors)
XPASS: gcc.dg/torture/builtin-math-4.c -O3 -g (test for excess errors)
XPASS: gcc.dg/torture/builtin-math-4.c -Os (test for excess errors)
FAIL: gcc.target/i386/addr-sel-1.c scan-assembler a\\\\+1
FAIL: gcc.target/i386/addr-sel-1.c scan-assembler b\\\\+1
=== gcc Summary ===
# of expected passes 47897
# of unexpected failures 4
# of unexpected successes 10
# of expected failures 159
# of unresolved testcases 2
# of untested testcases 35
# of unsupported tests 269
/home/jrp/build/gcc/xgcc version 4.3.0 20071113 (experimental) (GCC)
=== g++ tests ===
Running target unix
XPASS: g++.old-deja/g++.mike/empty.C suggest (test for bogus messages, line
19)
XPASS: g++.old-deja/g++.mike/empty.C suggest (test for bogus messages, line
20)
=== g++ Summary ===
# of expected passes 16977
# of unexpected successes 2
# of expected failures 83
# of unsupported tests 88
/home/jrp/build/gcc/testsuite/g++/../../g++ version 4.3.0 20071113
(experimental) (GCC)
=== libgomp tests ===
Running target unix
=== libgomp Summary ===
# of expected passes 512
=== libmudflap tests ===
Running target unix
FAIL: libmudflap.c++/pass41-frag.cxx execution test
FAIL: libmudflap.c++/pass41-frag.cxx (-static) execution test
FAIL: libmudflap.c++/pass41-frag.cxx ( -O) execution test
FAIL: libmudflap.c++/pass41-frag.cxx (-O2) execution test
FAIL: libmudflap.c++/pass41-frag.cxx (-O3) execution test
=== libmudflap Summary ===
# of expected passes 1821
# of unexpected failures 5
=== libstdc++ tests ===
Running target unix
XPASS: 26_numerics/headers/cmath/c99_classification_macros_c.cc (test for
excess errors)
=== libstdc++ Summary ===
# of expected passes 4834
# of unexpected successes 1
# of expected failures 57
# of unsupported tests 326
Compiler version: 4.3.020071113(experimental)(GCC)
Platform: i686-pc-linux-gnu
configure flags: -v --enable-languages=c,c++ --enable-shared
--with-system-zlib --without-included-gettext --enable-threads=posix
--enable-nls --enable-__cxa_atexit --enable-clocale=gnu
--enable-libstdcxx-debug --enable-mpfr --enable-checking=release
EOF
Mail -s "" gcc-testresults@gcc.gnu.org &&
More information about the Gcc-testresults
mailing list